This is the mail archive of the
gcc-testresults@gcc.gnu.org
mailing list for the GCC project.
Results for 9.0.0 20181005 (experimental) [trunk revision 264862] (GCC) testsuite on sparcv9-sun-solaris2.11
- From: Rainer Orth <ro at CeBiTec dot Uni-Bielefeld dot DE>
- To: gcc-testresults at gcc dot gnu dot org
- Date: Sat, 6 Oct 2018 14:08:32 +0200 (MEST)
- Subject: Results for 9.0.0 20181005 (experimental) [trunk revision 264862] (GCC) testsuite on sparcv9-sun-solaris2.11
LAST_UPDATED: Fri Oct 5 08:59:28 UTC 2018 (revision 264862)
=== acats tests ===
=== acats Summary ===
# of expected passes 2320
# of unexpected failures 0
Native configuration is sparcv9-sun-solaris2.11
=== g++ tests ===
Running target unix
FAIL: c-c++-common/Wprio-ctor-dtor.c -std=gnu++11 (test for excess errors)
FAIL: c-c++-common/Wprio-ctor-dtor.c -std=gnu++14 (test for excess errors)
FAIL: c-c++-common/Wprio-ctor-dtor.c -std=gnu++98 (test for excess errors)
FAIL: c-c++-common/spec-barrier-1.c -std=gnu++11 (test for excess errors)
FAIL: c-c++-common/spec-barrier-1.c -std=gnu++14 (test for excess errors)
FAIL: c-c++-common/spec-barrier-1.c -std=gnu++98 (test for excess errors)
FAIL: g++.dg/pr83239.C -std=gnu++98 (test for excess errors)
FAIL: g++.dg/vect/pr33426-ivdep-2.cc -std=c++11 (test for excess errors)
FAIL: g++.dg/vect/pr33426-ivdep-2.cc -std=c++14 (test for excess errors)
FAIL: g++.dg/vect/pr33426-ivdep-2.cc -std=c++98 (test for excess errors)
FAIL: g++.dg/vect/pr33426-ivdep.cc -std=c++11 (test for excess errors)
FAIL: g++.dg/vect/pr33426-ivdep.cc -std=c++14 (test for excess errors)
FAIL: g++.dg/vect/pr33426-ivdep.cc -std=c++98 (test for excess errors)
=== g++ Summary for unix ===
# of expected passes 116810
# of unexpected failures 13
# of expected failures 539
# of unsupported tests 5379
Running target unix/-m32
FAIL: c-c++-common/Wprio-ctor-dtor.c -std=gnu++11 (test for excess errors)
FAIL: c-c++-common/Wprio-ctor-dtor.c -std=gnu++14 (test for excess errors)
FAIL: c-c++-common/Wprio-ctor-dtor.c -std=gnu++98 (test for excess errors)
FAIL: c-c++-common/spec-barrier-1.c -std=gnu++11 (test for excess errors)
FAIL: c-c++-common/spec-barrier-1.c -std=gnu++14 (test for excess errors)
FAIL: c-c++-common/spec-barrier-1.c -std=gnu++98 (test for excess errors)
FAIL: g++.dg/pr83239.C -std=gnu++98 (test for excess errors)
FAIL: g++.dg/vect/pr33426-ivdep-2.cc -std=c++11 (test for excess errors)
FAIL: g++.dg/vect/pr33426-ivdep-2.cc -std=c++14 (test for excess errors)
FAIL: g++.dg/vect/pr33426-ivdep-2.cc -std=c++98 (test for excess errors)
FAIL: g++.dg/vect/pr33426-ivdep.cc -std=c++11 (test for excess errors)
FAIL: g++.dg/vect/pr33426-ivdep.cc -std=c++14 (test for excess errors)
FAIL: g++.dg/vect/pr33426-ivdep.cc -std=c++98 (test for excess errors)
=== g++ Summary for unix/-m32 ===
# of expected passes 114913
# of unexpected failures 13
# of expected failures 536
# of unsupported tests 5410
=== g++ Summary ===
# of expected passes 231723
# of unexpected failures 26
# of expected failures 1075
# of unsupported tests 10789
/var/gcc/regression/trunk/11-gcc-gas-64/build/gcc/xg++ version 9.0.0 20181005 (experimental) [trunk revision 264862] (GCC)
=== gcc tests ===
Running target unix
FAIL: c-c++-common/Wprio-ctor-dtor.c -Wc++-compat (test for excess errors)
FAIL: c-c++-common/spec-barrier-1.c -Wc++-compat (test for excess errors)
FAIL: gcc.dg/ipa/ipa-icf-38.c scan-ltrans-tree-dump-not optimized "Function bar"
XPASS: gcc.dg/vect/bb-slp-div-1.c -flto -ffat-lto-objects scan-tree-dump slp2 "basic block vectorized"
XPASS: gcc.dg/vect/bb-slp-div-1.c scan-tree-dump slp2 "basic block vectorized"
FAIL: gcc.dg/vect/nodump-vect-opt-info-1.c (test for excess errors)
FAIL: gcc.dg/vect/vect-ivdep-1.c (test for excess errors)
FAIL: gcc.dg/vect/vect-ivdep-1.c -flto -ffat-lto-objects (test for excess errors)
FAIL: gcc.dg/vect/vect-ivdep-2.c (test for excess errors)
FAIL: gcc.dg/vect/vect-ivdep-2.c -flto -ffat-lto-objects (test for excess errors)
=== gcc Summary for unix ===
# of expected passes 106435
# of unexpected failures 8
# of unexpected successes 2
# of expected failures 535
# of unsupported tests 2595
Running target unix/-m32
FAIL: c-c++-common/Wprio-ctor-dtor.c -Wc++-compat (test for excess errors)
FAIL: c-c++-common/spec-barrier-1.c -Wc++-compat (test for excess errors)
FAIL: gcc.dg/ipa/ipa-icf-38.c scan-ltrans-tree-dump-not optimized "Function bar"
FAIL: gcc.dg/simulate-thread/atomic-other-int.c -O2 -g thread simulation test
FAIL: gcc.dg/simulate-thread/atomic-other-int.c -O3 -g thread simulation test
FAIL: gcc.dg/simulate-thread/speculative-store-4.c -O0 -g thread simulation test
FAIL: gcc.dg/simulate-thread/speculative-store-4.c -O2 -g thread simulation test
FAIL: gcc.dg/simulate-thread/speculative-store-4.c -O3 -g thread simulation test
FAIL: gcc.dg/simulate-thread/speculative-store.c -O0 -g thread simulation test
XPASS: gcc.dg/vect/bb-slp-div-1.c -flto -ffat-lto-objects scan-tree-dump slp2 "basic block vectorized"
XPASS: gcc.dg/vect/bb-slp-div-1.c scan-tree-dump slp2 "basic block vectorized"
FAIL: gcc.dg/vect/nodump-vect-opt-info-1.c (test for excess errors)
FAIL: gcc.dg/vect/vect-ivdep-1.c (test for excess errors)
FAIL: gcc.dg/vect/vect-ivdep-1.c -flto -ffat-lto-objects (test for excess errors)
FAIL: gcc.dg/vect/vect-ivdep-2.c (test for excess errors)
FAIL: gcc.dg/vect/vect-ivdep-2.c -flto -ffat-lto-objects (test for excess errors)
=== gcc Summary for unix/-m32 ===
# of expected passes 105313
# of unexpected failures 14
# of unexpected successes 2
# of expected failures 541
# of unsupported tests 2836
=== gcc Summary ===
# of expected passes 211748
# of unexpected failures 22
# of unexpected successes 4
# of expected failures 1076
# of unsupported tests 5431
/var/gcc/regression/trunk/11-gcc-gas-64/build/gcc/xgcc version 9.0.0 20181005 (experimental) [trunk revision 264862] (GCC)
=== gfortran tests ===
Running target unix
FAIL: gfortran.dg/char_allocation_1.f90 -O1 (test for excess errors)
UNRESOLVED: gfortran.dg/char_allocation_1.f90 -O1 compilation failed to produce executable
FAIL: gfortran.dg/char_allocation_1.f90 -O2 (test for excess errors)
UNRESOLVED: gfortran.dg/char_allocation_1.f90 -O2 compilation failed to produce executable
FAIL: gfortran.dg/char_allocation_1.f90 -O3 -fomit-frame-pointer -funroll-loops -fpeel-loops -ftracer -finline-functions (test for excess errors)
UNRESOLVED: gfortran.dg/char_allocation_1.f90 -O3 -fomit-frame-pointer -funroll-loops -fpeel-loops -ftracer -finline-functions compilation failed to produce executable
FAIL: gfortran.dg/char_allocation_1.f90 -O3 -g (test for excess errors)
UNRESOLVED: gfortran.dg/char_allocation_1.f90 -O3 -g compilation failed to produce executable
FAIL: gfortran.dg/char_allocation_1.f90 -Os (test for excess errors)
UNRESOLVED: gfortran.dg/char_allocation_1.f90 -Os compilation failed to produce executable
FAIL: gfortran.dg/elemental_subroutine_3.f90 -O1 (test for excess errors)
FAIL: gfortran.dg/elemental_subroutine_3.f90 -O2 (test for excess errors)
FAIL: gfortran.dg/elemental_subroutine_3.f90 -O3 -fomit-frame-pointer -funroll-loops -fpeel-loops -ftracer -finline-functions (test for excess errors)
FAIL: gfortran.dg/elemental_subroutine_3.f90 -O3 -g (test for excess errors)
FAIL: gfortran.dg/elemental_subroutine_3.f90 -Os (test for excess errors)
FAIL: gfortran.dg/substr_7.f90 -O (test for excess errors)
UNRESOLVED: gfortran.dg/substr_7.f90 -O compilation failed to produce executable
FAIL: gfortran.dg/unlimited_polymorphic_30.f03 -O0 execution test
FAIL: gfortran.dg/unlimited_polymorphic_30.f03 -O1 execution test
FAIL: gfortran.dg/unlimited_polymorphic_30.f03 -O2 execution test
FAIL: gfortran.dg/unlimited_polymorphic_30.f03 -O3 -fomit-frame-pointer -funroll-loops -fpeel-loops -ftracer -finline-functions execution test
FAIL: gfortran.dg/unlimited_polymorphic_30.f03 -O3 -g execution test
FAIL: gfortran.dg/unlimited_polymorphic_30.f03 -Os execution test
=== gfortran Summary for unix ===
# of expected passes 47683
# of unexpected failures 17
# of expected failures 103
# of unresolved testcases 6
# of unsupported tests 143
Running target unix/-m32
FAIL: gfortran.dg/char_allocation_1.f90 -O1 (test for excess errors)
UNRESOLVED: gfortran.dg/char_allocation_1.f90 -O1 compilation failed to produce executable
FAIL: gfortran.dg/char_allocation_1.f90 -O2 (test for excess errors)
UNRESOLVED: gfortran.dg/char_allocation_1.f90 -O2 compilation failed to produce executable
FAIL: gfortran.dg/char_allocation_1.f90 -O3 -fomit-frame-pointer -funroll-loops -fpeel-loops -ftracer -finline-functions (test for excess errors)
UNRESOLVED: gfortran.dg/char_allocation_1.f90 -O3 -fomit-frame-pointer -funroll-loops -fpeel-loops -ftracer -finline-functions compilation failed to produce executable
FAIL: gfortran.dg/char_allocation_1.f90 -O3 -g (test for excess errors)
UNRESOLVED: gfortran.dg/char_allocation_1.f90 -O3 -g compilation failed to produce executable
FAIL: gfortran.dg/char_allocation_1.f90 -Os (test for excess errors)
UNRESOLVED: gfortran.dg/char_allocation_1.f90 -Os compilation failed to produce executable
FAIL: gfortran.dg/elemental_subroutine_3.f90 -O1 (test for excess errors)
FAIL: gfortran.dg/elemental_subroutine_3.f90 -O2 (test for excess errors)
FAIL: gfortran.dg/elemental_subroutine_3.f90 -O3 -fomit-frame-pointer -funroll-loops -fpeel-loops -ftracer -finline-functions (test for excess errors)
FAIL: gfortran.dg/elemental_subroutine_3.f90 -O3 -g (test for excess errors)
FAIL: gfortran.dg/elemental_subroutine_3.f90 -Os (test for excess errors)
FAIL: gfortran.dg/substr_7.f90 -O (test for excess errors)
UNRESOLVED: gfortran.dg/substr_7.f90 -O compilation failed to produce executable
FAIL: gfortran.dg/unlimited_polymorphic_30.f03 -O0 execution test
=== gfortran Summary for unix/-m32 ===
# of expected passes 47441
# of unexpected failures 12
# of expected failures 103
# of unresolved testcases 6
# of unsupported tests 264
=== gfortran Summary ===
# of expected passes 95124
# of unexpected failures 29
# of expected failures 206
# of unresolved testcases 12
# of unsupported tests 407
/var/gcc/regression/trunk/11-gcc-gas-64/build/gcc/gfortran version 9.0.0 20181005 (experimental) [trunk revision 264862] (GCC)
=== gnat tests ===
Running target unix
FAIL: gnat.dg/string_merge1.adb scan-assembler-times \\\\.string 1
FAIL: gnat.dg/string_merge2.adb scan-assembler-times \\\\.string 1
FAIL: gnat.dg/sso/q2.adb -O0 execution test
FAIL: gnat.dg/sso/q2.adb -O1 -fno-inline execution test
FAIL: gnat.dg/sso/q2.adb -O2 execution test
FAIL: gnat.dg/sso/q2.adb -O3 -finline-functions execution test
FAIL: gnat.dg/sso/q2.adb -Og -g execution test
FAIL: gnat.dg/sso/q2.adb -Os execution test
FAIL: gnat.dg/sso/q3.adb -O0 execution test
FAIL: gnat.dg/sso/q3.adb -O1 -fno-inline execution test
FAIL: gnat.dg/sso/q3.adb -O2 execution test
FAIL: gnat.dg/sso/q3.adb -O3 -finline-functions execution test
FAIL: gnat.dg/sso/q3.adb -Og -g execution test
FAIL: gnat.dg/sso/q3.adb -Os execution test
=== gnat Summary for unix ===
# of expected passes 2845
# of unexpected failures 14
# of expected failures 24
# of unsupported tests 28
Running target unix/-m32
FAIL: gnat.dg/string_merge1.adb scan-assembler-times \\\\.string 1
FAIL: gnat.dg/string_merge2.adb scan-assembler-times \\\\.string 1
=== gnat Summary for unix/-m32 ===
# of expected passes 2869
# of unexpected failures 2
# of expected failures 24
# of unsupported tests 28
=== gnat Summary ===
# of expected passes 5714
# of unexpected failures 16
# of expected failures 48
# of unsupported tests 56
/var/gcc/regression/trunk/11-gcc-gas-64/build/gcc/gnatmake version 9.0.0 20181005 (experimental) [trunk revision 264862]
=== go tests ===
Running target unix
FAIL: ./index0-out.go execution, -O0 -g -fno-var-tracking-assignments
=== go Summary for unix ===
# of expected passes 7273
# of unexpected failures 1
# of expected failures 1
# of untested testcases 11
# of unsupported tests 3
Running target unix/-m32
FAIL: ./index0-out.go execution, -O0 -g -fno-var-tracking-assignments
FAIL: go.test/test/fixedbugs/issue4562.go execution, -O2 -g
FAIL: go.test/test/nil.go execution, -O2 -g
=== go Summary for unix/-m32 ===
# of expected passes 7391
# of unexpected failures 3
# of expected failures 1
# of untested testcases 11
# of unsupported tests 3
=== go Summary ===
# of expected passes 14664
# of unexpected failures 4
# of expected failures 2
# of untested testcases 22
# of unsupported tests 6
=== obj-c++ tests ===
Running target unix/-m32
=== obj-c++ Summary for unix/-m32 ===
# of expected passes 1464
# of expected failures 2
# of unsupported tests 77
Running target unix
=== obj-c++ Summary for unix ===
# of expected passes 1456
# of expected failures 10
# of unsupported tests 77
=== obj-c++ Summary ===
# of expected passes 2920
# of expected failures 12
# of unsupported tests 154
/var/gcc/regression/trunk/11-gcc-gas-64/build/gcc/xg++ version 9.0.0 20181005 (experimental) [trunk revision 264862] (GCC)
=== objc tests ===
Running target unix
=== objc Summary for unix ===
# of expected passes 2803
# of unsupported tests 68
Running target unix/-m32
=== objc Summary for unix/-m32 ===
# of expected passes 2803
# of unsupported tests 68
=== objc Summary ===
# of expected passes 5606
# of unsupported tests 136
/var/gcc/regression/trunk/11-gcc-gas-64/build/gcc/xgcc version 9.0.0 20181005 (experimental) [trunk revision 264862] (GCC)
=== gotools tests ===
FAIL: go test cmd/go
FAIL: TestAbort
FAIL: TestArenaCollision
FAIL: TestG0StackOverflow
FAIL: TestPanicInlined
FAIL: go test runtime
FAIL: go test misc/cgo/test
FAIL: go test misc/cgo/testcarchive
FAIL: go test cmd/vet
=== gotools Summary ===
# of expected passes 169
# of unexpected failures 9
# of untested testcases 52
/var/gcc/regression/trunk/11-gcc-gas-64/build/./gcc/gccgo version 9.0.0 20181005 (experimental) [trunk revision 264862] (GCC)
=== libatomic tests ===
Running target unix/-m32
=== libatomic Summary for unix/-m32 ===
# of expected passes 44
# of unsupported tests 5
Running target unix
=== libatomic Summary for unix ===
# of expected passes 54
=== libatomic Summary ===
# of expected passes 98
# of unsupported tests 5
=== libffi tests ===
Running target unix/-m32
=== libffi Summary for unix/-m32 ===
# of expected passes 2214
Running target unix
=== libffi Summary for unix ===
# of expected passes 2214
=== libffi Summary ===
# of expected passes 4428
=== libgo tests ===
Running target unix
FAIL: go/build
FAIL: os
FAIL: runtime
=== libgo Summary for unix ===
# of expected passes 181
# of unexpected failures 3
Running target unix/-m32
FAIL: go/build
FAIL: golang_org/x/crypto/cryptobyte
FAIL: net
FAIL: net/http
FAIL: os/signal
FAIL: runtime
=== libgo Summary for unix/-m32 ===
# of expected passes 178
# of unexpected failures 6
=== libgo Summary ===
# of expected passes 359
# of unexpected failures 9
/var/gcc/regression/trunk/11-gcc-gas-64/build/./gcc/gccgo version 9.0.0 20181005 (experimental) [trunk revision 264862] (GCC)
=== libgomp tests ===
Running target unix/-m32
=== libgomp Summary for unix/-m32 ===
# of expected passes 5984
# of expected failures 1
# of unsupported tests 397
Running target unix
=== libgomp Summary for unix ===
# of expected passes 5984
# of expected failures 1
# of unsupported tests 397
=== libgomp Summary ===
# of expected passes 11968
# of expected failures 2
# of unsupported tests 794
=== libitm tests ===
Running target unix/-m32
=== libitm Summary for unix/-m32 ===
# of expected passes 42
# of expected failures 3
# of unsupported tests 1
Running target unix
=== libitm Summary for unix ===
# of expected passes 42
# of expected failures 3
# of unsupported tests 1
=== libitm Summary ===
# of expected passes 84
# of expected failures 6
# of unsupported tests 2
=== libstdc++ tests ===
Running target unix
FAIL: experimental/memory_resource/new_delete_resource.cc execution test
=== libstdc++ Summary for unix ===
# of expected passes 11644
# of unexpected failures 1
# of expected failures 77
# of unsupported tests 658
Running target unix/-m32
FAIL: experimental/memory_resource/new_delete_resource.cc execution test
=== libstdc++ Summary for unix/-m32 ===
# of expected passes 11644
# of unexpected failures 1
# of expected failures 77
# of unsupported tests 658
=== libstdc++ Summary ===
# of expected passes 23288
# of unexpected failures 2
# of expected failures 154
# of unsupported tests 1316
Compiler version: 9.0.0 20181005 (experimental) [trunk revision 264862] (GCC)
Platform: sparcv9-sun-solaris2.11
configure flags: --prefix=/vol/gcc --target=sparcv9-sun-solaris2.11 --enable-objc-gc --with-target-bdw-gc-include=/vol/gcc/include --with-target-bdw-gc-lib=/vol/gcc/lib/sparcv9,sparcv8plus=/vol/gcc/lib --with-as=/vol/gcc/bin/sparcv9/gas-2.31 --with-gnu-as --with-gmp-include=/vol/gcc/include --with-gmp-lib=/vol/gcc/lib/sparcv9 --with-mpfr-include=/vol/gcc/include --with-mpfr-lib=/vol/gcc/lib/sparcv9 --with-mpc-include=/vol/gcc/include --with-mpc-lib=/vol/gcc/lib/sparcv9 --enable-languages=all,ada,obj-c++,go --with-isl-include=/vol/gcc/include --with-isl-lib=/vol/gcc/lib/sparcv9 --build=sparcv9-sun-solaris2.11 --host=sparcv9-sun-solaris2.11
BOOT_CFLAGS=-g -O2