This is the mail archive of the gcc-testresults@gcc.gnu.org mailing list for the GCC project.


Index Nav: [Date Index] [Subject Index] [Author Index] [Thread Index]
Message Nav: [Date Prev] [Date Next] [Thread Prev] [Thread Next]
Other format: [Raw text]

Results for 9.0.0 20180928 (experimental) [trunk revision 264685] (GCC) testsuite on i386-pc-solaris2.11


LAST_UPDATED: Fri Sep 28 08:49:35 UTC 2018 (revision 264685)

		=== acats tests ===

		=== acats Summary ===
# of expected passes		2320
# of unexpected failures	0
Native configuration is i386-pc-solaris2.11

		=== g++ tests ===


Running target unix
FAIL: g++.dg/pr83239.C  -std=gnu++98 (test for excess errors)
FAIL: g++.dg/gcov/pr16855-priority.C  -std=gnu++11  gcov: 1 failures in line counts, 0 in branch percentages, 0 in return percentages, 0 in intermediate format
FAIL: g++.dg/gcov/pr16855-priority.C  -std=gnu++11  line 22: is #####:should be 1
FAIL: g++.dg/gcov/pr16855-priority.C  -std=gnu++14  gcov: 1 failures in line counts, 0 in branch percentages, 0 in return percentages, 0 in intermediate format
FAIL: g++.dg/gcov/pr16855-priority.C  -std=gnu++14  line 22: is #####:should be 1
FAIL: g++.dg/gcov/pr16855-priority.C  -std=gnu++98  gcov: 1 failures in line counts, 0 in branch percentages, 0 in return percentages, 0 in intermediate format
FAIL: g++.dg/gcov/pr16855-priority.C  -std=gnu++98  line 22: is #####:should be 1
FAIL: g++.dg/gcov/pr16855.C  -std=gnu++11  gcov: 1 failures in line counts, 0 in branch percentages, 0 in return percentages, 0 in intermediate format
FAIL: g++.dg/gcov/pr16855.C  -std=gnu++11  line 21: is #####:should be 1
FAIL: g++.dg/gcov/pr16855.C  -std=gnu++14  gcov: 1 failures in line counts, 0 in branch percentages, 0 in return percentages, 0 in intermediate format
FAIL: g++.dg/gcov/pr16855.C  -std=gnu++14  line 21: is #####:should be 1
FAIL: g++.dg/gcov/pr16855.C  -std=gnu++98  gcov: 1 failures in line counts, 0 in branch percentages, 0 in return percentages, 0 in intermediate format
FAIL: g++.dg/gcov/pr16855.C  -std=gnu++98  line 21: is #####:should be 1
FAIL: g++.old-deja/g++.pt/repo3.C  -std=gnu++11 (test for excess errors)
FAIL: g++.old-deja/g++.pt/repo3.C  -std=gnu++14 (test for excess errors)
FAIL: g++.old-deja/g++.pt/repo3.C  -std=gnu++98 (test for excess errors)

		=== g++ Summary for unix ===

# of expected passes		116476
# of unexpected failures	16
# of expected failures		536
# of unsupported tests		4828

Running target unix/-m64
FAIL: g++.dg/pr80481.C  -std=gnu++11  scan-assembler-not vmovaps
FAIL: g++.dg/pr80481.C  -std=gnu++14  scan-assembler-not vmovaps
FAIL: g++.dg/pr80481.C  -std=gnu++98  scan-assembler-not vmovaps
FAIL: g++.dg/pr83239.C  -std=gnu++98 (test for excess errors)
FAIL: g++.dg/gcov/pr16855-priority.C  -std=gnu++11  gcov: 1 failures in line counts, 0 in branch percentages, 0 in return percentages, 0 in intermediate format
FAIL: g++.dg/gcov/pr16855-priority.C  -std=gnu++11  line 22: is #####:should be 1
FAIL: g++.dg/gcov/pr16855-priority.C  -std=gnu++14  gcov: 1 failures in line counts, 0 in branch percentages, 0 in return percentages, 0 in intermediate format
FAIL: g++.dg/gcov/pr16855-priority.C  -std=gnu++14  line 22: is #####:should be 1
FAIL: g++.dg/gcov/pr16855-priority.C  -std=gnu++98  gcov: 1 failures in line counts, 0 in branch percentages, 0 in return percentages, 0 in intermediate format
FAIL: g++.dg/gcov/pr16855-priority.C  -std=gnu++98  line 22: is #####:should be 1
FAIL: g++.dg/gcov/pr16855.C  -std=gnu++11  gcov: 1 failures in line counts, 0 in branch percentages, 0 in return percentages, 0 in intermediate format
FAIL: g++.dg/gcov/pr16855.C  -std=gnu++11  line 21: is #####:should be 1
FAIL: g++.dg/gcov/pr16855.C  -std=gnu++14  gcov: 1 failures in line counts, 0 in branch percentages, 0 in return percentages, 0 in intermediate format
FAIL: g++.dg/gcov/pr16855.C  -std=gnu++14  line 21: is #####:should be 1
FAIL: g++.dg/gcov/pr16855.C  -std=gnu++98  gcov: 1 failures in line counts, 0 in branch percentages, 0 in return percentages, 0 in intermediate format
FAIL: g++.dg/gcov/pr16855.C  -std=gnu++98  line 21: is #####:should be 1
FAIL: g++.old-deja/g++.pt/repo3.C  -std=gnu++11 (test for excess errors)
FAIL: g++.old-deja/g++.pt/repo3.C  -std=gnu++14 (test for excess errors)
FAIL: g++.old-deja/g++.pt/repo3.C  -std=gnu++98 (test for excess errors)

		=== g++ Summary for unix/-m64 ===

# of expected passes		117971
# of unexpected failures	19
# of expected failures		539
# of unsupported tests		5020

		=== g++ Summary ===

# of expected passes		234447
# of unexpected failures	35
# of expected failures		1075
# of unsupported tests		9848
/var/gcc/regression/trunk/11-gcc/build/gcc/xg++  version 9.0.0 20180928 (experimental) [trunk revision 264685] (GCC) 

		=== gcc tests ===


Running target unix
FAIL: gcc.c-torture/compile/pr61159.c   -O0  (test for excess errors)
FAIL: gcc.c-torture/compile/pr61159.c   -O1  (test for excess errors)
FAIL: gcc.c-torture/compile/pr61159.c   -O2  (test for excess errors)
FAIL: gcc.c-torture/compile/pr61159.c   -O2 -flto  (test for excess errors)
FAIL: gcc.c-torture/compile/pr61159.c   -O2 -flto -flto-partition=none  (test for excess errors)
FAIL: gcc.c-torture/compile/pr61159.c   -O3 -g  (test for excess errors)
FAIL: gcc.c-torture/compile/pr61159.c   -Os  (test for excess errors)
FAIL: gcc.dg/debug/dwarf2/inline5.c scan-assembler-not \\\\(DIE \\\\(0x([0-9a-f]*)\\\\) DW_TAG_lexical_block\\\\)[^#/!]*[#/!] [^(].*DW_TAG_lexical_block\\\\)[^#/!x]*x\\\\1[^#/!]*[#/!] DW_AT_abstract_origin
FAIL: gcc.dg/debug/dwarf2/inline5.c scan-assembler-times DW_TAG_lexical_block\\\\)[^#/!]*[#/!] \\\\(DIE \\\\(0x[0-9a-f]*\\\\) DW_TAG_variable 1
FAIL: gcc.dg/attr-weakref-1.c (test for excess errors)
UNRESOLVED: gcc.dg/attr-weakref-1.c compilation failed to produce executable
FAIL: gcc.dg/ipa/ipa-icf-38.c scan-ltrans-tree-dump-not optimized "Function bar"
XPASS: gcc.dg/vect/vect-24.c -flto -ffat-lto-objects  scan-tree-dump-times vect "vectorized 3 loops" 1
XPASS: gcc.dg/vect/vect-24.c scan-tree-dump-times vect "vectorized 3 loops" 1
FAIL: gcc.target/i386/pr80569.c (test for excess errors)

		=== gcc Summary for unix ===

# of expected passes		124254
# of unexpected failures	12
# of unexpected successes	2
# of expected failures		456
# of unresolved testcases	1
# of unsupported tests		2794

Running target unix/-m64
FAIL: gcc.c-torture/compile/pr61159.c   -O0  (test for excess errors)
FAIL: gcc.c-torture/compile/pr61159.c   -O1  (test for excess errors)
FAIL: gcc.c-torture/compile/pr61159.c   -O2  (test for excess errors)
FAIL: gcc.c-torture/compile/pr61159.c   -O2 -flto  (test for excess errors)
FAIL: gcc.c-torture/compile/pr61159.c   -O2 -flto -flto-partition=none  (test for excess errors)
FAIL: gcc.c-torture/compile/pr61159.c   -O3 -g  (test for excess errors)
FAIL: gcc.c-torture/compile/pr61159.c   -Os  (test for excess errors)
FAIL: gcc.dg/debug/dwarf2/inline5.c scan-assembler-not \\\\(DIE \\\\(0x([0-9a-f]*)\\\\) DW_TAG_lexical_block\\\\)[^#/!]*[#/!] [^(].*DW_TAG_lexical_block\\\\)[^#/!x]*x\\\\1[^#/!]*[#/!] DW_AT_abstract_origin
FAIL: gcc.dg/debug/dwarf2/inline5.c scan-assembler-times DW_TAG_lexical_block\\\\)[^#/!]*[#/!] \\\\(DIE \\\\(0x[0-9a-f]*\\\\) DW_TAG_variable 1
FAIL: gcc.dg/attr-weakref-1.c (test for excess errors)
UNRESOLVED: gcc.dg/attr-weakref-1.c compilation failed to produce executable
FAIL: gcc.dg/ipa/ipa-icf-38.c scan-ltrans-tree-dump-not optimized "Function bar"
FAIL: gcc.target/i386/avx512vl-vcvtudq2ps-2.c (test for excess errors)
UNRESOLVED: gcc.target/i386/avx512vl-vcvtudq2ps-2.c compilation failed to produce executable
FAIL: gcc.target/i386/pr80569.c (test for excess errors)

		=== gcc Summary for unix/-m64 ===

# of expected passes		125921
# of unexpected failures	13
# of expected failures		454
# of unresolved testcases	2
# of unsupported tests		2704

		=== gcc Summary ===

# of expected passes		250175
# of unexpected failures	25
# of unexpected successes	2
# of expected failures		910
# of unresolved testcases	3
# of unsupported tests		5498
/var/gcc/regression/trunk/11-gcc/build/gcc/xgcc  version 9.0.0 20180928 (experimental) [trunk revision 264685] (GCC) 

		=== gfortran tests ===


Running target unix

		=== gfortran Summary for unix ===

# of expected passes		47550
# of expected failures		104
# of unsupported tests		195

Running target unix/-m64

		=== gfortran Summary for unix/-m64 ===

# of expected passes		47767
# of expected failures		104
# of unsupported tests		92

		=== gfortran Summary ===

# of expected passes		95317
# of expected failures		208
# of unsupported tests		287
/var/gcc/regression/trunk/11-gcc/build/gcc/gfortran  version 9.0.0 20180928 (experimental) [trunk revision 264685] (GCC) 

		=== gnat tests ===


Running target unix

		=== gnat Summary for unix ===

# of expected passes		2902
# of expected failures		24
# of unsupported tests		8

Running target unix/-m64

		=== gnat Summary for unix/-m64 ===

# of expected passes		2902
# of expected failures		24
# of unsupported tests		8

		=== gnat Summary ===

# of expected passes		5804
# of expected failures		48
# of unsupported tests		16
/var/gcc/regression/trunk/11-gcc/build/gcc/gnatmake version 9.0.0 20180928 (experimental) [trunk revision 264685]

		=== go tests ===


Running target unix
FAIL: ./index0-out.go compilation,  -O0 -g -fno-var-tracking-assignments 

		=== go Summary for unix ===

# of expected passes		7395
# of unexpected failures	1
# of expected failures		1
# of untested testcases		11
# of unsupported tests		2

Running target unix/-m64
FAIL: ./index0-out.go compilation,  -O0 -g -fno-var-tracking-assignments 

		=== go Summary for unix/-m64 ===

# of expected passes		7276
# of unexpected failures	1
# of expected failures		1
# of untested testcases		11
# of unsupported tests		1

		=== go Summary ===

# of expected passes		14671
# of unexpected failures	2
# of expected failures		2
# of untested testcases		22
# of unsupported tests		3
		=== obj-c++ tests ===


Running target unix

		=== obj-c++ Summary for unix ===

# of expected passes		1464
# of expected failures		2
# of unsupported tests		77

Running target unix/-m64

		=== obj-c++ Summary for unix/-m64 ===

# of expected passes		1456
# of expected failures		10
# of unsupported tests		77

		=== obj-c++ Summary ===

# of expected passes		2920
# of expected failures		12
# of unsupported tests		154
/var/gcc/regression/trunk/11-gcc/build/gcc/xg++  version 9.0.0 20180928 (experimental) [trunk revision 264685] (GCC) 

		=== objc tests ===


Running target unix

		=== objc Summary for unix ===

# of expected passes		2797
# of expected failures		6
# of unsupported tests		68

Running target unix/-m64

		=== objc Summary for unix/-m64 ===

# of expected passes		2797
# of expected failures		6
# of unsupported tests		68

		=== objc Summary ===

# of expected passes		5594
# of expected failures		12
# of unsupported tests		136
/var/gcc/regression/trunk/11-gcc/build/gcc/xgcc  version 9.0.0 20180928 (experimental) [trunk revision 264685] (GCC) 

		=== gotools tests ===

FAIL: TestNoCache
FAIL: TestScript
FAIL: go test cmd/go
FAIL: TestAbort
FAIL: TestCgoSignalDeadlock
FAIL: TestCrashHandler
FAIL: TestG0StackOverflow
FAIL: TestGccgoCrashTracebackNodebug
FAIL: TestRuntimePanic
FAIL: TestSelectStackAdjust
FAIL: go test runtime
FAIL: TestCompileWithoutShared
FAIL: TestEarlySignalHandler
FAIL: TestInstall
FAIL: TestOsSignal
FAIL: TestPIE
FAIL: TestSIGPROF
FAIL: TestSigaltstack
FAIL: TestSignalForwarding
FAIL: TestSignalForwardingExternal
FAIL: go test misc/cgo/testcarchive

		=== gotools Summary ===
# of expected passes		385
# of unexpected failures	21
# of untested testcases		195
/var/gcc/regression/trunk/11-gcc/build/./gcc/gccgo version 9.0.0 20180928 (experimental) [trunk revision 264685] (GCC)

		=== libatomic tests ===


Running target unix

		=== libatomic Summary for unix ===

# of expected passes		44
# of unsupported tests		5

Running target unix/-m64

		=== libatomic Summary for unix/-m64 ===

# of expected passes		54

		=== libatomic Summary ===

# of expected passes		98
# of unsupported tests		5
		=== libffi tests ===


Running target unix

		=== libffi Summary for unix ===

# of expected passes		2799

Running target unix/-m64

		=== libffi Summary for unix/-m64 ===

# of expected passes		2214

		=== libffi Summary ===

# of expected passes		5013
		=== libgo tests ===


Running target unix
FAIL: go/build
FAIL: runtime

		=== libgo Summary for unix ===

# of expected passes		182
# of unexpected failures	2

Running target unix/-m64
FAIL: go/build
FAIL: runtime

		=== libgo Summary for unix/-m64 ===

# of expected passes		182
# of unexpected failures	2

		=== libgo Summary ===

# of expected passes		364
# of unexpected failures	4
/var/gcc/regression/trunk/11-gcc/build/./gcc/gccgo version 9.0.0 20180928 (experimental) [trunk revision 264685] (GCC)

		=== libgomp tests ===


Running target unix

		=== libgomp Summary for unix ===

# of expected passes		6010
# of expected failures		1
# of unsupported tests		384

Running target unix/-m64

		=== libgomp Summary for unix/-m64 ===

# of expected passes		6010
# of expected failures		1
# of unsupported tests		384

		=== libgomp Summary ===

# of expected passes		12020
# of expected failures		2
# of unsupported tests		768
		=== libitm tests ===


Running target unix

		=== libitm Summary for unix ===

# of expected passes		42
# of expected failures		3
# of unsupported tests		1

Running target unix/-m64

		=== libitm Summary for unix/-m64 ===

# of expected passes		42
# of expected failures		3
# of unsupported tests		1

		=== libitm Summary ===

# of expected passes		84
# of expected failures		6
# of unsupported tests		2
		=== libstdc++ tests ===


Running target unix

		=== libstdc++ Summary for unix ===

# of expected passes		11674
# of expected failures		79
# of unsupported tests		643

Running target unix/-m64
FAIL: experimental/memory_resource/new_delete_resource.cc execution test

		=== libstdc++ Summary for unix/-m64 ===

# of expected passes		11667
# of unexpected failures	1
# of expected failures		77
# of unsupported tests		647

		=== libstdc++ Summary ===

# of expected passes		23341
# of unexpected failures	1
# of expected failures		156
# of unsupported tests		1290

Compiler version: 9.0.0 20180928 (experimental) [trunk revision 264685] (GCC) 
Platform: i386-pc-solaris2.11
configure flags: --prefix=/vol/gcc --target=i386-pc-solaris2.11 --enable-objc-gc --with-target-bdw-gc-include=/vol/gcc/include --with-target-bdw-gc-lib=/vol/gcc/lib,amd64=/vol/gcc/lib/amd64 --with-as=/usr/ccs/bin/as --without-gnu-as --with-gmp-include=/vol/gcc/include --with-gmp-lib=/vol/gcc/lib --with-mpfr-include=/vol/gcc/include --with-mpfr-lib=/vol/gcc/lib --with-mpc-include=/vol/gcc/include --with-mpc-lib=/vol/gcc/lib --enable-languages=all,ada,obj-c++,go --with-isl-include=/vol/gcc/include --with-isl-lib=/vol/gcc/lib --build=i386-pc-solaris2.11 --host=i386-pc-solaris2.11
BOOT_CFLAGS=-g -O2


Index Nav: [Date Index] [Subject Index] [Author Index] [Thread Index]
Message Nav: [Date Prev] [Date Next] [Thread Prev] [Thread Next]