This is the mail archive of the gcc-testresults@gcc.gnu.org mailing list for the GCC project.


Index Nav: [Date Index] [Subject Index] [Author Index] [Thread Index]
Message Nav: [Date Prev] [Date Next] [Thread Prev] [Thread Next]
Other format: [Raw text]

Results for 9.0.0 20180927 (experimental) [master revision 264661] (GCC) testsuite on aarch64-unknown-linux-gnu


LAST_UPDATED: Thu Sep 27 08:24:17 UTC 2018 (revision 264661)

Native configuration is aarch64-unknown-linux-gnu

		=== libatomic tests ===


Running target tcwg-local

		=== libatomic Summary ===

# of expected passes		54
		=== libgomp tests ===


Running target tcwg-local

		=== libgomp Summary ===

# of expected passes		5942
# of unsupported tests		395
		=== libitm tests ===


Running target tcwg-local

		=== libitm Summary ===

# of expected passes		42
# of expected failures		3
# of unsupported tests		1
		=== libstdc++ tests ===


Running target tcwg-local

		=== libstdc++ Summary ===

# of expected passes		12373
# of expected failures		77
# of unsupported tests		639
		=== g++ tests ===


Running target tcwg-local
FAIL: g++.dg/pr60518.C  -std=gnu++11 (test for excess errors)
FAIL: g++.dg/pr60518.C  -std=gnu++14 (test for excess errors)
FAIL: g++.dg/pr60518.C  -std=gnu++98 (test for excess errors)
FAIL: g++.dg/pr83239.C  -std=gnu++98 (test for excess errors)
FAIL: g++.dg/tree-ssa/dom-invalid.C  -std=gnu++11 (test for excess errors)
FAIL: g++.dg/tree-ssa/dom-invalid.C  -std=gnu++14 (test for excess errors)
FAIL: g++.dg/tree-ssa/dom-invalid.C  -std=gnu++98 (test for excess errors)
FAIL: g++.dg/guality/pr55665.C   -O2  line 23 p == 40
FAIL: g++.dg/guality/pr55665.C   -O2 -flto -fno-use-linker-plugin -flto-partition=none  line 23 p == 40
FAIL: g++.dg/guality/pr55665.C   -O3 -g  line 23 p == 40
FAIL: g++.dg/torture/pr59265.C   -O0  (test for excess errors)
FAIL: g++.dg/torture/pr59265.C   -O1  (test for excess errors)
FAIL: g++.dg/torture/pr59265.C   -O2  (test for excess errors)
FAIL: g++.dg/torture/pr59265.C   -O2 -flto -fno-use-linker-plugin -flto-partition=none  (test for excess errors)
FAIL: g++.dg/torture/pr59265.C   -O2 -flto -fuse-linker-plugin -fno-fat-lto-objects  (test for excess errors)
FAIL: g++.dg/torture/pr59265.C   -O3 -g  (test for excess errors)
FAIL: g++.dg/torture/pr59265.C   -Os  (test for excess errors)
FAIL: g++.dg/tree-prof/morefunc.C compilation,  -fprofile-use -D_PROFILE_USE
UNRESOLVED: g++.dg/tree-prof/morefunc.C execution,    -fprofile-use -D_PROFILE_USE

		=== g++ Summary ===

# of expected passes		123746
# of unexpected failures	18
# of expected failures		540
# of unresolved testcases	1
# of unsupported tests		5667
/home/tcwg-buildslave/workspace/tcwg-buildfarm_2/tcwg-d05_64-build/_build/builds/aarch64-unknown-linux-gnu/aarch64-unknown-linux-gnu/gcc.git~master_rev_29b2bdb4fe3f101689d1453ea9a73451b0fdf771-stage2/gcc/xg++  version 9.0.0 20180927 (experimental) [master revision 264661] (GCC) 

		=== gcc tests ===


Running target tcwg-local
FAIL: gcc.dg/debug/dwarf2/inline5.c scan-assembler-times DW_TAG_lexical_block\\\\)[^#]*# DW_AT_abstract_origin 2
FAIL: gcc.dg/debug/dwarf2/inline5.c scan-assembler-times DW_TAG_lexical_block\\\\)[^#]*# \\\\(DIE \\\\(0x[0-9a-f]*\\\\) DW_TAG_variable 1
FAIL: gcc.dg/pr26570.c  (test for warnings, line 8)
FAIL: gcc.dg/pr26570.c (test for excess errors)
FAIL: gcc.dg/pr32773.c  (test for warnings, line 9)
FAIL: gcc.dg/pr32773.c (test for excess errors)
FAIL: gcc.dg/pr40209.c (test for excess errors)
FAIL: gcc.dg/pr51957-1.c (test for excess errors)
FAIL: gcc.dg/pr80747.c (test for excess errors)
FAIL: gcc.dg/zero_bits_compound-1.c scan-assembler-not \\\\(and:
ERROR: couldn't fork child process: resource temporarily unavailable
ERROR: couldn't fork child process: resource temporarily unavailable
FAIL: gcc.dg/guality/csttest.c   -O2 -flto -fno-use-linker-plugin -flto-partition=none  -DPREVENT_OPTIMIZATION (test for excess errors)
UNRESOLVED: gcc.dg/guality/csttest.c   -O2 -flto -fno-use-linker-plugin -flto-partition=none  -DPREVENT_OPTIMIZATION compilation failed to produce executable
UNRESOLVED: gcc.dg/guality/csttest.c  -Og -DPREVENT_OPTIMIZATION  line 29 c == (0x1ULL << 35)
ERROR: gcc.dg/guality/csttest.c  -Og -DPREVENT_OPTIMIZATION : error executing dg-final: couldn't fork child process: resource temporarily unavailable
XPASS: gcc.dg/guality/example.c   -O0  execution test
XPASS: gcc.dg/guality/example.c   -O1  -DPREVENT_OPTIMIZATION  execution test
XPASS: gcc.dg/guality/example.c   -O2  -DPREVENT_OPTIMIZATION  execution test
XPASS: gcc.dg/guality/example.c   -O2 -flto -fno-use-linker-plugin -flto-partition=none  -DPREVENT_OPTIMIZATION execution test
XPASS: gcc.dg/guality/example.c   -Os  -DPREVENT_OPTIMIZATION  execution test
XPASS: gcc.dg/guality/example.c  -Og -DPREVENT_OPTIMIZATION  execution test
XPASS: gcc.dg/guality/guality.c   -O0  execution test
XPASS: gcc.dg/guality/guality.c   -O1  -DPREVENT_OPTIMIZATION  execution test
XPASS: gcc.dg/guality/guality.c   -O2  -DPREVENT_OPTIMIZATION  execution test
XPASS: gcc.dg/guality/guality.c   -O2 -flto -fno-use-linker-plugin -flto-partition=none  -DPREVENT_OPTIMIZATION execution test
XPASS: gcc.dg/guality/guality.c   -O2 -flto -fuse-linker-plugin -fno-fat-lto-objects  -DPREVENT_OPTIMIZATION execution test
XPASS: gcc.dg/guality/guality.c   -O3 -g  -DPREVENT_OPTIMIZATION  execution test
XPASS: gcc.dg/guality/guality.c   -Os  -DPREVENT_OPTIMIZATION  execution test
XPASS: gcc.dg/guality/guality.c  -Og -DPREVENT_OPTIMIZATION  execution test
XPASS: gcc.dg/guality/inline-params.c   -O2  -DPREVENT_OPTIMIZATION  execution test
XPASS: gcc.dg/guality/inline-params.c   -O2 -flto -fno-use-linker-plugin -flto-partition=none  -DPREVENT_OPTIMIZATION execution test
XPASS: gcc.dg/guality/inline-params.c   -O2 -flto -fuse-linker-plugin -fno-fat-lto-objects  -DPREVENT_OPTIMIZATION execution test
XPASS: gcc.dg/guality/inline-params.c   -O3 -g  -DPREVENT_OPTIMIZATION  execution test
XPASS: gcc.dg/guality/inline-params.c   -Os  -DPREVENT_OPTIMIZATION  execution test
FAIL: gcc.dg/guality/pr36728-2.c   -O2 -flto -fuse-linker-plugin -fno-fat-lto-objects  -DPREVENT_OPTIMIZATION line 16 arg1 == 1
FAIL: gcc.dg/guality/pr36728-2.c   -O2 -flto -fuse-linker-plugin -fno-fat-lto-objects  -DPREVENT_OPTIMIZATION line 16 arg2 == 2
FAIL: gcc.dg/guality/pr36728-2.c   -O2 -flto -fuse-linker-plugin -fno-fat-lto-objects  -DPREVENT_OPTIMIZATION line 16 arg3 == 3
FAIL: gcc.dg/guality/pr36728-2.c   -O2 -flto -fuse-linker-plugin -fno-fat-lto-objects  -DPREVENT_OPTIMIZATION line 16 arg4 == 4
FAIL: gcc.dg/guality/pr36728-2.c   -O2 -flto -fuse-linker-plugin -fno-fat-lto-objects  -DPREVENT_OPTIMIZATION line 16 arg5 == 5
FAIL: gcc.dg/guality/pr36728-2.c   -O2 -flto -fuse-linker-plugin -fno-fat-lto-objects  -DPREVENT_OPTIMIZATION line 16 arg6 == 6
FAIL: gcc.dg/guality/pr36728-2.c   -O2 -flto -fuse-linker-plugin -fno-fat-lto-objects  -DPREVENT_OPTIMIZATION line 16 arg7 == 30
FAIL: gcc.dg/guality/pr36728-2.c   -O2 -flto -fuse-linker-plugin -fno-fat-lto-objects  -DPREVENT_OPTIMIZATION line 16 y == 2
FAIL: gcc.dg/guality/pr36728-2.c   -O2 -flto -fuse-linker-plugin -fno-fat-lto-objects  -DPREVENT_OPTIMIZATION line 18 arg1 == 1
FAIL: gcc.dg/guality/pr36728-2.c   -O2 -flto -fuse-linker-plugin -fno-fat-lto-objects  -DPREVENT_OPTIMIZATION line 18 arg2 == 2
FAIL: gcc.dg/guality/pr36728-2.c   -O2 -flto -fuse-linker-plugin -fno-fat-lto-objects  -DPREVENT_OPTIMIZATION line 18 arg3 == 3
FAIL: gcc.dg/guality/pr36728-2.c   -O2 -flto -fuse-linker-plugin -fno-fat-lto-objects  -DPREVENT_OPTIMIZATION line 18 arg4 == 4
FAIL: gcc.dg/guality/pr36728-2.c   -O2 -flto -fuse-linker-plugin -fno-fat-lto-objects  -DPREVENT_OPTIMIZATION line 18 arg5 == 5
FAIL: gcc.dg/guality/pr36728-2.c   -O2 -flto -fuse-linker-plugin -fno-fat-lto-objects  -DPREVENT_OPTIMIZATION line 18 arg6 == 6
FAIL: gcc.dg/guality/pr36728-2.c   -O2 -flto -fuse-linker-plugin -fno-fat-lto-objects  -DPREVENT_OPTIMIZATION line 18 arg7 == 30
FAIL: gcc.dg/guality/pr36728-2.c   -O3 -g  -DPREVENT_OPTIMIZATION  line 16 arg1 == 1
FAIL: gcc.dg/guality/pr36728-2.c   -O3 -g  -DPREVENT_OPTIMIZATION  line 16 arg2 == 2
FAIL: gcc.dg/guality/pr36728-2.c   -O3 -g  -DPREVENT_OPTIMIZATION  line 16 arg3 == 3
FAIL: gcc.dg/guality/pr36728-2.c   -O3 -g  -DPREVENT_OPTIMIZATION  line 16 arg4 == 4
FAIL: gcc.dg/guality/pr36728-2.c   -O3 -g  -DPREVENT_OPTIMIZATION  line 16 arg5 == 5
FAIL: gcc.dg/guality/pr36728-2.c   -O3 -g  -DPREVENT_OPTIMIZATION  line 16 arg6 == 6
FAIL: gcc.dg/guality/pr36728-2.c   -O3 -g  -DPREVENT_OPTIMIZATION  line 16 arg7 == 30
FAIL: gcc.dg/guality/pr36728-2.c   -O3 -g  -DPREVENT_OPTIMIZATION  line 18 arg1 == 1
FAIL: gcc.dg/guality/pr36728-2.c   -O3 -g  -DPREVENT_OPTIMIZATION  line 18 arg2 == 2
FAIL: gcc.dg/guality/pr36728-2.c   -O3 -g  -DPREVENT_OPTIMIZATION  line 18 arg3 == 3
FAIL: gcc.dg/guality/pr36728-2.c   -O3 -g  -DPREVENT_OPTIMIZATION  line 18 arg4 == 4
FAIL: gcc.dg/guality/pr36728-2.c   -O3 -g  -DPREVENT_OPTIMIZATION  line 18 arg5 == 5
FAIL: gcc.dg/guality/pr36728-2.c   -O3 -g  -DPREVENT_OPTIMIZATION  line 18 arg6 == 6
FAIL: gcc.dg/guality/pr36728-2.c   -O3 -g  -DPREVENT_OPTIMIZATION  line 18 arg7 == 30
UNRESOLVED: gcc.dg/guality/pr36728-3.c   -Os  -DPREVENT_OPTIMIZATION  line 14 arg3 == 3
ERROR: gcc.dg/guality/pr36728-3.c   -Os  -DPREVENT_OPTIMIZATION : error executing dg-final: couldn't fork child process: resource temporarily unavailable
FAIL: gcc.dg/guality/pr36728-3.c  -Og -DPREVENT_OPTIMIZATION  (test for excess errors)
UNRESOLVED: gcc.dg/guality/pr36728-3.c  -Og -DPREVENT_OPTIMIZATION  compilation failed to produce executable
XPASS: gcc.dg/guality/pr41353-1.c   -O0  line 28 j == 28 + 37
FAIL: gcc.dg/guality/pr41447-1.c   -O2  -DPREVENT_OPTIMIZATION  execution test
FAIL: gcc.dg/guality/pr41447-1.c   -O2 -flto -fno-use-linker-plugin -flto-partition=none  -DPREVENT_OPTIMIZATION execution test
FAIL: gcc.dg/guality/pr41447-1.c   -O3 -g  -DPREVENT_OPTIMIZATION  execution test
FAIL: gcc.dg/guality/pr41447-1.c   -Os  -DPREVENT_OPTIMIZATION  execution test
FAIL: gcc.dg/guality/pr54200.c   -O1  -DPREVENT_OPTIMIZATION  line 20 z == 3
FAIL: gcc.dg/guality/pr54200.c   -O2  -DPREVENT_OPTIMIZATION  line 20 z == 3
FAIL: gcc.dg/guality/pr54200.c   -O2 -flto -fno-use-linker-plugin -flto-partition=none  -DPREVENT_OPTIMIZATION line 20 z == 3
FAIL: gcc.dg/guality/pr54200.c   -O3 -g  -DPREVENT_OPTIMIZATION  line 20 z == 3
FAIL: gcc.dg/guality/pr54200.c   -Os  -DPREVENT_OPTIMIZATION  line 20 z == 3
FAIL: gcc.dg/guality/pr54200.c  -Og -DPREVENT_OPTIMIZATION  line 20 z == 3
FAIL: gcc.dg/guality/pr54519-1.c   -O2 -flto -fno-use-linker-plugin -flto-partition=none  -DPREVENT_OPTIMIZATION line 20 y == 25
FAIL: gcc.dg/guality/pr54519-1.c   -O2 -flto -fno-use-linker-plugin -flto-partition=none  -DPREVENT_OPTIMIZATION line 20 z == 6
FAIL: gcc.dg/guality/pr54519-1.c   -O2 -flto -fno-use-linker-plugin -flto-partition=none  -DPREVENT_OPTIMIZATION line 23 y == 117
FAIL: gcc.dg/guality/pr54519-1.c   -O2 -flto -fno-use-linker-plugin -flto-partition=none  -DPREVENT_OPTIMIZATION line 23 z == 8
FAIL: gcc.dg/guality/pr54519-2.c   -O2 -flto -fno-use-linker-plugin -flto-partition=none  -DPREVENT_OPTIMIZATION line 17 y == 25
FAIL: gcc.dg/guality/pr54519-2.c   -O2 -flto -fuse-linker-plugin -fno-fat-lto-objects  -DPREVENT_OPTIMIZATION line 17 y == 25
FAIL: gcc.dg/guality/pr54519-3.c   -O2 -flto -fno-use-linker-plugin -flto-partition=none  -DPREVENT_OPTIMIZATION line 23 y == 117
FAIL: gcc.dg/guality/pr54519-3.c   -O2 -flto -fno-use-linker-plugin -flto-partition=none  -DPREVENT_OPTIMIZATION line 23 z == 8
FAIL: gcc.dg/guality/pr54519-3.c   -O2 -flto -fuse-linker-plugin -fno-fat-lto-objects  -DPREVENT_OPTIMIZATION line 23 y == 117
FAIL: gcc.dg/guality/pr54519-3.c   -O2 -flto -fuse-linker-plugin -fno-fat-lto-objects  -DPREVENT_OPTIMIZATION line 23 z == 8
FAIL: gcc.dg/guality/pr54519-4.c   -O2 -flto -fno-use-linker-plugin -flto-partition=none  -DPREVENT_OPTIMIZATION line 17 y == 25
FAIL: gcc.dg/guality/pr54519-4.c   -O2 -flto -fuse-linker-plugin -fno-fat-lto-objects  -DPREVENT_OPTIMIZATION line 17 y == 25
FAIL: gcc.dg/guality/pr54519-5.c   -O2 -flto -fno-use-linker-plugin -flto-partition=none  -DPREVENT_OPTIMIZATION line 17 y == 25
FAIL: gcc.dg/guality/pr54519-5.c   -O2 -flto -fuse-linker-plugin -fno-fat-lto-objects  -DPREVENT_OPTIMIZATION line 17 y == 25
FAIL: gcc.dg/guality/pr54693-2.c   -O2 -flto -fuse-linker-plugin -fno-fat-lto-objects  -DPREVENT_OPTIMIZATION line 21 z == 30 - 3 * i
FAIL: gcc.dg/guality/pr54693-2.c   -Os  -DPREVENT_OPTIMIZATION  line 21 z == 30 - 3 * i
FAIL: gcc.dg/guality/pr54693.c   -Os  -DPREVENT_OPTIMIZATION  line 22 i == c - 48
FAIL: gcc.dg/guality/pr54796.c   -O2 -flto -fuse-linker-plugin -fno-fat-lto-objects  -DPREVENT_OPTIMIZATION (test for excess errors)
UNRESOLVED: gcc.dg/guality/pr54796.c   -O2 -flto -fuse-linker-plugin -fno-fat-lto-objects  -DPREVENT_OPTIMIZATION compilation failed to produce executable
XPASS: gcc.dg/guality/pr54970.c   -O0  line 31 a[0] == 4
XPASS: gcc.dg/guality/pr54970.c   -O0  line 36 a[0] == 4
XPASS: gcc.dg/guality/pr54970.c   -O0  line 45 a[0] == 4
XPASS: gcc.dg/guality/pr54970.c   -O0  line 45 p[-2] == 4
XPASS: gcc.dg/guality/pr54970.c   -O0  line 45 q[-1] == 4
FAIL: gcc.dg/guality/pr54970.c  -Og -DPREVENT_OPTIMIZATION  line 15 *p == 3
FAIL: gcc.dg/guality/pr54970.c  -Og -DPREVENT_OPTIMIZATION  line 15 *q == 2
FAIL: gcc.dg/guality/pr54970.c  -Og -DPREVENT_OPTIMIZATION  line 15 a[0] == 1
FAIL: gcc.dg/guality/pr54970.c  -Og -DPREVENT_OPTIMIZATION  line 15 a[1] == 2
FAIL: gcc.dg/guality/pr54970.c  -Og -DPREVENT_OPTIMIZATION  line 15 a[2] == 3
FAIL: gcc.dg/guality/pr54970.c  -Og -DPREVENT_OPTIMIZATION  line 20 *p == 13
FAIL: gcc.dg/guality/pr54970.c  -Og -DPREVENT_OPTIMIZATION  line 20 *q == 2
FAIL: gcc.dg/guality/pr54970.c  -Og -DPREVENT_OPTIMIZATION  line 20 a[0] == 1
FAIL: gcc.dg/guality/pr54970.c  -Og -DPREVENT_OPTIMIZATION  line 20 a[1] == 2
FAIL: gcc.dg/guality/pr54970.c  -Og -DPREVENT_OPTIMIZATION  line 20 a[2] == 13
FAIL: gcc.dg/guality/pr54970.c  -Og -DPREVENT_OPTIMIZATION  line 25 *p == 13
FAIL: gcc.dg/guality/pr54970.c  -Og -DPREVENT_OPTIMIZATION  line 25 *q == 12
FAIL: gcc.dg/guality/pr54970.c  -Og -DPREVENT_OPTIMIZATION  line 25 a[0] == 1
FAIL: gcc.dg/guality/pr54970.c  -Og -DPREVENT_OPTIMIZATION  line 25 a[1] == 12
FAIL: gcc.dg/guality/pr54970.c  -Og -DPREVENT_OPTIMIZATION  line 25 a[2] == 13
FAIL: gcc.dg/guality/pr54970.c  -Og -DPREVENT_OPTIMIZATION  line 31 *p == 6
FAIL: gcc.dg/guality/pr54970.c  -Og -DPREVENT_OPTIMIZATION  line 31 *q == 5
FAIL: gcc.dg/guality/pr54970.c  -Og -DPREVENT_OPTIMIZATION  line 31 a[1] == 5
FAIL: gcc.dg/guality/pr54970.c  -Og -DPREVENT_OPTIMIZATION  line 31 a[2] == 6
FAIL: gcc.dg/guality/pr54970.c  -Og -DPREVENT_OPTIMIZATION  line 36 *p == 26
FAIL: gcc.dg/guality/pr54970.c  -Og -DPREVENT_OPTIMIZATION  line 36 *q == 5
FAIL: gcc.dg/guality/pr54970.c  -Og -DPREVENT_OPTIMIZATION  line 36 a[1] == 5
FAIL: gcc.dg/guality/pr54970.c  -Og -DPREVENT_OPTIMIZATION  line 36 a[2] == 26
FAIL: gcc.dg/guality/pr54970.c  -Og -DPREVENT_OPTIMIZATION  line 45 *p == 26
FAIL: gcc.dg/guality/pr54970.c  -Og -DPREVENT_OPTIMIZATION  line 45 *q == 25
FAIL: gcc.dg/guality/pr54970.c  -Og -DPREVENT_OPTIMIZATION  line 45 a[1] == 25
FAIL: gcc.dg/guality/pr54970.c  -Og -DPREVENT_OPTIMIZATION  line 45 a[2] == 26
FAIL: gcc.dg/guality/pr54970.c  -Og -DPREVENT_OPTIMIZATION  line 45 p[-1] == 25
FAIL: gcc.dg/guality/pr54970.c  -Og -DPREVENT_OPTIMIZATION  line 45 q[1] == 26
FAIL: gcc.dg/guality/pr56154-1.c  -Og -DPREVENT_OPTIMIZATION  line pr56154-1.c:20 x.a == 6
FAIL: gcc.dg/guality/pr59776.c  -Og -DPREVENT_OPTIMIZATION  line pr59776.c:17 s1.f == 5.0
FAIL: gcc.dg/guality/pr59776.c  -Og -DPREVENT_OPTIMIZATION  line pr59776.c:17 s1.g == 6.0
FAIL: gcc.dg/guality/pr59776.c  -Og -DPREVENT_OPTIMIZATION  line pr59776.c:17 s2.f == 0.0
FAIL: gcc.dg/guality/pr59776.c  -Og -DPREVENT_OPTIMIZATION  line pr59776.c:17 s2.g == 6.0
FAIL: gcc.dg/guality/pr59776.c  -Og -DPREVENT_OPTIMIZATION  line pr59776.c:20 s1.f == 5.0
FAIL: gcc.dg/guality/pr59776.c  -Og -DPREVENT_OPTIMIZATION  line pr59776.c:20 s1.g == 6.0
FAIL: gcc.dg/guality/pr59776.c  -Og -DPREVENT_OPTIMIZATION  line pr59776.c:20 s2.f == 5.0
FAIL: gcc.dg/guality/pr59776.c  -Og -DPREVENT_OPTIMIZATION  line pr59776.c:20 s2.g == 6.0
FAIL: gcc.dg/guality/pr68860-1.c   -O2 -flto -fno-use-linker-plugin -flto-partition=none  -DPREVENT_OPTIMIZATION line 14 arg1 == 1
FAIL: gcc.dg/guality/pr68860-1.c   -O2 -flto -fno-use-linker-plugin -flto-partition=none  -DPREVENT_OPTIMIZATION line 14 arg2 == 2
FAIL: gcc.dg/guality/pr68860-1.c   -O2 -flto -fno-use-linker-plugin -flto-partition=none  -DPREVENT_OPTIMIZATION line 14 arg3 == 3
FAIL: gcc.dg/guality/pr68860-1.c   -O2 -flto -fno-use-linker-plugin -flto-partition=none  -DPREVENT_OPTIMIZATION line 14 arg4 == 4
FAIL: gcc.dg/guality/pr68860-1.c   -O2 -flto -fno-use-linker-plugin -flto-partition=none  -DPREVENT_OPTIMIZATION line 14 arg5 == 5
FAIL: gcc.dg/guality/pr68860-1.c   -O2 -flto -fno-use-linker-plugin -flto-partition=none  -DPREVENT_OPTIMIZATION line 14 arg6 == 6
FAIL: gcc.dg/guality/pr68860-1.c   -O2 -flto -fno-use-linker-plugin -flto-partition=none  -DPREVENT_OPTIMIZATION line 16 arg1 == 1
FAIL: gcc.dg/guality/pr68860-1.c   -O2 -flto -fno-use-linker-plugin -flto-partition=none  -DPREVENT_OPTIMIZATION line 16 arg2 == 2
FAIL: gcc.dg/guality/pr68860-1.c   -O2 -flto -fno-use-linker-plugin -flto-partition=none  -DPREVENT_OPTIMIZATION line 16 arg3 == 3
FAIL: gcc.dg/guality/pr68860-1.c   -O2 -flto -fno-use-linker-plugin -flto-partition=none  -DPREVENT_OPTIMIZATION line 16 arg4 == 4
FAIL: gcc.dg/guality/pr68860-1.c   -O2 -flto -fno-use-linker-plugin -flto-partition=none  -DPREVENT_OPTIMIZATION line 16 arg5 == 5
FAIL: gcc.dg/guality/pr68860-1.c   -O2 -flto -fno-use-linker-plugin -flto-partition=none  -DPREVENT_OPTIMIZATION line 16 arg6 == 6
FAIL: gcc.dg/guality/pr68860-1.c   -O2 -flto -fuse-linker-plugin -fno-fat-lto-objects  -DPREVENT_OPTIMIZATION line 14 arg1 == 1
FAIL: gcc.dg/guality/pr68860-1.c   -O2 -flto -fuse-linker-plugin -fno-fat-lto-objects  -DPREVENT_OPTIMIZATION line 14 arg2 == 2
FAIL: gcc.dg/guality/pr68860-1.c   -O2 -flto -fuse-linker-plugin -fno-fat-lto-objects  -DPREVENT_OPTIMIZATION line 14 arg3 == 3
FAIL: gcc.dg/guality/pr68860-1.c   -O2 -flto -fuse-linker-plugin -fno-fat-lto-objects  -DPREVENT_OPTIMIZATION line 14 arg4 == 4
FAIL: gcc.dg/guality/pr68860-1.c   -O2 -flto -fuse-linker-plugin -fno-fat-lto-objects  -DPREVENT_OPTIMIZATION line 14 arg5 == 5
FAIL: gcc.dg/guality/pr68860-1.c   -O2 -flto -fuse-linker-plugin -fno-fat-lto-objects  -DPREVENT_OPTIMIZATION line 14 arg6 == 6
FAIL: gcc.dg/guality/pr68860-1.c   -O2 -flto -fuse-linker-plugin -fno-fat-lto-objects  -DPREVENT_OPTIMIZATION line 16 arg1 == 1
FAIL: gcc.dg/guality/pr68860-1.c   -O2 -flto -fuse-linker-plugin -fno-fat-lto-objects  -DPREVENT_OPTIMIZATION line 16 arg2 == 2
FAIL: gcc.dg/guality/pr68860-1.c   -O2 -flto -fuse-linker-plugin -fno-fat-lto-objects  -DPREVENT_OPTIMIZATION line 16 arg3 == 3
FAIL: gcc.dg/guality/pr68860-1.c   -O2 -flto -fuse-linker-plugin -fno-fat-lto-objects  -DPREVENT_OPTIMIZATION line 16 arg4 == 4
FAIL: gcc.dg/guality/pr68860-1.c   -O2 -flto -fuse-linker-plugin -fno-fat-lto-objects  -DPREVENT_OPTIMIZATION line 16 arg5 == 5
FAIL: gcc.dg/guality/pr68860-1.c   -O2 -flto -fuse-linker-plugin -fno-fat-lto-objects  -DPREVENT_OPTIMIZATION line 16 arg6 == 6
FAIL: gcc.dg/guality/sra-1.c  -Og -DPREVENT_OPTIMIZATION  line 21 a.j == 14
FAIL: gcc.dg/guality/sra-1.c  -Og -DPREVENT_OPTIMIZATION  line 32 a[1] == 14
FAIL: gcc.dg/guality/sra-1.c  -Og -DPREVENT_OPTIMIZATION  line 43 a.i == 4
FAIL: gcc.dg/guality/sra-1.c  -Og -DPREVENT_OPTIMIZATION  line 43 a.j == 14
FAIL: gcc.dg/guality/vla-1.c   -O1  -DPREVENT_OPTIMIZATION  line 17 sizeof (a) == 6
FAIL: gcc.dg/guality/vla-1.c   -O2  -DPREVENT_OPTIMIZATION  line 17 sizeof (a) == 6
FAIL: gcc.dg/guality/vla-1.c   -O2 -flto -fno-use-linker-plugin -flto-partition=none  -DPREVENT_OPTIMIZATION line 17 sizeof (a) == 6
FAIL: gcc.dg/guality/vla-1.c   -O2 -flto -fuse-linker-plugin -fno-fat-lto-objects  -DPREVENT_OPTIMIZATION line 17 sizeof (a) == 6
FAIL: gcc.dg/guality/vla-1.c   -O3 -g  -DPREVENT_OPTIMIZATION  line 17 sizeof (a) == 6
FAIL: gcc.dg/guality/vla-1.c   -Os  -DPREVENT_OPTIMIZATION  line 17 sizeof (a) == 6
FAIL: gcc.dg/torture/fp-int-convert-float16-timode.c   -O0  execution test
FAIL: gcc.dg/torture/fp-int-convert-float16-timode.c   -O1  execution test
FAIL: gcc.dg/torture/fp-int-convert-float16-timode.c   -O2  execution test
FAIL: gcc.dg/torture/fp-int-convert-float16-timode.c   -O2 -flto -fno-use-linker-plugin -flto-partition=none  execution test
FAIL: gcc.dg/torture/fp-int-convert-float16-timode.c   -O2 -flto -fuse-linker-plugin -fno-fat-lto-objects  execution test
FAIL: gcc.dg/torture/fp-int-convert-float16-timode.c   -O3 -g  execution test
FAIL: gcc.dg/torture/fp-int-convert-float16-timode.c   -Os  execution test
FAIL: gcc.dg/torture/fp-int-convert-float16.c   -O0  execution test
FAIL: gcc.dg/torture/fp-int-convert-float16.c   -O1  execution test
FAIL: gcc.dg/torture/fp-int-convert-float16.c   -O2  execution test
FAIL: gcc.dg/torture/fp-int-convert-float16.c   -O2 -flto -fno-use-linker-plugin -flto-partition=none  execution test
FAIL: gcc.dg/torture/fp-int-convert-float16.c   -O2 -flto -fuse-linker-plugin -fno-fat-lto-objects  execution test
FAIL: gcc.dg/torture/fp-int-convert-float16.c   -O3 -g  execution test
FAIL: gcc.dg/torture/fp-int-convert-float16.c   -Os  execution test
FAIL: gcc.dg/torture/pr84682-2.c   -O0  (internal compiler error)
FAIL: gcc.dg/torture/pr84682-2.c   -O0  (test for excess errors)
FAIL: gcc.dg/torture/pr84682-2.c   -O1  (internal compiler error)
FAIL: gcc.dg/torture/pr84682-2.c   -O1  (test for excess errors)
FAIL: gcc.dg/torture/pr84682-2.c   -O2  (internal compiler error)
FAIL: gcc.dg/torture/pr84682-2.c   -O2  (test for excess errors)
FAIL: gcc.dg/torture/pr84682-2.c   -O2 -flto -fno-use-linker-plugin -flto-partition=none  (internal compiler error)
FAIL: gcc.dg/torture/pr84682-2.c   -O2 -flto -fno-use-linker-plugin -flto-partition=none  (test for excess errors)
FAIL: gcc.dg/torture/pr84682-2.c   -O3 -fomit-frame-pointer -funroll-loops -fpeel-loops -ftracer -finline-functions  (internal compiler error)
FAIL: gcc.dg/torture/pr84682-2.c   -O3 -fomit-frame-pointer -funroll-loops -fpeel-loops -ftracer -finline-functions  (test for excess errors)
FAIL: gcc.dg/torture/pr84682-2.c   -O3 -g  (internal compiler error)
FAIL: gcc.dg/torture/pr84682-2.c   -O3 -g  (test for excess errors)
FAIL: gcc.dg/torture/pr84682-2.c   -Os  (internal compiler error)
FAIL: gcc.dg/torture/pr84682-2.c   -Os  (test for excess errors)
FAIL: gcc.dg/torture/transpose-5.c   -O2 -flto -fno-use-linker-plugin -flto-partition=none  execution test
FAIL: gcc.dg/torture/transpose-5.c   -O2 -flto -fuse-linker-plugin -fno-fat-lto-objects  (test for excess errors)
UNRESOLVED: gcc.dg/torture/transpose-5.c   -O2 -flto -fuse-linker-plugin -fno-fat-lto-objects  compilation failed to produce executable
FAIL: gcc.dg/torture/transpose-6.c   -O0  (test for excess errors)
UNRESOLVED: gcc.dg/torture/transpose-6.c   -O0  compilation failed to produce executable
FAIL: gcc.dg/torture/transpose-6.c   -O1  (test for excess errors)
UNRESOLVED: gcc.dg/torture/transpose-6.c   -O1  compilation failed to produce executable
FAIL: gcc.dg/torture/transpose-6.c   -O2  (test for excess errors)
UNRESOLVED: gcc.dg/torture/transpose-6.c   -O2  compilation failed to produce executable
FAIL: gcc.dg/torture/transpose-6.c   -O3 -fomit-frame-pointer -funroll-loops -fpeel-loops -ftracer -finline-functions  (test for excess errors)
UNRESOLVED: gcc.dg/torture/transpose-6.c   -O3 -fomit-frame-pointer -funroll-loops -fpeel-loops -ftracer -finline-functions  compilation failed to produce executable
FAIL: gcc.dg/torture/transpose-6.c   -O3 -g  (test for excess errors)
UNRESOLVED: gcc.dg/torture/transpose-6.c   -O3 -g  compilation failed to produce executable
FAIL: gcc.dg/torture/transpose-6.c   -Os  (test for excess errors)
UNRESOLVED: gcc.dg/torture/transpose-6.c   -Os  compilation failed to produce executable
FAIL: gcc.dg/torture/stackalign/nested-4.c   -O1  (test for excess errors)
UNRESOLVED: gcc.dg/torture/stackalign/nested-4.c   -O1  compilation failed to produce executable
FAIL: gcc.dg/torture/stackalign/nested-4.c   -O1 -fpic (test for excess errors)
UNRESOLVED: gcc.dg/torture/stackalign/nested-4.c   -O1 -fpic compilation failed to produce executable
FAIL: gcc.dg/torture/stackalign/nested-4.c   -O2  (test for excess errors)
UNRESOLVED: gcc.dg/torture/stackalign/nested-4.c   -O2  compilation failed to produce executable
FAIL: gcc.dg/torture/stackalign/nested-4.c   -O2 -fpic (test for excess errors)
UNRESOLVED: gcc.dg/torture/stackalign/nested-4.c   -O2 -fpic compilation failed to produce executable
FAIL: gcc.dg/torture/stackalign/nested-4.c   -O3 -g  (test for excess errors)
UNRESOLVED: gcc.dg/torture/stackalign/nested-4.c   -O3 -g  compilation failed to produce executable
FAIL: gcc.dg/torture/stackalign/nested-4.c   -O3 -g -fpic (test for excess errors)
UNRESOLVED: gcc.dg/torture/stackalign/nested-4.c   -O3 -g -fpic compilation failed to produce executable
FAIL: gcc.dg/torture/stackalign/nested-4.c   -Os  (test for excess errors)
UNRESOLVED: gcc.dg/torture/stackalign/nested-4.c   -Os  compilation failed to produce executable
FAIL: gcc.dg/torture/stackalign/nested-4.c   -Os -fpic (test for excess errors)
UNRESOLVED: gcc.dg/torture/stackalign/nested-4.c   -Os -fpic compilation failed to produce executable
FAIL: gcc.dg/torture/stackalign/pr16660-2.c   -O0  execution test
FAIL: gcc.dg/torture/stackalign/pr16660-2.c   -O0 -fpic (test for excess errors)
UNRESOLVED: gcc.dg/torture/stackalign/pr16660-2.c   -O0 -fpic compilation failed to produce executable
FAIL: gcc.dg/torture/stackalign/pr16660-2.c   -O1  (test for excess errors)
UNRESOLVED: gcc.dg/torture/stackalign/pr16660-2.c   -O1  compilation failed to produce executable
FAIL: gcc.dg/torture/stackalign/pr16660-2.c   -O1 -fpic (test for excess errors)
UNRESOLVED: gcc.dg/torture/stackalign/pr16660-2.c   -O1 -fpic compilation failed to produce executable
FAIL: gcc.dg/torture/stackalign/pr16660-2.c   -O2  (test for excess errors)
UNRESOLVED: gcc.dg/torture/stackalign/pr16660-2.c   -O2  compilation failed to produce executable
FAIL: gcc.dg/torture/stackalign/pr16660-2.c   -O2 -fpic (test for excess errors)
UNRESOLVED: gcc.dg/torture/stackalign/pr16660-2.c   -O2 -fpic compilation failed to produce executable
FAIL: gcc.dg/torture/stackalign/pr16660-2.c   -O3 -g  (test for excess errors)
UNRESOLVED: gcc.dg/torture/stackalign/pr16660-2.c   -O3 -g  compilation failed to produce executable
FAIL: gcc.dg/torture/stackalign/pr16660-2.c   -O3 -g -fpic (test for excess errors)
UNRESOLVED: gcc.dg/torture/stackalign/pr16660-2.c   -O3 -g -fpic compilation failed to produce executable
FAIL: gcc.dg/tree-ssa/pr77445-2.c scan-tree-dump-not thread4 "not considered"
FAIL: gcc.dg/tree-ssa/ssa-dom-thread-7.c scan-tree-dump-not dom3 "Jumps threaded"
FAIL: gcc.dg/tree-ssa/ssa-dom-thread-7.c scan-tree-dump-not vrp2 "Jumps threaded"
FAIL: c-c++-common/ubsan/null-10.c   -O2 -flto -fno-use-linker-plugin -flto-partition=none  (test for excess errors)
UNRESOLVED: c-c++-common/ubsan/null-10.c   -O2 -flto -fno-use-linker-plugin -flto-partition=none  compilation failed to produce executable
FAIL: c-c++-common/ubsan/null-10.c   -O2 -flto -fuse-linker-plugin -fno-fat-lto-objects  (test for excess errors)
UNRESOLVED: c-c++-common/ubsan/null-10.c   -O2 -flto -fuse-linker-plugin -fno-fat-lto-objects  compilation failed to produce executable
FAIL: c-c++-common/ubsan/null-10.c   -Os  (test for excess errors)
UNRESOLVED: c-c++-common/ubsan/null-10.c   -Os  compilation failed to produce executable
FAIL: c-c++-common/ubsan/overflow-sub-2.c   -O0  (test for excess errors)
UNRESOLVED: c-c++-common/ubsan/overflow-sub-2.c   -O0  compilation failed to produce executable
FAIL: c-c++-common/ubsan/overflow-sub-2.c   -O1  (test for excess errors)
UNRESOLVED: c-c++-common/ubsan/overflow-sub-2.c   -O1  compilation failed to produce executable
FAIL: c-c++-common/ubsan/overflow-sub-2.c   -O2  (test for excess errors)
UNRESOLVED: c-c++-common/ubsan/overflow-sub-2.c   -O2  compilation failed to produce executable
FAIL: c-c++-common/ubsan/overflow-sub-2.c   -O2 -flto -fno-use-linker-plugin -flto-partition=none  (test for excess errors)
UNRESOLVED: c-c++-common/ubsan/overflow-sub-2.c   -O2 -flto -fno-use-linker-plugin -flto-partition=none  compilation failed to produce executable
FAIL: c-c++-common/ubsan/overflow-sub-2.c   -O2 -flto -fuse-linker-plugin -fno-fat-lto-objects  (test for excess errors)
UNRESOLVED: c-c++-common/ubsan/overflow-sub-2.c   -O2 -flto -fuse-linker-plugin -fno-fat-lto-objects  compilation failed to produce executable
FAIL: c-c++-common/ubsan/overflow-sub-2.c   -O3 -g  (test for excess errors)
UNRESOLVED: c-c++-common/ubsan/overflow-sub-2.c   -O3 -g  compilation failed to produce executable
FAIL: c-c++-common/ubsan/overflow-sub-2.c   -Os  (test for excess errors)
UNRESOLVED: c-c++-common/ubsan/overflow-sub-2.c   -Os  compilation failed to produce executable
FAIL: c-c++-common/ubsan/vla-4.c   -O2 -flto -fno-use-linker-plugin -flto-partition=none  (test for excess errors)
UNRESOLVED: c-c++-common/ubsan/vla-4.c   -O2 -flto -fno-use-linker-plugin -flto-partition=none  compilation failed to produce executable
FAIL: c-c++-common/ubsan/vla-4.c   -O2 -flto -fuse-linker-plugin -fno-fat-lto-objects  (test for excess errors)
UNRESOLVED: c-c++-common/ubsan/vla-4.c   -O2 -flto -fuse-linker-plugin -fno-fat-lto-objects  compilation failed to produce executable
FAIL: c-c++-common/ubsan/vla-4.c   -Os  (test for excess errors)
UNRESOLVED: c-c++-common/ubsan/vla-4.c   -Os  compilation failed to produce executable
FAIL: gcc.dg/ubsan/float-cast-overflow-atomic.c   -O2 -flto -fuse-linker-plugin -fno-fat-lto-objects  (test for excess errors)
FAIL: gcc.dg/vect/pr69083.c -flto -ffat-lto-objects (test for excess errors)
FAIL: gcc.dg/vect/pr69652.c -flto -ffat-lto-objects (test for excess errors)
UNRESOLVED: gcc.dg/vect/pr69783.c -flto -ffat-lto-objects  scan-tree-dump vect "improved number of alias checks from [0-9]* to 2"
FAIL: gcc.dg/vect/pr69783.c -flto -ffat-lto-objects (test for excess errors)
FAIL: gcc.dg/vect/pr69820.c -flto -ffat-lto-objects (test for excess errors)
UNRESOLVED: gcc.dg/vect/pr69820.c -flto -ffat-lto-objects compilation failed to produce executable
FAIL: gcc.dg/vect/pr70021.c -flto -ffat-lto-objects (test for excess errors)
UNRESOLVED: gcc.dg/vect/pr70021.c -flto -ffat-lto-objects compilation failed to produce executable
FAIL: gcc.dg/vect/pr70138-1.c -flto -ffat-lto-objects (test for excess errors)
UNRESOLVED: gcc.dg/vect/pr70138-1.c -flto -ffat-lto-objects compilation failed to produce executable
FAIL: gcc.dg/vect/pr70138-2.c -flto -ffat-lto-objects (test for excess errors)
UNRESOLVED: gcc.dg/vect/pr70138-2.c -flto -ffat-lto-objects compilation failed to produce executable
UNRESOLVED: gcc.dg/vect/pr82108.c -flto -ffat-lto-objects  scan-tree-dump-times vect "vectorized 1 loops" 1
FAIL: gcc.dg/vect/pr82108.c -flto -ffat-lto-objects (test for excess errors)
UNRESOLVED: gcc.dg/vect/pr82108.c -flto -ffat-lto-objects compilation failed to produce executable
FAIL: gcc.dg/vect/pr82289.c -flto -ffat-lto-objects (test for excess errors)
FAIL: gcc.dg/vect/pr82436.c -flto -ffat-lto-objects (test for excess errors)
UNRESOLVED: gcc.dg/vect/pr83202-1.c -flto -ffat-lto-objects  scan-tree-dump vect "Loop contains only SLP stmts"
UNRESOLVED: gcc.dg/vect/pr83202-1.c -flto -ffat-lto-objects  scan-tree-dump vect "ectorized 1 loops"
FAIL: gcc.dg/vect/pr83202-1.c -flto -ffat-lto-objects (test for excess errors)
UNRESOLVED: gcc.dg/vect/vect-10.c -flto -ffat-lto-objects  scan-tree-dump-times vect "vectorized 1 loops" 1
FAIL: gcc.dg/vect/vect-10.c -flto -ffat-lto-objects (test for excess errors)
UNRESOLVED: gcc.dg/vect/vect-100.c -flto -ffat-lto-objects  scan-tree-dump-times vect "vectorized 2 loops" 0
FAIL: gcc.dg/vect/vect-100.c -flto -ffat-lto-objects (test for excess errors)
UNRESOLVED: gcc.dg/vect/vect-100.c -flto -ffat-lto-objects compilation failed to produce executable
UNRESOLVED: gcc.dg/vect/vect-103.c -flto -ffat-lto-objects  scan-tree-dump-times vect "accesses have the same alignment" 1
UNRESOLVED: gcc.dg/vect/vect-103.c -flto -ffat-lto-objects  scan-tree-dump-times vect "vectorized 1 loops" 1
FAIL: gcc.dg/vect/vect-103.c -flto -ffat-lto-objects (test for excess errors)
UNRESOLVED: gcc.dg/vect/vect-103.c -flto -ffat-lto-objects compilation failed to produce executable
UNRESOLVED: gcc.dg/vect/vect-104.c -flto -ffat-lto-objects  scan-tree-dump vect "possible dependence between data-refs"
UNRESOLVED: gcc.dg/vect/vect-104.c -flto -ffat-lto-objects  scan-tree-dump-times vect "vectorized 1 loops" 0
FAIL: gcc.dg/vect/vect-104.c -flto -ffat-lto-objects (test for excess errors)
UNRESOLVED: gcc.dg/vect/vect-104.c -flto -ffat-lto-objects compilation failed to produce executable
UNRESOLVED: gcc.dg/vect/vect-105-big-array.c -flto -ffat-lto-objects  scan-tree-dump-times vect "possible dependence between data-refs" 0
UNRESOLVED: gcc.dg/vect/vect-105-big-array.c -flto -ffat-lto-objects  scan-tree-dump-times vect "vectorized 1 loops" 1
FAIL: gcc.dg/vect/vect-105-big-array.c -flto -ffat-lto-objects (test for excess errors)
UNRESOLVED: gcc.dg/vect/vect-105-big-array.c -flto -ffat-lto-objects compilation failed to produce executable
UNRESOLVED: gcc.dg/vect/vect-105.c -flto -ffat-lto-objects  scan-tree-dump-times vect "possible dependence between data-refs" 0
UNRESOLVED: gcc.dg/vect/vect-105.c -flto -ffat-lto-objects  scan-tree-dump-times vect "vectorized 1 loops" 1
FAIL: gcc.dg/vect/vect-105.c -flto -ffat-lto-objects (test for excess errors)
UNRESOLVED: gcc.dg/vect/vect-105.c -flto -ffat-lto-objects compilation failed to produce executable
UNRESOLVED: gcc.dg/vect/vect-34-big-array.c -flto -ffat-lto-objects  scan-tree-dump-times vect "vectorized 1 loops" 1
FAIL: gcc.dg/vect/vect-34-big-array.c -flto -ffat-lto-objects (test for excess errors)
UNRESOLVED: gcc.dg/vect/vect-34-big-array.c -flto -ffat-lto-objects compilation failed to produce executable
UNRESOLVED: gcc.dg/vect/vect-34.c -flto -ffat-lto-objects  scan-tree-dump-times vect "vectorized 1 loops" 1
FAIL: gcc.dg/vect/vect-34.c -flto -ffat-lto-objects (test for excess errors)
UNRESOLVED: gcc.dg/vect/vect-34.c -flto -ffat-lto-objects compilation failed to produce executable
UNRESOLVED: gcc.dg/vect/vect-35-big-array.c -flto -ffat-lto-objects  scan-tree-dump vect "can't determine dependence between"
UNRESOLVED: gcc.dg/vect/vect-35-big-array.c -flto -ffat-lto-objects  scan-tree-dump-times vect "vectorized 1 loops" 1
FAIL: gcc.dg/vect/vect-35-big-array.c -flto -ffat-lto-objects (test for excess errors)
UNRESOLVED: gcc.dg/vect/vect-35-big-array.c -flto -ffat-lto-objects compilation failed to produce executable
UNRESOLVED: gcc.dg/vect/vect-35.c -flto -ffat-lto-objects  scan-tree-dump vect "can't determine dependence between"
UNRESOLVED: gcc.dg/vect/vect-35.c -flto -ffat-lto-objects  scan-tree-dump-times vect "vectorized 1 loops" 1
FAIL: gcc.dg/vect/vect-35.c -flto -ffat-lto-objects (test for excess errors)
UNRESOLVED: gcc.dg/vect/vect-35.c -flto -ffat-lto-objects compilation failed to produce executable
UNRESOLVED: gcc.dg/vect/vect-36-big-array.c -flto -ffat-lto-objects  scan-tree-dump-times vect "vectorized 1 loops" 1
FAIL: gcc.dg/vect/vect-36-big-array.c -flto -ffat-lto-objects (test for excess errors)
UNRESOLVED: gcc.dg/vect/vect-36-big-array.c -flto -ffat-lto-objects compilation failed to produce executable
UNRESOLVED: gcc.dg/vect/vect-36.c -flto -ffat-lto-objects  scan-tree-dump-times vect "vectorized 1 loops" 1
FAIL: gcc.dg/vect/vect-36.c -flto -ffat-lto-objects (test for excess errors)
UNRESOLVED: gcc.dg/vect/vect-36.c -flto -ffat-lto-objects compilation failed to produce executable
UNRESOLVED: gcc.dg/vect/vect-38.c -flto -ffat-lto-objects  scan-tree-dump-times vect "vectorized 1 loops" 1
FAIL: gcc.dg/vect/vect-38.c -flto -ffat-lto-objects (test for excess errors)
UNRESOLVED: gcc.dg/vect/vect-38.c -flto -ffat-lto-objects compilation failed to produce executable
UNRESOLVED: gcc.dg/vect/vect-alias-check-4.c -flto -ffat-lto-objects  scan-tree-dump-not vect "LOOP VECTORIZED"
FAIL: gcc.dg/vect/vect-alias-check-4.c -flto -ffat-lto-objects (test for excess errors)
UNRESOLVED: gcc.dg/vect/vect-alias-check-5.c -flto -ffat-lto-objects  scan-tree-dump-times vect "LOOP VECTORIZED" 1
UNRESOLVED: gcc.dg/vect/vect-alias-check-5.c -flto -ffat-lto-objects  scan-tree-dump-times vect "consider run-time aliasing" 1
UNRESOLVED: gcc.dg/vect/vect-alias-check-5.c -flto -ffat-lto-objects  scan-tree-dump-times vect "improved number of alias checks from 1 to 0" 1
FAIL: gcc.dg/vect/vect-alias-check-5.c -flto -ffat-lto-objects (test for excess errors)
UNRESOLVED: gcc.dg/vect/vect-alias-check-6.c -flto -ffat-lto-objects  scan-tree-dump vect "LOOP VECTORIZED"
UNRESOLVED: gcc.dg/vect/vect-alias-check-6.c -flto -ffat-lto-objects  scan-tree-dump vect "checking that [^\\\\n]* and [^\\\\n]* have different addresses"
FAIL: gcc.dg/vect/vect-alias-check-6.c -flto -ffat-lto-objects (test for excess errors)
UNRESOLVED: gcc.dg/vect/vect-alias-check-7.c -flto -ffat-lto-objects  scan-tree-dump vect "LOOP VECTORIZED"
UNRESOLVED: gcc.dg/vect/vect-alias-check-7.c -flto -ffat-lto-objects  scan-tree-dump vect "checking that [^\\\\n]* and [^\\\\n]* have different addresses"
FAIL: gcc.dg/vect/vect-alias-check-7.c -flto -ffat-lto-objects (test for excess errors)
FAIL: gcc.dg/vect/vect-alias-check-8.c -flto -ffat-lto-objects (test for excess errors)
UNRESOLVED: gcc.dg/vect/vect-alias-check-8.c -flto -ffat-lto-objects compilation failed to produce executable
FAIL: gcc.dg/vect/vect-alias-check-9.c -flto -ffat-lto-objects (test for excess errors)
UNRESOLVED: gcc.dg/vect/vect-alias-check-9.c -flto -ffat-lto-objects compilation failed to produce executable
UNRESOLVED: gcc.dg/vect/vect-alias-check.c -flto -ffat-lto-objects  scan-tree-dump-times vect "vectorized 1 loops" 1
FAIL: gcc.dg/vect/vect-alias-check.c -flto -ffat-lto-objects (test for excess errors)
UNRESOLVED: gcc.dg/vect/vect-avg-14.c -flto -ffat-lto-objects  scan-tree-dump vect "\\\\.AVG_CEIL"
UNRESOLVED: gcc.dg/vect/vect-avg-14.c -flto -ffat-lto-objects  scan-tree-dump vect "vect_recog_average_pattern: detected"
UNRESOLVED: gcc.dg/vect/vect-avg-14.c -flto -ffat-lto-objects  scan-tree-dump-not vect "vector\\\\([^\\\\n]*short"
UNRESOLVED: gcc.dg/vect/vect-avg-14.c -flto -ffat-lto-objects  scan-tree-dump-times vect "vectorized 1 loop" 1
FAIL: gcc.dg/vect/vect-avg-14.c -flto -ffat-lto-objects (test for excess errors)
UNRESOLVED: gcc.dg/vect/vect-avg-14.c -flto -ffat-lto-objects compilation failed to produce executable
UNRESOLVED: gcc.dg/vect/vect-avg-15.c -flto -ffat-lto-objects  scan-tree-dump vect "Loop contains only SLP stmts"
UNRESOLVED: gcc.dg/vect/vect-avg-15.c -flto -ffat-lto-objects  scan-tree-dump vect "\\\\.AVG_FLOOR"
UNRESOLVED: gcc.dg/vect/vect-avg-15.c -flto -ffat-lto-objects  scan-tree-dump vect "vect_recog_average_pattern: detected"
UNRESOLVED: gcc.dg/vect/vect-avg-15.c -flto -ffat-lto-objects  scan-tree-dump-times vect "vectorized 1 loop" 1
FAIL: gcc.dg/vect/vect-avg-15.c -flto -ffat-lto-objects (test for excess errors)
UNRESOLVED: gcc.dg/vect/vect-avg-15.c -flto -ffat-lto-objects compilation failed to produce executable
UNRESOLVED: gcc.dg/vect/vect-avg-16.c -flto -ffat-lto-objects  scan-tree-dump vect "Loop contains only SLP stmts"
UNRESOLVED: gcc.dg/vect/vect-avg-16.c -flto -ffat-lto-objects  scan-tree-dump vect "\\\\.AVG_FLOOR"
UNRESOLVED: gcc.dg/vect/vect-avg-16.c -flto -ffat-lto-objects  scan-tree-dump vect "vect_recog_average_pattern: detected"
UNRESOLVED: gcc.dg/vect/vect-avg-16.c -flto -ffat-lto-objects  scan-tree-dump-times vect "vectorized 1 loop" 1
FAIL: gcc.dg/vect/vect-avg-16.c -flto -ffat-lto-objects (test for excess errors)
UNRESOLVED: gcc.dg/vect/vect-avg-16.c -flto -ffat-lto-objects compilation failed to produce executable
UNRESOLVED: gcc.dg/vect/vect-avg-2.c -flto -ffat-lto-objects  scan-tree-dump vect "\\\\.AVG_FLOOR"
UNRESOLVED: gcc.dg/vect/vect-avg-2.c -flto -ffat-lto-objects  scan-tree-dump vect "vect_recog_average_pattern: detected"
UNRESOLVED: gcc.dg/vect/vect-avg-2.c -flto -ffat-lto-objects  scan-tree-dump-not vect "vector\\\\([^\\\\n]*short"
UNRESOLVED: gcc.dg/vect/vect-avg-2.c -flto -ffat-lto-objects  scan-tree-dump-times vect "vectorized 1 loop" 1
FAIL: gcc.dg/vect/vect-avg-2.c -flto -ffat-lto-objects (test for excess errors)
UNRESOLVED: gcc.dg/vect/vect-avg-2.c -flto -ffat-lto-objects compilation failed to produce executable
UNRESOLVED: gcc.dg/vect/vect-avg-3.c -flto -ffat-lto-objects  scan-tree-dump vect "\\\\.AVG_CEIL"
UNRESOLVED: gcc.dg/vect/vect-avg-3.c -flto -ffat-lto-objects  scan-tree-dump vect "vect_recog_average_pattern: detected"
UNRESOLVED: gcc.dg/vect/vect-avg-3.c -flto -ffat-lto-objects  scan-tree-dump-not vect "vector\\\\([^\\\\n]*short"
UNRESOLVED: gcc.dg/vect/vect-avg-3.c -flto -ffat-lto-objects  scan-tree-dump-times vect "vectorized 1 loop" 1
FAIL: gcc.dg/vect/vect-avg-3.c -flto -ffat-lto-objects (test for excess errors)
UNRESOLVED: gcc.dg/vect/vect-avg-3.c -flto -ffat-lto-objects compilation failed to produce executable
UNRESOLVED: gcc.dg/vect/vect-avg-4.c -flto -ffat-lto-objects  scan-tree-dump vect "\\\\.AVG_CEIL"
UNRESOLVED: gcc.dg/vect/vect-avg-4.c -flto -ffat-lto-objects  scan-tree-dump vect "vect_recog_average_pattern: detected"
UNRESOLVED: gcc.dg/vect/vect-avg-4.c -flto -ffat-lto-objects  scan-tree-dump-not vect "vector\\\\([^\\\\n]*short"
UNRESOLVED: gcc.dg/vect/vect-avg-4.c -flto -ffat-lto-objects  scan-tree-dump-times vect "vectorized 1 loop" 1
FAIL: gcc.dg/vect/vect-avg-4.c -flto -ffat-lto-objects (test for excess errors)
UNRESOLVED: gcc.dg/vect/vect-avg-4.c -flto -ffat-lto-objects compilation failed to produce executable
UNRESOLVED: gcc.dg/vect/vect-avg-5.c -flto -ffat-lto-objects  scan-tree-dump vect "\\\\.AVG_FLOOR"
UNRESOLVED: gcc.dg/vect/vect-avg-5.c -flto -ffat-lto-objects  scan-tree-dump vect "vect_recog_average_pattern: detected"
UNRESOLVED: gcc.dg/vect/vect-avg-5.c -flto -ffat-lto-objects  scan-tree-dump-not vect "vector\\\\([^\\\\n]*short"
UNRESOLVED: gcc.dg/vect/vect-avg-5.c -flto -ffat-lto-objects  scan-tree-dump-times vect "vectorized 1 loop" 1
FAIL: gcc.dg/vect/vect-avg-5.c -flto -ffat-lto-objects (test for excess errors)
UNRESOLVED: gcc.dg/vect/vect-avg-5.c -flto -ffat-lto-objects compilation failed to produce executable
UNRESOLVED: gcc.dg/vect/vect-avg-9.c -flto -ffat-lto-objects  scan-tree-dump-not vect "vect_recog_average_pattern: detected"
FAIL: gcc.dg/vect/vect-avg-9.c -flto -ffat-lto-objects (test for excess errors)
UNRESOLVED: gcc.dg/vect/vect-avg-9.c -flto -ffat-lto-objects compilation failed to produce executable
UNRESOLVED: gcc.dg/vect/vect-bool-1.c -flto -ffat-lto-objects  scan-tree-dump vect "vectorized 1 loops"
FAIL: gcc.dg/vect/vect-bool-1.c -flto -ffat-lto-objects (test for excess errors)
FAIL: gcc.dg/vect/vect-bool-cmp.c -flto -ffat-lto-objects (test for excess errors)
UNRESOLVED: gcc.dg/vect/vect-bool-cmp.c -flto -ffat-lto-objects compilation failed to produce executable
UNRESOLVED: gcc.dg/vect/vect-bswap16.c -flto -ffat-lto-objects  scan-tree-dump-times vect "vectorized 1 loops" 1
FAIL: gcc.dg/vect/vect-bswap16.c -flto -ffat-lto-objects (test for excess errors)
UNRESOLVED: gcc.dg/vect/vect-bswap16.c -flto -ffat-lto-objects compilation failed to produce executable
UNRESOLVED: gcc.dg/vect/vect-bswap32.c -flto -ffat-lto-objects  scan-tree-dump-times vect "vectorized 1 loops" 1
FAIL: gcc.dg/vect/vect-bswap32.c -flto -ffat-lto-objects (test for excess errors)
UNRESOLVED: gcc.dg/vect/vect-bswap32.c -flto -ffat-lto-objects compilation failed to produce executable
UNRESOLVED: gcc.dg/vect/vect-bswap64.c -flto -ffat-lto-objects  scan-tree-dump-times vect "vectorized 1 loops" 1
FAIL: gcc.dg/vect/vect-bswap64.c -flto -ffat-lto-objects (test for excess errors)
UNRESOLVED: gcc.dg/vect/vect-bswap64.c -flto -ffat-lto-objects compilation failed to produce executable
UNRESOLVED: gcc.dg/vect/vect-cond-1.c -flto -ffat-lto-objects  scan-tree-dump-times vect "OUTER LOOP VECTORIZED" 1
FAIL: gcc.dg/vect/vect-cond-1.c -flto -ffat-lto-objects (test for excess errors)
UNRESOLVED: gcc.dg/vect/vect-cond-1.c -flto -ffat-lto-objects compilation failed to produce executable
UNRESOLVED: gcc.dg/vect/vect-cond-10.c -flto -ffat-lto-objects  scan-tree-dump-times vect "vectorized 1 loops" 8
FAIL: gcc.dg/vect/vect-cond-10.c -flto -ffat-lto-objects (test for excess errors)
UNRESOLVED: gcc.dg/vect/vect-cond-10.c -flto -ffat-lto-objects compilation failed to produce executable
FAIL: gcc.dg/vect/vect-cond-11.c -flto -ffat-lto-objects (test for excess errors)
UNRESOLVED: gcc.dg/vect/vect-cond-11.c -flto -ffat-lto-objects compilation failed to produce executable
UNRESOLVED: gcc.dg/vect/vect-cond-9.c -flto -ffat-lto-objects  scan-tree-dump-times vect "vectorized 1 loops" 10
FAIL: gcc.dg/vect/vect-cond-9.c -flto -ffat-lto-objects (test for excess errors)
UNRESOLVED: gcc.dg/vect/vect-cond-9.c -flto -ffat-lto-objects compilation failed to produce executable
FAIL: gcc.dg/vect/vect-cond-arith-1.c -flto -ffat-lto-objects (test for excess errors)
UNRESOLVED: gcc.dg/vect/vect-cond-arith-1.c -flto -ffat-lto-objects compilation failed to produce executable
FAIL: gcc.dg/vect/vect-cond-arith-2.c -flto -ffat-lto-objects (test for excess errors)
FAIL: gcc.dg/vect/vect-cond-arith-3.c -flto -ffat-lto-objects (test for excess errors)
UNRESOLVED: gcc.dg/vect/vect-cond-arith-3.c -flto -ffat-lto-objects compilation failed to produce executable
FAIL: gcc.dg/vect/vect-cond-arith-4.c -flto -ffat-lto-objects (test for excess errors)
UNRESOLVED: gcc.dg/vect/vect-cond-arith-4.c -flto -ffat-lto-objects compilation failed to produce executable
FAIL: gcc.dg/vect/vect-cond-arith-5.c -flto -ffat-lto-objects (test for excess errors)
UNRESOLVED: gcc.dg/vect/vect-cond-arith-5.c -flto -ffat-lto-objects compilation failed to produce executable
FAIL: gcc.dg/vect/vect-cond-arith-6.c -flto -ffat-lto-objects (test for excess errors)
UNRESOLVED: gcc.dg/vect/vect-cond-arith-6.c -flto -ffat-lto-objects compilation failed to produce executable
FAIL: gcc.target/aarch64/ashltidisi.c scan-assembler-times asr 4
FAIL: gcc.target/aarch64/copysign-bsl.c scan-assembler b(sl|it|if)\\tv[0-9]
FAIL: gcc.target/aarch64/pr62262.c (test for excess errors)
FAIL: gcc.target/aarch64/vclz.c scan-assembler-times clz\\\\tv[0-9]+.16b, v[0-9]+.16b 2
FAIL: gcc.target/aarch64/vneg_s.c scan-assembler-times neg\\\\tv[0-9]+.16b, v[0-9]+.16b 1
FAIL: gcc.target/aarch64/vneg_s.c scan-assembler-times neg\\\\tv[0-9]+.8b, v[0-9]+.8b 1

		=== gcc Summary ===

# of expected passes		130145
# of unexpected failures	270
# of unexpected successes	25
# of expected failures		567
# of unresolved testcases	148
# of unsupported tests		3697
/home/tcwg-buildslave/workspace/tcwg-buildfarm_2/tcwg-d05_64-build/_build/builds/aarch64-unknown-linux-gnu/aarch64-unknown-linux-gnu/gcc.git~master_rev_29b2bdb4fe3f101689d1453ea9a73451b0fdf771-stage2/gcc/xgcc  version 9.0.0 20180927 (experimental) [master revision 264661] (GCC) 

		=== gfortran tests ===


Running target tcwg-local

		=== gfortran Summary ===

# of expected passes		47035
# of expected failures		100
# of unsupported tests		83
/home/tcwg-buildslave/workspace/tcwg-buildfarm_2/tcwg-d05_64-build/_build/builds/aarch64-unknown-linux-gnu/aarch64-unknown-linux-gnu/gcc.git~master_rev_29b2bdb4fe3f101689d1453ea9a73451b0fdf771-stage2/gcc/gfortran  version 9.0.0 20180927 (experimental) [master revision 264661] (GCC) 

		=== obj-c++ tests ===


Running target tcwg-local

		=== obj-c++ Summary ===

# of expected passes		1456
# of expected failures		10
# of unsupported tests		77
/home/tcwg-buildslave/workspace/tcwg-buildfarm_2/tcwg-d05_64-build/_build/builds/aarch64-unknown-linux-gnu/aarch64-unknown-linux-gnu/gcc.git~master_rev_29b2bdb4fe3f101689d1453ea9a73451b0fdf771-stage2/gcc/xg++  version 9.0.0 20180927 (experimental) [master revision 264661] (GCC) 

		=== objc tests ===


Running target tcwg-local

		=== objc Summary ===

# of expected passes		2801
# of unsupported tests		69
/home/tcwg-buildslave/workspace/tcwg-buildfarm_2/tcwg-d05_64-build/_build/builds/aarch64-unknown-linux-gnu/aarch64-unknown-linux-gnu/gcc.git~master_rev_29b2bdb4fe3f101689d1453ea9a73451b0fdf771-stage2/gcc/xgcc  version 9.0.0 20180927 (experimental) [master revision 264661] (GCC) 


Compiler version: 9.0.0 20180927 (experimental) [master revision 264661] (GCC) 
Platform: aarch64-unknown-linux-gnu
configure flags: SHELL=/bin/bash --with-mpc=/home/tcwg-buildslave/workspace/tcwg-buildfarm_2/tcwg-d05_64-build/_build/builds/destdir/aarch64-unknown-linux-gnu --with-mpfr=/home/tcwg-buildslave/workspace/tcwg-buildfarm_2/tcwg-d05_64-build/_build/builds/destdir/aarch64-unknown-linux-gnu --with-gmp=/home/tcwg-buildslave/workspace/tcwg-buildfarm_2/tcwg-d05_64-build/_build/builds/destdir/aarch64-unknown-linux-gnu --with-gnu-as --with-gnu-ld --disable-libmudflap --enable-lto --enable-shared --without-included-gettext --enable-nls --with-system-zlib --disable-sjlj-exceptions --enable-gnu-unique-object --enable-linker-build-id --disable-libstdcxx-pch --enable-c99 --enable-clocale=gnu --enable-libstdcxx-debug --enable-long-long --with-cloog=no --with-ppl=no --with-isl=no --disable-multilib --enable-fix-cortex-a53-835769 --enable-fix-cortex-a53-843419 --with-arch=armv8-a --enable-threads=posix --enable-multiarch --enable-libstdcxx-time=yes --enable-gnu-indirect-function --enable-checking=yes -
 -enable-bootstrap --enable-languages=c,c++,fortran,lto,objc,obj-c++ --build=aarch64-unknown-linux-gnu --host=aarch64-unknown-linux-gnu --target=aarch64-unknown-linux-gnu --prefix=/home/tcwg-buildslave/workspace/tcwg-buildfarm_2/tcwg-d05_64-build/_build/builds/destdir/aarch64-unknown-linux-gnu


Index Nav: [Date Index] [Subject Index] [Author Index] [Thread Index]
Message Nav: [Date Prev] [Date Next] [Thread Prev] [Thread Next]