This is the mail archive of the gcc-testresults@gcc.gnu.org mailing list for the GCC project.


Index Nav: [Date Index] [Subject Index] [Author Index] [Thread Index]
Message Nav: [Date Prev] [Date Next] [Thread Prev] [Thread Next]
Other format: [Raw text]

Results for 9.0.0 20180925 (experimental) [trunk revision 264580] (GCC) testsuite on powerpc-ibm-aix7.2.0.0


LAST_UPDATED: Tue Sep 25 17:33:03 UTC 2018 (revision 264580)

Native configuration is powerpc-ibm-aix7.2.0.0

		=== g++ tests ===


Running target unix
FAIL: g++.dg/compat/eh/new1 cp_compat_x_tst.o-cp_compat_y_tst.o execute 
XPASS: g++.dg/debug/pr56294.C -gdwarf-2 (test for excess errors)
XPASS: g++.dg/debug/pr56294.C -gdwarf-2 -g1 (test for excess errors)
XPASS: g++.dg/debug/pr56294.C -gdwarf-2 -g3 (test for excess errors)
XPASS: g++.dg/debug/pr56294.C -gxcoff (test for excess errors)
XPASS: g++.dg/debug/pr56294.C -gxcoff+ (test for excess errors)
XPASS: g++.dg/debug/pr56294.C -gxcoff+1 (test for excess errors)
XPASS: g++.dg/debug/pr56294.C -gxcoff+3 (test for excess errors)
XPASS: g++.dg/debug/pr56294.C -gxcoff1 (test for excess errors)
XPASS: g++.dg/debug/pr56294.C -gxcoff3 (test for excess errors)
XPASS: g++.dg/debug/pr56819.C -gdwarf-2 (test for excess errors)
XPASS: g++.dg/debug/pr56819.C -gdwarf-2 -g1 (test for excess errors)
XPASS: g++.dg/debug/pr56819.C -gdwarf-2 -g3 (test for excess errors)
XPASS: g++.dg/debug/pr56819.C -gxcoff (test for excess errors)
XPASS: g++.dg/debug/pr56819.C -gxcoff+ (test for excess errors)
XPASS: g++.dg/debug/pr56819.C -gxcoff+1 (test for excess errors)
XPASS: g++.dg/debug/pr56819.C -gxcoff+3 (test for excess errors)
XPASS: g++.dg/debug/pr56819.C -gxcoff1 (test for excess errors)
XPASS: g++.dg/debug/pr56819.C -gxcoff3 (test for excess errors)
XPASS: g++.dg/debug/dwarf2/align-1.C  -std=gnu++11  scan-assembler-times  DW_AT_alignment 1
XPASS: g++.dg/debug/dwarf2/align-1.C  -std=gnu++14  scan-assembler-times  DW_AT_alignment 1
XPASS: g++.dg/debug/dwarf2/align-1.C  -std=gnu++98  scan-assembler-times  DW_AT_alignment 1
XPASS: g++.dg/debug/dwarf2/align-2.C  -std=gnu++11  scan-assembler-times  DW_AT_alignment 1
XPASS: g++.dg/debug/dwarf2/align-2.C  -std=gnu++14  scan-assembler-times  DW_AT_alignment 1
XPASS: g++.dg/debug/dwarf2/align-2.C  -std=gnu++98  scan-assembler-times  DW_AT_alignment 1
XPASS: g++.dg/debug/dwarf2/align-3.C  -std=gnu++11  scan-assembler-times  DW_AT_alignment 1
XPASS: g++.dg/debug/dwarf2/align-3.C  -std=gnu++14  scan-assembler-times  DW_AT_alignment 1
XPASS: g++.dg/debug/dwarf2/align-3.C  -std=gnu++98  scan-assembler-times  DW_AT_alignment 1
XPASS: g++.dg/debug/dwarf2/align-4.C  -std=gnu++11  scan-assembler-times  DW_AT_alignment 2
XPASS: g++.dg/debug/dwarf2/align-4.C  -std=gnu++14  scan-assembler-times  DW_AT_alignment 2
XPASS: g++.dg/debug/dwarf2/align-4.C  -std=gnu++98  scan-assembler-times  DW_AT_alignment 2
XPASS: g++.dg/debug/dwarf2/align-5.C  -std=gnu++11  scan-assembler-times  DW_AT_alignment 1
XPASS: g++.dg/debug/dwarf2/align-5.C  -std=gnu++14  scan-assembler-times  DW_AT_alignment 1
XPASS: g++.dg/debug/dwarf2/align-5.C  -std=gnu++98  scan-assembler-times  DW_AT_alignment 1
XPASS: g++.dg/debug/dwarf2/align-6.C  -std=gnu++11  scan-assembler-times  DW_AT_alignment 1
XPASS: g++.dg/debug/dwarf2/align-6.C  -std=gnu++14  scan-assembler-times  DW_AT_alignment 1
XPASS: g++.dg/debug/dwarf2/align-6.C  -std=gnu++98  scan-assembler-times  DW_AT_alignment 1
XPASS: g++.dg/debug/dwarf2/constexpr-var-1.C   scan-assembler-times  DW_AT_const_expr 2
XPASS: g++.dg/debug/dwarf2/defaulted-member-function-1.C   scan-assembler-times 0x1[ \\t][^\\n]* DW_AT_defaulted 1
XPASS: g++.dg/debug/dwarf2/defaulted-member-function-2.C   scan-assembler-times 0x2[ \\t][^\\n]* DW_AT_defaulted 1
XPASS: g++.dg/debug/dwarf2/defaulted-member-function-3.C   scan-assembler-not  DW_AT_defaulted
XPASS: g++.dg/debug/dwarf2/deleted-member-function.C   scan-assembler-times  DW_AT_deleted 2
XPASS: g++.dg/debug/dwarf2/inline-var-1.C   scan-assembler-times  DW_AT_[^\\n\\r]*linkage_name 7
XPASS: g++.dg/debug/dwarf2/inline-var-1.C   scan-assembler-times  DW_AT_declaration 6
XPASS: g++.dg/debug/dwarf2/inline-var-1.C   scan-assembler-times  DW_AT_specification 6
XPASS: g++.dg/debug/dwarf2/inline-var-1.C   scan-assembler-times 0x1[^\\n\\r]* DW_AT_inline 2
XPASS: g++.dg/debug/dwarf2/inline-var-1.C   scan-assembler-times 0x3[^\\n\\r]* DW_AT_inline 6
XPASS: g++.dg/debug/dwarf2/inline-var-2.C   scan-assembler-not DW_TAG_member
XPASS: g++.dg/debug/dwarf2/noreturn-function.C   scan-assembler-times DW_AT_noreturn 2
XPASS: g++.dg/debug/dwarf2/ptrdmem-1.C   scan-assembler-times  DW_AT_use_location 1
XPASS: g++.dg/debug/dwarf2/ptrdmem-1.C   scan-assembler-times DIE \\\\([^\\n]*\\\\) DW_TAG_ptr_to_member_type 1
XPASS: g++.dg/debug/dwarf2/ref-2.C  -std=gnu++11  scan-assembler-times  DW_AT_reference 1
XPASS: g++.dg/debug/dwarf2/ref-2.C  -std=gnu++11  scan-assembler-times  DW_AT_rvalue_reference 1
XPASS: g++.dg/debug/dwarf2/ref-2.C  -std=gnu++14  scan-assembler-times  DW_AT_reference 1
XPASS: g++.dg/debug/dwarf2/ref-2.C  -std=gnu++14  scan-assembler-times  DW_AT_rvalue_reference 1
XPASS: g++.dg/debug/dwarf2/ref-3.C  -std=gnu++11  scan-assembler-times  DW_AT_reference 5
XPASS: g++.dg/debug/dwarf2/ref-3.C  -std=gnu++11  scan-assembler-times  DW_AT_rvalue_reference 5
XPASS: g++.dg/debug/dwarf2/ref-3.C  -std=gnu++11  scan-assembler-times  DW_AT_use_location 1
XPASS: g++.dg/debug/dwarf2/ref-3.C  -std=gnu++11  scan-assembler-times DIE \\\\([^\\n]*\\\\) DW_TAG_ptr_to_member_type 7
XPASS: g++.dg/debug/dwarf2/ref-3.C  -std=gnu++11  scan-assembler-times DIE \\\\([^\\n]*\\\\) DW_TAG_subroutine_type 6
XPASS: g++.dg/debug/dwarf2/ref-3.C  -std=gnu++14  scan-assembler-times  DW_AT_reference 5
XPASS: g++.dg/debug/dwarf2/ref-3.C  -std=gnu++14  scan-assembler-times  DW_AT_rvalue_reference 5
XPASS: g++.dg/debug/dwarf2/ref-3.C  -std=gnu++14  scan-assembler-times  DW_AT_use_location 1
XPASS: g++.dg/debug/dwarf2/ref-3.C  -std=gnu++14  scan-assembler-times DIE \\\\([^\\n]*\\\\) DW_TAG_ptr_to_member_type 7
XPASS: g++.dg/debug/dwarf2/ref-3.C  -std=gnu++14  scan-assembler-times DIE \\\\([^\\n]*\\\\) DW_TAG_subroutine_type 6
XPASS: g++.dg/debug/dwarf2/ref-4.C  -std=gnu++11  scan-assembler-times DIE \\\\([^\\n]*\\\\) DW_TAG_ptr_to_member_type 2
XPASS: g++.dg/debug/dwarf2/ref-4.C  -std=gnu++11  scan-assembler-times DIE \\\\([^\\n]*\\\\) DW_TAG_subroutine_type 1
XPASS: g++.dg/debug/dwarf2/ref-4.C  -std=gnu++11  scan-assembler-times DIE \\\\([^\\n]*\\\\) DW_TAG_typedef 2
XPASS: g++.dg/debug/dwarf2/ref-4.C  -std=gnu++14  scan-assembler-times DIE \\\\([^\\n]*\\\\) DW_TAG_ptr_to_member_type 2
XPASS: g++.dg/debug/dwarf2/ref-4.C  -std=gnu++14  scan-assembler-times DIE \\\\([^\\n]*\\\\) DW_TAG_subroutine_type 1
XPASS: g++.dg/debug/dwarf2/ref-4.C  -std=gnu++14  scan-assembler-times DIE \\\\([^\\n]*\\\\) DW_TAG_typedef 2
XPASS: g++.dg/debug/dwarf2/refqual-1.C   scan-assembler-times  DW_AT_reference 2
XPASS: g++.dg/debug/dwarf2/refqual-1.C   scan-assembler-times DIE \\\\([^\\n]*\\\\) DW_TAG_ptr_to_member_type 1
XPASS: g++.dg/debug/dwarf2/refqual-2.C   scan-assembler-times  DW_AT_rvalue_reference 2
XPASS: g++.dg/debug/dwarf2/refqual-2.C   scan-assembler-times DIE \\\\([^\\n]*\\\\) DW_TAG_ptr_to_member_type 1
XPASS: c-c++-common/ident-0b.c  -std=gnu++11  scan-assembler-not GCC: 
XPASS: c-c++-common/ident-0b.c  -std=gnu++14  scan-assembler-not GCC: 
XPASS: c-c++-common/ident-0b.c  -std=gnu++98  scan-assembler-not GCC: 
FAIL: c-c++-common/ident-1b.c  -std=gnu++11  scan-assembler GCC: 
FAIL: c-c++-common/ident-1b.c  -std=gnu++14  scan-assembler GCC: 
FAIL: c-c++-common/ident-1b.c  -std=gnu++98  scan-assembler GCC: 
FAIL: c-c++-common/ident-2b.c  -std=gnu++11  scan-assembler-times GCC:  1
FAIL: c-c++-common/ident-2b.c  -std=gnu++14  scan-assembler-times GCC:  1
FAIL: c-c++-common/ident-2b.c  -std=gnu++98  scan-assembler-times GCC:  1
XPASS: g++.dg/eh/new1.C  -std=c++11 execution test
XPASS: g++.dg/eh/new1.C  -std=c++98 execution test
FAIL: g++.dg/ext/vector32.C  -std=c++11 (internal compiler error)
FAIL: g++.dg/ext/vector32.C  -std=c++11 (test for excess errors)
FAIL: g++.dg/ext/vector32.C  -std=c++14 (internal compiler error)
FAIL: g++.dg/ext/vector32.C  -std=c++14 (test for excess errors)
FAIL: g++.dg/ext/vector32.C  -std=c++98 (internal compiler error)
FAIL: g++.dg/ext/vector32.C  -std=c++98 (test for excess errors)
FAIL: g++.dg/ext/vector32a.C  -std=c++11 (internal compiler error)
FAIL: g++.dg/ext/vector32a.C  -std=c++11 (test for excess errors)
FAIL: g++.dg/ext/vector32a.C  -std=c++14 (internal compiler error)
FAIL: g++.dg/ext/vector32a.C  -std=c++14 (test for excess errors)
FAIL: g++.dg/ext/vector32a.C  -std=c++98 (internal compiler error)
FAIL: g++.dg/ext/vector32a.C  -std=c++98 (test for excess errors)
FAIL: g++.dg/ipa/pr83667.C  -std=gnu++11  scan-ipa-dump inline "summary for void c::[^\\\\n]*THUNK0"
FAIL: g++.dg/ipa/pr83667.C  -std=gnu++14  scan-ipa-dump inline "summary for void c::[^\\\\n]*THUNK0"
FAIL: g++.dg/ipa/pr83667.C  -std=gnu++98  scan-ipa-dump inline "summary for void c::[^\\\\n]*THUNK0"
FAIL: g++.dg/pr83239.C  -std=gnu++98 (test for excess errors)
XPASS: g++.dg/template/linkage1.C  -std=c++98  scan-assembler-not (weak|glob)[^\\n]*_Z3fooIXadL_ZL11static_funcvEEEvv
XPASS: g++.old-deja/g++.eh/new2.C  -std=gnu++11 execution test
XPASS: g++.old-deja/g++.eh/new2.C  -std=gnu++98 execution test
XPASS: g++.old-deja/g++.mike/p755a.C  -std=c++11 execution test
XPASS: g++.old-deja/g++.mike/p755a.C  -std=c++98 execution test

		=== g++ Summary ===

# of expected passes		111164
# of unexpected failures	23
# of unexpected successes	84
# of expected failures		751
# of unsupported tests		5303
/tmp/GCC/gcc/testsuite/g++/../../xg++  version 9.0.0 20180925 (experimental) [trunk revision 264580] (GCC) 

		=== gcc tests ===


Running target unix
FAIL: gcc.c-torture/execute/memchr-1.c   -O0  execution test
FAIL: gcc.c-torture/execute/memchr-1.c   -O1  execution test
FAIL: gcc.c-torture/execute/memchr-1.c   -O2  execution test
FAIL: gcc.c-torture/execute/memchr-1.c   -O3 -g  execution test
FAIL: gcc.c-torture/execute/memchr-1.c   -Os  execution test
XPASS: gcc.dg/autopar/pr46799.c (test for excess errors)
XPASS: gcc.dg/debug/dwarf2/align-1.c scan-assembler-times  DW_AT_alignment 1
XPASS: gcc.dg/debug/dwarf2/align-2.c scan-assembler-times  DW_AT_alignment 1
XPASS: gcc.dg/debug/dwarf2/align-3.c scan-assembler-times  DW_AT_alignment 1
XPASS: gcc.dg/debug/dwarf2/align-4.c scan-assembler-times  DW_AT_alignment 2
XPASS: gcc.dg/debug/dwarf2/align-5.c scan-assembler-times  DW_AT_alignment 1
XPASS: gcc.dg/debug/dwarf2/align-6.c scan-assembler-times  DW_AT_alignment 1
XPASS: gcc.dg/debug/dwarf2/align-as-1.c scan-assembler-times  DW_AT_alignment 1
XPASS: gcc.dg/debug/dwarf2/dwarf2-macro.c scan-assembler Start new file
XPASS: gcc.dg/debug/dwarf2/dwarf2-macro2.c scan-assembler At line number 0
XPASS: gcc.dg/debug/dwarf2/lang-c89.c scan-assembler 0x1.*DW_AT_language
XPASS: gcc.dg/debug/dwarf2/noreturn-function-attribute.c scan-assembler-times DW_AT_noreturn 2
XPASS: gcc.dg/debug/dwarf2/noreturn-function-keyword.c scan-assembler-times DW_AT_noreturn 2
XPASS: gcc.dg/debug/dwarf2/pr71855.c scan-assembler-times DIE.*DW_TAG_unspecified_parameters 1
FAIL: gcc.dg/debug/dwarf2/pr82718-1.c (test for excess errors)
FAIL: gcc.dg/debug/dwarf2/pr82718-2.c (test for excess errors)
XPASS: c-c++-common/ident-0b.c  -Wc++-compat   scan-assembler-not GCC: 
FAIL: c-c++-common/ident-1b.c  -Wc++-compat   scan-assembler GCC: 
FAIL: c-c++-common/ident-2b.c  -Wc++-compat   scan-assembler-times GCC:  1
FAIL: gcc.dg/asm-names.c scan-assembler-not ____frob14
ERROR: gcc.dg/fixits-pr84852-1.c: bad option "-812156810": must be -exact, -glob, -regexp, or -- for " dg-warning 15 "incompatible implicit declaration of built-in function 'strlen'" "" { target *-*-* } -812156810 "
UNRESOLVED: gcc.dg/fixits-pr84852-1.c: bad option "-812156810": must be -exact, -glob, -regexp, or -- for " dg-warning 15 "incompatible implicit declaration of built-in function 'strlen'" "" { target *-*-* } -812156810 "
ERROR: gcc.dg/fixits-pr84852-2.c: bad option "-812156810": must be -exact, -glob, -regexp, or -- for " dg-warning 15 "incompatible implicit declaration of built-in function 'strlen'" "" { target *-*-* } -812156810 "
UNRESOLVED: gcc.dg/fixits-pr84852-2.c: bad option "-812156810": must be -exact, -glob, -regexp, or -- for " dg-warning 15 "incompatible implicit declaration of built-in function 'strlen'" "" { target *-*-* } -812156810 "
FAIL: gcc.dg/nextafter-2.c (test for excess errors)
UNRESOLVED: gcc.dg/nextafter-2.c compilation failed to produce executable
FAIL: gcc.dg/strlenopt-58.c (test for excess errors)
FAIL: gcc.dg/strlenopt-58.c scan-tree-dump-times optimized "call_in_true_branch_not_eliminated" 0
FAIL: gcc.dg/warn-abs-1.c  (test for warnings, line 46)
FAIL: gcc.dg/warn-abs-1.c  (test for warnings, line 60)
FAIL: gcc.dg/gomp/pr82374.c scan-tree-dump-times vect "vectorized 1 loops" 2
FAIL: gcc.dg/graphite/interchange-3.c scan-tree-dump graphite "tiled"
FAIL: gcc.dg/graphite/interchange-7.c scan-tree-dump graphite "tiled"
FAIL: gcc.dg/graphite/interchange-9.c scan-tree-dump graphite "tiled"
FAIL: gcc.dg/graphite/uns-interchange-9.c scan-tree-dump graphite "tiled"
XPASS: gcc.dg/torture/pr59166.c   -O0  (test for excess errors)
FAIL: gcc.dg/tree-ssa/builtin-sprintf-warn-1.c  (test for warnings, line 352)
FAIL: gcc.dg/tree-ssa/builtin-sprintf-warn-1.c  (test for warnings, line 368)
FAIL: gcc.dg/tree-ssa/builtin-sprintf-warn-1.c  (test for warnings, line 370)
FAIL: gcc.dg/tree-ssa/builtin-sprintf-warn-11.c  (test for warnings, line 261)
FAIL: gcc.dg/tree-ssa/builtin-sprintf-warn-11.c  (test for warnings, line 264)
FAIL: gcc.dg/tree-ssa/builtin-sprintf-warn-11.c  (test for warnings, line 265)
FAIL: gcc.dg/tree-ssa/builtin-sprintf-warn-11.c  (test for warnings, line 268)
FAIL: gcc.dg/tree-ssa/builtin-sprintf-warn-11.c  (test for warnings, line 270)
FAIL: gcc.dg/tree-ssa/builtin-sprintf-warn-11.c  (test for warnings, line 274)
FAIL: gcc.dg/tree-ssa/builtin-sprintf-warn-11.c  (test for warnings, line 275)
FAIL: gcc.dg/tree-ssa/builtin-sprintf-warn-11.c  (test for warnings, line 276)
FAIL: gcc.dg/tree-ssa/builtin-sprintf-warn-11.c  (test for warnings, line 277)
FAIL: gcc.dg/tree-ssa/builtin-sprintf-warn-11.c  (test for warnings, line 280)
FAIL: gcc.dg/tree-ssa/builtin-sprintf-warn-11.c  (test for warnings, line 282)
FAIL: gcc.dg/tree-ssa/builtin-sprintf-warn-11.c  (test for warnings, line 287)
FAIL: gcc.dg/tree-ssa/builtin-sprintf-warn-11.c  (test for warnings, line 288)
FAIL: gcc.dg/tree-ssa/builtin-sprintf-warn-11.c  (test for warnings, line 289)
FAIL: gcc.dg/tree-ssa/builtin-sprintf-warn-11.c  (test for warnings, line 290)
FAIL: gcc.dg/tree-ssa/builtin-sprintf-warn-11.c  (test for warnings, line 296)
FAIL: gcc.dg/tree-ssa/builtin-sprintf-warn-11.c  (test for warnings, line 303)
FAIL: gcc.dg/tree-ssa/builtin-sprintf-warn-11.c  (test for warnings, line 304)
FAIL: gcc.dg/tree-ssa/builtin-sprintf-warn-11.c  (test for warnings, line 305)
FAIL: gcc.dg/tree-ssa/builtin-sprintf-warn-11.c  (test for warnings, line 306)
FAIL: gcc.dg/tree-ssa/builtin-sprintf-warn-11.c (test for excess errors)
FAIL: gcc.dg/tree-ssa/builtin-sprintf-warn-2.c  (test for warnings, line 40)
FAIL: gcc.dg/tree-ssa/builtin-sprintf-warn-2.c  (test for warnings, line 45)
FAIL: gcc.dg/tree-ssa/builtin-sprintf-warn-2.c  (test for warnings, line 53)
FAIL: gcc.dg/tree-ssa/builtin-sprintf-warn-2.c  (test for warnings, line 59)
FAIL: gcc.dg/tree-ssa/builtin-sprintf-warn-2.c (test for excess errors)
FAIL: gcc.dg/tree-ssa/builtin-sprintf-warn-20.c (test for excess errors)
XPASS: gcc.dg/vect/costmodel/ppc/costmodel-fast-math-vect-pr29925.c scan-tree-dump-times vect "vectorization not profitable" 1
FAIL: gcc.dg/vect/costmodel/ppc/costmodel-vect-33.c scan-tree-dump-times vect "vectorized 1 loops" 1
XPASS: gcc.dg/vect/slp-24-big-array.c scan-tree-dump-times vect "vectorized 1 loops" 1
XPASS: gcc.dg/vect/slp-24-big-array.c scan-tree-dump-times vect "vectorizing stmts using SLP" 2
XPASS: gcc.dg/vect/slp-24.c scan-tree-dump-times vect "vectorized 1 loops" 1
XPASS: gcc.dg/vect/slp-24.c scan-tree-dump-times vect "vectorizing stmts using SLP" 2
XPASS: gcc.dg/vect/vect-24.c scan-tree-dump-times vect "vectorized 3 loops" 1
FAIL: gcc.misc-tests/gcov-pr86536.c gcov: 2 failures in line counts, 0 in branch percentages, 1 in return percentages, 0 in intermediate format
FAIL: gcc.misc-tests/gcov-pr86536.c line 19: expected return percentages not found: 200
FAIL: gcc.misc-tests/gcov-pr86536.c line 21: is 1:should be 2
FAIL: gcc.misc-tests/gcov-pr86536.c line 22: is 1:should be 2
FAIL: gcc.target/powerpc/fold-vec-splat-char.c scan-assembler-times vspltb 24
FAIL: gcc.target/powerpc/fold-vec-splat-floatdouble.c scan-assembler-times \\\\mlvx\\\\M|\\\\mlxvd2x\\\\M 4
FAIL: gcc.target/powerpc/fold-vec-splat-floatdouble.c scan-assembler-times vspltw|xxspltw 9
FAIL: gcc.target/powerpc/fold-vec-splat-floatdouble.c scan-assembler-times xxpermdi 9
FAIL: gcc.target/powerpc/fold-vec-splat-int.c scan-assembler-times vspltisw 6
FAIL: gcc.target/powerpc/fold-vec-splat-int.c scan-assembler-times vspltw|xxspltw 24
FAIL: gcc.target/powerpc/fold-vec-splat-pixel.c scan-assembler-times vspltish 2
FAIL: gcc.target/powerpc/fold-vec-splat-short.c scan-assembler-times vsplth 24
FAIL: gcc.target/powerpc/fold-vec-splat-short.c scan-assembler-times vspltish 6
FAIL: gcc.target/powerpc/pr18096-1.c (test for excess errors)
FAIL: gcc.target/powerpc/pr18096-1.c stack frame too large (test for errors, line 7)

		=== gcc Summary ===

# of expected passes		89386
# of unexpected failures	66
# of unexpected successes	22
# of expected failures		447
# of unresolved testcases	3
# of unsupported tests		2903
/tmp/GCC/gcc/xgcc  version 9.0.0 20180925 (experimental) [trunk revision 264580] (GCC) 

		=== gfortran tests ===


Running target unix
FAIL: gfortran.dg/bind_c_array_params_2.f90   -O   scan-assembler-times [ \\t][\$,_0-9]*myBindC 1
FAIL: gfortran.dg/elemental_subroutine_3.f90   -O1  (test for excess errors)
FAIL: gfortran.dg/elemental_subroutine_3.f90   -O2  (test for excess errors)
FAIL: gfortran.dg/elemental_subroutine_3.f90   -O3 -fomit-frame-pointer -funroll-loops -fpeel-loops -ftracer -finline-functions  (test for excess errors)
FAIL: gfortran.dg/elemental_subroutine_3.f90   -O3 -g  (test for excess errors)
FAIL: gfortran.dg/elemental_subroutine_3.f90   -Os  (test for excess errors)
FAIL: gfortran.dg/graphite/vect-pr40979.f90   -O   scan-tree-dump-times vect "vectorized 1 loops" 1
FAIL: gfortran.dg/vect/fast-math-mgrid-resid.f   -O   scan-tree-dump pcom "vectp_u.*__lsm.* = PHI <.*vectp_u.*__lsm"

		=== gfortran Summary ===

# of expected passes		46701
# of unexpected failures	8
# of expected failures		105
# of unsupported tests		376
/tmp/GCC/gcc/testsuite/gfortran/../../gfortran  version 9.0.0 20180925 (experimental) [trunk revision 264580] (GCC) 

		=== objc tests ===


Running target unix
FAIL: objc.dg-struct-layout-encoding-1/t026_main.m execution test

		=== objc Summary ===

# of expected passes		2678
# of unexpected failures	1
# of expected failures		10
# of unsupported tests		59
/tmp/GCC/gcc/xgcc  version 9.0.0 20180925 (experimental) [trunk revision 264580] (GCC) 

		=== libatomic tests ===


Running target unix

		=== libatomic Summary ===

# of expected passes		44
# of unsupported tests		5
		=== libgomp tests ===


Running target unix
FAIL: libgomp.fortran/async_io_2.f90   -O  execution test
FAIL: libgomp.fortran/async_io_3.f90   -O0  execution test
FAIL: libgomp.fortran/async_io_3.f90   -O1  execution test
FAIL: libgomp.fortran/async_io_3.f90   -O2  execution test
FAIL: libgomp.fortran/async_io_3.f90   -O3 -fomit-frame-pointer -funroll-loops -fpeel-loops -ftracer -finline-functions  execution test
FAIL: libgomp.fortran/async_io_3.f90   -O3 -g  execution test
FAIL: libgomp.fortran/async_io_3.f90   -Os  execution test
FAIL: libgomp.fortran/omp_workshare1.f   -O  execution test
FAIL: libgomp.fortran/omp_workshare2.f   -O  execution test
WARNING: program timed out.
FAIL: libgomp.fortran/recursion1.f90   -O0  execution test
FAIL: libgomp.fortran/recursion1.f90   -O1  execution test
FAIL: libgomp.fortran/recursion1.f90   -O2  execution test
FAIL: libgomp.fortran/recursion1.f90   -O3 -fomit-frame-pointer -funroll-loops -fpeel-loops -ftracer -finline-functions  execution test
FAIL: libgomp.fortran/recursion1.f90   -O3 -g  execution test
WARNING: program timed out.
FAIL: libgomp.fortran/recursion1.f90   -Os  execution test
FAIL: libgomp.fortran/strassen.f90   -O  execution test
FAIL: libgomp.graphite/force-parallel-7.c execution test
FAIL: libgomp.oacc-c/../libgomp.oacc-c-c++-common/atomic_update-1.c -DACC_DEVICE_TYPE_host=1 -DACC_MEM_SHARED=1  -O2  execution test
FAIL: libgomp.oacc-c++/../libgomp.oacc-c-c++-common/atomic_update-1.c -DACC_DEVICE_TYPE_host=1 -DACC_MEM_SHARED=1  -O2  execution test

		=== libgomp Summary ===

# of expected passes		5945
# of unexpected failures	19
# of expected failures		1
# of unsupported tests		404
		=== libstdc++ tests ===


Running target unix

		=== libstdc++ Summary ===

# of expected passes		10700
# of expected failures		82
# of unsupported tests		841

Compiler version: 9.0.0 20180925 (experimental) [trunk revision 264580] (GCC) 
Platform: powerpc-ibm-aix7.2.0.0
configure flags: --disable-werror --enable-languages=c,c++,fortran,objc --with-gmp=/gsa/yktgsa/home/e/d/edelsohn/install --with-isl=/gsa/yktgsa/home/e/d/edelsohn/install --with-libiconv-prefix=/gsa/yktgsa/home/e/d/edelsohn/install --disable-libstdcxx-pch --with-included-gettext


Index Nav: [Date Index] [Subject Index] [Author Index] [Thread Index]
Message Nav: [Date Prev] [Date Next] [Thread Prev] [Thread Next]