This is the mail archive of the gcc-testresults@gcc.gnu.org mailing list for the GCC project.


Index Nav: [Date Index] [Subject Index] [Author Index] [Thread Index]
Message Nav: [Date Prev] [Date Next] [Thread Prev] [Thread Next]
Other format: [Raw text]

Results for 7.3.1 20180923 [gcc-7-branch revision 264508] (GCC) testsuite on x86_64-pc-linux-gnu


Native configuration is x86_64-pc-linux-gnu

		=== gcc tests ===


Running target unix
FAIL: gcc.dg/nested-func-11.c (test for excess errors)
XPASS: gcc.dg/guality/example.c   -O0  execution test
XPASS: gcc.dg/guality/example.c   -O1  execution test
XPASS: gcc.dg/guality/example.c   -O2  execution test
XPASS: gcc.dg/guality/example.c   -O2 -flto -fno-use-linker-plugin -flto-partition=none  execution test
XPASS: gcc.dg/guality/guality.c   -O0  execution test
XPASS: gcc.dg/guality/guality.c   -O1  execution test
XPASS: gcc.dg/guality/guality.c   -O2  execution test
XPASS: gcc.dg/guality/guality.c   -O2 -flto -fno-use-linker-plugin -flto-partition=none  execution test
XPASS: gcc.dg/guality/guality.c   -O2 -flto -fuse-linker-plugin -fno-fat-lto-objects  execution test
XPASS: gcc.dg/guality/guality.c   -O3 -g  execution test
XPASS: gcc.dg/guality/guality.c   -Os  execution test
XPASS: gcc.dg/guality/inline-params.c   -O2  execution test
XPASS: gcc.dg/guality/inline-params.c   -O2 -flto -fno-use-linker-plugin -flto-partition=none  execution test
XPASS: gcc.dg/guality/inline-params.c   -O3 -g  execution test
XPASS: gcc.dg/guality/inline-params.c   -Os  execution test
XPASS: gcc.dg/guality/pr41353-1.c   -O0  line 28 j == 28 + 37
XPASS: gcc.dg/guality/pr41353-1.c   -O1  line 28 j == 28 + 37
XPASS: gcc.dg/guality/pr41353-1.c   -O2  line 28 j == 28 + 37
XPASS: gcc.dg/guality/pr41353-1.c   -O2 -flto -fno-use-linker-plugin -flto-partition=none  line 28 j == 28 + 37
XPASS: gcc.dg/guality/pr41353-1.c   -O2 -flto -fuse-linker-plugin -fno-fat-lto-objects  line 28 j == 28 + 37
XPASS: gcc.dg/guality/pr41353-1.c   -O3 -g  line 28 j == 28 + 37
XPASS: gcc.dg/guality/pr41353-1.c   -Os  line 28 j == 28 + 37
FAIL: gcc.dg/guality/pr41616-1.c   -O2 -flto -fuse-linker-plugin -fno-fat-lto-objects  execution test
FAIL: gcc.dg/guality/pr45882.c   -O2 -flto -fuse-linker-plugin -fno-fat-lto-objects  line 16 d == 112
FAIL: gcc.dg/guality/pr45882.c   -O2 -flto -fuse-linker-plugin -fno-fat-lto-objects  line 16 e == 142
FAIL: gcc.dg/guality/pr54200.c   -Os  line 20 z == 3
FAIL: gcc.dg/guality/pr54519-1.c   -O2 -flto -fno-use-linker-plugin -flto-partition=none  line 20 y == 25
FAIL: gcc.dg/guality/pr54519-1.c   -O2 -flto -fno-use-linker-plugin -flto-partition=none  line 20 z == 6
FAIL: gcc.dg/guality/pr54519-1.c   -O2 -flto -fno-use-linker-plugin -flto-partition=none  line 23 y == 117
FAIL: gcc.dg/guality/pr54519-1.c   -O2 -flto -fno-use-linker-plugin -flto-partition=none  line 23 z == 8
FAIL: gcc.dg/guality/pr54519-1.c   -O2 -flto -fuse-linker-plugin -fno-fat-lto-objects  line 20 y == 25
FAIL: gcc.dg/guality/pr54519-1.c   -O2 -flto -fuse-linker-plugin -fno-fat-lto-objects  line 20 z == 6
FAIL: gcc.dg/guality/pr54519-1.c   -O2 -flto -fuse-linker-plugin -fno-fat-lto-objects  line 23 y == 117
FAIL: gcc.dg/guality/pr54519-1.c   -O2 -flto -fuse-linker-plugin -fno-fat-lto-objects  line 23 z == 8
FAIL: gcc.dg/guality/pr54519-2.c   -O2 -flto -fno-use-linker-plugin -flto-partition=none  line 17 y == 25
FAIL: gcc.dg/guality/pr54519-2.c   -O2 -flto -fuse-linker-plugin -fno-fat-lto-objects  line 17 y == 25
FAIL: gcc.dg/guality/pr54519-3.c   -O2 -flto -fno-use-linker-plugin -flto-partition=none  line 20 y == 25
FAIL: gcc.dg/guality/pr54519-3.c   -O2 -flto -fno-use-linker-plugin -flto-partition=none  line 20 z == 6
FAIL: gcc.dg/guality/pr54519-3.c   -O2 -flto -fno-use-linker-plugin -flto-partition=none  line 23 y == 117
FAIL: gcc.dg/guality/pr54519-3.c   -O2 -flto -fno-use-linker-plugin -flto-partition=none  line 23 z == 8
FAIL: gcc.dg/guality/pr54519-3.c   -O2 -flto -fuse-linker-plugin -fno-fat-lto-objects  line 20 y == 25
FAIL: gcc.dg/guality/pr54519-3.c   -O2 -flto -fuse-linker-plugin -fno-fat-lto-objects  line 20 z == 6
FAIL: gcc.dg/guality/pr54519-3.c   -O2 -flto -fuse-linker-plugin -fno-fat-lto-objects  line 23 y == 117
FAIL: gcc.dg/guality/pr54519-3.c   -O2 -flto -fuse-linker-plugin -fno-fat-lto-objects  line 23 z == 8
FAIL: gcc.dg/guality/pr54519-4.c   -O2 -flto -fno-use-linker-plugin -flto-partition=none  line 17 y == 25
FAIL: gcc.dg/guality/pr54519-4.c   -O2 -flto -fuse-linker-plugin -fno-fat-lto-objects  line 17 y == 25
FAIL: gcc.dg/guality/pr54519-5.c   -O2 -flto -fno-use-linker-plugin -flto-partition=none  line 17 y == 25
FAIL: gcc.dg/guality/pr54519-5.c   -O2 -flto -fuse-linker-plugin -fno-fat-lto-objects  line 17 y == 25
FAIL: gcc.dg/guality/pr54693-2.c   -Os  line 21 x == 10 - i
FAIL: gcc.dg/guality/pr54693-2.c   -Os  line 21 y == 20 - 2 * i
FAIL: gcc.dg/guality/pr68860-1.c   -O2 -flto -fno-use-linker-plugin -flto-partition=none  line 14 arg1 == 1
FAIL: gcc.dg/guality/pr68860-1.c   -O2 -flto -fno-use-linker-plugin -flto-partition=none  line 14 arg2 == 2
FAIL: gcc.dg/guality/pr68860-1.c   -O2 -flto -fno-use-linker-plugin -flto-partition=none  line 14 arg3 == 3
FAIL: gcc.dg/guality/pr68860-1.c   -O2 -flto -fno-use-linker-plugin -flto-partition=none  line 14 arg4 == 4
FAIL: gcc.dg/guality/pr68860-1.c   -O2 -flto -fno-use-linker-plugin -flto-partition=none  line 14 arg5 == 5
FAIL: gcc.dg/guality/pr68860-1.c   -O2 -flto -fno-use-linker-plugin -flto-partition=none  line 14 arg6 == 6
FAIL: gcc.dg/guality/pr68860-1.c   -O2 -flto -fno-use-linker-plugin -flto-partition=none  line 16 arg1 == 1
FAIL: gcc.dg/guality/pr68860-1.c   -O2 -flto -fno-use-linker-plugin -flto-partition=none  line 16 arg2 == 2
FAIL: gcc.dg/guality/pr68860-1.c   -O2 -flto -fno-use-linker-plugin -flto-partition=none  line 16 arg3 == 3
FAIL: gcc.dg/guality/pr68860-1.c   -O2 -flto -fno-use-linker-plugin -flto-partition=none  line 16 arg4 == 4
FAIL: gcc.dg/guality/pr68860-1.c   -O2 -flto -fno-use-linker-plugin -flto-partition=none  line 16 arg5 == 5
FAIL: gcc.dg/guality/pr68860-1.c   -O2 -flto -fno-use-linker-plugin -flto-partition=none  line 16 arg6 == 6
FAIL: gcc.dg/guality/pr68860-1.c   -O2 -flto -fuse-linker-plugin -fno-fat-lto-objects  line 14 arg1 == 1
FAIL: gcc.dg/guality/pr68860-1.c   -O2 -flto -fuse-linker-plugin -fno-fat-lto-objects  line 14 arg2 == 2
FAIL: gcc.dg/guality/pr68860-1.c   -O2 -flto -fuse-linker-plugin -fno-fat-lto-objects  line 14 arg3 == 3
FAIL: gcc.dg/guality/pr68860-1.c   -O2 -flto -fuse-linker-plugin -fno-fat-lto-objects  line 14 arg4 == 4
FAIL: gcc.dg/guality/pr68860-1.c   -O2 -flto -fuse-linker-plugin -fno-fat-lto-objects  line 14 arg5 == 5
FAIL: gcc.dg/guality/pr68860-1.c   -O2 -flto -fuse-linker-plugin -fno-fat-lto-objects  line 14 arg6 == 6
FAIL: gcc.dg/guality/pr68860-1.c   -O2 -flto -fuse-linker-plugin -fno-fat-lto-objects  line 16 arg1 == 1
FAIL: gcc.dg/guality/pr68860-1.c   -O2 -flto -fuse-linker-plugin -fno-fat-lto-objects  line 16 arg2 == 2
FAIL: gcc.dg/guality/pr68860-1.c   -O2 -flto -fuse-linker-plugin -fno-fat-lto-objects  line 16 arg3 == 3
FAIL: gcc.dg/guality/pr68860-1.c   -O2 -flto -fuse-linker-plugin -fno-fat-lto-objects  line 16 arg4 == 4
FAIL: gcc.dg/guality/pr68860-1.c   -O2 -flto -fuse-linker-plugin -fno-fat-lto-objects  line 16 arg5 == 5
FAIL: gcc.dg/guality/pr68860-1.c   -O2 -flto -fuse-linker-plugin -fno-fat-lto-objects  line 16 arg6 == 6
FAIL: gcc.dg/guality/vla-1.c   -O1  line 17 sizeof (a) == 6
FAIL: gcc.dg/guality/vla-1.c   -O2  line 17 sizeof (a) == 6
FAIL: gcc.dg/guality/vla-1.c   -O2 -flto -fno-use-linker-plugin -flto-partition=none  line 17 sizeof (a) == 6
FAIL: gcc.dg/guality/vla-1.c   -O2 -flto -fuse-linker-plugin -fno-fat-lto-objects  line 17 sizeof (a) == 6
FAIL: gcc.dg/guality/vla-1.c   -O3 -g  line 17 sizeof (a) == 6
FAIL: gcc.dg/guality/vla-1.c   -Os  line 17 sizeof (a) == 6
FAIL: gcc.dg/vect/bb-slp-pattern-1.c -flto -ffat-lto-objects  scan-tree-dump-times slp2 "vect_recog_widen_mult_pattern: detected" 8
FAIL: gcc.dg/vect/bb-slp-pattern-1.c scan-tree-dump-times slp2 "vect_recog_widen_mult_pattern: detected" 8
FAIL: gcc.dg/vect/bb-slp-pr69907.c -flto -ffat-lto-objects  scan-tree-dump slp1 "BB vectorization with gaps at the end of a load is not supported"
FAIL: gcc.dg/vect/bb-slp-pr69907.c scan-tree-dump slp1 "BB vectorization with gaps at the end of a load is not supported"
FAIL: gcc.dg/vect/no-scevccp-outer-7.c scan-tree-dump-times vect "vect_recog_widen_mult_pattern: detected" 1
FAIL: gcc.dg/vect/no-scevccp-vect-iv-3.c scan-tree-dump-times vect "vect_recog_widen_sum_pattern: detected" 1
FAIL: gcc.dg/vect/no-section-anchors-vect-31.c scan-tree-dump-times vect "Alignment of access forced using peeling" 2
FAIL: gcc.dg/vect/no-section-anchors-vect-31.c scan-tree-dump-times vect "Vectorizing an unaligned access" 0
FAIL: gcc.dg/vect/no-section-anchors-vect-64.c scan-tree-dump-times vect "Alignment of access forced using peeling" 2
FAIL: gcc.dg/vect/no-section-anchors-vect-64.c scan-tree-dump-times vect "Vectorizing an unaligned access" 0
XPASS: gcc.dg/vect/no-section-anchors-vect-69.c scan-tree-dump-times vect "Alignment of access forced using peeling" 2
FAIL: gcc.dg/vect/no-section-anchors-vect-69.c scan-tree-dump-times vect "Vectorizing an unaligned access" 0
FAIL: gcc.dg/vect/no-vfa-vect-101.c scan-tree-dump-times vect "can't determine dependence" 2
FAIL: gcc.dg/vect/no-vfa-vect-102.c scan-tree-dump-times vect "possible dependence between data-refs" 2
FAIL: gcc.dg/vect/no-vfa-vect-102a.c scan-tree-dump-times vect "possible dependence between data-refs" 2
FAIL: gcc.dg/vect/no-vfa-vect-37.c scan-tree-dump-times vect "can't determine dependence" 4
FAIL: gcc.dg/vect/no-vfa-vect-79.c scan-tree-dump-times vect "can't determine dependence" 2
FAIL: gcc.dg/vect/pr65518.c -flto -ffat-lto-objects  scan-tree-dump-times vect "vectorized 0 loops in function" 2
FAIL: gcc.dg/vect/pr65518.c scan-tree-dump-times vect "vectorized 0 loops in function" 2
XPASS: gcc.dg/vect/pr65947-1.c -flto -ffat-lto-objects  scan-tree-dump-times vect "LOOP VECTORIZED" 2
XPASS: gcc.dg/vect/pr65947-1.c -flto -ffat-lto-objects  scan-tree-dump-times vect "condition expression based on integer induction." 4
XPASS: gcc.dg/vect/pr65947-1.c scan-tree-dump-times vect "LOOP VECTORIZED" 2
XPASS: gcc.dg/vect/pr65947-1.c scan-tree-dump-times vect "condition expression based on integer induction." 4
XPASS: gcc.dg/vect/pr65947-10.c -flto -ffat-lto-objects  scan-tree-dump-times vect "LOOP VECTORIZED" 2
XPASS: gcc.dg/vect/pr65947-10.c scan-tree-dump-times vect "LOOP VECTORIZED" 2
XPASS: gcc.dg/vect/pr65947-12.c -flto -ffat-lto-objects  scan-tree-dump-times vect "LOOP VECTORIZED" 2
XPASS: gcc.dg/vect/pr65947-12.c scan-tree-dump-times vect "LOOP VECTORIZED" 2
XPASS: gcc.dg/vect/pr65947-13.c -flto -ffat-lto-objects  scan-tree-dump-times vect "LOOP VECTORIZED" 2
XPASS: gcc.dg/vect/pr65947-13.c scan-tree-dump-times vect "LOOP VECTORIZED" 2
XPASS: gcc.dg/vect/pr65947-2.c -flto -ffat-lto-objects  scan-tree-dump-times vect "LOOP VECTORIZED" 2
XPASS: gcc.dg/vect/pr65947-2.c scan-tree-dump-times vect "LOOP VECTORIZED" 2
XPASS: gcc.dg/vect/pr65947-3.c -flto -ffat-lto-objects  scan-tree-dump-times vect "LOOP VECTORIZED" 2
XPASS: gcc.dg/vect/pr65947-3.c scan-tree-dump-times vect "LOOP VECTORIZED" 2
XPASS: gcc.dg/vect/pr65947-4.c -flto -ffat-lto-objects  scan-tree-dump-times vect "LOOP VECTORIZED" 2
XPASS: gcc.dg/vect/pr65947-4.c -flto -ffat-lto-objects  scan-tree-dump-times vect "condition expression based on integer induction." 4
XPASS: gcc.dg/vect/pr65947-4.c scan-tree-dump-times vect "LOOP VECTORIZED" 2
XPASS: gcc.dg/vect/pr65947-4.c scan-tree-dump-times vect "condition expression based on integer induction." 4
XPASS: gcc.dg/vect/pr65947-5.c -flto -ffat-lto-objects  scan-tree-dump vect "loop size is greater than data size"
XPASS: gcc.dg/vect/pr65947-5.c scan-tree-dump vect "loop size is greater than data size"
XPASS: gcc.dg/vect/pr65947-6.c -flto -ffat-lto-objects  scan-tree-dump-times vect "LOOP VECTORIZED" 2
XPASS: gcc.dg/vect/pr65947-6.c scan-tree-dump-times vect "LOOP VECTORIZED" 2
XPASS: gcc.dg/vect/pr65947-9.c -flto -ffat-lto-objects  scan-tree-dump vect "loop size is greater than data size"
XPASS: gcc.dg/vect/pr65947-9.c scan-tree-dump vect "loop size is greater than data size"
XPASS: gcc.dg/vect/pr80631-1.c -flto -ffat-lto-objects  scan-tree-dump-times vect "LOOP VECTORIZED" 5
XPASS: gcc.dg/vect/pr80631-1.c -flto -ffat-lto-objects  scan-tree-dump-times vect "condition expression based on integer induction." 10
XPASS: gcc.dg/vect/pr80631-1.c scan-tree-dump-times vect "LOOP VECTORIZED" 5
XPASS: gcc.dg/vect/pr80631-1.c scan-tree-dump-times vect "condition expression based on integer induction." 10
FAIL: gcc.dg/vect/slp-perm-9.c -flto -ffat-lto-objects  scan-tree-dump-times vect "vectorized 1 loops" 2
FAIL: gcc.dg/vect/slp-perm-9.c -flto -ffat-lto-objects  scan-tree-dump-times vect "vectorizing stmts using SLP" 1
FAIL: gcc.dg/vect/slp-perm-9.c scan-tree-dump-times vect "vectorized 1 loops" 2
FAIL: gcc.dg/vect/slp-perm-9.c scan-tree-dump-times vect "vectorizing stmts using SLP" 1
FAIL: gcc.dg/vect/slp-widen-mult-half.c -flto -ffat-lto-objects  scan-tree-dump-times vect "vect_recog_widen_mult_pattern: detected" 2
FAIL: gcc.dg/vect/slp-widen-mult-half.c scan-tree-dump-times vect "vect_recog_widen_mult_pattern: detected" 2
FAIL: gcc.dg/vect/vect-104.c -flto -ffat-lto-objects  scan-tree-dump-times vect "possible dependence between data-refs" 2
FAIL: gcc.dg/vect/vect-104.c scan-tree-dump-times vect "possible dependence between data-refs" 2
FAIL: gcc.dg/vect/vect-24.c -flto -ffat-lto-objects  scan-tree-dump-times vect "Vectorizing an unaligned access" 0
XPASS: gcc.dg/vect/vect-24.c -flto -ffat-lto-objects  scan-tree-dump-times vect "vectorized 3 loops" 1
FAIL: gcc.dg/vect/vect-24.c scan-tree-dump-times vect "Vectorizing an unaligned access" 0
XPASS: gcc.dg/vect/vect-24.c scan-tree-dump-times vect "vectorized 3 loops" 1
FAIL: gcc.dg/vect/vect-70.c -flto -ffat-lto-objects  scan-tree-dump-times vect "Alignment of access forced using peeling" 1
FAIL: gcc.dg/vect/vect-70.c -flto -ffat-lto-objects  scan-tree-dump-times vect "Vectorizing an unaligned access" 0
FAIL: gcc.dg/vect/vect-70.c scan-tree-dump-times vect "Alignment of access forced using peeling" 1
FAIL: gcc.dg/vect/vect-70.c scan-tree-dump-times vect "Vectorizing an unaligned access" 0
FAIL: gcc.dg/vect/vect-89.c -flto -ffat-lto-objects  scan-tree-dump-times vect "Alignment of access forced using peeling" 1
FAIL: gcc.dg/vect/vect-89.c -flto -ffat-lto-objects  scan-tree-dump-times vect "Vectorizing an unaligned access" 0
FAIL: gcc.dg/vect/vect-89.c scan-tree-dump-times vect "Alignment of access forced using peeling" 1
FAIL: gcc.dg/vect/vect-89.c scan-tree-dump-times vect "Vectorizing an unaligned access" 0
FAIL: gcc.dg/vect/vect-92.c -flto -ffat-lto-objects  scan-tree-dump-times vect "Alignment of access forced using peeling" 3
FAIL: gcc.dg/vect/vect-92.c -flto -ffat-lto-objects  scan-tree-dump-times vect "Vectorizing an unaligned access" 0
FAIL: gcc.dg/vect/vect-92.c scan-tree-dump-times vect "Alignment of access forced using peeling" 3
FAIL: gcc.dg/vect/vect-92.c scan-tree-dump-times vect "Vectorizing an unaligned access" 0
FAIL: gcc.dg/vect/vect-93.c -flto -ffat-lto-objects  scan-tree-dump-times vect "Vectorizing an unaligned access" 1
FAIL: gcc.dg/vect/vect-93.c scan-tree-dump-times vect "Vectorizing an unaligned access" 1
XPASS: gcc.dg/vect/vect-cond-2.c -flto -ffat-lto-objects  scan-tree-dump-times vect "vectorized 1 loops" 1
XPASS: gcc.dg/vect/vect-cond-2.c scan-tree-dump-times vect "vectorized 1 loops" 1
FAIL: gcc.dg/vect/vect-cselim-1.c -flto -ffat-lto-objects  scan-tree-dump-times vect "vectorized 1 loops" 1
FAIL: gcc.dg/vect/vect-cselim-1.c scan-tree-dump-times vect "vectorized 1 loops" 1
FAIL: gcc.dg/vect/vect-nb-iter-ub-2.c -flto -ffat-lto-objects  scan-tree-dump cunroll "loop turned into non-loop; it never loops"
FAIL: gcc.dg/vect/vect-nb-iter-ub-2.c scan-tree-dump cunroll "loop turned into non-loop; it never loops"
FAIL: gcc.dg/vect/vect-nb-iter-ub-3.c -flto -ffat-lto-objects  scan-tree-dump-not cunroll "loop turned into non-loop; it never loops"
FAIL: gcc.dg/vect/vect-nb-iter-ub-3.c scan-tree-dump-not cunroll "loop turned into non-loop; it never loops"
FAIL: gcc.dg/vect/vect-over-widen-1.c -flto -ffat-lto-objects  scan-tree-dump-times vect "vect_recog_over_widening_pattern: detected" 8
FAIL: gcc.dg/vect/vect-over-widen-1.c scan-tree-dump-times vect "vect_recog_over_widening_pattern: detected" 8
FAIL: gcc.dg/vect/vect-over-widen-3-big-array.c -flto -ffat-lto-objects  scan-tree-dump-times vect "vect_recog_over_widening_pattern: detected" 2
FAIL: gcc.dg/vect/vect-over-widen-3-big-array.c scan-tree-dump-times vect "vect_recog_over_widening_pattern: detected" 2
FAIL: gcc.dg/vect/vect-over-widen-4.c -flto -ffat-lto-objects  scan-tree-dump-times vect "vect_recog_over_widening_pattern: detected" 8
FAIL: gcc.dg/vect/vect-over-widen-4.c scan-tree-dump-times vect "vect_recog_over_widening_pattern: detected" 8
XPASS: gcc.dg/vect/vect-pr69848.c -flto -ffat-lto-objects  scan-tree-dump vect "vectorized 1 loops"
XPASS: gcc.dg/vect/vect-pr69848.c scan-tree-dump vect "vectorized 1 loops"
FAIL: gcc.dg/vect/vect-reduc-pattern-1a.c -flto -ffat-lto-objects  scan-tree-dump-times vect "vect_recog_widen_sum_pattern: detected" 1
FAIL: gcc.dg/vect/vect-reduc-pattern-1a.c scan-tree-dump-times vect "vect_recog_widen_sum_pattern: detected" 1
FAIL: gcc.dg/vect/vect-reduc-pattern-2a.c -flto -ffat-lto-objects  scan-tree-dump-times vect "vect_recog_widen_sum_pattern: detected" 1
FAIL: gcc.dg/vect/vect-reduc-pattern-2a.c scan-tree-dump-times vect "vect_recog_widen_sum_pattern: detected" 1
FAIL: gcc.dg/vect/vect-tail-nomask-1.c -flto -ffat-lto-objects  scan-tree-dump-times vect "LOOP EPILOGUE VECTORIZED \\\\(VS=16\\\\)" 2
FAIL: gcc.dg/vect/vect-tail-nomask-1.c scan-tree-dump-times vect "LOOP EPILOGUE VECTORIZED \\\\(VS=16\\\\)" 2
FAIL: gcc.dg/vect/vect-widen-mult-const-s16.c -flto -ffat-lto-objects  scan-tree-dump-times vect "widen_mult pattern recognized" 2
FAIL: gcc.dg/vect/vect-widen-mult-const-s16.c scan-tree-dump-times vect "widen_mult pattern recognized" 2
FAIL: gcc.dg/vect/vect-widen-mult-const-u16.c -flto -ffat-lto-objects  scan-tree-dump-times vect "widen_mult pattern recognized" 2
FAIL: gcc.dg/vect/vect-widen-mult-const-u16.c scan-tree-dump-times vect "widen_mult pattern recognized" 2
FAIL: gcc.dg/vect/vect-widen-mult-half-u8.c -flto -ffat-lto-objects  scan-tree-dump-times vect "vect_recog_widen_mult_pattern: detected" 2
FAIL: gcc.dg/vect/vect-widen-mult-half-u8.c scan-tree-dump-times vect "vect_recog_widen_mult_pattern: detected" 2
FAIL: gcc.dg/vect/vect-widen-mult-half.c -flto -ffat-lto-objects  scan-tree-dump-times vect "vect_recog_widen_mult_pattern: detected" 1
FAIL: gcc.dg/vect/vect-widen-mult-half.c scan-tree-dump-times vect "vect_recog_widen_mult_pattern: detected" 1
FAIL: gcc.dg/vect/vect-widen-mult-u16.c -flto -ffat-lto-objects  scan-tree-dump-times vect "pattern recognized" 1
FAIL: gcc.dg/vect/vect-widen-mult-u16.c scan-tree-dump-times vect "pattern recognized" 1
FAIL: gcc.dg/vect/vect-widen-mult-u8-s16-s32.c -flto -ffat-lto-objects  scan-tree-dump-times vect "pattern recognized" 1
FAIL: gcc.dg/vect/vect-widen-mult-u8-s16-s32.c scan-tree-dump-times vect "pattern recognized" 1
FAIL: gcc.target/i386/all_one_m128i.c scan-assembler pcmpeqd
FAIL: gcc.target/i386/all_one_m256i.c scan-assembler vpcmpeqd
FAIL: gcc.target/i386/avx-reduc-1.c execution test
FAIL: gcc.target/i386/avx2-cvt-2.c scan-assembler vcvtdq2pd[^\\n\\r]*(%xmm[^\\n\\r]*%ymm|ymm[^\\n\\r]*xmm)
FAIL: gcc.target/i386/avx2-cvt-2.c scan-assembler vcvtdq2ps[^\\n\\r]*ymm
FAIL: gcc.target/i386/avx2-cvt-2.c scan-assembler vcvtpd2ps(y[^\\n\\r]*%xmm|[^\\n\\r]*xmm[^\\n\\r]*YMMWORD PTR)
FAIL: gcc.target/i386/avx2-cvt-2.c scan-assembler vcvtps2pd[^\\n\\r]*(%xmm[^\\n\\r]*%ymm|ymm[^\\n\\r]*xmm)
FAIL: gcc.target/i386/avx2-cvt-2.c scan-assembler vcvttpd2dq(y[^\\n\\r]*%xmm|[^\\n\\r]*xmm[^\\n\\r]*YMMWORD PTR)
FAIL: gcc.target/i386/avx2-cvt-2.c scan-assembler vcvttps2dq[^\\n\\r]*ymm
FAIL: gcc.target/i386/avx2-gather-6.c scan-tree-dump-times vect "note: vectorized 1 loops in function" 1
FAIL: gcc.target/i386/avx2-vbroadcastss_ps256-1.c scan-assembler vbroadcastss[ \\\\t]+[^\\n]*%xmm[0-9]
FAIL: gcc.target/i386/avx2-vextracti128-1.c scan-assembler vextracti128[ \\\\t]+[^\\n]*%ymm[0-9]
FAIL: gcc.target/i386/avx2-vinserti128-1.c scan-assembler vinserti128[ \\\\t]+[^\\n]
FAIL: gcc.target/i386/avx2-vpaddb-3.c scan-assembler-times vpaddb[ \\\\t]+[^\\n]*%ymm[0-9] 1
FAIL: gcc.target/i386/avx2-vpaddd-3.c scan-assembler-times vpaddd[ \\\\t]+[^\\n]*%ymm[0-9] 1
FAIL: gcc.target/i386/avx2-vpaddq-3.c scan-assembler-times vpaddq[ \\\\t]+[^\\n]*%ymm[0-9] 1
FAIL: gcc.target/i386/avx2-vpaddw-3.c scan-assembler-times vpaddw[ \\\\t]+[^\\n]*%ymm[0-9] 1
FAIL: gcc.target/i386/avx2-vpand-1.c scan-assembler vpand[ \\\\t]+[^\\n]*%ymm[0-9]
FAIL: gcc.target/i386/avx2-vpand-3.c scan-assembler-times vpand[ \\\\t]+[^\\n]*%ymm[0-9] 1
FAIL: gcc.target/i386/avx2-vpandn-1.c scan-assembler vpandn[ \\\\t]+[^\\n]*%ymm[0-9]
FAIL: gcc.target/i386/avx2-vpmulld-3.c scan-assembler-times vpmulld[ \\\\t]+[^\\n]*%ymm[0-9] 1
FAIL: gcc.target/i386/avx2-vpmullw-3.c scan-assembler-times vpmullw[ \\\\t]+[^\\n]*%ymm[0-9] 1
FAIL: gcc.target/i386/avx2-vpor-1.c scan-assembler vpor[ \\\\t]+[^\\n]*%ymm[0-9]
FAIL: gcc.target/i386/avx2-vpsrad-3.c scan-assembler-times vpsrld[ \\\\t]+[^\\n]*%ymm[0-9] 1
FAIL: gcc.target/i386/avx2-vpsraw-3.c scan-assembler-times vpsraw[ \\\\t]+[^\\n]*%ymm[0-9] 1
FAIL: gcc.target/i386/avx2-vpsrld-3.c scan-assembler-times vpsrld[ \\\\t]+[^\\n]*%ymm[0-9] 1
FAIL: gcc.target/i386/avx2-vpsrlw-3.c scan-assembler-times vpsrlw[ \\\\t]+[^\\n]*%ymm[0-9] 1
FAIL: gcc.target/i386/avx2-vpsubb-3.c scan-assembler-times vpsubb[ \\\\t]+[^\\n]*%ymm[0-9] 1
FAIL: gcc.target/i386/avx2-vpsubd-3.c scan-assembler-times vpsubd[ \\\\t]+[^\\n]*%ymm[0-9] 1
FAIL: gcc.target/i386/avx2-vpsubq-3.c scan-assembler-times vpsubq[ \\\\t]+[^\\n]*%ymm[0-9] 1
FAIL: gcc.target/i386/avx2-vpsubw-3.c scan-assembler-times vpsubw[ \\\\t]+[^\\n]*%ymm[0-9] 1
FAIL: gcc.target/i386/avx2-vpxor-1.c scan-assembler vpxor[ \\\\t]+[^\\n]*%ymm[0-9]
FAIL: gcc.target/i386/avx256-unaligned-load-1.c scan-assembler movv4sf_internal/3
FAIL: gcc.target/i386/avx256-unaligned-load-1.c scan-assembler vinsertf128
FAIL: gcc.target/i386/avx256-unaligned-load-2.c scan-assembler (sse2_loaddqu|(vmovdqu|vmovups)[^\\n\\r]*movv16qi_internal)
FAIL: gcc.target/i386/avx256-unaligned-load-2.c scan-assembler vinsert.128
FAIL: gcc.target/i386/avx256-unaligned-load-3.c scan-assembler (sse2_loadupd|vmovupd[^\\n\\r]*movv2df_internal)
FAIL: gcc.target/i386/avx256-unaligned-load-3.c scan-assembler vinsertf128
FAIL: gcc.target/i386/avx256-unaligned-load-4.c scan-assembler (avx_loadups256|vmovups[^\\n\\r]*movv8sf_internal)
FAIL: gcc.target/i386/avx256-unaligned-store-1.c scan-assembler vextractf128
FAIL: gcc.target/i386/avx256-unaligned-store-1.c scan-assembler vmovups.*movv4sf_internal/4
FAIL: gcc.target/i386/avx256-unaligned-store-2.c scan-assembler vextract.128
FAIL: gcc.target/i386/avx256-unaligned-store-2.c scan-assembler vmovups.*movv16qi_internal/4
FAIL: gcc.target/i386/avx256-unaligned-store-3.c scan-assembler vextractf128
FAIL: gcc.target/i386/avx256-unaligned-store-3.c scan-assembler vmovups.*movv2df_internal/4
FAIL: gcc.target/i386/avx256-unaligned-store-4.c scan-assembler vmovups.*movv8sf_internal/4
FAIL: gcc.target/i386/avx512f-vec-init.c scan-assembler-times vpbroadcastb[ \\\\t]+[^{\\n]*%ymm[0-9]+(?:\\n|[ \\\\t]+#) 2
FAIL: gcc.target/i386/avx512f-vec-init.c scan-assembler-times vpbroadcastw[ \\\\t]+[^{\\n]*%ymm[0-9]+(?:\\n|[ \\\\t]+#) 2
FAIL: gcc.target/i386/avx512vl-pr79299-1.c (test for excess errors)
FAIL: gcc.target/i386/avx512vl-pr79299-2.c (test for excess errors)
FAIL: gcc.target/i386/avx512vl-vpermb-2.c execution test
FAIL: gcc.target/i386/avx512vl-vpermi2b-2.c execution test
FAIL: gcc.target/i386/avx512vl-vpermt2b-2.c execution test
FAIL: gcc.target/i386/avx512vl-vpmaddhuq-2.c execution test
FAIL: gcc.target/i386/avx512vl-vpmaddluq-2.c execution test
FAIL: gcc.target/i386/avx512vl-vpmultishiftqb-2.c execution test
FAIL: gcc.target/i386/fma4-256-vector.c scan-assembler vfmaddpd
FAIL: gcc.target/i386/fma4-256-vector.c scan-assembler vfmaddps
FAIL: gcc.target/i386/fma4-256-vector.c scan-assembler vfmsubpd
FAIL: gcc.target/i386/fma4-256-vector.c scan-assembler vfmsubps
FAIL: gcc.target/i386/fma4-256-vector.c scan-assembler vfnmaddpd
FAIL: gcc.target/i386/fma4-256-vector.c scan-assembler vfnmaddps
FAIL: gcc.target/i386/fma4-builtin-2.c scan-assembler-times vfmaddpd 1
FAIL: gcc.target/i386/fma4-builtin-2.c scan-assembler-times vfmaddps 1
FAIL: gcc.target/i386/fma4-builtin-2.c scan-assembler-times vfmsubpd 1
FAIL: gcc.target/i386/fma4-builtin-2.c scan-assembler-times vfmsubps 1
FAIL: gcc.target/i386/fma4-builtin-2.c scan-assembler-times vfnmaddpd 1
FAIL: gcc.target/i386/fma4-builtin-2.c scan-assembler-times vfnmaddps 1
FAIL: gcc.target/i386/fma4-builtin-2.c scan-assembler-times vfnmsubpd 1
FAIL: gcc.target/i386/fma4-builtin-2.c scan-assembler-times vfnmsubps 1
FAIL: gcc.target/i386/fma4-vector-2.c scan-assembler vfmaddps
FAIL: gcc.target/i386/fma4-vector-2.c scan-assembler vfmsubps
FAIL: gcc.target/i386/fma4-vector.c scan-assembler vfmaddpd
FAIL: gcc.target/i386/fma4-vector.c scan-assembler vfmaddps
FAIL: gcc.target/i386/fma4-vector.c scan-assembler vfmsubpd
FAIL: gcc.target/i386/fma4-vector.c scan-assembler vfmsubps
FAIL: gcc.target/i386/fma4-vector.c scan-assembler vfnmaddpd
FAIL: gcc.target/i386/fma4-vector.c scan-assembler vfnmaddps
FAIL: gcc.target/i386/l_fma_double_1.c scan-assembler-times vfmadd[123]+sd 80
FAIL: gcc.target/i386/l_fma_double_1.c scan-assembler-times vfmsub[123]+sd 80
FAIL: gcc.target/i386/l_fma_double_1.c scan-assembler-times vfnmadd[123]+sd 80
FAIL: gcc.target/i386/l_fma_double_1.c scan-assembler-times vfnmsub[123]+sd 80
FAIL: gcc.target/i386/l_fma_double_2.c scan-assembler-times vfmadd[123]+sd 80
FAIL: gcc.target/i386/l_fma_double_2.c scan-assembler-times vfmsub[123]+sd 80
FAIL: gcc.target/i386/l_fma_double_2.c scan-assembler-times vfnmadd[123]+sd 80
FAIL: gcc.target/i386/l_fma_double_2.c scan-assembler-times vfnmsub[123]+sd 80
FAIL: gcc.target/i386/l_fma_double_3.c scan-assembler-times vfmadd[123]+sd 80
FAIL: gcc.target/i386/l_fma_double_3.c scan-assembler-times vfmsub[123]+sd 80
FAIL: gcc.target/i386/l_fma_double_3.c scan-assembler-times vfnmadd[123]+sd 80
FAIL: gcc.target/i386/l_fma_double_3.c scan-assembler-times vfnmsub[123]+sd 80
FAIL: gcc.target/i386/l_fma_double_4.c scan-assembler-times vfmadd[123]+sd 80
FAIL: gcc.target/i386/l_fma_double_4.c scan-assembler-times vfmsub[123]+sd 80
FAIL: gcc.target/i386/l_fma_double_4.c scan-assembler-times vfnmadd[123]+sd 80
FAIL: gcc.target/i386/l_fma_double_4.c scan-assembler-times vfnmsub[123]+sd 80
FAIL: gcc.target/i386/l_fma_double_5.c scan-assembler-times vfmadd[123]+sd 80
FAIL: gcc.target/i386/l_fma_double_5.c scan-assembler-times vfmsub[123]+sd 80
FAIL: gcc.target/i386/l_fma_double_5.c scan-assembler-times vfnmadd[123]+sd 80
FAIL: gcc.target/i386/l_fma_double_5.c scan-assembler-times vfnmsub[123]+sd 80
FAIL: gcc.target/i386/l_fma_double_6.c scan-assembler-times vfmadd[123]+sd 80
FAIL: gcc.target/i386/l_fma_double_6.c scan-assembler-times vfmsub[123]+sd 80
FAIL: gcc.target/i386/l_fma_double_6.c scan-assembler-times vfnmadd[123]+sd 80
FAIL: gcc.target/i386/l_fma_double_6.c scan-assembler-times vfnmsub[123]+sd 80
FAIL: gcc.target/i386/l_fma_float_1.c scan-assembler-times vfmadd[123]+ss 176
FAIL: gcc.target/i386/l_fma_float_1.c scan-assembler-times vfmsub[123]+ss 176
FAIL: gcc.target/i386/l_fma_float_1.c scan-assembler-times vfnmadd[123]+ss 176
FAIL: gcc.target/i386/l_fma_float_1.c scan-assembler-times vfnmsub[123]+ss 176
FAIL: gcc.target/i386/l_fma_float_2.c scan-assembler-times vfmadd[123]+ss 176
FAIL: gcc.target/i386/l_fma_float_2.c scan-assembler-times vfmsub[123]+ss 176
FAIL: gcc.target/i386/l_fma_float_2.c scan-assembler-times vfnmadd[123]+ss 176
FAIL: gcc.target/i386/l_fma_float_2.c scan-assembler-times vfnmsub[123]+ss 176
FAIL: gcc.target/i386/l_fma_float_3.c scan-assembler-times vfmadd[123]+ss 176
FAIL: gcc.target/i386/l_fma_float_3.c scan-assembler-times vfmsub[123]+ss 176
FAIL: gcc.target/i386/l_fma_float_3.c scan-assembler-times vfnmadd[123]+ss 176
FAIL: gcc.target/i386/l_fma_float_3.c scan-assembler-times vfnmsub[123]+ss 176
FAIL: gcc.target/i386/l_fma_float_4.c scan-assembler-times vfmadd[123]+ss 176
FAIL: gcc.target/i386/l_fma_float_4.c scan-assembler-times vfmsub[123]+ss 176
FAIL: gcc.target/i386/l_fma_float_4.c scan-assembler-times vfnmadd[123]+ss 176
FAIL: gcc.target/i386/l_fma_float_4.c scan-assembler-times vfnmsub[123]+ss 176
FAIL: gcc.target/i386/l_fma_float_5.c scan-assembler-times vfmadd[123]+ss 176
FAIL: gcc.target/i386/l_fma_float_5.c scan-assembler-times vfmsub[123]+ss 176
FAIL: gcc.target/i386/l_fma_float_5.c scan-assembler-times vfnmadd[123]+ss 176
FAIL: gcc.target/i386/l_fma_float_5.c scan-assembler-times vfnmsub[123]+ss 176
FAIL: gcc.target/i386/l_fma_float_6.c scan-assembler-times vfmadd[123]+ss 176
FAIL: gcc.target/i386/l_fma_float_6.c scan-assembler-times vfmsub[123]+ss 176
FAIL: gcc.target/i386/l_fma_float_6.c scan-assembler-times vfnmadd[123]+ss 176
FAIL: gcc.target/i386/l_fma_float_6.c scan-assembler-times vfnmsub[123]+ss 176
FAIL: gcc.target/i386/mvc6.c scan-assembler punpcklbw
FAIL: gcc.target/i386/pieces-memcpy-5.c scan-assembler-times vmovdqu[ \\\\t]+[^\\n]*%xmm 1
FAIL: gcc.target/i386/pr42542-5a.c scan-assembler pcmpgtq
FAIL: gcc.target/i386/pr52252-atom.c scan-assembler palignr
FAIL: gcc.target/i386/pr59390.c scan-assembler-not vfmadd
FAIL: gcc.target/i386/pr61403.c scan-assembler blend
FAIL: gcc.target/i386/pr70325.c  (test for warnings, line 11)
FAIL: gcc.target/i386/pr70325.c (test for excess errors)
FAIL: gcc.target/i386/recip-vec-divf-avx.c scan-assembler vrcpps[ \\\\t]+[^\\n]*%ymm
FAIL: gcc.target/i386/recip-vec-sqrtf-avx.c scan-assembler-times vrsqrtps[ \\\\t]+[^\\n]*%ymm 3
FAIL: gcc.target/i386/vect-rebuild.c scan-assembler-times \\tv?extractf128[ \\t] 1
FAIL: gcc.target/i386/vectorize4-avx.c scan-assembler vsqrtpd[ \\\\t]+[^\\n]*%ymm
FAIL: gcc.target/i386/vectorize7.c scan-assembler cvtdq2ps

		=== gcc Summary for unix ===

# of expected passes		134235
# of unexpected failures	270
# of unexpected successes	57
# of expected failures		349
# of unsupported tests		2160

Running target unix/-m32
FAIL: gcc.dg/nested-func-11.c (test for excess errors)
XPASS: gcc.dg/guality/example.c   -O0  execution test
XPASS: gcc.dg/guality/example.c   -O1  execution test
XPASS: gcc.dg/guality/guality.c   -O0  execution test
XPASS: gcc.dg/guality/guality.c   -O1  execution test
XPASS: gcc.dg/guality/guality.c   -O2  execution test
XPASS: gcc.dg/guality/guality.c   -O2 -flto -fno-use-linker-plugin -flto-partition=none  execution test
XPASS: gcc.dg/guality/guality.c   -O2 -flto -fuse-linker-plugin -fno-fat-lto-objects  execution test
XPASS: gcc.dg/guality/guality.c   -O3 -g  execution test
XPASS: gcc.dg/guality/guality.c   -Os  execution test
XPASS: gcc.dg/guality/inline-params.c   -O2  execution test
XPASS: gcc.dg/guality/inline-params.c   -O2 -flto -fno-use-linker-plugin -flto-partition=none  execution test
XPASS: gcc.dg/guality/inline-params.c   -O3 -g  execution test
XPASS: gcc.dg/guality/inline-params.c   -Os  execution test
XPASS: gcc.dg/guality/pr41353-1.c   -O0  line 28 j == 28 + 37
XPASS: gcc.dg/guality/pr41353-1.c   -O1  line 28 j == 28 + 37
XPASS: gcc.dg/guality/pr41353-1.c   -O2  line 28 j == 28 + 37
XPASS: gcc.dg/guality/pr41353-1.c   -O2 -flto -fno-use-linker-plugin -flto-partition=none  line 28 j == 28 + 37
XPASS: gcc.dg/guality/pr41353-1.c   -O2 -flto -fuse-linker-plugin -fno-fat-lto-objects  line 28 j == 28 + 37
XPASS: gcc.dg/guality/pr41353-1.c   -O3 -g  line 28 j == 28 + 37
XPASS: gcc.dg/guality/pr41353-1.c   -Os  line 28 j == 28 + 37
FAIL: gcc.dg/guality/pr41447-1.c   -O2  execution test
FAIL: gcc.dg/guality/pr41447-1.c   -O2 -flto -fno-use-linker-plugin -flto-partition=none  execution test
FAIL: gcc.dg/guality/pr41447-1.c   -O3 -g  execution test
FAIL: gcc.dg/guality/pr41616-1.c   -O2 -flto -fuse-linker-plugin -fno-fat-lto-objects  execution test
FAIL: gcc.dg/guality/pr45882.c   -O2 -flto -fuse-linker-plugin -fno-fat-lto-objects  line 16 d == 112
FAIL: gcc.dg/guality/pr45882.c   -O2 -flto -fuse-linker-plugin -fno-fat-lto-objects  line 16 e == 142
FAIL: gcc.dg/guality/pr54519-1.c   -O2 -flto -fno-use-linker-plugin -flto-partition=none  line 20 y == 25
FAIL: gcc.dg/guality/pr54519-1.c   -O2 -flto -fno-use-linker-plugin -flto-partition=none  line 20 z == 6
FAIL: gcc.dg/guality/pr54519-1.c   -O2 -flto -fno-use-linker-plugin -flto-partition=none  line 23 y == 117
FAIL: gcc.dg/guality/pr54519-1.c   -O2 -flto -fno-use-linker-plugin -flto-partition=none  line 23 z == 8
FAIL: gcc.dg/guality/pr54519-1.c   -O2 -flto -fuse-linker-plugin -fno-fat-lto-objects  line 20 y == 25
FAIL: gcc.dg/guality/pr54519-1.c   -O2 -flto -fuse-linker-plugin -fno-fat-lto-objects  line 20 z == 6
FAIL: gcc.dg/guality/pr54519-1.c   -O2 -flto -fuse-linker-plugin -fno-fat-lto-objects  line 23 y == 117
FAIL: gcc.dg/guality/pr54519-1.c   -O2 -flto -fuse-linker-plugin -fno-fat-lto-objects  line 23 z == 8
FAIL: gcc.dg/guality/pr54519-2.c   -O2 -flto -fno-use-linker-plugin -flto-partition=none  line 17 y == 25
FAIL: gcc.dg/guality/pr54519-2.c   -O2 -flto -fuse-linker-plugin -fno-fat-lto-objects  line 17 y == 25
FAIL: gcc.dg/guality/pr54519-3.c   -O2 -flto -fno-use-linker-plugin -flto-partition=none  line 20 y == 25
FAIL: gcc.dg/guality/pr54519-3.c   -O2 -flto -fno-use-linker-plugin -flto-partition=none  line 20 z == 6
FAIL: gcc.dg/guality/pr54519-3.c   -O2 -flto -fno-use-linker-plugin -flto-partition=none  line 23 y == 117
FAIL: gcc.dg/guality/pr54519-3.c   -O2 -flto -fno-use-linker-plugin -flto-partition=none  line 23 z == 8
FAIL: gcc.dg/guality/pr54519-3.c   -O2 -flto -fuse-linker-plugin -fno-fat-lto-objects  line 20 y == 25
FAIL: gcc.dg/guality/pr54519-3.c   -O2 -flto -fuse-linker-plugin -fno-fat-lto-objects  line 20 z == 6
FAIL: gcc.dg/guality/pr54519-3.c   -O2 -flto -fuse-linker-plugin -fno-fat-lto-objects  line 23 y == 117
FAIL: gcc.dg/guality/pr54519-3.c   -O2 -flto -fuse-linker-plugin -fno-fat-lto-objects  line 23 z == 8
FAIL: gcc.dg/guality/pr54519-4.c   -O2 -flto -fno-use-linker-plugin -flto-partition=none  line 17 y == 25
FAIL: gcc.dg/guality/pr54519-4.c   -O2 -flto -fuse-linker-plugin -fno-fat-lto-objects  line 17 y == 25
FAIL: gcc.dg/guality/pr54519-5.c   -O2 -flto -fno-use-linker-plugin -flto-partition=none  line 17 y == 25
FAIL: gcc.dg/guality/pr54519-5.c   -O2 -flto -fuse-linker-plugin -fno-fat-lto-objects  line 17 y == 25
FAIL: gcc.dg/guality/pr68860-1.c   -O2 -flto -fno-use-linker-plugin -flto-partition=none  line 14 arg1 == 1
FAIL: gcc.dg/guality/pr68860-1.c   -O2 -flto -fno-use-linker-plugin -flto-partition=none  line 14 arg2 == 2
FAIL: gcc.dg/guality/pr68860-1.c   -O2 -flto -fno-use-linker-plugin -flto-partition=none  line 14 arg3 == 3
FAIL: gcc.dg/guality/pr68860-1.c   -O2 -flto -fno-use-linker-plugin -flto-partition=none  line 14 arg4 == 4
FAIL: gcc.dg/guality/pr68860-1.c   -O2 -flto -fno-use-linker-plugin -flto-partition=none  line 14 arg5 == 5
FAIL: gcc.dg/guality/pr68860-1.c   -O2 -flto -fno-use-linker-plugin -flto-partition=none  line 14 arg6 == 6
FAIL: gcc.dg/guality/pr68860-1.c   -O2 -flto -fno-use-linker-plugin -flto-partition=none  line 16 arg1 == 1
FAIL: gcc.dg/guality/pr68860-1.c   -O2 -flto -fno-use-linker-plugin -flto-partition=none  line 16 arg2 == 2
FAIL: gcc.dg/guality/pr68860-1.c   -O2 -flto -fno-use-linker-plugin -flto-partition=none  line 16 arg3 == 3
FAIL: gcc.dg/guality/pr68860-1.c   -O2 -flto -fno-use-linker-plugin -flto-partition=none  line 16 arg4 == 4
FAIL: gcc.dg/guality/pr68860-1.c   -O2 -flto -fno-use-linker-plugin -flto-partition=none  line 16 arg5 == 5
FAIL: gcc.dg/guality/pr68860-1.c   -O2 -flto -fno-use-linker-plugin -flto-partition=none  line 16 arg6 == 6
FAIL: gcc.dg/guality/pr68860-1.c   -O2 -flto -fuse-linker-plugin -fno-fat-lto-objects  line 14 arg1 == 1
FAIL: gcc.dg/guality/pr68860-1.c   -O2 -flto -fuse-linker-plugin -fno-fat-lto-objects  line 14 arg2 == 2
FAIL: gcc.dg/guality/pr68860-1.c   -O2 -flto -fuse-linker-plugin -fno-fat-lto-objects  line 14 arg3 == 3
FAIL: gcc.dg/guality/pr68860-1.c   -O2 -flto -fuse-linker-plugin -fno-fat-lto-objects  line 14 arg4 == 4
FAIL: gcc.dg/guality/pr68860-1.c   -O2 -flto -fuse-linker-plugin -fno-fat-lto-objects  line 14 arg5 == 5
FAIL: gcc.dg/guality/pr68860-1.c   -O2 -flto -fuse-linker-plugin -fno-fat-lto-objects  line 14 arg6 == 6
FAIL: gcc.dg/guality/pr68860-1.c   -O2 -flto -fuse-linker-plugin -fno-fat-lto-objects  line 16 arg1 == 1
FAIL: gcc.dg/guality/pr68860-1.c   -O2 -flto -fuse-linker-plugin -fno-fat-lto-objects  line 16 arg2 == 2
FAIL: gcc.dg/guality/pr68860-1.c   -O2 -flto -fuse-linker-plugin -fno-fat-lto-objects  line 16 arg3 == 3
FAIL: gcc.dg/guality/pr68860-1.c   -O2 -flto -fuse-linker-plugin -fno-fat-lto-objects  line 16 arg4 == 4
FAIL: gcc.dg/guality/pr68860-1.c   -O2 -flto -fuse-linker-plugin -fno-fat-lto-objects  line 16 arg5 == 5
FAIL: gcc.dg/guality/pr68860-1.c   -O2 -flto -fuse-linker-plugin -fno-fat-lto-objects  line 16 arg6 == 6
FAIL: gcc.dg/guality/vla-1.c   -O1  line 17 sizeof (a) == 6
FAIL: gcc.dg/guality/vla-1.c   -O2  line 17 sizeof (a) == 6
FAIL: gcc.dg/guality/vla-1.c   -O2 -flto -fno-use-linker-plugin -flto-partition=none  line 17 sizeof (a) == 6
FAIL: gcc.dg/guality/vla-1.c   -O2 -flto -fuse-linker-plugin -fno-fat-lto-objects  line 17 sizeof (a) == 6
FAIL: gcc.dg/guality/vla-1.c   -O3 -g  line 17 sizeof (a) == 6
FAIL: gcc.dg/guality/vla-1.c   -Os  line 17 sizeof (a) == 6
FAIL: gcc.dg/vect/bb-slp-pattern-1.c -flto -ffat-lto-objects  scan-tree-dump-times slp2 "vect_recog_widen_mult_pattern: detected" 8
FAIL: gcc.dg/vect/bb-slp-pattern-1.c scan-tree-dump-times slp2 "vect_recog_widen_mult_pattern: detected" 8
FAIL: gcc.dg/vect/bb-slp-pr69907.c -flto -ffat-lto-objects  scan-tree-dump slp1 "BB vectorization with gaps at the end of a load is not supported"
FAIL: gcc.dg/vect/bb-slp-pr69907.c scan-tree-dump slp1 "BB vectorization with gaps at the end of a load is not supported"
FAIL: gcc.dg/vect/no-scevccp-outer-7.c scan-tree-dump-times vect "vect_recog_widen_mult_pattern: detected" 1
FAIL: gcc.dg/vect/no-scevccp-vect-iv-3.c scan-tree-dump-times vect "vect_recog_widen_sum_pattern: detected" 1
FAIL: gcc.dg/vect/no-section-anchors-vect-31.c scan-tree-dump-times vect "Alignment of access forced using peeling" 2
FAIL: gcc.dg/vect/no-section-anchors-vect-31.c scan-tree-dump-times vect "Vectorizing an unaligned access" 0
FAIL: gcc.dg/vect/no-section-anchors-vect-64.c scan-tree-dump-times vect "Alignment of access forced using peeling" 2
FAIL: gcc.dg/vect/no-section-anchors-vect-64.c scan-tree-dump-times vect "Vectorizing an unaligned access" 0
XPASS: gcc.dg/vect/no-section-anchors-vect-69.c scan-tree-dump-times vect "Alignment of access forced using peeling" 2
FAIL: gcc.dg/vect/no-section-anchors-vect-69.c scan-tree-dump-times vect "Vectorizing an unaligned access" 0
FAIL: gcc.dg/vect/no-vfa-vect-101.c scan-tree-dump-times vect "can't determine dependence" 2
FAIL: gcc.dg/vect/no-vfa-vect-102.c scan-tree-dump-times vect "possible dependence between data-refs" 2
FAIL: gcc.dg/vect/no-vfa-vect-102a.c scan-tree-dump-times vect "possible dependence between data-refs" 2
FAIL: gcc.dg/vect/no-vfa-vect-37.c scan-tree-dump-times vect "can't determine dependence" 4
FAIL: gcc.dg/vect/no-vfa-vect-79.c scan-tree-dump-times vect "can't determine dependence" 2
FAIL: gcc.dg/vect/pr65518.c -flto -ffat-lto-objects  scan-tree-dump-times vect "vectorized 0 loops in function" 2
FAIL: gcc.dg/vect/pr65518.c scan-tree-dump-times vect "vectorized 0 loops in function" 2
XPASS: gcc.dg/vect/pr65947-1.c -flto -ffat-lto-objects  scan-tree-dump-times vect "LOOP VECTORIZED" 2
XPASS: gcc.dg/vect/pr65947-1.c -flto -ffat-lto-objects  scan-tree-dump-times vect "condition expression based on integer induction." 4
XPASS: gcc.dg/vect/pr65947-1.c scan-tree-dump-times vect "LOOP VECTORIZED" 2
XPASS: gcc.dg/vect/pr65947-1.c scan-tree-dump-times vect "condition expression based on integer induction." 4
XPASS: gcc.dg/vect/pr65947-10.c -flto -ffat-lto-objects  scan-tree-dump-times vect "LOOP VECTORIZED" 2
XPASS: gcc.dg/vect/pr65947-10.c scan-tree-dump-times vect "LOOP VECTORIZED" 2
XPASS: gcc.dg/vect/pr65947-12.c -flto -ffat-lto-objects  scan-tree-dump-times vect "LOOP VECTORIZED" 2
XPASS: gcc.dg/vect/pr65947-12.c scan-tree-dump-times vect "LOOP VECTORIZED" 2
XPASS: gcc.dg/vect/pr65947-13.c -flto -ffat-lto-objects  scan-tree-dump-times vect "LOOP VECTORIZED" 2
XPASS: gcc.dg/vect/pr65947-13.c scan-tree-dump-times vect "LOOP VECTORIZED" 2
XPASS: gcc.dg/vect/pr65947-2.c -flto -ffat-lto-objects  scan-tree-dump-times vect "LOOP VECTORIZED" 2
XPASS: gcc.dg/vect/pr65947-2.c scan-tree-dump-times vect "LOOP VECTORIZED" 2
XPASS: gcc.dg/vect/pr65947-3.c -flto -ffat-lto-objects  scan-tree-dump-times vect "LOOP VECTORIZED" 2
XPASS: gcc.dg/vect/pr65947-3.c scan-tree-dump-times vect "LOOP VECTORIZED" 2
XPASS: gcc.dg/vect/pr65947-4.c -flto -ffat-lto-objects  scan-tree-dump-times vect "LOOP VECTORIZED" 2
XPASS: gcc.dg/vect/pr65947-4.c -flto -ffat-lto-objects  scan-tree-dump-times vect "condition expression based on integer induction." 4
XPASS: gcc.dg/vect/pr65947-4.c scan-tree-dump-times vect "LOOP VECTORIZED" 2
XPASS: gcc.dg/vect/pr65947-4.c scan-tree-dump-times vect "condition expression based on integer induction." 4
XPASS: gcc.dg/vect/pr65947-5.c -flto -ffat-lto-objects  scan-tree-dump vect "loop size is greater than data size"
XPASS: gcc.dg/vect/pr65947-5.c scan-tree-dump vect "loop size is greater than data size"
XPASS: gcc.dg/vect/pr65947-6.c -flto -ffat-lto-objects  scan-tree-dump-times vect "LOOP VECTORIZED" 2
XPASS: gcc.dg/vect/pr65947-6.c scan-tree-dump-times vect "LOOP VECTORIZED" 2
XPASS: gcc.dg/vect/pr65947-9.c -flto -ffat-lto-objects  scan-tree-dump vect "loop size is greater than data size"
XPASS: gcc.dg/vect/pr65947-9.c scan-tree-dump vect "loop size is greater than data size"
XPASS: gcc.dg/vect/pr80631-1.c -flto -ffat-lto-objects  scan-tree-dump-times vect "LOOP VECTORIZED" 5
XPASS: gcc.dg/vect/pr80631-1.c -flto -ffat-lto-objects  scan-tree-dump-times vect "condition expression based on integer induction." 10
XPASS: gcc.dg/vect/pr80631-1.c scan-tree-dump-times vect "LOOP VECTORIZED" 5
XPASS: gcc.dg/vect/pr80631-1.c scan-tree-dump-times vect "condition expression based on integer induction." 10
FAIL: gcc.dg/vect/slp-perm-9.c -flto -ffat-lto-objects  scan-tree-dump-times vect "vectorized 1 loops" 2
FAIL: gcc.dg/vect/slp-perm-9.c -flto -ffat-lto-objects  scan-tree-dump-times vect "vectorizing stmts using SLP" 1
FAIL: gcc.dg/vect/slp-perm-9.c scan-tree-dump-times vect "vectorized 1 loops" 2
FAIL: gcc.dg/vect/slp-perm-9.c scan-tree-dump-times vect "vectorizing stmts using SLP" 1
FAIL: gcc.dg/vect/slp-widen-mult-half.c -flto -ffat-lto-objects  scan-tree-dump-times vect "vect_recog_widen_mult_pattern: detected" 2
FAIL: gcc.dg/vect/slp-widen-mult-half.c scan-tree-dump-times vect "vect_recog_widen_mult_pattern: detected" 2
FAIL: gcc.dg/vect/vect-104.c -flto -ffat-lto-objects  scan-tree-dump-times vect "possible dependence between data-refs" 2
FAIL: gcc.dg/vect/vect-104.c scan-tree-dump-times vect "possible dependence between data-refs" 2
FAIL: gcc.dg/vect/vect-24.c -flto -ffat-lto-objects  scan-tree-dump-times vect "Vectorizing an unaligned access" 0
XPASS: gcc.dg/vect/vect-24.c -flto -ffat-lto-objects  scan-tree-dump-times vect "vectorized 3 loops" 1
FAIL: gcc.dg/vect/vect-24.c scan-tree-dump-times vect "Vectorizing an unaligned access" 0
XPASS: gcc.dg/vect/vect-24.c scan-tree-dump-times vect "vectorized 3 loops" 1
FAIL: gcc.dg/vect/vect-70.c -flto -ffat-lto-objects  scan-tree-dump-times vect "Alignment of access forced using peeling" 1
FAIL: gcc.dg/vect/vect-70.c -flto -ffat-lto-objects  scan-tree-dump-times vect "Vectorizing an unaligned access" 0
FAIL: gcc.dg/vect/vect-70.c scan-tree-dump-times vect "Alignment of access forced using peeling" 1
FAIL: gcc.dg/vect/vect-70.c scan-tree-dump-times vect "Vectorizing an unaligned access" 0
FAIL: gcc.dg/vect/vect-89.c -flto -ffat-lto-objects  scan-tree-dump-times vect "Alignment of access forced using peeling" 1
FAIL: gcc.dg/vect/vect-89.c -flto -ffat-lto-objects  scan-tree-dump-times vect "Vectorizing an unaligned access" 0
FAIL: gcc.dg/vect/vect-89.c scan-tree-dump-times vect "Alignment of access forced using peeling" 1
FAIL: gcc.dg/vect/vect-89.c scan-tree-dump-times vect "Vectorizing an unaligned access" 0
FAIL: gcc.dg/vect/vect-92.c -flto -ffat-lto-objects  scan-tree-dump-times vect "Alignment of access forced using peeling" 3
FAIL: gcc.dg/vect/vect-92.c -flto -ffat-lto-objects  scan-tree-dump-times vect "Vectorizing an unaligned access" 0
FAIL: gcc.dg/vect/vect-92.c scan-tree-dump-times vect "Alignment of access forced using peeling" 3
FAIL: gcc.dg/vect/vect-92.c scan-tree-dump-times vect "Vectorizing an unaligned access" 0
FAIL: gcc.dg/vect/vect-93.c -flto -ffat-lto-objects  scan-tree-dump-times vect "Vectorizing an unaligned access" 1
FAIL: gcc.dg/vect/vect-93.c scan-tree-dump-times vect "Vectorizing an unaligned access" 1
XPASS: gcc.dg/vect/vect-cond-2.c -flto -ffat-lto-objects  scan-tree-dump-times vect "vectorized 1 loops" 1
XPASS: gcc.dg/vect/vect-cond-2.c scan-tree-dump-times vect "vectorized 1 loops" 1
FAIL: gcc.dg/vect/vect-cselim-1.c -flto -ffat-lto-objects  scan-tree-dump-times vect "vectorized 1 loops" 1
FAIL: gcc.dg/vect/vect-cselim-1.c scan-tree-dump-times vect "vectorized 1 loops" 1
FAIL: gcc.dg/vect/vect-nb-iter-ub-2.c -flto -ffat-lto-objects  scan-tree-dump cunroll "loop turned into non-loop; it never loops"
FAIL: gcc.dg/vect/vect-nb-iter-ub-2.c scan-tree-dump cunroll "loop turned into non-loop; it never loops"
FAIL: gcc.dg/vect/vect-nb-iter-ub-3.c -flto -ffat-lto-objects  scan-tree-dump-not cunroll "loop turned into non-loop; it never loops"
FAIL: gcc.dg/vect/vect-nb-iter-ub-3.c scan-tree-dump-not cunroll "loop turned into non-loop; it never loops"
FAIL: gcc.dg/vect/vect-over-widen-1.c -flto -ffat-lto-objects  scan-tree-dump-times vect "vect_recog_over_widening_pattern: detected" 8
FAIL: gcc.dg/vect/vect-over-widen-1.c scan-tree-dump-times vect "vect_recog_over_widening_pattern: detected" 8
FAIL: gcc.dg/vect/vect-over-widen-3-big-array.c -flto -ffat-lto-objects  scan-tree-dump-times vect "vect_recog_over_widening_pattern: detected" 2
FAIL: gcc.dg/vect/vect-over-widen-3-big-array.c scan-tree-dump-times vect "vect_recog_over_widening_pattern: detected" 2
FAIL: gcc.dg/vect/vect-over-widen-4.c -flto -ffat-lto-objects  scan-tree-dump-times vect "vect_recog_over_widening_pattern: detected" 8
FAIL: gcc.dg/vect/vect-over-widen-4.c scan-tree-dump-times vect "vect_recog_over_widening_pattern: detected" 8
XPASS: gcc.dg/vect/vect-pr69848.c -flto -ffat-lto-objects  scan-tree-dump vect "vectorized 1 loops"
XPASS: gcc.dg/vect/vect-pr69848.c scan-tree-dump vect "vectorized 1 loops"
FAIL: gcc.dg/vect/vect-reduc-pattern-1a.c -flto -ffat-lto-objects  scan-tree-dump-times vect "vect_recog_widen_sum_pattern: detected" 1
FAIL: gcc.dg/vect/vect-reduc-pattern-1a.c scan-tree-dump-times vect "vect_recog_widen_sum_pattern: detected" 1
FAIL: gcc.dg/vect/vect-reduc-pattern-2a.c -flto -ffat-lto-objects  scan-tree-dump-times vect "vect_recog_widen_sum_pattern: detected" 1
FAIL: gcc.dg/vect/vect-reduc-pattern-2a.c scan-tree-dump-times vect "vect_recog_widen_sum_pattern: detected" 1
FAIL: gcc.dg/vect/vect-tail-nomask-1.c -flto -ffat-lto-objects  scan-tree-dump-times vect "LOOP EPILOGUE VECTORIZED \\\\(VS=16\\\\)" 2
FAIL: gcc.dg/vect/vect-tail-nomask-1.c scan-tree-dump-times vect "LOOP EPILOGUE VECTORIZED \\\\(VS=16\\\\)" 2
FAIL: gcc.dg/vect/vect-widen-mult-const-s16.c -flto -ffat-lto-objects  scan-tree-dump-times vect "widen_mult pattern recognized" 2
FAIL: gcc.dg/vect/vect-widen-mult-const-s16.c scan-tree-dump-times vect "widen_mult pattern recognized" 2
FAIL: gcc.dg/vect/vect-widen-mult-const-u16.c -flto -ffat-lto-objects  scan-tree-dump-times vect "widen_mult pattern recognized" 2
FAIL: gcc.dg/vect/vect-widen-mult-const-u16.c scan-tree-dump-times vect "widen_mult pattern recognized" 2
FAIL: gcc.dg/vect/vect-widen-mult-half-u8.c -flto -ffat-lto-objects  scan-tree-dump-times vect "vect_recog_widen_mult_pattern: detected" 2
FAIL: gcc.dg/vect/vect-widen-mult-half-u8.c scan-tree-dump-times vect "vect_recog_widen_mult_pattern: detected" 2
FAIL: gcc.dg/vect/vect-widen-mult-half.c -flto -ffat-lto-objects  scan-tree-dump-times vect "vect_recog_widen_mult_pattern: detected" 1
FAIL: gcc.dg/vect/vect-widen-mult-half.c scan-tree-dump-times vect "vect_recog_widen_mult_pattern: detected" 1
FAIL: gcc.dg/vect/vect-widen-mult-u16.c -flto -ffat-lto-objects  scan-tree-dump-times vect "pattern recognized" 1
FAIL: gcc.dg/vect/vect-widen-mult-u16.c scan-tree-dump-times vect "pattern recognized" 1
FAIL: gcc.dg/vect/vect-widen-mult-u8-s16-s32.c -flto -ffat-lto-objects  scan-tree-dump-times vect "pattern recognized" 1
FAIL: gcc.dg/vect/vect-widen-mult-u8-s16-s32.c scan-tree-dump-times vect "pattern recognized" 1
FAIL: gcc.target/i386/all_one_m128i.c scan-assembler pcmpeqd
FAIL: gcc.target/i386/all_one_m256i.c scan-assembler vpcmpeqd
FAIL: gcc.target/i386/avx-reduc-1.c execution test
FAIL: gcc.target/i386/avx2-cvt-2.c scan-assembler vcvtdq2pd[^\\n\\r]*(%xmm[^\\n\\r]*%ymm|ymm[^\\n\\r]*xmm)
FAIL: gcc.target/i386/avx2-cvt-2.c scan-assembler vcvtdq2ps[^\\n\\r]*ymm
FAIL: gcc.target/i386/avx2-cvt-2.c scan-assembler vcvtpd2ps(y[^\\n\\r]*%xmm|[^\\n\\r]*xmm[^\\n\\r]*YMMWORD PTR)
FAIL: gcc.target/i386/avx2-cvt-2.c scan-assembler vcvtps2pd[^\\n\\r]*(%xmm[^\\n\\r]*%ymm|ymm[^\\n\\r]*xmm)
FAIL: gcc.target/i386/avx2-cvt-2.c scan-assembler vcvttpd2dq(y[^\\n\\r]*%xmm|[^\\n\\r]*xmm[^\\n\\r]*YMMWORD PTR)
FAIL: gcc.target/i386/avx2-cvt-2.c scan-assembler vcvttps2dq[^\\n\\r]*ymm
FAIL: gcc.target/i386/avx2-gather-6.c scan-tree-dump-times vect "note: vectorized 1 loops in function" 1
FAIL: gcc.target/i386/avx2-vbroadcastss_ps256-1.c scan-assembler vbroadcastss[ \\\\t]+[^\\n]*%xmm[0-9]
FAIL: gcc.target/i386/avx2-vextracti128-1.c scan-assembler vextracti128[ \\\\t]+[^\\n]*%ymm[0-9]
FAIL: gcc.target/i386/avx2-vinserti128-1.c scan-assembler vinserti128[ \\\\t]+[^\\n]
FAIL: gcc.target/i386/avx2-vpaddb-3.c scan-assembler-times vpaddb[ \\\\t]+[^\\n]*%ymm[0-9] 1
FAIL: gcc.target/i386/avx2-vpaddd-3.c scan-assembler-times vpaddd[ \\\\t]+[^\\n]*%ymm[0-9] 1
FAIL: gcc.target/i386/avx2-vpaddq-3.c scan-assembler-times vpaddq[ \\\\t]+[^\\n]*%ymm[0-9] 1
FAIL: gcc.target/i386/avx2-vpaddw-3.c scan-assembler-times vpaddw[ \\\\t]+[^\\n]*%ymm[0-9] 1
FAIL: gcc.target/i386/avx2-vpand-1.c scan-assembler vpand[ \\\\t]+[^\\n]*%ymm[0-9]
FAIL: gcc.target/i386/avx2-vpand-3.c scan-assembler-times vpand[ \\\\t]+[^\\n]*%ymm[0-9] 1
FAIL: gcc.target/i386/avx2-vpandn-1.c scan-assembler vpandn[ \\\\t]+[^\\n]*%ymm[0-9]
FAIL: gcc.target/i386/avx2-vpmulld-3.c scan-assembler-times vpmulld[ \\\\t]+[^\\n]*%ymm[0-9] 1
FAIL: gcc.target/i386/avx2-vpmullw-3.c scan-assembler-times vpmullw[ \\\\t]+[^\\n]*%ymm[0-9] 1
FAIL: gcc.target/i386/avx2-vpor-1.c scan-assembler vpor[ \\\\t]+[^\\n]*%ymm[0-9]
FAIL: gcc.target/i386/avx2-vpsrad-3.c scan-assembler-times vpsrld[ \\\\t]+[^\\n]*%ymm[0-9] 1
FAIL: gcc.target/i386/avx2-vpsraw-3.c scan-assembler-times vpsraw[ \\\\t]+[^\\n]*%ymm[0-9] 1
FAIL: gcc.target/i386/avx2-vpsrld-3.c scan-assembler-times vpsrld[ \\\\t]+[^\\n]*%ymm[0-9] 1
FAIL: gcc.target/i386/avx2-vpsrlw-3.c scan-assembler-times vpsrlw[ \\\\t]+[^\\n]*%ymm[0-9] 1
FAIL: gcc.target/i386/avx2-vpsubb-3.c scan-assembler-times vpsubb[ \\\\t]+[^\\n]*%ymm[0-9] 1
FAIL: gcc.target/i386/avx2-vpsubd-3.c scan-assembler-times vpsubd[ \\\\t]+[^\\n]*%ymm[0-9] 1
FAIL: gcc.target/i386/avx2-vpsubq-3.c scan-assembler-times vpsubq[ \\\\t]+[^\\n]*%ymm[0-9] 1
FAIL: gcc.target/i386/avx2-vpsubw-3.c scan-assembler-times vpsubw[ \\\\t]+[^\\n]*%ymm[0-9] 1
FAIL: gcc.target/i386/avx2-vpxor-1.c scan-assembler vpxor[ \\\\t]+[^\\n]*%ymm[0-9]
FAIL: gcc.target/i386/avx256-unaligned-load-1.c scan-assembler movv4sf_internal/3
FAIL: gcc.target/i386/avx256-unaligned-load-1.c scan-assembler vinsertf128
FAIL: gcc.target/i386/avx256-unaligned-load-3.c scan-assembler (sse2_loadupd|vmovupd[^\\n\\r]*movv2df_internal)
FAIL: gcc.target/i386/avx256-unaligned-load-3.c scan-assembler vinsertf128
FAIL: gcc.target/i386/avx256-unaligned-load-4.c scan-assembler (avx_loadups256|vmovups[^\\n\\r]*movv8sf_internal)
FAIL: gcc.target/i386/avx256-unaligned-store-1.c scan-assembler vextractf128
FAIL: gcc.target/i386/avx256-unaligned-store-1.c scan-assembler vmovups.*movv4sf_internal/4
FAIL: gcc.target/i386/avx256-unaligned-store-3.c scan-assembler vextractf128
FAIL: gcc.target/i386/avx256-unaligned-store-3.c scan-assembler vmovups.*movv2df_internal/4
FAIL: gcc.target/i386/avx256-unaligned-store-4.c scan-assembler vmovups.*movv8sf_internal/4
FAIL: gcc.target/i386/avx512f-vec-init.c scan-assembler-times vpbroadcastb[ \\\\t]+[^{\\n]*%ymm[0-9]+(?:\\n|[ \\\\t]+#) 2
FAIL: gcc.target/i386/avx512f-vec-init.c scan-assembler-times vpbroadcastw[ \\\\t]+[^{\\n]*%ymm[0-9]+(?:\\n|[ \\\\t]+#) 2
FAIL: gcc.target/i386/avx512vl-pr79299-1.c (test for excess errors)
FAIL: gcc.target/i386/avx512vl-pr79299-2.c (test for excess errors)
FAIL: gcc.target/i386/avx512vl-vpermb-2.c execution test
FAIL: gcc.target/i386/avx512vl-vpermi2b-2.c execution test
FAIL: gcc.target/i386/avx512vl-vpermt2b-2.c execution test
FAIL: gcc.target/i386/avx512vl-vpmaddhuq-2.c execution test
FAIL: gcc.target/i386/avx512vl-vpmaddluq-2.c execution test
FAIL: gcc.target/i386/avx512vl-vpmultishiftqb-2.c execution test
FAIL: gcc.target/i386/fma4-builtin-2.c scan-assembler-times vfmaddpd 1
FAIL: gcc.target/i386/fma4-builtin-2.c scan-assembler-times vfmaddps 1
FAIL: gcc.target/i386/fma4-builtin-2.c scan-assembler-times vfmsubpd 1
FAIL: gcc.target/i386/fma4-builtin-2.c scan-assembler-times vfmsubps 1
FAIL: gcc.target/i386/fma4-builtin-2.c scan-assembler-times vfnmaddpd 1
FAIL: gcc.target/i386/fma4-builtin-2.c scan-assembler-times vfnmaddps 1
FAIL: gcc.target/i386/fma4-builtin-2.c scan-assembler-times vfnmsubpd 1
FAIL: gcc.target/i386/fma4-builtin-2.c scan-assembler-times vfnmsubps 1
FAIL: gcc.target/i386/l_fma_double_1.c scan-assembler-times vfmadd[123]+sd 80
FAIL: gcc.target/i386/l_fma_double_1.c scan-assembler-times vfmsub[123]+sd 80
FAIL: gcc.target/i386/l_fma_double_1.c scan-assembler-times vfnmadd[123]+sd 80
FAIL: gcc.target/i386/l_fma_double_1.c scan-assembler-times vfnmsub[123]+sd 80
FAIL: gcc.target/i386/l_fma_double_2.c scan-assembler-times vfmadd[123]+sd 80
FAIL: gcc.target/i386/l_fma_double_2.c scan-assembler-times vfmsub[123]+sd 80
FAIL: gcc.target/i386/l_fma_double_2.c scan-assembler-times vfnmadd[123]+sd 80
FAIL: gcc.target/i386/l_fma_double_2.c scan-assembler-times vfnmsub[123]+sd 80
FAIL: gcc.target/i386/l_fma_double_3.c scan-assembler-times vfmadd[123]+sd 80
FAIL: gcc.target/i386/l_fma_double_3.c scan-assembler-times vfmsub[123]+sd 80
FAIL: gcc.target/i386/l_fma_double_3.c scan-assembler-times vfnmadd[123]+sd 80
FAIL: gcc.target/i386/l_fma_double_3.c scan-assembler-times vfnmsub[123]+sd 80
FAIL: gcc.target/i386/l_fma_double_4.c scan-assembler-times vfmadd[123]+sd 80
FAIL: gcc.target/i386/l_fma_double_4.c scan-assembler-times vfmsub[123]+sd 80
FAIL: gcc.target/i386/l_fma_double_4.c scan-assembler-times vfnmadd[123]+sd 80
FAIL: gcc.target/i386/l_fma_double_4.c scan-assembler-times vfnmsub[123]+sd 80
FAIL: gcc.target/i386/l_fma_double_5.c scan-assembler-times vfmadd[123]+sd 80
FAIL: gcc.target/i386/l_fma_double_5.c scan-assembler-times vfmsub[123]+sd 80
FAIL: gcc.target/i386/l_fma_double_5.c scan-assembler-times vfnmadd[123]+sd 80
FAIL: gcc.target/i386/l_fma_double_5.c scan-assembler-times vfnmsub[123]+sd 80
FAIL: gcc.target/i386/l_fma_double_6.c scan-assembler-times vfmadd[123]+sd 80
FAIL: gcc.target/i386/l_fma_double_6.c scan-assembler-times vfmsub[123]+sd 80
FAIL: gcc.target/i386/l_fma_double_6.c scan-assembler-times vfnmadd[123]+sd 80
FAIL: gcc.target/i386/l_fma_double_6.c scan-assembler-times vfnmsub[123]+sd 80
FAIL: gcc.target/i386/l_fma_float_1.c scan-assembler-times vfmadd[123]+ss 176
FAIL: gcc.target/i386/l_fma_float_1.c scan-assembler-times vfmsub[123]+ss 176
FAIL: gcc.target/i386/l_fma_float_1.c scan-assembler-times vfnmadd[123]+ss 176
FAIL: gcc.target/i386/l_fma_float_1.c scan-assembler-times vfnmsub[123]+ss 176
FAIL: gcc.target/i386/l_fma_float_2.c scan-assembler-times vfmadd[123]+ss 176
FAIL: gcc.target/i386/l_fma_float_2.c scan-assembler-times vfmsub[123]+ss 176
FAIL: gcc.target/i386/l_fma_float_2.c scan-assembler-times vfnmadd[123]+ss 176
FAIL: gcc.target/i386/l_fma_float_2.c scan-assembler-times vfnmsub[123]+ss 176
FAIL: gcc.target/i386/l_fma_float_3.c scan-assembler-times vfmadd[123]+ss 176
FAIL: gcc.target/i386/l_fma_float_3.c scan-assembler-times vfmsub[123]+ss 176
FAIL: gcc.target/i386/l_fma_float_3.c scan-assembler-times vfnmadd[123]+ss 176
FAIL: gcc.target/i386/l_fma_float_3.c scan-assembler-times vfnmsub[123]+ss 176
FAIL: gcc.target/i386/l_fma_float_4.c scan-assembler-times vfmadd[123]+ss 176
FAIL: gcc.target/i386/l_fma_float_4.c scan-assembler-times vfmsub[123]+ss 176
FAIL: gcc.target/i386/l_fma_float_4.c scan-assembler-times vfnmadd[123]+ss 176
FAIL: gcc.target/i386/l_fma_float_4.c scan-assembler-times vfnmsub[123]+ss 176
FAIL: gcc.target/i386/l_fma_float_5.c scan-assembler-times vfmadd[123]+ss 176
FAIL: gcc.target/i386/l_fma_float_5.c scan-assembler-times vfmsub[123]+ss 176
FAIL: gcc.target/i386/l_fma_float_5.c scan-assembler-times vfnmadd[123]+ss 176
FAIL: gcc.target/i386/l_fma_float_5.c scan-assembler-times vfnmsub[123]+ss 176
FAIL: gcc.target/i386/l_fma_float_6.c scan-assembler-times vfmadd[123]+ss 176
FAIL: gcc.target/i386/l_fma_float_6.c scan-assembler-times vfmsub[123]+ss 176
FAIL: gcc.target/i386/l_fma_float_6.c scan-assembler-times vfnmadd[123]+ss 176
FAIL: gcc.target/i386/l_fma_float_6.c scan-assembler-times vfnmsub[123]+ss 176
FAIL: gcc.target/i386/mvc6.c scan-assembler punpcklbw
FAIL: gcc.target/i386/pr42542-5a.c scan-assembler pcmpgtq
FAIL: gcc.target/i386/pr52252-atom.c scan-assembler palignr
FAIL: gcc.target/i386/pr59390.c scan-assembler-not vfmadd
FAIL: gcc.target/i386/pr61403.c scan-assembler blend
FAIL: gcc.target/i386/pr70325.c  (test for warnings, line 11)
FAIL: gcc.target/i386/pr70325.c (test for excess errors)
FAIL: gcc.target/i386/recip-vec-divf-avx.c scan-assembler vrcpps[ \\\\t]+[^\\n]*%ymm
FAIL: gcc.target/i386/recip-vec-sqrtf-avx.c scan-assembler-times vrsqrtps[ \\\\t]+[^\\n]*%ymm 3
FAIL: gcc.target/i386/vect-rebuild.c scan-assembler-times \\tv?extractf128[ \\t] 1
FAIL: gcc.target/i386/vectorize4-avx.c scan-assembler vsqrtpd[ \\\\t]+[^\\n]*%ymm
FAIL: gcc.target/i386/vectorize7.c scan-assembler cvtdq2ps

		=== gcc Summary for unix/-m32 ===

# of expected passes		132110
# of unexpected failures	251
# of unexpected successes	55
# of expected failures		355
# of unsupported tests		2319

Running target unix/-mx32
FAIL: gcc.dg/nested-func-11.c (test for excess errors)
XPASS: gcc.dg/guality/example.c   -O0  execution test
XPASS: gcc.dg/guality/guality.c   -O0  execution test
XPASS: gcc.dg/guality/guality.c   -O1  execution test
XPASS: gcc.dg/guality/guality.c   -O2  execution test
XPASS: gcc.dg/guality/guality.c   -O2 -flto -fno-use-linker-plugin -flto-partition=none  execution test
XPASS: gcc.dg/guality/guality.c   -O2 -flto -fuse-linker-plugin -fno-fat-lto-objects  execution test
XPASS: gcc.dg/guality/guality.c   -O3 -g  execution test
XPASS: gcc.dg/guality/guality.c   -Os  execution test
XPASS: gcc.dg/guality/inline-params.c   -O2  execution test
XPASS: gcc.dg/guality/inline-params.c   -O2 -flto -fno-use-linker-plugin -flto-partition=none  execution test
XPASS: gcc.dg/guality/inline-params.c   -O3 -g  execution test
XPASS: gcc.dg/guality/inline-params.c   -Os  execution test
XPASS: gcc.dg/guality/pr41353-1.c   -O0  line 28 j == 28 + 37
XPASS: gcc.dg/guality/pr41353-1.c   -O1  line 28 j == 28 + 37
XPASS: gcc.dg/guality/pr41353-1.c   -O2  line 28 j == 28 + 37
XPASS: gcc.dg/guality/pr41353-1.c   -O2 -flto -fno-use-linker-plugin -flto-partition=none  line 28 j == 28 + 37
XPASS: gcc.dg/guality/pr41353-1.c   -O2 -flto -fuse-linker-plugin -fno-fat-lto-objects  line 28 j == 28 + 37
XPASS: gcc.dg/guality/pr41353-1.c   -O3 -g  line 28 j == 28 + 37
XPASS: gcc.dg/guality/pr41353-1.c   -Os  line 28 j == 28 + 37
FAIL: gcc.dg/guality/pr41447-1.c   -O2  execution test
FAIL: gcc.dg/guality/pr41447-1.c   -O2 -flto -fno-use-linker-plugin -flto-partition=none  execution test
FAIL: gcc.dg/guality/pr41447-1.c   -O3 -g  execution test
FAIL: gcc.dg/guality/pr41447-1.c   -Os  execution test
FAIL: gcc.dg/guality/pr41616-1.c   -O2 -flto -fuse-linker-plugin -fno-fat-lto-objects  execution test
FAIL: gcc.dg/guality/pr43051-1.c   -O1  line 36 e == &a[1]
FAIL: gcc.dg/guality/pr43051-1.c   -O1  line 41 e == &a[1]
FAIL: gcc.dg/guality/pr43051-1.c   -O2  line 36 e == &a[1]
FAIL: gcc.dg/guality/pr43051-1.c   -O2  line 41 e == &a[1]
FAIL: gcc.dg/guality/pr43051-1.c   -O2 -flto -fno-use-linker-plugin -flto-partition=none  line 36 e == &a[1]
FAIL: gcc.dg/guality/pr43051-1.c   -O2 -flto -fno-use-linker-plugin -flto-partition=none  line 41 e == &a[1]
FAIL: gcc.dg/guality/pr43051-1.c   -O2 -flto -fuse-linker-plugin -fno-fat-lto-objects  line 36 e == &a[1]
FAIL: gcc.dg/guality/pr43051-1.c   -O2 -flto -fuse-linker-plugin -fno-fat-lto-objects  line 41 e == &a[1]
FAIL: gcc.dg/guality/pr43051-1.c   -O3 -fomit-frame-pointer -funroll-loops -fpeel-loops -ftracer -finline-functions  line 39 c == &a[0]
FAIL: gcc.dg/guality/pr43051-1.c   -Os  line 34 c == &a[0]
FAIL: gcc.dg/guality/pr43051-1.c   -Os  line 36 e == &a[1]
FAIL: gcc.dg/guality/pr43051-1.c   -Os  line 39 c == &a[0]
FAIL: gcc.dg/guality/pr43051-1.c   -Os  line 41 e == &a[1]
FAIL: gcc.dg/guality/pr45882.c   -O2 -flto -fuse-linker-plugin -fno-fat-lto-objects  line 16 d == 112
FAIL: gcc.dg/guality/pr45882.c   -O2 -flto -fuse-linker-plugin -fno-fat-lto-objects  line 16 e == 142
FAIL: gcc.dg/guality/pr54200.c   -Os  line 20 z == 3
FAIL: gcc.dg/guality/pr54519-1.c   -O2 -flto -fno-use-linker-plugin -flto-partition=none  line 20 y == 25
FAIL: gcc.dg/guality/pr54519-1.c   -O2 -flto -fno-use-linker-plugin -flto-partition=none  line 20 z == 6
FAIL: gcc.dg/guality/pr54519-1.c   -O2 -flto -fno-use-linker-plugin -flto-partition=none  line 23 y == 117
FAIL: gcc.dg/guality/pr54519-1.c   -O2 -flto -fno-use-linker-plugin -flto-partition=none  line 23 z == 8
FAIL: gcc.dg/guality/pr54519-1.c   -O2 -flto -fuse-linker-plugin -fno-fat-lto-objects  line 20 y == 25
FAIL: gcc.dg/guality/pr54519-1.c   -O2 -flto -fuse-linker-plugin -fno-fat-lto-objects  line 20 z == 6
FAIL: gcc.dg/guality/pr54519-1.c   -O2 -flto -fuse-linker-plugin -fno-fat-lto-objects  line 23 y == 117
FAIL: gcc.dg/guality/pr54519-1.c   -O2 -flto -fuse-linker-plugin -fno-fat-lto-objects  line 23 z == 8
FAIL: gcc.dg/guality/pr54519-2.c   -O2 -flto -fno-use-linker-plugin -flto-partition=none  line 17 y == 25
FAIL: gcc.dg/guality/pr54519-2.c   -O2 -flto -fuse-linker-plugin -fno-fat-lto-objects  line 17 y == 25
FAIL: gcc.dg/guality/pr54519-3.c   -O2 -flto -fno-use-linker-plugin -flto-partition=none  line 20 y == 25
FAIL: gcc.dg/guality/pr54519-3.c   -O2 -flto -fno-use-linker-plugin -flto-partition=none  line 20 z == 6
FAIL: gcc.dg/guality/pr54519-3.c   -O2 -flto -fno-use-linker-plugin -flto-partition=none  line 23 y == 117
FAIL: gcc.dg/guality/pr54519-3.c   -O2 -flto -fno-use-linker-plugin -flto-partition=none  line 23 z == 8
FAIL: gcc.dg/guality/pr54519-3.c   -O2 -flto -fuse-linker-plugin -fno-fat-lto-objects  line 20 y == 25
FAIL: gcc.dg/guality/pr54519-3.c   -O2 -flto -fuse-linker-plugin -fno-fat-lto-objects  line 20 z == 6
FAIL: gcc.dg/guality/pr54519-3.c   -O2 -flto -fuse-linker-plugin -fno-fat-lto-objects  line 23 y == 117
FAIL: gcc.dg/guality/pr54519-3.c   -O2 -flto -fuse-linker-plugin -fno-fat-lto-objects  line 23 z == 8
FAIL: gcc.dg/guality/pr54519-4.c   -O2 -flto -fno-use-linker-plugin -flto-partition=none  line 17 y == 25
FAIL: gcc.dg/guality/pr54519-4.c   -O2 -flto -fuse-linker-plugin -fno-fat-lto-objects  line 17 y == 25
FAIL: gcc.dg/guality/pr54519-5.c   -O2 -flto -fno-use-linker-plugin -flto-partition=none  line 17 y == 25
FAIL: gcc.dg/guality/pr54519-5.c   -O2 -flto -fuse-linker-plugin -fno-fat-lto-objects  line 17 y == 25
FAIL: gcc.dg/guality/pr54693-2.c   -Os  line 21 x == 10 - i
FAIL: gcc.dg/guality/pr54693-2.c   -Os  line 21 y == 20 - 2 * i
FAIL: gcc.dg/guality/pr68860-1.c   -O2 -flto -fno-use-linker-plugin -flto-partition=none  line 14 arg1 == 1
FAIL: gcc.dg/guality/pr68860-1.c   -O2 -flto -fno-use-linker-plugin -flto-partition=none  line 14 arg2 == 2
FAIL: gcc.dg/guality/pr68860-1.c   -O2 -flto -fno-use-linker-plugin -flto-partition=none  line 14 arg3 == 3
FAIL: gcc.dg/guality/pr68860-1.c   -O2 -flto -fno-use-linker-plugin -flto-partition=none  line 14 arg4 == 4
FAIL: gcc.dg/guality/pr68860-1.c   -O2 -flto -fno-use-linker-plugin -flto-partition=none  line 14 arg5 == 5
FAIL: gcc.dg/guality/pr68860-1.c   -O2 -flto -fno-use-linker-plugin -flto-partition=none  line 14 arg6 == 6
FAIL: gcc.dg/guality/pr68860-1.c   -O2 -flto -fno-use-linker-plugin -flto-partition=none  line 16 arg1 == 1
FAIL: gcc.dg/guality/pr68860-1.c   -O2 -flto -fno-use-linker-plugin -flto-partition=none  line 16 arg2 == 2
FAIL: gcc.dg/guality/pr68860-1.c   -O2 -flto -fno-use-linker-plugin -flto-partition=none  line 16 arg3 == 3
FAIL: gcc.dg/guality/pr68860-1.c   -O2 -flto -fno-use-linker-plugin -flto-partition=none  line 16 arg4 == 4
FAIL: gcc.dg/guality/pr68860-1.c   -O2 -flto -fno-use-linker-plugin -flto-partition=none  line 16 arg5 == 5
FAIL: gcc.dg/guality/pr68860-1.c   -O2 -flto -fno-use-linker-plugin -flto-partition=none  line 16 arg6 == 6
FAIL: gcc.dg/guality/pr68860-1.c   -O2 -flto -fuse-linker-plugin -fno-fat-lto-objects  line 14 arg1 == 1
FAIL: gcc.dg/guality/pr68860-1.c   -O2 -flto -fuse-linker-plugin -fno-fat-lto-objects  line 14 arg2 == 2
FAIL: gcc.dg/guality/pr68860-1.c   -O2 -flto -fuse-linker-plugin -fno-fat-lto-objects  line 14 arg3 == 3
FAIL: gcc.dg/guality/pr68860-1.c   -O2 -flto -fuse-linker-plugin -fno-fat-lto-objects  line 14 arg4 == 4
FAIL: gcc.dg/guality/pr68860-1.c   -O2 -flto -fuse-linker-plugin -fno-fat-lto-objects  line 14 arg5 == 5
FAIL: gcc.dg/guality/pr68860-1.c   -O2 -flto -fuse-linker-plugin -fno-fat-lto-objects  line 14 arg6 == 6
FAIL: gcc.dg/guality/pr68860-1.c   -O2 -flto -fuse-linker-plugin -fno-fat-lto-objects  line 16 arg1 == 1
FAIL: gcc.dg/guality/pr68860-1.c   -O2 -flto -fuse-linker-plugin -fno-fat-lto-objects  line 16 arg2 == 2
FAIL: gcc.dg/guality/pr68860-1.c   -O2 -flto -fuse-linker-plugin -fno-fat-lto-objects  line 16 arg3 == 3
FAIL: gcc.dg/guality/pr68860-1.c   -O2 -flto -fuse-linker-plugin -fno-fat-lto-objects  line 16 arg4 == 4
FAIL: gcc.dg/guality/pr68860-1.c   -O2 -flto -fuse-linker-plugin -fno-fat-lto-objects  line 16 arg5 == 5
FAIL: gcc.dg/guality/pr68860-1.c   -O2 -flto -fuse-linker-plugin -fno-fat-lto-objects  line 16 arg6 == 6
FAIL: gcc.dg/guality/vla-1.c   -O1  line 17 sizeof (a) == 6
FAIL: gcc.dg/guality/vla-1.c   -O2  line 17 sizeof (a) == 6
FAIL: gcc.dg/guality/vla-1.c   -O2 -flto -fno-use-linker-plugin -flto-partition=none  line 17 sizeof (a) == 6
FAIL: gcc.dg/guality/vla-1.c   -O2 -flto -fuse-linker-plugin -fno-fat-lto-objects  line 17 sizeof (a) == 6
FAIL: gcc.dg/guality/vla-1.c   -O3 -g  line 17 sizeof (a) == 6
FAIL: gcc.dg/guality/vla-1.c   -Os  line 17 sizeof (a) == 6
FAIL: gcc.dg/vect/bb-slp-pattern-1.c -flto -ffat-lto-objects  scan-tree-dump-times slp2 "vect_recog_widen_mult_pattern: detected" 8
FAIL: gcc.dg/vect/bb-slp-pattern-1.c scan-tree-dump-times slp2 "vect_recog_widen_mult_pattern: detected" 8
FAIL: gcc.dg/vect/bb-slp-pr69907.c -flto -ffat-lto-objects  scan-tree-dump slp1 "BB vectorization with gaps at the end of a load is not supported"
FAIL: gcc.dg/vect/bb-slp-pr69907.c scan-tree-dump slp1 "BB vectorization with gaps at the end of a load is not supported"
FAIL: gcc.dg/vect/no-scevccp-outer-7.c scan-tree-dump-times vect "vect_recog_widen_mult_pattern: detected" 1
FAIL: gcc.dg/vect/no-scevccp-vect-iv-3.c scan-tree-dump-times vect "vect_recog_widen_sum_pattern: detected" 1
FAIL: gcc.dg/vect/no-section-anchors-vect-31.c scan-tree-dump-times vect "Alignment of access forced using peeling" 2
FAIL: gcc.dg/vect/no-section-anchors-vect-31.c scan-tree-dump-times vect "Vectorizing an unaligned access" 0
FAIL: gcc.dg/vect/no-section-anchors-vect-64.c scan-tree-dump-times vect "Alignment of access forced using peeling" 2
FAIL: gcc.dg/vect/no-section-anchors-vect-64.c scan-tree-dump-times vect "Vectorizing an unaligned access" 0
XPASS: gcc.dg/vect/no-section-anchors-vect-69.c scan-tree-dump-times vect "Alignment of access forced using peeling" 2
FAIL: gcc.dg/vect/no-section-anchors-vect-69.c scan-tree-dump-times vect "Vectorizing an unaligned access" 0
FAIL: gcc.dg/vect/no-vfa-vect-101.c scan-tree-dump-times vect "can't determine dependence" 2
FAIL: gcc.dg/vect/no-vfa-vect-102.c scan-tree-dump-times vect "possible dependence between data-refs" 2
FAIL: gcc.dg/vect/no-vfa-vect-102a.c scan-tree-dump-times vect "possible dependence between data-refs" 2
FAIL: gcc.dg/vect/no-vfa-vect-37.c scan-tree-dump-times vect "can't determine dependence" 4
FAIL: gcc.dg/vect/no-vfa-vect-79.c scan-tree-dump-times vect "can't determine dependence" 2
FAIL: gcc.dg/vect/pr65518.c -flto -ffat-lto-objects  scan-tree-dump-times vect "vectorized 0 loops in function" 2
FAIL: gcc.dg/vect/pr65518.c scan-tree-dump-times vect "vectorized 0 loops in function" 2
XPASS: gcc.dg/vect/pr65947-1.c -flto -ffat-lto-objects  scan-tree-dump-times vect "LOOP VECTORIZED" 2
XPASS: gcc.dg/vect/pr65947-1.c -flto -ffat-lto-objects  scan-tree-dump-times vect "condition expression based on integer induction." 4
XPASS: gcc.dg/vect/pr65947-1.c scan-tree-dump-times vect "LOOP VECTORIZED" 2
XPASS: gcc.dg/vect/pr65947-1.c scan-tree-dump-times vect "condition expression based on integer induction." 4
XPASS: gcc.dg/vect/pr65947-10.c -flto -ffat-lto-objects  scan-tree-dump-times vect "LOOP VECTORIZED" 2
XPASS: gcc.dg/vect/pr65947-10.c scan-tree-dump-times vect "LOOP VECTORIZED" 2
XPASS: gcc.dg/vect/pr65947-12.c -flto -ffat-lto-objects  scan-tree-dump-times vect "LOOP VECTORIZED" 2
XPASS: gcc.dg/vect/pr65947-12.c scan-tree-dump-times vect "LOOP VECTORIZED" 2
XPASS: gcc.dg/vect/pr65947-13.c -flto -ffat-lto-objects  scan-tree-dump-times vect "LOOP VECTORIZED" 2
XPASS: gcc.dg/vect/pr65947-13.c scan-tree-dump-times vect "LOOP VECTORIZED" 2
XPASS: gcc.dg/vect/pr65947-2.c -flto -ffat-lto-objects  scan-tree-dump-times vect "LOOP VECTORIZED" 2
XPASS: gcc.dg/vect/pr65947-2.c scan-tree-dump-times vect "LOOP VECTORIZED" 2
XPASS: gcc.dg/vect/pr65947-3.c -flto -ffat-lto-objects  scan-tree-dump-times vect "LOOP VECTORIZED" 2
XPASS: gcc.dg/vect/pr65947-3.c scan-tree-dump-times vect "LOOP VECTORIZED" 2
XPASS: gcc.dg/vect/pr65947-4.c -flto -ffat-lto-objects  scan-tree-dump-times vect "LOOP VECTORIZED" 2
XPASS: gcc.dg/vect/pr65947-4.c -flto -ffat-lto-objects  scan-tree-dump-times vect "condition expression based on integer induction." 4
XPASS: gcc.dg/vect/pr65947-4.c scan-tree-dump-times vect "LOOP VECTORIZED" 2
XPASS: gcc.dg/vect/pr65947-4.c scan-tree-dump-times vect "condition expression based on integer induction." 4
XPASS: gcc.dg/vect/pr65947-5.c -flto -ffat-lto-objects  scan-tree-dump vect "loop size is greater than data size"
XPASS: gcc.dg/vect/pr65947-5.c scan-tree-dump vect "loop size is greater than data size"
XPASS: gcc.dg/vect/pr65947-6.c -flto -ffat-lto-objects  scan-tree-dump-times vect "LOOP VECTORIZED" 2
XPASS: gcc.dg/vect/pr65947-6.c scan-tree-dump-times vect "LOOP VECTORIZED" 2
XPASS: gcc.dg/vect/pr65947-9.c -flto -ffat-lto-objects  scan-tree-dump vect "loop size is greater than data size"
XPASS: gcc.dg/vect/pr65947-9.c scan-tree-dump vect "loop size is greater than data size"
XPASS: gcc.dg/vect/pr80631-1.c -flto -ffat-lto-objects  scan-tree-dump-times vect "LOOP VECTORIZED" 5
XPASS: gcc.dg/vect/pr80631-1.c -flto -ffat-lto-objects  scan-tree-dump-times vect "condition expression based on integer induction." 10
XPASS: gcc.dg/vect/pr80631-1.c scan-tree-dump-times vect "LOOP VECTORIZED" 5
XPASS: gcc.dg/vect/pr80631-1.c scan-tree-dump-times vect "condition expression based on integer induction." 10
FAIL: gcc.dg/vect/slp-perm-9.c -flto -ffat-lto-objects  scan-tree-dump-times vect "vectorized 1 loops" 2
FAIL: gcc.dg/vect/slp-perm-9.c -flto -ffat-lto-objects  scan-tree-dump-times vect "vectorizing stmts using SLP" 1
FAIL: gcc.dg/vect/slp-perm-9.c scan-tree-dump-times vect "vectorized 1 loops" 2
FAIL: gcc.dg/vect/slp-perm-9.c scan-tree-dump-times vect "vectorizing stmts using SLP" 1
FAIL: gcc.dg/vect/slp-widen-mult-half.c -flto -ffat-lto-objects  scan-tree-dump-times vect "vect_recog_widen_mult_pattern: detected" 2
FAIL: gcc.dg/vect/slp-widen-mult-half.c scan-tree-dump-times vect "vect_recog_widen_mult_pattern: detected" 2
FAIL: gcc.dg/vect/vect-104.c -flto -ffat-lto-objects  scan-tree-dump-times vect "possible dependence between data-refs" 2
FAIL: gcc.dg/vect/vect-104.c scan-tree-dump-times vect "possible dependence between data-refs" 2
FAIL: gcc.dg/vect/vect-24.c -flto -ffat-lto-objects  scan-tree-dump-times vect "Vectorizing an unaligned access" 0
XPASS: gcc.dg/vect/vect-24.c -flto -ffat-lto-objects  scan-tree-dump-times vect "vectorized 3 loops" 1
FAIL: gcc.dg/vect/vect-24.c scan-tree-dump-times vect "Vectorizing an unaligned access" 0
XPASS: gcc.dg/vect/vect-24.c scan-tree-dump-times vect "vectorized 3 loops" 1
FAIL: gcc.dg/vect/vect-70.c -flto -ffat-lto-objects  scan-tree-dump-times vect "Alignment of access forced using peeling" 1
FAIL: gcc.dg/vect/vect-70.c -flto -ffat-lto-objects  scan-tree-dump-times vect "Vectorizing an unaligned access" 0
FAIL: gcc.dg/vect/vect-70.c scan-tree-dump-times vect "Alignment of access forced using peeling" 1
FAIL: gcc.dg/vect/vect-70.c scan-tree-dump-times vect "Vectorizing an unaligned access" 0
FAIL: gcc.dg/vect/vect-89.c -flto -ffat-lto-objects  scan-tree-dump-times vect "Alignment of access forced using peeling" 1
FAIL: gcc.dg/vect/vect-89.c -flto -ffat-lto-objects  scan-tree-dump-times vect "Vectorizing an unaligned access" 0
FAIL: gcc.dg/vect/vect-89.c scan-tree-dump-times vect "Alignment of access forced using peeling" 1
FAIL: gcc.dg/vect/vect-89.c scan-tree-dump-times vect "Vectorizing an unaligned access" 0
FAIL: gcc.dg/vect/vect-92.c -flto -ffat-lto-objects  scan-tree-dump-times vect "Alignment of access forced using peeling" 3
FAIL: gcc.dg/vect/vect-92.c -flto -ffat-lto-objects  scan-tree-dump-times vect "Vectorizing an unaligned access" 0
FAIL: gcc.dg/vect/vect-92.c scan-tree-dump-times vect "Alignment of access forced using peeling" 3
FAIL: gcc.dg/vect/vect-92.c scan-tree-dump-times vect "Vectorizing an unaligned access" 0
FAIL: gcc.dg/vect/vect-93.c -flto -ffat-lto-objects  scan-tree-dump-times vect "Vectorizing an unaligned access" 1
FAIL: gcc.dg/vect/vect-93.c scan-tree-dump-times vect "Vectorizing an unaligned access" 1
XPASS: gcc.dg/vect/vect-cond-2.c -flto -ffat-lto-objects  scan-tree-dump-times vect "vectorized 1 loops" 1
XPASS: gcc.dg/vect/vect-cond-2.c scan-tree-dump-times vect "vectorized 1 loops" 1
FAIL: gcc.dg/vect/vect-cselim-1.c -flto -ffat-lto-objects  scan-tree-dump-times vect "vectorized 1 loops" 1
FAIL: gcc.dg/vect/vect-cselim-1.c scan-tree-dump-times vect "vectorized 1 loops" 1
FAIL: gcc.dg/vect/vect-nb-iter-ub-2.c -flto -ffat-lto-objects  scan-tree-dump cunroll "loop turned into non-loop; it never loops"
FAIL: gcc.dg/vect/vect-nb-iter-ub-2.c scan-tree-dump cunroll "loop turned into non-loop; it never loops"
FAIL: gcc.dg/vect/vect-nb-iter-ub-3.c -flto -ffat-lto-objects  scan-tree-dump-not cunroll "loop turned into non-loop; it never loops"
FAIL: gcc.dg/vect/vect-nb-iter-ub-3.c scan-tree-dump-not cunroll "loop turned into non-loop; it never loops"
FAIL: gcc.dg/vect/vect-over-widen-1.c -flto -ffat-lto-objects  scan-tree-dump-times vect "vect_recog_over_widening_pattern: detected" 8
FAIL: gcc.dg/vect/vect-over-widen-1.c scan-tree-dump-times vect "vect_recog_over_widening_pattern: detected" 8
FAIL: gcc.dg/vect/vect-over-widen-3-big-array.c -flto -ffat-lto-objects  scan-tree-dump-times vect "vect_recog_over_widening_pattern: detected" 2
FAIL: gcc.dg/vect/vect-over-widen-3-big-array.c scan-tree-dump-times vect "vect_recog_over_widening_pattern: detected" 2
FAIL: gcc.dg/vect/vect-over-widen-4.c -flto -ffat-lto-objects  scan-tree-dump-times vect "vect_recog_over_widening_pattern: detected" 8
FAIL: gcc.dg/vect/vect-over-widen-4.c scan-tree-dump-times vect "vect_recog_over_widening_pattern: detected" 8
XPASS: gcc.dg/vect/vect-pr69848.c -flto -ffat-lto-objects  scan-tree-dump vect "vectorized 1 loops"
XPASS: gcc.dg/vect/vect-pr69848.c scan-tree-dump vect "vectorized 1 loops"
FAIL: gcc.dg/vect/vect-reduc-pattern-1a.c -flto -ffat-lto-objects  scan-tree-dump-times vect "vect_recog_widen_sum_pattern: detected" 1
FAIL: gcc.dg/vect/vect-reduc-pattern-1a.c scan-tree-dump-times vect "vect_recog_widen_sum_pattern: detected" 1
FAIL: gcc.dg/vect/vect-reduc-pattern-2a.c -flto -ffat-lto-objects  scan-tree-dump-times vect "vect_recog_widen_sum_pattern: detected" 1
FAIL: gcc.dg/vect/vect-reduc-pattern-2a.c scan-tree-dump-times vect "vect_recog_widen_sum_pattern: detected" 1
FAIL: gcc.dg/vect/vect-tail-nomask-1.c -flto -ffat-lto-objects  scan-tree-dump-times vect "LOOP EPILOGUE VECTORIZED \\\\(VS=16\\\\)" 2
FAIL: gcc.dg/vect/vect-tail-nomask-1.c scan-tree-dump-times vect "LOOP EPILOGUE VECTORIZED \\\\(VS=16\\\\)" 2
FAIL: gcc.dg/vect/vect-widen-mult-const-s16.c -flto -ffat-lto-objects  scan-tree-dump-times vect "widen_mult pattern recognized" 2
FAIL: gcc.dg/vect/vect-widen-mult-const-s16.c scan-tree-dump-times vect "widen_mult pattern recognized" 2
FAIL: gcc.dg/vect/vect-widen-mult-const-u16.c -flto -ffat-lto-objects  scan-tree-dump-times vect "widen_mult pattern recognized" 2
FAIL: gcc.dg/vect/vect-widen-mult-const-u16.c scan-tree-dump-times vect "widen_mult pattern recognized" 2
FAIL: gcc.dg/vect/vect-widen-mult-half-u8.c -flto -ffat-lto-objects  scan-tree-dump-times vect "vect_recog_widen_mult_pattern: detected" 2
FAIL: gcc.dg/vect/vect-widen-mult-half-u8.c scan-tree-dump-times vect "vect_recog_widen_mult_pattern: detected" 2
FAIL: gcc.dg/vect/vect-widen-mult-half.c -flto -ffat-lto-objects  scan-tree-dump-times vect "vect_recog_widen_mult_pattern: detected" 1
FAIL: gcc.dg/vect/vect-widen-mult-half.c scan-tree-dump-times vect "vect_recog_widen_mult_pattern: detected" 1
FAIL: gcc.dg/vect/vect-widen-mult-u16.c -flto -ffat-lto-objects  scan-tree-dump-times vect "pattern recognized" 1
FAIL: gcc.dg/vect/vect-widen-mult-u16.c scan-tree-dump-times vect "pattern recognized" 1
FAIL: gcc.dg/vect/vect-widen-mult-u8-s16-s32.c -flto -ffat-lto-objects  scan-tree-dump-times vect "pattern recognized" 1
FAIL: gcc.dg/vect/vect-widen-mult-u8-s16-s32.c scan-tree-dump-times vect "pattern recognized" 1
FAIL: gcc.target/i386/all_one_m128i.c scan-assembler pcmpeqd
FAIL: gcc.target/i386/all_one_m256i.c scan-assembler vpcmpeqd
FAIL: gcc.target/i386/avx-reduc-1.c execution test
FAIL: gcc.target/i386/avx2-cvt-2.c scan-assembler vcvtdq2pd[^\\n\\r]*(%xmm[^\\n\\r]*%ymm|ymm[^\\n\\r]*xmm)
FAIL: gcc.target/i386/avx2-cvt-2.c scan-assembler vcvtdq2ps[^\\n\\r]*ymm
FAIL: gcc.target/i386/avx2-cvt-2.c scan-assembler vcvtpd2ps(y[^\\n\\r]*%xmm|[^\\n\\r]*xmm[^\\n\\r]*YMMWORD PTR)
FAIL: gcc.target/i386/avx2-cvt-2.c scan-assembler vcvtps2pd[^\\n\\r]*(%xmm[^\\n\\r]*%ymm|ymm[^\\n\\r]*xmm)
FAIL: gcc.target/i386/avx2-cvt-2.c scan-assembler vcvttpd2dq(y[^\\n\\r]*%xmm|[^\\n\\r]*xmm[^\\n\\r]*YMMWORD PTR)
FAIL: gcc.target/i386/avx2-cvt-2.c scan-assembler vcvttps2dq[^\\n\\r]*ymm
FAIL: gcc.target/i386/avx2-gather-6.c scan-tree-dump-times vect "note: vectorized 1 loops in function" 1
FAIL: gcc.target/i386/avx2-vbroadcastss_ps256-1.c scan-assembler vbroadcastss[ \\\\t]+[^\\n]*%xmm[0-9]
FAIL: gcc.target/i386/avx2-vextracti128-1.c scan-assembler vextracti128[ \\\\t]+[^\\n]*%ymm[0-9]
FAIL: gcc.target/i386/avx2-vinserti128-1.c scan-assembler vinserti128[ \\\\t]+[^\\n]
FAIL: gcc.target/i386/avx2-vpaddb-3.c scan-assembler-times vpaddb[ \\\\t]+[^\\n]*%ymm[0-9] 1
FAIL: gcc.target/i386/avx2-vpaddd-3.c scan-assembler-times vpaddd[ \\\\t]+[^\\n]*%ymm[0-9] 1
FAIL: gcc.target/i386/avx2-vpaddq-3.c scan-assembler-times vpaddq[ \\\\t]+[^\\n]*%ymm[0-9] 1
FAIL: gcc.target/i386/avx2-vpaddw-3.c scan-assembler-times vpaddw[ \\\\t]+[^\\n]*%ymm[0-9] 1
FAIL: gcc.target/i386/avx2-vpand-1.c scan-assembler vpand[ \\\\t]+[^\\n]*%ymm[0-9]
FAIL: gcc.target/i386/avx2-vpand-3.c scan-assembler-times vpand[ \\\\t]+[^\\n]*%ymm[0-9] 1
FAIL: gcc.target/i386/avx2-vpandn-1.c scan-assembler vpandn[ \\\\t]+[^\\n]*%ymm[0-9]
FAIL: gcc.target/i386/avx2-vpmulld-3.c scan-assembler-times vpmulld[ \\\\t]+[^\\n]*%ymm[0-9] 1
FAIL: gcc.target/i386/avx2-vpmullw-3.c scan-assembler-times vpmullw[ \\\\t]+[^\\n]*%ymm[0-9] 1
FAIL: gcc.target/i386/avx2-vpor-1.c scan-assembler vpor[ \\\\t]+[^\\n]*%ymm[0-9]
FAIL: gcc.target/i386/avx2-vpsrad-3.c scan-assembler-times vpsrld[ \\\\t]+[^\\n]*%ymm[0-9] 1
FAIL: gcc.target/i386/avx2-vpsraw-3.c scan-assembler-times vpsraw[ \\\\t]+[^\\n]*%ymm[0-9] 1
FAIL: gcc.target/i386/avx2-vpsrld-3.c scan-assembler-times vpsrld[ \\\\t]+[^\\n]*%ymm[0-9] 1
FAIL: gcc.target/i386/avx2-vpsrlw-3.c scan-assembler-times vpsrlw[ \\\\t]+[^\\n]*%ymm[0-9] 1
FAIL: gcc.target/i386/avx2-vpsubb-3.c scan-assembler-times vpsubb[ \\\\t]+[^\\n]*%ymm[0-9] 1
FAIL: gcc.target/i386/avx2-vpsubd-3.c scan-assembler-times vpsubd[ \\\\t]+[^\\n]*%ymm[0-9] 1
FAIL: gcc.target/i386/avx2-vpsubq-3.c scan-assembler-times vpsubq[ \\\\t]+[^\\n]*%ymm[0-9] 1
FAIL: gcc.target/i386/avx2-vpsubw-3.c scan-assembler-times vpsubw[ \\\\t]+[^\\n]*%ymm[0-9] 1
FAIL: gcc.target/i386/avx2-vpxor-1.c scan-assembler vpxor[ \\\\t]+[^\\n]*%ymm[0-9]
FAIL: gcc.target/i386/avx256-unaligned-load-1.c scan-assembler movv4sf_internal/3
FAIL: gcc.target/i386/avx256-unaligned-load-1.c scan-assembler vinsertf128
FAIL: gcc.target/i386/avx256-unaligned-load-2.c scan-assembler (sse2_loaddqu|(vmovdqu|vmovups)[^\\n\\r]*movv16qi_internal)
FAIL: gcc.target/i386/avx256-unaligned-load-2.c scan-assembler vinsert.128
FAIL: gcc.target/i386/avx256-unaligned-load-3.c scan-assembler (sse2_loadupd|vmovupd[^\\n\\r]*movv2df_internal)
FAIL: gcc.target/i386/avx256-unaligned-load-3.c scan-assembler vinsertf128
FAIL: gcc.target/i386/avx256-unaligned-load-4.c scan-assembler (avx_loadups256|vmovups[^\\n\\r]*movv8sf_internal)
FAIL: gcc.target/i386/avx256-unaligned-store-1.c scan-assembler vextractf128
FAIL: gcc.target/i386/avx256-unaligned-store-1.c scan-assembler vmovups.*movv4sf_internal/4
FAIL: gcc.target/i386/avx256-unaligned-store-2.c scan-assembler vextract.128
FAIL: gcc.target/i386/avx256-unaligned-store-2.c scan-assembler vmovups.*movv16qi_internal/4
FAIL: gcc.target/i386/avx256-unaligned-store-3.c scan-assembler vextractf128
FAIL: gcc.target/i386/avx256-unaligned-store-3.c scan-assembler vmovups.*movv2df_internal/4
FAIL: gcc.target/i386/avx256-unaligned-store-4.c scan-assembler vmovups.*movv8sf_internal/4
FAIL: gcc.target/i386/avx512f-vec-init.c scan-assembler-times vpbroadcastb[ \\\\t]+[^{\\n]*%ymm[0-9]+(?:\\n|[ \\\\t]+#) 2
FAIL: gcc.target/i386/avx512f-vec-init.c scan-assembler-times vpbroadcastw[ \\\\t]+[^{\\n]*%ymm[0-9]+(?:\\n|[ \\\\t]+#) 2
FAIL: gcc.target/i386/avx512vl-pr79299-1.c (test for excess errors)
FAIL: gcc.target/i386/avx512vl-pr79299-2.c (test for excess errors)
FAIL: gcc.target/i386/avx512vl-vpermb-2.c execution test
FAIL: gcc.target/i386/avx512vl-vpermi2b-2.c execution test
FAIL: gcc.target/i386/avx512vl-vpermt2b-2.c execution test
FAIL: gcc.target/i386/avx512vl-vpmaddhuq-2.c execution test
FAIL: gcc.target/i386/avx512vl-vpmaddluq-2.c execution test
FAIL: gcc.target/i386/avx512vl-vpmultishiftqb-2.c execution test
FAIL: gcc.target/i386/fma4-256-vector.c scan-assembler vfmaddpd
FAIL: gcc.target/i386/fma4-256-vector.c scan-assembler vfmaddps
FAIL: gcc.target/i386/fma4-256-vector.c scan-assembler vfmsubpd
FAIL: gcc.target/i386/fma4-256-vector.c scan-assembler vfmsubps
FAIL: gcc.target/i386/fma4-256-vector.c scan-assembler vfnmaddpd
FAIL: gcc.target/i386/fma4-256-vector.c scan-assembler vfnmaddps
FAIL: gcc.target/i386/fma4-builtin-2.c scan-assembler-times vfmaddpd 1
FAIL: gcc.target/i386/fma4-builtin-2.c scan-assembler-times vfmaddps 1
FAIL: gcc.target/i386/fma4-builtin-2.c scan-assembler-times vfmsubpd 1
FAIL: gcc.target/i386/fma4-builtin-2.c scan-assembler-times vfmsubps 1
FAIL: gcc.target/i386/fma4-builtin-2.c scan-assembler-times vfnmaddpd 1
FAIL: gcc.target/i386/fma4-builtin-2.c scan-assembler-times vfnmaddps 1
FAIL: gcc.target/i386/fma4-builtin-2.c scan-assembler-times vfnmsubpd 1
FAIL: gcc.target/i386/fma4-builtin-2.c scan-assembler-times vfnmsubps 1
FAIL: gcc.target/i386/fma4-vector-2.c scan-assembler vfmaddps
FAIL: gcc.target/i386/fma4-vector-2.c scan-assembler vfmsubps
FAIL: gcc.target/i386/fma4-vector.c scan-assembler vfmaddpd
FAIL: gcc.target/i386/fma4-vector.c scan-assembler vfmaddps
FAIL: gcc.target/i386/fma4-vector.c scan-assembler vfmsubpd
FAIL: gcc.target/i386/fma4-vector.c scan-assembler vfmsubps
FAIL: gcc.target/i386/fma4-vector.c scan-assembler vfnmaddpd
FAIL: gcc.target/i386/fma4-vector.c scan-assembler vfnmaddps
FAIL: gcc.target/i386/l_fma_double_1.c scan-assembler-times vfmadd[123]+sd 80
FAIL: gcc.target/i386/l_fma_double_1.c scan-assembler-times vfmsub[123]+sd 80
FAIL: gcc.target/i386/l_fma_double_1.c scan-assembler-times vfnmadd[123]+sd 80
FAIL: gcc.target/i386/l_fma_double_1.c scan-assembler-times vfnmsub[123]+sd 80
FAIL: gcc.target/i386/l_fma_double_2.c scan-assembler-times vfmadd[123]+sd 80
FAIL: gcc.target/i386/l_fma_double_2.c scan-assembler-times vfmsub[123]+sd 80
FAIL: gcc.target/i386/l_fma_double_2.c scan-assembler-times vfnmadd[123]+sd 80
FAIL: gcc.target/i386/l_fma_double_2.c scan-assembler-times vfnmsub[123]+sd 80
FAIL: gcc.target/i386/l_fma_double_3.c scan-assembler-times vfmadd[123]+sd 80
FAIL: gcc.target/i386/l_fma_double_3.c scan-assembler-times vfmsub[123]+sd 80
FAIL: gcc.target/i386/l_fma_double_3.c scan-assembler-times vfnmadd[123]+sd 80
FAIL: gcc.target/i386/l_fma_double_3.c scan-assembler-times vfnmsub[123]+sd 80
FAIL: gcc.target/i386/l_fma_double_4.c scan-assembler-times vfmadd[123]+sd 80
FAIL: gcc.target/i386/l_fma_double_4.c scan-assembler-times vfmsub[123]+sd 80
FAIL: gcc.target/i386/l_fma_double_4.c scan-assembler-times vfnmadd[123]+sd 80
FAIL: gcc.target/i386/l_fma_double_4.c scan-assembler-times vfnmsub[123]+sd 80
FAIL: gcc.target/i386/l_fma_double_5.c scan-assembler-times vfmadd[123]+sd 80
FAIL: gcc.target/i386/l_fma_double_5.c scan-assembler-times vfmsub[123]+sd 80
FAIL: gcc.target/i386/l_fma_double_5.c scan-assembler-times vfnmadd[123]+sd 80
FAIL: gcc.target/i386/l_fma_double_5.c scan-assembler-times vfnmsub[123]+sd 80
FAIL: gcc.target/i386/l_fma_double_6.c scan-assembler-times vfmadd[123]+sd 80
FAIL: gcc.target/i386/l_fma_double_6.c scan-assembler-times vfmsub[123]+sd 80
FAIL: gcc.target/i386/l_fma_double_6.c scan-assembler-times vfnmadd[123]+sd 80
FAIL: gcc.target/i386/l_fma_double_6.c scan-assembler-times vfnmsub[123]+sd 80
FAIL: gcc.target/i386/l_fma_float_1.c scan-assembler-times vfmadd[123]+ss 176
FAIL: gcc.target/i386/l_fma_float_1.c scan-assembler-times vfmsub[123]+ss 176
FAIL: gcc.target/i386/l_fma_float_1.c scan-assembler-times vfnmadd[123]+ss 176
FAIL: gcc.target/i386/l_fma_float_1.c scan-assembler-times vfnmsub[123]+ss 176
FAIL: gcc.target/i386/l_fma_float_2.c scan-assembler-times vfmadd[123]+ss 176
FAIL: gcc.target/i386/l_fma_float_2.c scan-assembler-times vfmsub[123]+ss 176
FAIL: gcc.target/i386/l_fma_float_2.c scan-assembler-times vfnmadd[123]+ss 176
FAIL: gcc.target/i386/l_fma_float_2.c scan-assembler-times vfnmsub[123]+ss 176
FAIL: gcc.target/i386/l_fma_float_3.c scan-assembler-times vfmadd[123]+ss 176
FAIL: gcc.target/i386/l_fma_float_3.c scan-assembler-times vfmsub[123]+ss 176
FAIL: gcc.target/i386/l_fma_float_3.c scan-assembler-times vfnmadd[123]+ss 176
FAIL: gcc.target/i386/l_fma_float_3.c scan-assembler-times vfnmsub[123]+ss 176
FAIL: gcc.target/i386/l_fma_float_4.c scan-assembler-times vfmadd[123]+ss 176
FAIL: gcc.target/i386/l_fma_float_4.c scan-assembler-times vfmsub[123]+ss 176
FAIL: gcc.target/i386/l_fma_float_4.c scan-assembler-times vfnmadd[123]+ss 176
FAIL: gcc.target/i386/l_fma_float_4.c scan-assembler-times vfnmsub[123]+ss 176
FAIL: gcc.target/i386/l_fma_float_5.c scan-assembler-times vfmadd[123]+ss 176
FAIL: gcc.target/i386/l_fma_float_5.c scan-assembler-times vfmsub[123]+ss 176
FAIL: gcc.target/i386/l_fma_float_5.c scan-assembler-times vfnmadd[123]+ss 176
FAIL: gcc.target/i386/l_fma_float_5.c scan-assembler-times vfnmsub[123]+ss 176
FAIL: gcc.target/i386/l_fma_float_6.c scan-assembler-times vfmadd[123]+ss 176
FAIL: gcc.target/i386/l_fma_float_6.c scan-assembler-times vfmsub[123]+ss 176
FAIL: gcc.target/i386/l_fma_float_6.c scan-assembler-times vfnmadd[123]+ss 176
FAIL: gcc.target/i386/l_fma_float_6.c scan-assembler-times vfnmsub[123]+ss 176
FAIL: gcc.target/i386/mvc6.c scan-assembler punpcklbw
FAIL: gcc.target/i386/pieces-memcpy-5.c scan-assembler-times vmovdqu[ \\\\t]+[^\\n]*%xmm 1
FAIL: gcc.target/i386/pr42542-5a.c scan-assembler pcmpgtq
FAIL: gcc.target/i386/pr52252-atom.c scan-assembler palignr
FAIL: gcc.target/i386/pr59390.c scan-assembler-not vfmadd
FAIL: gcc.target/i386/pr61403.c scan-assembler blend
FAIL: gcc.target/i386/pr70325.c  (test for warnings, line 11)
FAIL: gcc.target/i386/pr70325.c (test for excess errors)
FAIL: gcc.target/i386/recip-vec-divf-avx.c scan-assembler vrcpps[ \\\\t]+[^\\n]*%ymm
FAIL: gcc.target/i386/recip-vec-sqrtf-avx.c scan-assembler-times vrsqrtps[ \\\\t]+[^\\n]*%ymm 3
FAIL: gcc.target/i386/vect-rebuild.c scan-assembler-times \\tv?extractf128[ \\t] 1
FAIL: gcc.target/i386/vectorize4-avx.c scan-assembler vsqrtpd[ \\\\t]+[^\\n]*%ymm
FAIL: gcc.target/i386/vectorize7.c scan-assembler cvtdq2ps

		=== gcc Summary for unix/-mx32 ===

# of expected passes		128611
# of unexpected failures	287
# of unexpected successes	54
# of expected failures		354
# of unsupported tests		2353

		=== gcc Summary ===

# of expected passes		394956
# of unexpected failures	808
# of unexpected successes	166
# of expected failures		1058
# of unsupported tests		6832
/export/ssd/git/gcc-test-native/bld/gcc/xgcc  version 7.3.1 20180923 [gcc-7-branch revision 264508] (GCC) 

		=== gfortran tests ===


Running target unix
FAIL: gfortran.dg/pr68627.f   -O   scan-assembler-not vbroadcastsd[ \\\\t]+%xmm[0-9]+, %ymm[0-9]+
FAIL: gfortran.dg/vect/fast-math-mgrid-resid.f   -O   scan-tree-dump pcom "Executing predictive commoning without unrolling"
FAIL: gfortran.dg/vect/fast-math-mgrid-resid.f   -O   scan-tree-dump pcom "vectp_u.*__lsm.* = PHI <.*vectp_u.*__lsm"

		=== gfortran Summary for unix ===

# of expected passes		45781
# of unexpected failures	3
# of expected failures		87
# of unsupported tests		74

Running target unix/-m32
FAIL: gfortran.dg/vect/fast-math-mgrid-resid.f   -O   scan-tree-dump pcom "vectp_u.*__lsm.* = PHI <.*vectp_u.*__lsm"

		=== gfortran Summary for unix/-m32 ===

# of expected passes		45566
# of unexpected failures	1
# of expected failures		87
# of unsupported tests		177

Running target unix/-mx32
FAIL: gfortran.dg/pr68627.f   -O   scan-assembler-not vbroadcastsd[ \\\\t]+%xmm[0-9]+, %ymm[0-9]+
FAIL: gfortran.dg/vect/fast-math-mgrid-resid.f   -O   scan-tree-dump pcom "Executing predictive commoning without unrolling"
FAIL: gfortran.dg/vect/fast-math-mgrid-resid.f   -O   scan-tree-dump pcom "vectp_u.*__lsm.* = PHI <.*vectp_u.*__lsm"

		=== gfortran Summary for unix/-mx32 ===

# of expected passes		45798
# of unexpected failures	3
# of expected failures		87
# of unsupported tests		63

		=== gfortran Summary ===

# of expected passes		137145
# of unexpected failures	7
# of expected failures		261
# of unsupported tests		314
/export/ssd/git/gcc-test-native/bld/gcc/gfortran  version 7.3.1 20180923 [gcc-7-branch revision 264508] (GCC) 

		=== g++ tests ===


Running target unix
FAIL: g++.dg/ext/mv16.C  -std=gnu++11 execution test
FAIL: g++.dg/ext/mv16.C  -std=gnu++14 execution test
FAIL: g++.dg/ext/mv16.C  -std=gnu++98 execution test
FAIL: g++.dg/guality/pr55665.C   -O2  line 23 p == 40
FAIL: g++.dg/guality/pr55665.C   -O3 -g  line 23 p == 40
FAIL: g++.dg/vect/slp-pr56812.cc  -std=c++11  scan-tree-dump-times slp1 "basic block vectorized" 1
FAIL: g++.dg/vect/slp-pr56812.cc  -std=c++14  scan-tree-dump-times slp1 "basic block vectorized" 1
FAIL: g++.dg/vect/slp-pr56812.cc  -std=c++98  scan-tree-dump-times slp1 "basic block vectorized" 1

		=== g++ Summary for unix ===

# of expected passes		115500
# of unexpected failures	8
# of expected failures		392
# of unsupported tests		4459

Running target unix/-m32
FAIL: g++.dg/ext/mv16.C  -std=gnu++11 execution test
FAIL: g++.dg/ext/mv16.C  -std=gnu++14 execution test
FAIL: g++.dg/ext/mv16.C  -std=gnu++98 execution test
FAIL: g++.dg/guality/pr55665.C   -O2  line 23 p == 40
FAIL: g++.dg/guality/pr55665.C   -O3 -g  line 23 p == 40
FAIL: g++.dg/vect/slp-pr56812.cc  -std=c++11  scan-tree-dump-times slp1 "basic block vectorized" 1
FAIL: g++.dg/vect/slp-pr56812.cc  -std=c++14  scan-tree-dump-times slp1 "basic block vectorized" 1
FAIL: g++.dg/vect/slp-pr56812.cc  -std=c++98  scan-tree-dump-times slp1 "basic block vectorized" 1

		=== g++ Summary for unix/-m32 ===

# of expected passes		113922
# of unexpected failures	8
# of expected failures		392
# of unsupported tests		4237

Running target unix/-mx32
FAIL: g++.dg/ext/mv16.C  -std=gnu++11 execution test
FAIL: g++.dg/ext/mv16.C  -std=gnu++14 execution test
FAIL: g++.dg/ext/mv16.C  -std=gnu++98 execution test
FAIL: g++.dg/guality/pr55665.C   -O2  line 23 p == 40
FAIL: g++.dg/guality/pr55665.C   -O3 -g  line 23 p == 40
FAIL: g++.dg/vect/slp-pr56812.cc  -std=c++11  scan-tree-dump-times slp1 "basic block vectorized" 1
FAIL: g++.dg/vect/slp-pr56812.cc  -std=c++14  scan-tree-dump-times slp1 "basic block vectorized" 1
FAIL: g++.dg/vect/slp-pr56812.cc  -std=c++98  scan-tree-dump-times slp1 "basic block vectorized" 1

		=== g++ Summary for unix/-mx32 ===

# of expected passes		115460
# of unexpected failures	8
# of expected failures		392
# of unsupported tests		4435

		=== g++ Summary ===

# of expected passes		344882
# of unexpected failures	24
# of expected failures		1176
# of unsupported tests		13131
/export/ssd/git/gcc-test-native/bld/gcc/xg++  version 7.3.1 20180923 [gcc-7-branch revision 264508] (GCC) 

		=== objc tests ===


Running target unix

		=== objc Summary for unix ===

# of expected passes		2797
# of expected failures		6
# of unsupported tests		68

Running target unix/-m32

		=== objc Summary for unix/-m32 ===

# of expected passes		2797
# of expected failures		6
# of unsupported tests		68

Running target unix/-mx32

		=== objc Summary for unix/-mx32 ===

# of expected passes		2797
# of expected failures		6
# of unsupported tests		68

		=== objc Summary ===

# of expected passes		8391
# of expected failures		18
# of unsupported tests		204
/export/ssd/git/gcc-test-native/bld/gcc/xgcc  version 7.3.1 20180923 [gcc-7-branch revision 264508] (GCC) 

		=== libatomic tests ===


Running target unix/-m32

		=== libatomic Summary for unix/-m32 ===

# of expected passes		44
# of unsupported tests		5

Running target unix/-mx32

		=== libatomic Summary for unix/-mx32 ===

# of expected passes		54

Running target unix

		=== libatomic Summary for unix ===

# of expected passes		54

		=== libatomic Summary ===

# of expected passes		152
# of unsupported tests		5
		=== libgomp tests ===


Running target unix/-m32
FAIL: libgomp.fortran/target7.f90   -O0  execution test
FAIL: libgomp.fortran/target7.f90   -O1  execution test
FAIL: libgomp.fortran/target7.f90   -O2  execution test
FAIL: libgomp.fortran/target7.f90   -O3 -fomit-frame-pointer -funroll-loops -fpeel-loops -ftracer -finline-functions  execution test
FAIL: libgomp.fortran/target7.f90   -O3 -g  execution test
FAIL: libgomp.fortran/target7.f90   -Os  execution test
FAIL: libgomp.fortran/target8.f90   -O0  execution test
FAIL: libgomp.fortran/target8.f90   -O1  execution test
FAIL: libgomp.fortran/target8.f90   -O2  execution test
FAIL: libgomp.fortran/target8.f90   -O3 -fomit-frame-pointer -funroll-loops -fpeel-loops -ftracer -finline-functions  execution test
FAIL: libgomp.fortran/target8.f90   -O3 -g  execution test
FAIL: libgomp.fortran/target8.f90   -Os  execution test

		=== libgomp Summary for unix/-m32 ===

# of expected passes		5252
# of unexpected failures	12
# of unsupported tests		319

Running target unix/-mx32
FAIL: libgomp.fortran/target7.f90   -O0  execution test
FAIL: libgomp.fortran/target7.f90   -O1  execution test
FAIL: libgomp.fortran/target7.f90   -O2  execution test
FAIL: libgomp.fortran/target7.f90   -O3 -fomit-frame-pointer -funroll-loops -fpeel-loops -ftracer -finline-functions  execution test
FAIL: libgomp.fortran/target7.f90   -O3 -g  execution test
FAIL: libgomp.fortran/target7.f90   -Os  execution test
FAIL: libgomp.fortran/target8.f90   -O0  execution test
FAIL: libgomp.fortran/target8.f90   -O1  execution test
FAIL: libgomp.fortran/target8.f90   -O2  execution test
FAIL: libgomp.fortran/target8.f90   -O3 -fomit-frame-pointer -funroll-loops -fpeel-loops -ftracer -finline-functions  execution test
FAIL: libgomp.fortran/target8.f90   -O3 -g  execution test
FAIL: libgomp.fortran/target8.f90   -Os  execution test

		=== libgomp Summary for unix/-mx32 ===

# of expected passes		5252
# of unexpected failures	12
# of unsupported tests		319

Running target unix

		=== libgomp Summary for unix ===

# of expected passes		5264
# of unsupported tests		319

		=== libgomp Summary ===

# of expected passes		15768
# of unexpected failures	24
# of unsupported tests		957
		=== libitm tests ===


Running target unix/-m32

		=== libitm Summary for unix/-m32 ===

# of expected passes		42
# of expected failures		3
# of unsupported tests		1

Running target unix/-mx32

		=== libitm Summary for unix/-mx32 ===

# of expected passes		42
# of expected failures		3
# of unsupported tests		1

Running target unix

		=== libitm Summary for unix ===

# of expected passes		42
# of expected failures		3
# of unsupported tests		1

		=== libitm Summary ===

# of expected passes		126
# of expected failures		9
# of unsupported tests		3
		=== libstdc++ tests ===


Running target unix

		=== libstdc++ Summary for unix ===

# of expected passes		12274
# of expected failures		66
# of unsupported tests		247

Running target unix/-m32

		=== libstdc++ Summary for unix/-m32 ===

# of expected passes		12282
# of expected failures		66
# of unsupported tests		243

Running target unix/-mx32

		=== libstdc++ Summary for unix/-mx32 ===

# of expected passes		12274
# of expected failures		66
# of unsupported tests		247

		=== libstdc++ Summary ===

# of expected passes		36830
# of expected failures		198
# of unsupported tests		737

Compiler version: 7.3.1 20180923 [gcc-7-branch revision 264508] (GCC) 
Platform: x86_64-pc-linux-gnu
configure flags: --with-arch=native --with-cpu=native --prefix=/usr/7.3.1 --enable-clocale=gnu --with-system-zlib --enable-shared --enable-cet --with-demangler-in-ld --enable-libmpx --with-multilib-list=m32,m64,mx32 --with-fpmath=sse


Index Nav: [Date Index] [Subject Index] [Author Index] [Thread Index]
Message Nav: [Date Prev] [Date Next] [Thread Prev] [Thread Next]