This is the mail archive of the gcc-testresults@gcc.gnu.org mailing list for the GCC project.


Index Nav: [Date Index] [Subject Index] [Author Index] [Thread Index]
Message Nav: [Date Prev] [Date Next] [Thread Prev] [Thread Next]
Other format: [Raw text]

Results for 7.3.1 20180921 [gcc-7-branch revision 264454] (GCC) testsuite on sparc-sun-solaris2.10


LAST_UPDATED: Fri Sep 21 08:49:42 UTC 2018 (revision 264454)

		=== acats tests ===

		=== acats Summary ===
# of expected passes		2320
# of unexpected failures	0
Native configuration is sparc-sun-solaris2.10

		=== g++ tests ===


Running target unix

		=== g++ Summary for unix ===

# of expected passes		104006
# of expected failures		395
# of unsupported tests		4712

Running target unix/-m64

		=== g++ Summary for unix/-m64 ===

# of expected passes		105887
# of expected failures		395
# of unsupported tests		4694

		=== g++ Summary ===

# of expected passes		209893
# of expected failures		790
# of unsupported tests		9406
/var/gcc/regression/gcc-7-branch/10-gcc-gas/build/gcc/xg++  version 7.3.1 20180921 [gcc-7-branch revision 264454] (GCC) 

		=== gcc tests ===


Running target unix
XPASS: gcc.dg/pr78768.c -Wformat-overflow (test for warnings, line 11)
FAIL: gcc.dg/visibility-22.c execution test
FAIL: gcc.dg/simulate-thread/atomic-other-int.c   -O2 -g  thread simulation test
FAIL: gcc.dg/simulate-thread/atomic-other-int.c   -O3 -g  thread simulation test
FAIL: gcc.dg/simulate-thread/speculative-store-4.c   -O0 -g  thread simulation test
FAIL: gcc.dg/simulate-thread/speculative-store.c   -O0 -g  thread simulation test

		=== gcc Summary for unix ===

# of expected passes		100013
# of unexpected failures	5
# of unexpected successes	1
# of expected failures		405
# of unsupported tests		2644

Running target unix/-m64
XPASS: gcc.dg/pr78768.c -Wformat-overflow (test for warnings, line 11)
FAIL: gcc.dg/visibility-22.c execution test

		=== gcc Summary for unix/-m64 ===

# of expected passes		101097
# of unexpected failures	1
# of unexpected successes	1
# of expected failures		390
# of unsupported tests		2433

		=== gcc Summary ===

# of expected passes		201110
# of unexpected failures	6
# of unexpected successes	2
# of expected failures		795
# of unsupported tests		5077
/var/gcc/regression/gcc-7-branch/10-gcc-gas/build/gcc/xgcc  version 7.3.1 20180921 [gcc-7-branch revision 264454] (GCC) 

		=== gfortran tests ===


Running target unix
FAIL: gfortran.dg/execute_command_line_3.f90   -O  execution test
FAIL: gfortran.dg/unlimited_polymorphic_30.f03   -O0  execution test
FAIL: gfortran.dg/unlimited_polymorphic_30.f03   -O1  execution test

		=== gfortran Summary for unix ===

# of expected passes		45383
# of unexpected failures	3
# of expected failures		95
# of unsupported tests		243

Running target unix/-m64
FAIL: gfortran.dg/execute_command_line_3.f90   -O  execution test
FAIL: gfortran.dg/unlimited_polymorphic_30.f03   -O0  execution test
FAIL: gfortran.dg/unlimited_polymorphic_30.f03   -O1  execution test
FAIL: gfortran.dg/unlimited_polymorphic_30.f03   -O2  execution test
FAIL: gfortran.dg/unlimited_polymorphic_30.f03   -O3 -fomit-frame-pointer -funroll-loops -fpeel-loops -ftracer -finline-functions  execution test
FAIL: gfortran.dg/unlimited_polymorphic_30.f03   -O3 -g  execution test
FAIL: gfortran.dg/unlimited_polymorphic_30.f03   -Os  execution test

		=== gfortran Summary for unix/-m64 ===

# of expected passes		45626
# of unexpected failures	7
# of expected failures		95
# of unsupported tests		122

		=== gfortran Summary ===

# of expected passes		91009
# of unexpected failures	10
# of expected failures		190
# of unsupported tests		365
/var/gcc/regression/gcc-7-branch/10-gcc-gas/build/gcc/gfortran  version 7.3.1 20180921 [gcc-7-branch revision 264454] (GCC) 

		=== gnat tests ===


Running target unix

		=== gnat Summary for unix ===

# of expected passes		2558
# of expected failures		25
# of unsupported tests		23

Running target unix/-m64

		=== gnat Summary for unix/-m64 ===

# of expected passes		2558
# of expected failures		25
# of unsupported tests		23

		=== gnat Summary ===

# of expected passes		5116
# of expected failures		50
# of unsupported tests		46
/var/gcc/regression/gcc-7-branch/10-gcc-gas/build/gcc/gnatmake version 7.3.1 20180921 [gcc-7-branch revision 264454]

		=== go tests ===


Running target unix
FAIL: ./index0-out.go execution,  -O0 -g -fno-var-tracking-assignments 
FAIL: ./slice3-out.go execution,  -O0 -g -fno-var-tracking-assignments 
FAIL: go.test/test/fixedbugs/bug347.go execution,  -O0 -g 
FAIL: go.test/test/fixedbugs/bug348.go execution,  -O0 -g 
FAIL: go.test/test/recover.go execution,  -O2 -g 

		=== go Summary for unix ===

# of expected passes		7358
# of unexpected failures	5
# of expected failures		1
# of untested testcases		11
# of unsupported tests		3

Running target unix/-m64
FAIL: ./index0-out.go execution,  -O0 -g -fno-var-tracking-assignments 
FAIL: ./slice3-out.go execution,  -O0 -g -fno-var-tracking-assignments 
FAIL: go.test/test/fixedbugs/bug347.go execution,  -O0 -g 
FAIL: go.test/test/fixedbugs/bug348.go execution,  -O0 -g 
FAIL: go.test/test/recover.go execution,  -O2 -g 

		=== go Summary for unix/-m64 ===

# of expected passes		7238
# of unexpected failures	5
# of expected failures		1
# of untested testcases		11
# of unsupported tests		3

		=== go Summary ===

# of expected passes		14596
# of unexpected failures	10
# of expected failures		2
# of untested testcases		22
# of unsupported tests		6
		=== obj-c++ tests ===


Running target unix

		=== obj-c++ Summary for unix ===

# of expected passes		1443
# of expected failures		2
# of unsupported tests		77

Running target unix/-m64

		=== obj-c++ Summary for unix/-m64 ===

# of expected passes		1435
# of expected failures		10
# of unsupported tests		77

		=== obj-c++ Summary ===

# of expected passes		2878
# of expected failures		12
# of unsupported tests		154
/var/gcc/regression/gcc-7-branch/10-gcc-gas/build/gcc/xg++  version 7.3.1 20180921 [gcc-7-branch revision 264454] (GCC) 

		=== objc tests ===


Running target unix

		=== objc Summary for unix ===

# of expected passes		2787
# of unsupported tests		68

Running target unix/-m64

		=== objc Summary for unix/-m64 ===

# of expected passes		2787
# of unsupported tests		68

		=== objc Summary ===

# of expected passes		5574
# of unsupported tests		136
/var/gcc/regression/gcc-7-branch/10-gcc-gas/build/gcc/xgcc  version 7.3.1 20180921 [gcc-7-branch revision 264454] (GCC) 

		=== libatomic tests ===


Running target unix

		=== libatomic Summary for unix ===

# of expected passes		44
# of unsupported tests		5

Running target unix/-m64

		=== libatomic Summary for unix/-m64 ===

# of expected passes		54

		=== libatomic Summary ===

# of expected passes		98
# of unsupported tests		5
		=== libffi tests ===


Running target unix

		=== libffi Summary for unix ===

# of expected passes		2214

Running target unix/-m64

		=== libffi Summary for unix/-m64 ===

# of expected passes		2214

		=== libffi Summary ===

# of expected passes		4428
		=== libgo tests ===


Running target unix
FAIL: net
FAIL: runtime
FAIL: go/build
FAIL: net/http
FAIL: os/signal
FAIL: runtime/debug

		=== libgo Summary for unix ===

# of expected passes		140
# of unexpected failures	6

Running target unix/-m64
FAIL: net
FAIL: go/build
FAIL: os/signal
FAIL: runtime/debug

		=== libgo Summary for unix/-m64 ===

# of expected passes		142
# of unexpected failures	4

		=== libgo Summary ===

# of expected passes		282
# of unexpected failures	10
		=== libgomp tests ===


Running target unix

		=== libgomp Summary for unix ===

# of expected passes		5114
# of unsupported tests		394

Running target unix/-m64

		=== libgomp Summary for unix/-m64 ===

# of expected passes		5114
# of unsupported tests		394

		=== libgomp Summary ===

# of expected passes		10228
# of unsupported tests		788
		=== libitm tests ===


Running target unix

		=== libitm Summary for unix ===

# of expected passes		42
# of expected failures		3
# of unsupported tests		1

Running target unix/-m64

		=== libitm Summary for unix/-m64 ===

# of expected passes		42
# of expected failures		3
# of unsupported tests		1

		=== libitm Summary ===

# of expected passes		84
# of expected failures		6
# of unsupported tests		2
		=== libstdc++ tests ===


Running target unix
FAIL: experimental/filesystem/operations/absolute.cc (test for excess errors)
FAIL: experimental/filesystem/operations/canonical.cc (test for excess errors)
FAIL: experimental/filesystem/operations/copy.cc (test for excess errors)
FAIL: experimental/filesystem/operations/copy_file.cc (test for excess errors)
FAIL: experimental/filesystem/operations/create_directories.cc (test for excess errors)
FAIL: experimental/filesystem/operations/create_directory.cc (test for excess errors)
FAIL: experimental/filesystem/operations/create_symlink.cc (test for excess errors)
FAIL: experimental/filesystem/operations/current_path.cc (test for excess errors)
FAIL: experimental/filesystem/operations/equivalent.cc (test for excess errors)
FAIL: experimental/filesystem/operations/exists.cc (test for excess errors)
FAIL: experimental/filesystem/operations/file_size.cc (test for excess errors)
FAIL: experimental/filesystem/operations/is_empty.cc (test for excess errors)
FAIL: experimental/filesystem/operations/last_write_time.cc (test for excess errors)
FAIL: experimental/filesystem/operations/permissions.cc (test for excess errors)
FAIL: experimental/filesystem/operations/read_symlink.cc (test for excess errors)
FAIL: experimental/filesystem/operations/remove.cc (test for excess errors)
FAIL: experimental/filesystem/operations/remove_all.cc (test for excess errors)
FAIL: experimental/filesystem/operations/space.cc (test for excess errors)
FAIL: experimental/filesystem/operations/status.cc (test for excess errors)
FAIL: experimental/filesystem/operations/temp_directory_path.cc (test for excess errors)

		=== libstdc++ Summary for unix ===

# of expected passes		10895
# of unexpected failures	20
# of expected failures		68
# of unsupported tests		638

Running target unix/-m64
FAIL: experimental/filesystem/operations/absolute.cc (test for excess errors)
FAIL: experimental/filesystem/operations/canonical.cc (test for excess errors)
FAIL: experimental/filesystem/operations/copy.cc (test for excess errors)
FAIL: experimental/filesystem/operations/copy_file.cc (test for excess errors)
FAIL: experimental/filesystem/operations/create_directories.cc (test for excess errors)
FAIL: experimental/filesystem/operations/create_directory.cc (test for excess errors)
FAIL: experimental/filesystem/operations/create_symlink.cc (test for excess errors)
FAIL: experimental/filesystem/operations/current_path.cc (test for excess errors)
FAIL: experimental/filesystem/operations/equivalent.cc (test for excess errors)
FAIL: experimental/filesystem/operations/exists.cc (test for excess errors)
FAIL: experimental/filesystem/operations/file_size.cc (test for excess errors)
FAIL: experimental/filesystem/operations/is_empty.cc (test for excess errors)
FAIL: experimental/filesystem/operations/last_write_time.cc (test for excess errors)
FAIL: experimental/filesystem/operations/last_write_time.cc execution test
FAIL: experimental/filesystem/operations/permissions.cc (test for excess errors)
FAIL: experimental/filesystem/operations/read_symlink.cc (test for excess errors)
FAIL: experimental/filesystem/operations/remove.cc (test for excess errors)
FAIL: experimental/filesystem/operations/remove_all.cc (test for excess errors)
FAIL: experimental/filesystem/operations/space.cc (test for excess errors)
FAIL: experimental/filesystem/operations/status.cc (test for excess errors)
FAIL: experimental/filesystem/operations/temp_directory_path.cc (test for excess errors)

		=== libstdc++ Summary for unix/-m64 ===

# of expected passes		10894
# of unexpected failures	21
# of expected failures		68
# of unsupported tests		638

		=== libstdc++ Summary ===

# of expected passes		21789
# of unexpected failures	41
# of expected failures		136
# of unsupported tests		1276

Compiler version: 7.3.1 20180921 [gcc-7-branch revision 264454] (GCC) 
Platform: sparc-sun-solaris2.10
configure flags: --prefix=/vol/gcc --target=sparc-sun-solaris2.10 --enable-objc-gc --with-target-bdw-gc-include=/vol/gcc/include --with-target-bdw-gc-lib=/vol/gcc/lib,sparcv9=/vol/gcc/lib/sparcv9 --with-as=/vol/gcc/bin/gas-2.31 --with-gnu-as --with-gmp-include=/vol/gcc/include --with-gmp-lib=/vol/gcc/lib --with-mpfr-include=/vol/gcc/include --with-mpfr-lib=/vol/gcc/lib --with-mpc-include=/vol/gcc/include --with-mpc-lib=/vol/gcc/lib --enable-languages=all,ada,obj-c++,go --with-isl-include=/vol/gcc/include --with-isl-lib=/vol/gcc/lib --build=sparc-sun-solaris2.10 --host=sparc-sun-solaris2.10
BOOT_CFLAGS=-g -O2


Index Nav: [Date Index] [Subject Index] [Author Index] [Thread Index]
Message Nav: [Date Prev] [Date Next] [Thread Prev] [Thread Next]