This is the mail archive of the gcc-testresults@gcc.gnu.org mailing list for the GCC project.


Index Nav: [Date Index] [Subject Index] [Author Index] [Thread Index]
Message Nav: [Date Prev] [Date Next] [Thread Prev] [Thread Next]
Other format: [Raw text]

Results for 9.0.0 20180921 (experimental) [trunk revision 264460] (GCC) testsuite on i386-pc-solaris2.11


LAST_UPDATED: Fri Sep 21 08:43:15 UTC 2018 (revision 264460)

		=== acats tests ===

		=== acats Summary ===
# of expected passes		2320
# of unexpected failures	0
Native configuration is i386-pc-solaris2.11

		=== g++ tests ===


Running target unix
FAIL: g++.dg/pr83239.C  -std=gnu++98 (test for excess errors)
FAIL: g++.dg/gcov/pr16855-priority.C  -std=gnu++11  gcov: 1 failures in line counts, 0 in branch percentages, 0 in return percentages, 0 in intermediate format
FAIL: g++.dg/gcov/pr16855-priority.C  -std=gnu++11  line 22: is #####:should be 1
FAIL: g++.dg/gcov/pr16855-priority.C  -std=gnu++14  gcov: 1 failures in line counts, 0 in branch percentages, 0 in return percentages, 0 in intermediate format
FAIL: g++.dg/gcov/pr16855-priority.C  -std=gnu++14  line 22: is #####:should be 1
FAIL: g++.dg/gcov/pr16855-priority.C  -std=gnu++98  gcov: 1 failures in line counts, 0 in branch percentages, 0 in return percentages, 0 in intermediate format
FAIL: g++.dg/gcov/pr16855-priority.C  -std=gnu++98  line 22: is #####:should be 1
FAIL: g++.dg/gcov/pr16855.C  -std=gnu++11  gcov: 1 failures in line counts, 0 in branch percentages, 0 in return percentages, 0 in intermediate format
FAIL: g++.dg/gcov/pr16855.C  -std=gnu++11  line 21: is #####:should be 1
FAIL: g++.dg/gcov/pr16855.C  -std=gnu++14  gcov: 1 failures in line counts, 0 in branch percentages, 0 in return percentages, 0 in intermediate format
FAIL: g++.dg/gcov/pr16855.C  -std=gnu++14  line 21: is #####:should be 1
FAIL: g++.dg/gcov/pr16855.C  -std=gnu++98  gcov: 1 failures in line counts, 0 in branch percentages, 0 in return percentages, 0 in intermediate format
FAIL: g++.dg/gcov/pr16855.C  -std=gnu++98  line 21: is #####:should be 1

		=== g++ Summary for unix ===

# of expected passes		116533
# of unexpected failures	13
# of expected failures		533
# of unsupported tests		4778

Running target unix/-m64
FAIL: g++.dg/pr80481.C  -std=gnu++11  scan-assembler-not vmovaps
FAIL: g++.dg/pr80481.C  -std=gnu++14  scan-assembler-not vmovaps
FAIL: g++.dg/pr80481.C  -std=gnu++98  scan-assembler-not vmovaps
FAIL: g++.dg/pr83239.C  -std=gnu++98 (test for excess errors)
FAIL: g++.dg/gcov/pr16855-priority.C  -std=gnu++11  gcov: 1 failures in line counts, 0 in branch percentages, 0 in return percentages, 0 in intermediate format
FAIL: g++.dg/gcov/pr16855-priority.C  -std=gnu++11  line 22: is #####:should be 1
FAIL: g++.dg/gcov/pr16855-priority.C  -std=gnu++14  gcov: 1 failures in line counts, 0 in branch percentages, 0 in return percentages, 0 in intermediate format
FAIL: g++.dg/gcov/pr16855-priority.C  -std=gnu++14  line 22: is #####:should be 1
FAIL: g++.dg/gcov/pr16855-priority.C  -std=gnu++98  gcov: 1 failures in line counts, 0 in branch percentages, 0 in return percentages, 0 in intermediate format
FAIL: g++.dg/gcov/pr16855-priority.C  -std=gnu++98  line 22: is #####:should be 1
FAIL: g++.dg/gcov/pr16855.C  -std=gnu++11  gcov: 1 failures in line counts, 0 in branch percentages, 0 in return percentages, 0 in intermediate format
FAIL: g++.dg/gcov/pr16855.C  -std=gnu++11  line 21: is #####:should be 1
FAIL: g++.dg/gcov/pr16855.C  -std=gnu++14  gcov: 1 failures in line counts, 0 in branch percentages, 0 in return percentages, 0 in intermediate format
FAIL: g++.dg/gcov/pr16855.C  -std=gnu++14  line 21: is #####:should be 1
FAIL: g++.dg/gcov/pr16855.C  -std=gnu++98  gcov: 1 failures in line counts, 0 in branch percentages, 0 in return percentages, 0 in intermediate format
FAIL: g++.dg/gcov/pr16855.C  -std=gnu++98  line 21: is #####:should be 1

		=== g++ Summary for unix/-m64 ===

# of expected passes		118028
# of unexpected failures	16
# of expected failures		536
# of unsupported tests		4970

		=== g++ Summary ===

# of expected passes		234561
# of unexpected failures	29
# of expected failures		1069
# of unsupported tests		9748
/var/gcc/regression/trunk/11-gcc-gas-gld/build/gcc/xg++  version 9.0.0 20180921 (experimental) [trunk revision 264460] (GCC) 

		=== gcc tests ===


Running target unix
FAIL: gcc.dg/pr87054.c (test for excess errors)
UNRESOLVED: gcc.dg/pr87054.c compilation failed to produce executable
XPASS: gcc.dg/vect/vect-24.c -flto -ffat-lto-objects  scan-tree-dump-times vect "vectorized 3 loops" 1
XPASS: gcc.dg/vect/vect-24.c scan-tree-dump-times vect "vectorized 3 loops" 1

		=== gcc Summary for unix ===

# of expected passes		125278
# of unexpected failures	1
# of unexpected successes	2
# of expected failures		463
# of unresolved testcases	1
# of unsupported tests		2227

Running target unix/-m64

		=== gcc Summary for unix/-m64 ===

# of expected passes		127040
# of expected failures		461
# of unsupported tests		2114

		=== gcc Summary ===

# of expected passes		252318
# of unexpected failures	1
# of unexpected successes	2
# of expected failures		924
# of unresolved testcases	1
# of unsupported tests		4341
/var/gcc/regression/trunk/11-gcc-gas-gld/build/gcc/xgcc  version 9.0.0 20180921 (experimental) [trunk revision 264460] (GCC) 

		=== gfortran tests ===


Running target unix

		=== gfortran Summary for unix ===

# of expected passes		47490
# of expected failures		104
# of unsupported tests		194

Running target unix/-m64

		=== gfortran Summary for unix/-m64 ===

# of expected passes		47707
# of expected failures		104
# of unsupported tests		91

		=== gfortran Summary ===

# of expected passes		95197
# of expected failures		208
# of unsupported tests		285
/var/gcc/regression/trunk/11-gcc-gas-gld/build/gcc/gfortran  version 9.0.0 20180921 (experimental) [trunk revision 264460] (GCC) 

		=== gnat tests ===


Running target unix

		=== gnat Summary for unix ===

# of expected passes		2880
# of expected failures		24
# of unsupported tests		8

Running target unix/-m64

		=== gnat Summary for unix/-m64 ===

# of expected passes		2880
# of expected failures		24
# of unsupported tests		8

		=== gnat Summary ===

# of expected passes		5760
# of expected failures		48
# of unsupported tests		16
/var/gcc/regression/trunk/11-gcc-gas-gld/build/gcc/gnatmake version 9.0.0 20180921 (experimental) [trunk revision 264460]

		=== go tests ===


Running target unix
FAIL: ./index0-out.go execution,  -O0 -g -fno-var-tracking-assignments 

		=== go Summary for unix ===

# of expected passes		7396
# of unexpected failures	1
# of expected failures		1
# of untested testcases		10
# of unsupported tests		2

Running target unix/-m64
FAIL: ./index0-out.go execution,  -O0 -g -fno-var-tracking-assignments 

		=== go Summary for unix/-m64 ===

# of expected passes		7277
# of unexpected failures	1
# of expected failures		1
# of untested testcases		10
# of unsupported tests		1

		=== go Summary ===

# of expected passes		14673
# of unexpected failures	2
# of expected failures		2
# of untested testcases		20
# of unsupported tests		3
/var/gcc/regression/trunk/11-gcc-gas-gld/build/gcc/gccgo  version 9.0.0 20180921 (experimental) [trunk revision 264460] (GCC) 

		=== obj-c++ tests ===


Running target unix

		=== obj-c++ Summary for unix ===

# of expected passes		1464
# of expected failures		2
# of unsupported tests		77

Running target unix/-m64

		=== obj-c++ Summary for unix/-m64 ===

# of expected passes		1456
# of expected failures		10
# of unsupported tests		77

		=== obj-c++ Summary ===

# of expected passes		2920
# of expected failures		12
# of unsupported tests		154
/var/gcc/regression/trunk/11-gcc-gas-gld/build/gcc/xg++  version 9.0.0 20180921 (experimental) [trunk revision 264460] (GCC) 

		=== objc tests ===


Running target unix

		=== objc Summary for unix ===

# of expected passes		2797
# of expected failures		6
# of unsupported tests		68

Running target unix/-m64

		=== objc Summary for unix/-m64 ===

# of expected passes		2797
# of expected failures		6
# of unsupported tests		68

		=== objc Summary ===

# of expected passes		5594
# of expected failures		12
# of unsupported tests		136
/var/gcc/regression/trunk/11-gcc-gas-gld/build/gcc/xgcc  version 9.0.0 20180921 (experimental) [trunk revision 264460] (GCC) 

		=== gotools tests ===

FAIL: TestNoCache
FAIL: go test cmd/go
FAIL: TestCgoSignalDeadlock
FAIL: TestCrashHandler
FAIL: TestSelectStackAdjust
FAIL: go test runtime
FAIL: Test4029
FAIL: go test misc/cgo/test
FAIL: TestCompileWithoutShared
FAIL: TestEarlySignalHandler
FAIL: TestInstall
FAIL: TestOsSignal
FAIL: TestPIE
FAIL: TestSIGPROF
FAIL: TestSigaltstack
FAIL: TestSignalForwarding
FAIL: TestSignalForwardingExternal
FAIL: go test misc/cgo/testcarchive

		=== gotools Summary ===
# of expected passes		367
# of unexpected failures	18
# of untested testcases		192
/var/gcc/regression/trunk/11-gcc-gas-gld/build/./gcc/gccgo version 9.0.0 20180921 (experimental) [trunk revision 264460] (GCC)

		=== libatomic tests ===


Running target unix

		=== libatomic Summary for unix ===

# of expected passes		44
# of unsupported tests		5

Running target unix/-m64

		=== libatomic Summary for unix/-m64 ===

# of expected passes		54

		=== libatomic Summary ===

# of expected passes		98
# of unsupported tests		5
		=== libffi tests ===


Running target unix

		=== libffi Summary for unix ===

# of expected passes		2799

Running target unix/-m64

		=== libffi Summary for unix/-m64 ===

# of expected passes		2214

		=== libffi Summary ===

# of expected passes		5013
		=== libgo tests ===


Running target unix
FAIL: go/build
FAIL: runtime

		=== libgo Summary for unix ===

# of expected passes		162
# of unexpected failures	2

Running target unix/-m64
FAIL: go/build

		=== libgo Summary for unix/-m64 ===

# of expected passes		163
# of unexpected failures	1

		=== libgo Summary ===

# of expected passes		325
# of unexpected failures	3
/var/gcc/regression/trunk/11-gcc-gas-gld/build/./gcc/gccgo version 9.0.0 20180921 (experimental) [trunk revision 264460] (GCC)

		=== libgomp tests ===


Running target unix

		=== libgomp Summary for unix ===

# of expected passes		6130
# of expected failures		1
# of unsupported tests		324

Running target unix/-m64

		=== libgomp Summary for unix/-m64 ===

# of expected passes		6130
# of expected failures		1
# of unsupported tests		324

		=== libgomp Summary ===

# of expected passes		12260
# of expected failures		2
# of unsupported tests		648
		=== libitm tests ===


Running target unix

		=== libitm Summary for unix ===

# of expected passes		42
# of expected failures		3
# of unsupported tests		1

Running target unix/-m64

		=== libitm Summary for unix/-m64 ===

# of expected passes		42
# of expected failures		3
# of unsupported tests		1

		=== libitm Summary ===

# of expected passes		84
# of expected failures		6
# of unsupported tests		2
		=== libstdc++ tests ===


Running target unix
FAIL: 23_containers/unordered_set/hash_policy/71181.cc execution test
FAIL: 23_containers/unordered_set/hash_policy/load_factor.cc execution test
FAIL: 23_containers/unordered_set/hash_policy/prime_rehash.cc execution test
XPASS: experimental/memory_resource/resource_adaptor.cc execution test

		=== libstdc++ Summary for unix ===

# of expected passes		11673
# of unexpected failures	3
# of unexpected successes	1
# of expected failures		78
# of unsupported tests		643

Running target unix/-m64
FAIL: 23_containers/unordered_set/hash_policy/71181.cc execution test
FAIL: 23_containers/unordered_set/hash_policy/load_factor.cc execution test
FAIL: 23_containers/unordered_set/hash_policy/prime_rehash.cc execution test
FAIL: experimental/memory_resource/new_delete_resource.cc execution test

		=== libstdc++ Summary for unix/-m64 ===

# of expected passes		11666
# of unexpected failures	4
# of expected failures		77
# of unsupported tests		647

		=== libstdc++ Summary ===

# of expected passes		23339
# of unexpected failures	7
# of unexpected successes	1
# of expected failures		155
# of unsupported tests		1290

Compiler version: 9.0.0 20180921 (experimental) [trunk revision 264460] (GCC) 
Platform: i386-pc-solaris2.11
configure flags: --prefix=/vol/gcc --target=i386-pc-solaris2.11 --enable-objc-gc --with-target-bdw-gc-include=/vol/gcc/include --with-target-bdw-gc-lib=/vol/gcc/lib,amd64=/vol/gcc/lib/amd64 --with-as=/vol/gcc/bin/gas-2.31 --with-gnu-as --with-ld=/vol/gcc/bin/gld-2.31 --with-gnu-ld --with-gmp-include=/vol/gcc/include --with-gmp-lib=/vol/gcc/lib --with-mpfr-include=/vol/gcc/include --with-mpfr-lib=/vol/gcc/lib --with-mpc-include=/vol/gcc/include --with-mpc-lib=/vol/gcc/lib --enable-languages=all,ada,obj-c++,go --with-isl-include=/vol/gcc/include --with-isl-lib=/vol/gcc/lib --build=i386-pc-solaris2.11 --host=i386-pc-solaris2.11
BOOT_CFLAGS=-g -O2


Index Nav: [Date Index] [Subject Index] [Author Index] [Thread Index]
Message Nav: [Date Prev] [Date Next] [Thread Prev] [Thread Next]