This is the mail archive of the gcc-testresults@gcc.gnu.org mailing list for the GCC project.


Index Nav: [Date Index] [Subject Index] [Author Index] [Thread Index]
Message Nav: [Date Prev] [Date Next] [Thread Prev] [Thread Next]
Other format: [Raw text]

Results for 9.0.0 20180914 (experimental) (GCC) testsuite on x86_64-w64-mingw32


Target is x86_64-w64-mingw32
Host   is x86_64-pc-linux-gnu

=== g++ tests ===


Running target mw
FAIL: g++.dg/compat/eh/new1 cp_compat_x_tst.o-cp_compat_y_tst.o execute
FAIL: tmpdir-g++.dg-struct-layout-1/t001
cp_compat_x_tst.o-cp_compat_y_tst.o execute
FAIL: tmpdir-g++.dg-struct-layout-1/t002
cp_compat_x_tst.o-cp_compat_y_tst.o execute
FAIL: tmpdir-g++.dg-struct-layout-1/t024
cp_compat_x_tst.o-cp_compat_y_tst.o execute
FAIL: tmpdir-g++.dg-struct-layout-1/t025
cp_compat_x_tst.o-cp_compat_y_tst.o execute
FAIL: tmpdir-g++.dg-struct-layout-1/t026
cp_compat_x_tst.o-cp_compat_y_tst.o execute
FAIL: tmpdir-g++.dg-struct-layout-1/t027
cp_compat_x_tst.o-cp_compat_y_tst.o execute
FAIL: g++.dg/debug/dwarf2/nested-4.C  -std=gnu++11
scan-assembler-times debug_types 2
FAIL: g++.dg/debug/dwarf2/nested-4.C  -std=gnu++14
scan-assembler-times debug_types 2
FAIL: g++.dg/debug/dwarf2/nested-4.C  -std=gnu++98
scan-assembler-times debug_types 2
FAIL: c-c++-common/Warray-bounds.c  -std=gnu++11 (test for excess errors)
FAIL: c-c++-common/Warray-bounds.c  -std=gnu++11 string (test for
warnings, line 202)
FAIL: c-c++-common/Warray-bounds.c  -std=gnu++14 (test for excess errors)
FAIL: c-c++-common/Warray-bounds.c  -std=gnu++14 string (test for
warnings, line 202)
FAIL: c-c++-common/Warray-bounds.c  -std=gnu++98 (test for excess errors)
FAIL: c-c++-common/Warray-bounds.c  -std=gnu++98 string (test for
warnings, line 202)
FAIL: c-c++-common/Wrestrict.c  -std=gnu++11 (test for excess errors)
FAIL: c-c++-common/Wrestrict.c  -std=gnu++14 (test for excess errors)
FAIL: c-c++-common/Wrestrict.c  -std=gnu++98 (test for excess errors)
FAIL: g++.dg/abi/anon2.C  -std=c++11  scan-assembler
.weak(_definition)?[ \\t]_?_ZN2N11D1C3fn1ENS0_1BE
FAIL: g++.dg/abi/anon2.C  -std=c++11  scan-assembler
.weak(_definition)?[ \\t]_?_ZN2N11D1C3fn2ES1_
FAIL: g++.dg/abi/anon2.C  -std=c++11  scan-assembler
.weak(_definition)?[ \\t]_?_ZN2N31D1CIiE3fn1ENS0_1BE
FAIL: g++.dg/abi/anon2.C  -std=c++11  scan-assembler
.weak(_definition)?[ \\t]_?_ZN2N31D1CIiE3fn2ES2_
FAIL: g++.dg/abi/anon2.C  -std=c++14  scan-assembler
.weak(_definition)?[ \\t]_?_ZN2N11D1C3fn1ENS0_1BE
FAIL: g++.dg/abi/anon2.C  -std=c++14  scan-assembler
.weak(_definition)?[ \\t]_?_ZN2N11D1C3fn2ES1_
FAIL: g++.dg/abi/anon2.C  -std=c++14  scan-assembler
.weak(_definition)?[ \\t]_?_ZN2N31D1CIiE3fn1ENS0_1BE
FAIL: g++.dg/abi/anon2.C  -std=c++14  scan-assembler
.weak(_definition)?[ \\t]_?_ZN2N31D1CIiE3fn2ES2_
FAIL: g++.dg/abi/anon3.C  -std=c++11  scan-assembler
.weak(_definition)?[ \\t]_?_ZN4Heya1A1fEv
FAIL: g++.dg/abi/anon3.C  -std=c++11  scan-assembler
.weak(_definition)?[ \\t]_?_ZN4Heya4blahEv
FAIL: g++.dg/abi/anon3.C  -std=c++11  scan-assembler
.weak(_definition)?[ \\t]_?_ZTI4Heya
FAIL: g++.dg/abi/anon3.C  -std=c++11  scan-assembler
.weak(_definition)?[ \\t]_?_ZTIN4Heya1AE
FAIL: g++.dg/abi/anon3.C  -std=c++11  scan-assembler
.weak(_definition)?[ \\t]_?_ZTV4Heya
FAIL: g++.dg/abi/anon3.C  -std=c++11  scan-assembler
.weak(_definition)?[ \\t]_?_ZTVN4Heya1AE
FAIL: g++.dg/abi/anon3.C  -std=c++14  scan-assembler
.weak(_definition)?[ \\t]_?_ZN4Heya1A1fEv
FAIL: g++.dg/abi/anon3.C  -std=c++14  scan-assembler
.weak(_definition)?[ \\t]_?_ZN4Heya4blahEv
FAIL: g++.dg/abi/anon3.C  -std=c++14  scan-assembler
.weak(_definition)?[ \\t]_?_ZTI4Heya
FAIL: g++.dg/abi/anon3.C  -std=c++14  scan-assembler
.weak(_definition)?[ \\t]_?_ZTIN4Heya1AE
FAIL: g++.dg/abi/anon3.C  -std=c++14  scan-assembler
.weak(_definition)?[ \\t]_?_ZTV4Heya
FAIL: g++.dg/abi/anon3.C  -std=c++14  scan-assembler
.weak(_definition)?[ \\t]_?_ZTVN4Heya1AE
FAIL: g++.dg/abi/anon3.C  -std=c++98  scan-assembler
.weak(_definition)?[ \\t]_?_ZN4Heya1A1fEv
FAIL: g++.dg/abi/anon3.C  -std=c++98  scan-assembler
.weak(_definition)?[ \\t]_?_ZN4Heya4blahEv
FAIL: g++.dg/abi/anon3.C  -std=c++98  scan-assembler
.weak(_definition)?[ \\t]_?_ZTI4Heya
FAIL: g++.dg/abi/anon3.C  -std=c++98  scan-assembler
.weak(_definition)?[ \\t]_?_ZTIN4Heya1AE
FAIL: g++.dg/abi/anon3.C  -std=c++98  scan-assembler
.weak(_definition)?[ \\t]_?_ZTV4Heya
FAIL: g++.dg/abi/anon3.C  -std=c++98  scan-assembler
.weak(_definition)?[ \\t]_?_ZTVN4Heya1AE
FAIL: g++.dg/abi/empty13.C  -std=gnu++11 execution test
FAIL: g++.dg/abi/empty13.C  -std=gnu++14 execution test
FAIL: g++.dg/abi/empty13.C  -std=gnu++98 execution test
FAIL: g++.dg/abi/empty14.C  -std=gnu++11  (test for warnings, line 15)
FAIL: g++.dg/abi/empty14.C  -std=gnu++14  (test for warnings, line 15)
FAIL: g++.dg/abi/empty14.C  -std=gnu++98  (test for warnings, line 15)
FAIL: g++.dg/abi/empty15.C  -std=gnu++11  (test for warnings, line 15)
FAIL: g++.dg/abi/empty15.C  -std=gnu++14  (test for warnings, line 15)
FAIL: g++.dg/abi/empty15.C  -std=gnu++98  (test for warnings, line 15)
FAIL: g++.dg/abi/empty17.C  -std=gnu++11  (test for warnings, line 15)
FAIL: g++.dg/abi/empty17.C  -std=gnu++14  (test for warnings, line 15)
FAIL: g++.dg/abi/empty17.C  -std=gnu++98  (test for warnings, line 15)
FAIL: g++.dg/abi/empty24.C  -std=gnu++11 execution test
FAIL: g++.dg/abi/empty24.C  -std=gnu++14 execution test
FAIL: g++.dg/abi/empty24.C  -std=gnu++98 execution test
FAIL: g++.dg/abi/pr60336-10.C  -std=gnu++11 execution test
FAIL: g++.dg/abi/pr60336-10.C  -std=gnu++14 execution test
FAIL: g++.dg/abi/pr60336-10.C  -std=gnu++98 execution test
FAIL: g++.dg/abi/pr60336-11.C  -std=gnu++11 execution test
FAIL: g++.dg/abi/pr60336-11.C  -std=gnu++14 execution test
FAIL: g++.dg/abi/pr60336-11.C  -std=gnu++98 execution test
FAIL: g++.dg/abi/pr60336-12.C  -std=gnu++11 execution test
FAIL: g++.dg/abi/pr60336-12.C  -std=gnu++14 execution test
FAIL: g++.dg/abi/pr60336-12.C  -std=gnu++98 execution test
FAIL: g++.dg/abi/pr60336-2.C  -std=gnu++11 execution test
FAIL: g++.dg/abi/pr60336-2.C  -std=gnu++14 execution test
FAIL: g++.dg/abi/pr60336-2.C  -std=gnu++98 execution test
FAIL: g++.dg/abi/pr60336-3.C  -std=gnu++11  (test for warnings, line 13)
FAIL: g++.dg/abi/pr60336-3.C  -std=gnu++11  (test for warnings, line 14)
FAIL: g++.dg/abi/pr60336-3.C  -std=gnu++14  (test for warnings, line 13)
FAIL: g++.dg/abi/pr60336-3.C  -std=gnu++14  (test for warnings, line 14)
FAIL: g++.dg/abi/pr60336-3.C  -std=gnu++98  (test for warnings, line 13)
FAIL: g++.dg/abi/pr60336-3.C  -std=gnu++98  (test for warnings, line 14)
FAIL: g++.dg/abi/pr60336-4.C  -std=gnu++11 execution test
FAIL: g++.dg/abi/pr60336-4.C  -std=gnu++14 execution test
FAIL: g++.dg/abi/pr60336-4.C  -std=gnu++98 execution test
FAIL: g++.dg/abi/pr60336-7.C   scan-assembler jmp[\\t ]+[^\$]*?_Z3xxx9true_type
FAIL: g++.dg/abi/pr60336-8.C  -std=gnu++11  (test for warnings, line 13)
FAIL: g++.dg/abi/pr60336-8.C  -std=gnu++11  (test for warnings, line 14)
FAIL: g++.dg/abi/pr60336-8.C  -std=gnu++14  (test for warnings, line 13)
FAIL: g++.dg/abi/pr60336-8.C  -std=gnu++14  (test for warnings, line 14)
FAIL: g++.dg/abi/pr60336-8.C  -std=gnu++98  (test for warnings, line 13)
FAIL: g++.dg/abi/pr60336-8.C  -std=gnu++98  (test for warnings, line 14)
FAIL: g++.dg/abi/pr60336-9.C   scan-assembler jmp[\\t ]+[^\$]*?_Z3xxx9true_type
FAIL: g++.dg/abi/thunk5.C  -std=c++11  scan-assembler weak.*ZTv
FAIL: g++.dg/abi/thunk5.C  -std=c++14  scan-assembler weak.*ZTv
FAIL: g++.dg/abi/thunk5.C  -std=c++98  scan-assembler weak.*ZTv
FAIL: g++.dg/cpp0x/addressof2.C  -std=c++11  (test for errors, line 23)
FAIL: g++.dg/cpp0x/addressof2.C  -std=c++11 (test for excess errors)
FAIL: g++.dg/cpp0x/addressof2.C  -std=c++14  (test for errors, line 23)
FAIL: g++.dg/cpp0x/addressof2.C  -std=c++14 (test for excess errors)
FAIL: g++.dg/cpp0x/auto27.C  -std=c++98 no type (test for errors, line 3)
FAIL: g++.dg/cpp0x/constexpr-invisiref1.C  -std=c++11 (test for excess errors)
FAIL: g++.dg/cpp0x/constexpr-invisiref1.C  -std=c++14 (test for excess errors)
FAIL: g++.dg/cpp0x/decltype31.C  -std=c++11  (test for errors, line 11)
FAIL: g++.dg/cpp0x/decltype31.C  -std=c++14  (test for errors, line 11)
FAIL: g++.dg/cpp0x/decltype50.C  -std=c++11  (test for errors, line 12)
FAIL: g++.dg/cpp0x/decltype50.C  -std=c++11  (test for errors, line 16)
FAIL: g++.dg/cpp0x/decltype50.C  -std=c++11  (test for errors, line 7)
FAIL: g++.dg/cpp0x/decltype50.C  -std=c++11  (test for errors, line 9)
FAIL: g++.dg/cpp0x/decltype50.C  -std=c++11 (test for excess errors)
FAIL: g++.dg/cpp0x/decltype50.C  -std=c++14  (test for errors, line 12)
FAIL: g++.dg/cpp0x/decltype50.C  -std=c++14  (test for errors, line 16)
FAIL: g++.dg/cpp0x/decltype50.C  -std=c++14  (test for errors, line 7)
FAIL: g++.dg/cpp0x/decltype50.C  -std=c++14  (test for errors, line 9)
FAIL: g++.dg/cpp0x/decltype50.C  -std=c++14 (test for excess errors)
FAIL: g++.dg/cpp0x/lambda/lambda-58566.C  -std=c++11  (test for errors, line 8)
FAIL: g++.dg/cpp0x/lambda/lambda-58566.C  -std=c++14  (test for errors, line 8)
FAIL: g++.dg/cpp0x/lambda/lambda-eh2.C  -std=gnu++11 (test for excess errors)
WARNING: g++.dg/cpp0x/lambda/lambda-eh2.C  -std=gnu++11 compilation
failed to produce executable
FAIL: g++.dg/cpp0x/lambda/lambda-eh2.C  -std=gnu++14 (test for excess errors)
WARNING: g++.dg/cpp0x/lambda/lambda-eh2.C  -std=gnu++14 compilation
failed to produce executable
FAIL: g++.dg/cpp0x/lambda/lambda-ice15.C  -std=c++11  (test for errors, line 8)
FAIL: g++.dg/cpp0x/lambda/lambda-ice15.C  -std=c++14  (test for errors, line 8)
FAIL: g++.dg/cpp0x/pr66130.C  -std=c++11  (test for errors, line 11)
FAIL: g++.dg/cpp0x/pr66130.C  -std=c++14  (test for errors, line 11)
FAIL: g++.dg/cpp0x/static_assert9.C  -std=gnu++11  (test for errors, line 9)
FAIL: g++.dg/cpp0x/static_assert9.C  -std=gnu++11 (test for excess errors)
FAIL: g++.dg/cpp0x/static_assert9.C  -std=gnu++14  (test for errors, line 9)
FAIL: g++.dg/cpp0x/static_assert9.C  -std=gnu++14 (test for excess errors)
FAIL: g++.dg/cpp0x/stddef.C  -std=c++11 (test for excess errors)
FAIL: g++.dg/cpp0x/stddef.C  -std=c++14 (test for excess errors)
FAIL: g++.dg/diagnostic/bitfld2.C  -std=c++11 declaration (test for
errors, line 6)
FAIL: g++.dg/diagnostic/bitfld2.C  -std=c++14 declaration (test for
errors, line 6)
FAIL: g++.dg/diagnostic/bitfld2.C  -std=c++98 declaration (test for
errors, line 6)
FAIL: g++.dg/diagnostic/pr77777.C  -std=c++11  (test for errors, line 14)
FAIL: g++.dg/diagnostic/pr77777.C  -std=c++11 (test for excess errors)
FAIL: g++.dg/diagnostic/pr77777.C  -std=c++14  (test for errors, line 14)
FAIL: g++.dg/diagnostic/pr77777.C  -std=c++14 (test for excess errors)
FAIL: g++.dg/diagnostic/pr77777.C  -std=c++98  (test for errors, line 14)
FAIL: g++.dg/diagnostic/pr77777.C  -std=c++98 (test for excess errors)
FAIL: g++.dg/eh/delete1.C  -std=c++11 execution test
FAIL: g++.dg/eh/delete1.C  -std=c++14 execution test
FAIL: g++.dg/eh/delete1.C  -std=c++98 execution test
FAIL: g++.dg/eh/forced1.C  -std=c++11 execution test
FAIL: g++.dg/eh/forced1.C  -std=c++14 execution test
FAIL: g++.dg/eh/forced1.C  -std=c++98 execution test
FAIL: g++.dg/eh/new1.C  -std=c++14 execution test
FAIL: g++.dg/expr/bound-mem-fun.C  -std=c++11  (test for errors, line 16)
FAIL: g++.dg/expr/bound-mem-fun.C  -std=c++11 (test for excess errors)
FAIL: g++.dg/expr/bound-mem-fun.C  -std=c++14  (test for errors, line 16)
FAIL: g++.dg/expr/bound-mem-fun.C  -std=c++14 (test for excess errors)
FAIL: g++.dg/expr/bound-mem-fun.C  -std=c++98  (test for errors, line 16)
FAIL: g++.dg/expr/bound-mem-fun.C  -std=c++98 (test for excess errors)
FAIL: g++.dg/expr/cast11.C  -std=gnu++11 (test for excess errors)
FAIL: g++.dg/expr/cast11.C  -std=gnu++14 (test for excess errors)
FAIL: g++.dg/expr/pmf-1.C  -std=c++11  (test for errors, line 16)
FAIL: g++.dg/expr/pmf-1.C  -std=c++11  (test for errors, line 17)
FAIL: g++.dg/expr/pmf-1.C  -std=c++11  (test for warnings, line 10)
FAIL: g++.dg/expr/pmf-1.C  -std=c++14  (test for errors, line 16)
FAIL: g++.dg/expr/pmf-1.C  -std=c++14  (test for errors, line 17)
FAIL: g++.dg/expr/pmf-1.C  -std=c++14  (test for warnings, line 10)
FAIL: g++.dg/expr/pmf-1.C  -std=c++98  (test for errors, line 16)
FAIL: g++.dg/expr/pmf-1.C  -std=c++98  (test for errors, line 17)
FAIL: g++.dg/expr/pmf-1.C  -std=c++98  (test for warnings, line 10)
FAIL: g++.dg/expr/ptrmem5.C  -std=c++11  (test for errors, line 7)
FAIL: g++.dg/expr/ptrmem5.C  -std=c++11 (internal compiler error)
FAIL: g++.dg/expr/ptrmem5.C  -std=c++11 (test for excess errors)
FAIL: g++.dg/expr/ptrmem5.C  -std=c++14  (test for errors, line 7)
FAIL: g++.dg/expr/ptrmem5.C  -std=c++14 (internal compiler error)
FAIL: g++.dg/expr/ptrmem5.C  -std=c++14 (test for excess errors)
FAIL: g++.dg/expr/ptrmem5.C  -std=c++98  (test for errors, line 7)
FAIL: g++.dg/expr/ptrmem5.C  -std=c++98 (internal compiler error)
FAIL: g++.dg/expr/ptrmem5.C  -std=c++98 (test for excess errors)
FAIL: g++.dg/ext/attr-optimize.C  -std=gnu++11 (test for excess errors)
FAIL: g++.dg/ext/attr-optimize.C  -std=gnu++14 (test for excess errors)
FAIL: g++.dg/ext/attr-optimize.C  -std=gnu++98 (test for excess errors)
FAIL: g++.dg/ext/dllexport1.C  -std=gnu++11  scan-assembler
-export:[\\\\\\\\"]*_ZN3Bar10inline_barEi
FAIL: g++.dg/ext/dllexport1.C  -std=gnu++14  scan-assembler
-export:[\\\\\\\\"]*_ZN3Bar10inline_barEi
FAIL: g++.dg/ext/dllexport1.C  -std=gnu++98  scan-assembler
-export:[\\\\\\\\"]*_ZN3Bar10inline_barEi
XPASS: g++.dg/ext/dllexport4.C  -std=gnu++11 (test for excess errors)
XPASS: g++.dg/ext/dllexport4.C  -std=gnu++14 (test for excess errors)
XPASS: g++.dg/ext/dllexport4.C  -std=gnu++98 (test for excess errors)
FAIL: g++.dg/ext/dllimport7.C  -std=c++11 (test for excess errors)
FAIL: g++.dg/ext/dllimport7.C  -std=c++14 (test for excess errors)
FAIL: g++.dg/ext/dllimport7.C  -std=c++98 (test for excess errors)
FAIL: g++.dg/ext/flexary9.C  -std=gnu++98 (test for excess errors)
FAIL: g++.dg/ext/selectany1.C  -std=c++11  scan-assembler
.section\\t.data\\\\\$foo[^\\n]*\\n\\t.linkonce discard
FAIL: g++.dg/ext/selectany1.C  -std=c++11  scan-assembler
.section\\t.data\\\\\$x[^\\n]*\\n\\t.linkonce discard
FAIL: g++.dg/ext/selectany1.C  -std=c++14  scan-assembler
.section\\t.data\\\\\$foo[^\\n]*\\n\\t.linkonce discard
FAIL: g++.dg/ext/selectany1.C  -std=c++14  scan-assembler
.section\\t.data\\\\\$x[^\\n]*\\n\\t.linkonce discard
FAIL: g++.dg/ext/selectany1.C  -std=c++98  scan-assembler
.section\\t.data\\\\\$foo[^\\n]*\\n\\t.linkonce discard
FAIL: g++.dg/ext/selectany1.C  -std=c++98  scan-assembler
.section\\t.data\\\\\$x[^\\n]*\\n\\t.linkonce discard
FAIL: g++.dg/ext/uow-3.C  -std=gnu++11  (test for errors, line 6)
FAIL: g++.dg/ext/uow-3.C  -std=gnu++11  (test for warnings, line 4)
FAIL: g++.dg/ext/uow-3.C  -std=gnu++14  (test for errors, line 6)
FAIL: g++.dg/ext/uow-3.C  -std=gnu++14  (test for warnings, line 4)
FAIL: g++.dg/ext/uow-3.C  -std=gnu++98  (test for errors, line 6)
FAIL: g++.dg/ext/uow-3.C  -std=gnu++98  (test for warnings, line 4)
FAIL: g++.dg/ext/uow-4.C  -std=gnu++11  (test for errors, line 8)
FAIL: g++.dg/ext/uow-4.C  -std=gnu++11  (test for warnings, line 6)
FAIL: g++.dg/ext/uow-4.C  -std=gnu++14  (test for errors, line 8)
FAIL: g++.dg/ext/uow-4.C  -std=gnu++14  (test for warnings, line 6)
FAIL: g++.dg/ext/uow-4.C  -std=gnu++98  (test for errors, line 8)
FAIL: g++.dg/ext/uow-4.C  -std=gnu++98  (test for warnings, line 6)
FAIL: g++.dg/init/array49.C  -std=c++11  (test for errors, line 5)
FAIL: g++.dg/init/array49.C  -std=c++14  (test for errors, line 5)
FAIL: g++.dg/init/array49.C  -std=c++98  (test for errors, line 5)
FAIL: g++.dg/init/cleanup3.C  -std=c++11  scan-assembler-not _tcf
FAIL: g++.dg/init/cleanup3.C  -std=c++14  scan-assembler-not _tcf
FAIL: g++.dg/init/cleanup3.C  -std=c++98  scan-assembler-not _tcf
FAIL: g++.dg/init/dso_handle2.C  -std=gnu++11  (test for errors, line 11)
FAIL: g++.dg/init/dso_handle2.C  -std=gnu++14  (test for errors, line 11)
FAIL: g++.dg/init/dso_handle2.C  -std=gnu++98  (test for errors, line 11)
FAIL: g++.dg/init/new26.C  -std=gnu++14 execution test
FAIL: g++.dg/init/new40.C   execution test
FAIL: g++.dg/ipa/pr64146.C  -std=gnu++11  scan-ipa-dump icf "Equal symbols: 1"
FAIL: g++.dg/ipa/pr64146.C  -std=gnu++14  scan-ipa-dump icf "Equal symbols: 1"
FAIL: g++.dg/ipa/pr64146.C  -std=gnu++98  scan-ipa-dump icf "Equal symbols: 1"
FAIL: g++.dg/ipa/pr67056.C   scan-ipa-dump cp "Speculative outer
type:struct CompositeClass"
FAIL: g++.dg/ipa/pr83667.C  -std=gnu++11  scan-ipa-dump inline
"summary for void c::[^\\\\n]*THUNK0"
FAIL: g++.dg/ipa/pr83667.C  -std=gnu++14  scan-ipa-dump inline
"summary for void c::[^\\\\n]*THUNK0"
FAIL: g++.dg/ipa/pr83667.C  -std=gnu++98  scan-ipa-dump inline
"summary for void c::[^\\\\n]*THUNK0"
FAIL: g++.dg/lookup/name-clash11.C  -std=gnu++11  (test for warnings, line 16)
FAIL: g++.dg/lookup/name-clash11.C  -std=gnu++11  (test for warnings, line 20)
FAIL: g++.dg/lookup/name-clash11.C  -std=gnu++11  (test for warnings, line 28)
FAIL: g++.dg/lookup/name-clash11.C  -std=gnu++11  (test for warnings, line 32)
FAIL: g++.dg/lookup/name-clash11.C  -std=gnu++11  (test for warnings, line 43)
FAIL: g++.dg/lookup/name-clash11.C  -std=gnu++11  (test for warnings, line 51)
FAIL: g++.dg/lookup/name-clash11.C  -std=gnu++11  (test for warnings, line 61)
FAIL: g++.dg/lookup/name-clash11.C  -std=gnu++11  (test for warnings, line 64)
FAIL: g++.dg/lookup/name-clash11.C  -std=gnu++11  (test for warnings, line 74)
FAIL: g++.dg/lookup/name-clash11.C  -std=gnu++11  (test for warnings, line 77)
FAIL: g++.dg/lookup/name-clash11.C  -std=gnu++14  (test for warnings, line 16)
FAIL: g++.dg/lookup/name-clash11.C  -std=gnu++14  (test for warnings, line 20)
FAIL: g++.dg/lookup/name-clash11.C  -std=gnu++14  (test for warnings, line 28)
FAIL: g++.dg/lookup/name-clash11.C  -std=gnu++14  (test for warnings, line 32)
FAIL: g++.dg/lookup/name-clash11.C  -std=gnu++14  (test for warnings, line 43)
FAIL: g++.dg/lookup/name-clash11.C  -std=gnu++14  (test for warnings, line 51)
FAIL: g++.dg/lookup/name-clash11.C  -std=gnu++14  (test for warnings, line 61)
FAIL: g++.dg/lookup/name-clash11.C  -std=gnu++14  (test for warnings, line 64)
FAIL: g++.dg/lookup/name-clash11.C  -std=gnu++14  (test for warnings, line 74)
FAIL: g++.dg/lookup/name-clash11.C  -std=gnu++14  (test for warnings, line 77)
FAIL: g++.dg/lookup/name-clash11.C  -std=gnu++98  (test for warnings, line 16)
FAIL: g++.dg/lookup/name-clash11.C  -std=gnu++98  (test for warnings, line 20)
FAIL: g++.dg/lookup/name-clash11.C  -std=gnu++98  (test for warnings, line 28)
FAIL: g++.dg/lookup/name-clash11.C  -std=gnu++98  (test for warnings, line 32)
FAIL: g++.dg/lookup/name-clash11.C  -std=gnu++98  (test for warnings, line 43)
FAIL: g++.dg/lookup/name-clash11.C  -std=gnu++98  (test for warnings, line 51)
FAIL: g++.dg/lookup/name-clash11.C  -std=gnu++98  (test for warnings, line 61)
FAIL: g++.dg/lookup/name-clash11.C  -std=gnu++98  (test for warnings, line 64)
FAIL: g++.dg/lookup/name-clash11.C  -std=gnu++98  (test for warnings, line 74)
FAIL: g++.dg/lookup/name-clash11.C  -std=gnu++98  (test for warnings, line 77)
FAIL: g++.dg/lookup/name-clash12.C  -std=c++11  (test for errors, line 7)
FAIL: g++.dg/lookup/name-clash12.C  -std=c++11  (test for warnings, line 3)
FAIL: g++.dg/lookup/name-clash12.C  -std=c++14  (test for errors, line 7)
FAIL: g++.dg/lookup/name-clash12.C  -std=c++14  (test for warnings, line 3)
FAIL: g++.dg/lookup/name-clash12.C  -std=c++98  (test for errors, line 7)
FAIL: g++.dg/lookup/name-clash12.C  -std=c++98  (test for warnings, line 3)
FAIL: g++.dg/lookup/name-clash7.C  -std=c++11  (test for errors, line 10)
FAIL: g++.dg/lookup/name-clash7.C  -std=c++11  (test for warnings, line 3)
FAIL: g++.dg/lookup/name-clash7.C  -std=c++14  (test for errors, line 10)
FAIL: g++.dg/lookup/name-clash7.C  -std=c++14  (test for warnings, line 3)
FAIL: g++.dg/lookup/name-clash7.C  -std=c++98  (test for errors, line 10)
FAIL: g++.dg/lookup/name-clash7.C  -std=c++98  (test for warnings, line 3)
FAIL: g++.dg/lookup/redecl1.C  -std=c++11  (test for errors, line 5)
FAIL: g++.dg/lookup/redecl1.C  -std=c++11  (test for warnings, line 3)
FAIL: g++.dg/lookup/redecl1.C  -std=c++14  (test for errors, line 5)
FAIL: g++.dg/lookup/redecl1.C  -std=c++14  (test for warnings, line 3)
FAIL: g++.dg/lookup/redecl1.C  -std=c++98  (test for errors, line 5)
FAIL: g++.dg/lookup/redecl1.C  -std=c++98  (test for warnings, line 3)
FAIL: g++.dg/opt/pr55717.C  -std=gnu++11 (test for excess errors)
FAIL: g++.dg/opt/pr55717.C  -std=gnu++14 (test for excess errors)
FAIL: g++.dg/opt/pr55717.C  -std=gnu++98 (test for excess errors)
FAIL: g++.dg/other/error34.C  -std=gnu++11 decl (test for errors, line 5)
FAIL: g++.dg/other/error34.C  -std=gnu++14 decl (test for errors, line 5)
FAIL: g++.dg/other/error34.C  -std=gnu++98 decl (test for errors, line 5)
FAIL: g++.dg/other/i386-9.C  -std=gnu++11 (test for excess errors)
WARNING: g++.dg/other/i386-9.C  -std=gnu++11 compilation failed to
produce executable
FAIL: g++.dg/other/i386-9.C  -std=gnu++14 (test for excess errors)
WARNING: g++.dg/other/i386-9.C  -std=gnu++14 compilation failed to
produce executable
FAIL: g++.dg/other/i386-9.C  -std=gnu++98 (test for excess errors)
WARNING: g++.dg/other/i386-9.C  -std=gnu++98 compilation failed to
produce executable
FAIL: g++.dg/other/pr66130.C  -std=c++11  (test for errors, line 9)
FAIL: g++.dg/other/pr66130.C  -std=c++11  (test for warnings, line 5)
FAIL: g++.dg/other/pr66130.C  -std=c++11 (test for excess errors)
FAIL: g++.dg/other/pr66130.C  -std=c++14  (test for errors, line 9)
FAIL: g++.dg/other/pr66130.C  -std=c++14  (test for warnings, line 5)
FAIL: g++.dg/other/pr66130.C  -std=c++14 (test for excess errors)
FAIL: g++.dg/other/pr66130.C  -std=c++98  (test for errors, line 9)
FAIL: g++.dg/other/pr66130.C  -std=c++98  (test for warnings, line 5)
FAIL: g++.dg/other/pr66130.C  -std=c++98 (test for excess errors)
FAIL: g++.dg/other/ptrmem8.C  -std=c++11  (test for errors, line 15)
FAIL: g++.dg/other/ptrmem8.C  -std=c++11  (test for errors, line 9)
FAIL: g++.dg/other/ptrmem8.C  -std=c++11 (internal compiler error)
FAIL: g++.dg/other/ptrmem8.C  -std=c++11 (test for excess errors)
FAIL: g++.dg/other/ptrmem8.C  -std=c++14  (test for errors, line 15)
FAIL: g++.dg/other/ptrmem8.C  -std=c++14  (test for errors, line 9)
FAIL: g++.dg/other/ptrmem8.C  -std=c++14 (internal compiler error)
FAIL: g++.dg/other/ptrmem8.C  -std=c++14 (test for excess errors)
FAIL: g++.dg/other/ptrmem8.C  -std=c++98  (test for errors, line 15)
FAIL: g++.dg/other/ptrmem8.C  -std=c++98  (test for errors, line 9)
FAIL: g++.dg/other/ptrmem8.C  -std=c++98 (internal compiler error)
FAIL: g++.dg/other/ptrmem8.C  -std=c++98 (test for excess errors)
FAIL: g++.dg/other/typedef1.C  -std=c++11  (test for errors, line 4)
FAIL: g++.dg/other/typedef1.C  -std=c++14  (test for errors, line 4)
FAIL: g++.dg/other/typedef1.C  -std=c++98  (test for errors, line 4)
FAIL: g++.dg/other/vararg-4.C  -std=c++11 (test for excess errors)
FAIL: g++.dg/other/vararg-4.C  -std=c++14 (test for excess errors)
FAIL: g++.dg/other/vararg-4.C  -std=c++98 (test for excess errors)
FAIL: g++.dg/parse/dot1.C  -std=c++11  (test for errors, line 4)
FAIL: g++.dg/parse/dot1.C  -std=c++11 (test for excess errors)
FAIL: g++.dg/parse/dot1.C  -std=c++14  (test for errors, line 4)
FAIL: g++.dg/parse/dot1.C  -std=c++14 (test for excess errors)
FAIL: g++.dg/parse/dot1.C  -std=c++98  (test for errors, line 4)
FAIL: g++.dg/parse/dot1.C  -std=c++98 (test for excess errors)
FAIL: g++.dg/parse/error43.C  -std=gnu++11 (test for excess errors)
FAIL: g++.dg/parse/error43.C  -std=gnu++14 (test for excess errors)
FAIL: g++.dg/parse/error43.C  -std=gnu++98 (test for excess errors)
FAIL: g++.dg/parse/error45.C  -std=c++11  (test for errors, line 8)
FAIL: g++.dg/parse/error45.C  -std=c++11 (test for excess errors)
FAIL: g++.dg/parse/error45.C  -std=c++14  (test for errors, line 8)
FAIL: g++.dg/parse/error45.C  -std=c++14 (test for excess errors)
FAIL: g++.dg/parse/error45.C  -std=c++98  (test for errors, line 8)
FAIL: g++.dg/parse/error45.C  -std=c++98 (test for excess errors)
FAIL: g++.dg/parse/ptrmem7.C  -std=gnu++11  (test for warnings, line 9)
FAIL: g++.dg/parse/ptrmem7.C  -std=gnu++14  (test for warnings, line 9)
FAIL: g++.dg/parse/ptrmem7.C  -std=gnu++98  (test for warnings, line 9)
FAIL: g++.dg/pr49718.C  -std=gnu++11  scan-assembler-times
__cyg_profile_func_enter 1
FAIL: g++.dg/pr49718.C  -std=gnu++14  scan-assembler-times
__cyg_profile_func_enter 1
FAIL: g++.dg/pr49718.C  -std=gnu++98  scan-assembler-times
__cyg_profile_func_enter 1
FAIL: g++.dg/pr71694.C  -std=gnu++11  scan-assembler-not movl
FAIL: g++.dg/pr71694.C  -std=gnu++14  scan-assembler-not movl
FAIL: g++.dg/pr71694.C  -std=gnu++98  scan-assembler-not movl
FAIL: g++.dg/pr79095-2.C  -std=gnu++11  (test for warnings, line )
FAIL: g++.dg/pr79095-2.C  -std=gnu++14  (test for warnings, line )
FAIL: g++.dg/pr79095-2.C  -std=gnu++98  (test for warnings, line )
FAIL: g++.dg/pr80481.C  -std=gnu++11  scan-assembler-not vmovaps
FAIL: g++.dg/pr80481.C  -std=gnu++14  scan-assembler-not vmovaps
FAIL: g++.dg/pr80481.C  -std=gnu++98  scan-assembler-not vmovaps
FAIL: g++.dg/pr83239.C  -std=gnu++98 (test for excess errors)
FAIL: g++.dg/rtti/typeid8.C  -std=c++11  (test for errors, line 25)
FAIL: g++.dg/rtti/typeid8.C  -std=c++14  (test for errors, line 25)
FAIL: g++.dg/rtti/typeid8.C  -std=c++98  (test for errors, line 25)
FAIL: g++.dg/stackprotectexplicit2.C  -std=gnu++11
scan-assembler-times stack_chk_fail 2
FAIL: g++.dg/stackprotectexplicit2.C  -std=gnu++14
scan-assembler-times stack_chk_fail 2
FAIL: g++.dg/stackprotectexplicit2.C  -std=gnu++98
scan-assembler-times stack_chk_fail 2
FAIL: g++.dg/template/crash37.C  -std=c++11  (test for errors, line 23)
FAIL: g++.dg/template/crash37.C  -std=c++14  (test for errors, line 23)
FAIL: g++.dg/template/crash37.C  -std=c++98  (test for errors, line 23)
FAIL: g++.dg/template/crash51.C  -std=c++11  (test for errors, line 10)
FAIL: g++.dg/template/crash51.C  -std=c++11 (test for excess errors)
FAIL: g++.dg/template/crash51.C  -std=c++14  (test for errors, line 10)
FAIL: g++.dg/template/crash51.C  -std=c++14 (test for excess errors)
FAIL: g++.dg/template/crash51.C  -std=c++98  (test for errors, line 10)
FAIL: g++.dg/template/crash51.C  -std=c++98 (test for excess errors)
FAIL: g++.dg/template/crash72.C  -std=c++11  (test for errors, line 16)
FAIL: g++.dg/template/crash72.C  -std=c++11 (test for excess errors)
FAIL: g++.dg/template/crash72.C  -std=c++14  (test for errors, line 16)
FAIL: g++.dg/template/crash72.C  -std=c++14 (test for excess errors)
FAIL: g++.dg/template/crash72.C  -std=c++98  (test for errors, line 16)
FAIL: g++.dg/template/crash72.C  -std=c++98 (test for excess errors)
FAIL: g++.dg/template/dependent-expr5.C  -std=c++11  (test for errors, line 115)
FAIL: g++.dg/template/dependent-expr5.C  -std=c++11  (test for errors, line 47)
FAIL: g++.dg/template/dependent-expr5.C  -std=c++11  (test for errors, line 63)
FAIL: g++.dg/template/dependent-expr5.C  -std=c++11  (test for errors, line 99)
FAIL: g++.dg/template/dependent-expr5.C  -std=c++11  (test for
warnings, line 10)
FAIL: g++.dg/template/dependent-expr5.C  -std=c++11  (test for warnings, line 9)
FAIL: g++.dg/template/dependent-expr5.C  -std=c++11 (test for excess errors)
FAIL: g++.dg/template/dependent-expr5.C  -std=c++11 candidate note
(test for warnings, line 115)
FAIL: g++.dg/template/dependent-expr5.C  -std=c++11 candidate note
(test for warnings, line 47)
FAIL: g++.dg/template/dependent-expr5.C  -std=c++11 candidate note
(test for warnings, line 63)
FAIL: g++.dg/template/dependent-expr5.C  -std=c++11 candidate note
(test for warnings, line 99)
FAIL: g++.dg/template/dependent-expr5.C  -std=c++14  (test for errors, line 115)
FAIL: g++.dg/template/dependent-expr5.C  -std=c++14  (test for errors, line 47)
FAIL: g++.dg/template/dependent-expr5.C  -std=c++14  (test for errors, line 63)
FAIL: g++.dg/template/dependent-expr5.C  -std=c++14  (test for errors, line 99)
FAIL: g++.dg/template/dependent-expr5.C  -std=c++14  (test for
warnings, line 10)
FAIL: g++.dg/template/dependent-expr5.C  -std=c++14  (test for warnings, line 9)
FAIL: g++.dg/template/dependent-expr5.C  -std=c++14 (test for excess errors)
FAIL: g++.dg/template/dependent-expr5.C  -std=c++14 candidate note
(test for warnings, line 115)
FAIL: g++.dg/template/dependent-expr5.C  -std=c++14 candidate note
(test for warnings, line 47)
FAIL: g++.dg/template/dependent-expr5.C  -std=c++14 candidate note
(test for warnings, line 63)
FAIL: g++.dg/template/dependent-expr5.C  -std=c++14 candidate note
(test for warnings, line 99)
FAIL: g++.dg/template/dependent-expr5.C  -std=c++98  (test for errors, line 115)
FAIL: g++.dg/template/dependent-expr5.C  -std=c++98  (test for errors, line 47)
FAIL: g++.dg/template/dependent-expr5.C  -std=c++98  (test for errors, line 63)
FAIL: g++.dg/template/dependent-expr5.C  -std=c++98  (test for errors, line 99)
FAIL: g++.dg/template/dependent-expr5.C  -std=c++98  (test for
warnings, line 10)
FAIL: g++.dg/template/dependent-expr5.C  -std=c++98  (test for warnings, line 9)
FAIL: g++.dg/template/dependent-expr5.C  -std=c++98 (test for excess errors)
FAIL: g++.dg/template/dependent-expr5.C  -std=c++98 candidate note
(test for warnings, line 115)
FAIL: g++.dg/template/dependent-expr5.C  -std=c++98 candidate note
(test for warnings, line 47)
FAIL: g++.dg/template/dependent-expr5.C  -std=c++98 candidate note
(test for warnings, line 63)
FAIL: g++.dg/template/dependent-expr5.C  -std=c++98 candidate note
(test for warnings, line 99)
FAIL: g++.dg/template/dtor6.C  -std=c++11  (test for errors, line 14)
FAIL: g++.dg/template/dtor6.C  -std=c++11  (test for errors, line 8)
FAIL: g++.dg/template/dtor6.C  -std=c++11 (test for excess errors)
FAIL: g++.dg/template/dtor6.C  -std=c++14  (test for errors, line 14)
FAIL: g++.dg/template/dtor6.C  -std=c++14  (test for errors, line 8)
FAIL: g++.dg/template/dtor6.C  -std=c++14 (test for excess errors)
FAIL: g++.dg/template/dtor6.C  -std=c++98  (test for errors, line 14)
FAIL: g++.dg/template/dtor6.C  -std=c++98  (test for errors, line 8)
FAIL: g++.dg/template/dtor6.C  -std=c++98 (test for excess errors)
FAIL: g++.dg/template/overload6.C  -std=c++11  (test for errors, line 16)
FAIL: g++.dg/template/overload6.C  -std=c++11 (test for excess errors)
FAIL: g++.dg/template/overload6.C  -std=c++14  (test for errors, line 16)
FAIL: g++.dg/template/overload6.C  -std=c++14 (test for excess errors)
FAIL: g++.dg/template/overload6.C  -std=c++98  (test for errors, line 16)
FAIL: g++.dg/template/overload6.C  -std=c++98 (test for excess errors)
FAIL: g++.dg/template/pr84973-2.C  -std=c++11  (test for errors, line 5)
FAIL: g++.dg/template/pr84973-2.C  -std=c++11 (test for excess errors)
FAIL: g++.dg/template/pr84973-2.C  -std=c++14  (test for errors, line 5)
FAIL: g++.dg/template/pr84973-2.C  -std=c++14 (test for excess errors)
FAIL: g++.dg/template/pr84973-2.C  -std=c++98  (test for errors, line 5)
FAIL: g++.dg/template/pr84973-2.C  -std=c++98 (test for excess errors)
FAIL: g++.dg/template/pseudodtor3.C  -std=c++11  (test for errors, line 8)
FAIL: g++.dg/template/pseudodtor3.C  -std=c++11 (test for excess errors)
FAIL: g++.dg/template/pseudodtor3.C  -std=c++14  (test for errors, line 8)
FAIL: g++.dg/template/pseudodtor3.C  -std=c++14 (test for excess errors)
FAIL: g++.dg/template/pseudodtor3.C  -std=c++98  (test for errors, line 8)
FAIL: g++.dg/template/pseudodtor3.C  -std=c++98 (test for excess errors)
FAIL: g++.dg/template/ptrmem4.C  -std=c++11  (test for errors, line 19)
FAIL: g++.dg/template/ptrmem4.C  -std=c++11 (test for excess errors)
FAIL: g++.dg/template/ptrmem4.C  -std=c++14  (test for errors, line 19)
FAIL: g++.dg/template/ptrmem4.C  -std=c++14 (test for excess errors)
FAIL: g++.dg/template/ptrmem4.C  -std=c++98  (test for errors, line 19)
FAIL: g++.dg/template/ptrmem4.C  -std=c++98 (test for excess errors)
FAIL: g++.dg/warn/Wunused-parm-3.C  -std=gnu++11 (test for excess errors)
FAIL: g++.dg/warn/Wunused-parm-3.C  -std=gnu++14 (test for excess errors)
FAIL: g++.dg/warn/Wunused-parm-3.C  -std=gnu++98 (test for excess errors)
FAIL: g++.dg/warn/changes-meaning.C  -std=gnu++11  (test for warnings, line 4)
FAIL: g++.dg/warn/changes-meaning.C  -std=gnu++11  (test for warnings, line 9)
FAIL: g++.dg/warn/changes-meaning.C  -std=gnu++14  (test for warnings, line 4)
FAIL: g++.dg/warn/changes-meaning.C  -std=gnu++14  (test for warnings, line 9)
FAIL: g++.dg/warn/changes-meaning.C  -std=gnu++98  (test for warnings, line 4)
FAIL: g++.dg/warn/changes-meaning.C  -std=gnu++98  (test for warnings, line 9)
FAIL: g++.dg/warn/pmf1.C  -std=c++11  (test for errors, line 17)
FAIL: g++.dg/warn/pmf1.C  -std=c++14  (test for errors, line 17)
FAIL: g++.dg/warn/pmf1.C  -std=c++98  (test for errors, line 17)
FAIL: g++.dg/lto/pr51567-1 cp_lto_pr51567-1_0.o-cp_lto_pr51567-1_0.o
link,  -flto -g  (internal compiler error)
FAIL: g++.dg/lto/pr51650-1 cp_lto_pr51650-1_0.o-cp_lto_pr51650-1_0.o
link,  -flto -g  (internal compiler error)
FAIL: g++.dg/lto/pr51650-3 cp_lto_pr51650-3_0.o-cp_lto_pr51650-3_0.o
link,  -flto -g  (internal compiler error)
FAIL: g++.dg/lto/pr60336 cp_lto_pr60336_0.o-cp_lto_pr60336_0.o execute
-O0 -flto -flto-partition=1to1 -fno-use-linker-plugin
FAIL: g++.dg/lto/pr60336 cp_lto_pr60336_0.o-cp_lto_pr60336_0.o execute
-O0 -flto -flto-partition=none -fuse-linker-plugin
FAIL: g++.dg/lto/pr60336 cp_lto_pr60336_0.o-cp_lto_pr60336_0.o execute
-O0 -flto -fuse-linker-plugin -fno-fat-lto-objects
FAIL: g++.dg/lto/pr60336 cp_lto_pr60336_0.o-cp_lto_pr60336_0.o execute
-O2 -flto -flto-partition=1to1 -fno-use-linker-plugin
FAIL: g++.dg/lto/pr60336 cp_lto_pr60336_0.o-cp_lto_pr60336_0.o execute
-O2 -flto -flto-partition=none -fuse-linker-plugin
-fno-fat-lto-objects
FAIL: g++.dg/lto/pr60336 cp_lto_pr60336_0.o-cp_lto_pr60336_0.o execute
-O2 -flto -fuse-linker-plugin
FAIL: g++.dg/lto/pr64076 cp_lto_pr64076_0.o-cp_lto_pr64076_1.o link,
-O0 -flto -flto-partition=1to1 -fno-use-linker-plugin
FAIL: g++.dg/lto/pr65475c cp_lto_pr65475c_0.o-cp_lto_pr65475c_1.o
link, -O2 -w -Wno-return-type
FAIL: g++.dg/tls/thread_local-order1.C  -std=c++11 execution test
FAIL: g++.dg/tls/thread_local-order1.C  -std=c++14 execution test
FAIL: g++.dg/tls/thread_local-order2.C  -std=c++11 execution test
FAIL: g++.dg/tls/thread_local-order2.C  -std=c++14 execution test
FAIL: g++.dg/tm/pr46941.C  -std=gnu++11  scan-assembler _ZGTtna[mj]
FAIL: g++.dg/tm/pr46941.C  -std=gnu++11  scan-assembler _ZGTtnw[mj]
FAIL: g++.dg/tm/pr46941.C  -std=gnu++14  scan-assembler _ZGTtna[mj]
FAIL: g++.dg/tm/pr46941.C  -std=gnu++14  scan-assembler _ZGTtnw[mj]
FAIL: g++.dg/tm/pr46941.C  -std=gnu++98  scan-assembler _ZGTtna[mj]
FAIL: g++.dg/tm/pr46941.C  -std=gnu++98  scan-assembler _ZGTtnw[mj]
FAIL: g++.dg/torture/pr58252.C   -O0   (test for warnings, line 18)
FAIL: g++.dg/torture/pr58252.C   -O1   (test for warnings, line 18)
FAIL: g++.dg/torture/pr58252.C   -O2   (test for warnings, line 18)
FAIL: g++.dg/torture/pr58252.C   -O2 -flto -fno-use-linker-plugin
-flto-partition=none   (test for warnings, line 18)
FAIL: g++.dg/torture/pr58252.C   -O2 -flto -fuse-linker-plugin
-fno-fat-lto-objects   (test for warnings, line 18)
FAIL: g++.dg/torture/pr58252.C   -O3 -fomit-frame-pointer
-funroll-loops -fpeel-loops -ftracer -finline-functions   (test for
warnings, line 18)
FAIL: g++.dg/torture/pr58252.C   -O3 -g   (test for warnings, line 18)
FAIL: g++.dg/torture/pr58252.C   -Os   (test for warnings, line 18)
FAIL: g++.dg/torture/pr77555.C   -O2 -flto -fuse-linker-plugin
-fno-fat-lto-objects  (test for excess errors)
FAIL: g++.old-deja/g++.benjamin/13908.C  -std=c++11  (test for errors, line 20)
FAIL: g++.old-deja/g++.benjamin/13908.C  -std=c++11 (internal compiler error)
FAIL: g++.old-deja/g++.benjamin/13908.C  -std=c++11 (test for excess errors)
FAIL: g++.old-deja/g++.benjamin/13908.C  -std=c++14  (test for errors, line 20)
FAIL: g++.old-deja/g++.benjamin/13908.C  -std=c++14 (internal compiler error)
FAIL: g++.old-deja/g++.benjamin/13908.C  -std=c++14 (test for excess errors)
FAIL: g++.old-deja/g++.benjamin/13908.C  -std=c++98  (test for errors, line 20)
FAIL: g++.old-deja/g++.benjamin/13908.C  -std=c++98 (internal compiler error)
FAIL: g++.old-deja/g++.benjamin/13908.C  -std=c++98 (test for excess errors)
FAIL: g++.old-deja/g++.brendan/arm3.C  -std=c++11  (test for errors, line 7)
FAIL: g++.old-deja/g++.brendan/arm3.C  -std=c++14  (test for errors, line 7)
FAIL: g++.old-deja/g++.brendan/arm3.C  -std=c++98  (test for errors, line 7)
FAIL: g++.old-deja/g++.brendan/prepost1.C  -std=c++11  (test for errors, line 5)
FAIL: g++.old-deja/g++.brendan/prepost1.C  -std=c++14  (test for errors, line 5)
FAIL: g++.old-deja/g++.brendan/prepost1.C  -std=c++98  (test for errors, line 5)
FAIL: g++.old-deja/g++.brendan/prepost2.C  -std=c++11  (test for
errors, line 11)
FAIL: g++.old-deja/g++.brendan/prepost2.C  -std=c++11  (test for errors, line 5)
FAIL: g++.old-deja/g++.brendan/prepost2.C  -std=c++11  (test for errors, line 6)
FAIL: g++.old-deja/g++.brendan/prepost2.C  -std=c++11  (test for errors, line 7)
FAIL: g++.old-deja/g++.brendan/prepost2.C  -std=c++11  (test for errors, line 9)
FAIL: g++.old-deja/g++.brendan/prepost2.C  -std=c++14  (test for
errors, line 11)
FAIL: g++.old-deja/g++.brendan/prepost2.C  -std=c++14  (test for errors, line 5)
FAIL: g++.old-deja/g++.brendan/prepost2.C  -std=c++14  (test for errors, line 6)
FAIL: g++.old-deja/g++.brendan/prepost2.C  -std=c++14  (test for errors, line 7)
FAIL: g++.old-deja/g++.brendan/prepost2.C  -std=c++14  (test for errors, line 9)
FAIL: g++.old-deja/g++.brendan/prepost2.C  -std=c++98  (test for
errors, line 11)
FAIL: g++.old-deja/g++.brendan/prepost2.C  -std=c++98  (test for errors, line 5)
FAIL: g++.old-deja/g++.brendan/prepost2.C  -std=c++98  (test for errors, line 6)
FAIL: g++.old-deja/g++.brendan/prepost2.C  -std=c++98  (test for errors, line 7)
FAIL: g++.old-deja/g++.brendan/prepost2.C  -std=c++98  (test for errors, line 9)
FAIL: g++.old-deja/g++.bugs/900213_03.C  -std=c++11  (test for errors, line 24)
FAIL: g++.old-deja/g++.bugs/900213_03.C  -std=c++14  (test for errors, line 24)
FAIL: g++.old-deja/g++.bugs/900213_03.C  -std=c++98  (test for errors, line 24)
FAIL: g++.old-deja/g++.jason/member.C  -std=c++11  (test for errors, line 28)
FAIL: g++.old-deja/g++.jason/member.C  -std=c++11  (test for errors, line 34)
FAIL: g++.old-deja/g++.jason/member.C  -std=c++14  (test for errors, line 28)
FAIL: g++.old-deja/g++.jason/member.C  -std=c++14  (test for errors, line 34)
FAIL: g++.old-deja/g++.jason/member.C  -std=c++98  (test for errors, line 28)
FAIL: g++.old-deja/g++.jason/member.C  -std=c++98  (test for errors, line 34)
FAIL: g++.old-deja/g++.jason/pmf2.C  -std=c++11  (test for errors, line 12)
FAIL: g++.old-deja/g++.jason/pmf2.C  -std=c++14  (test for errors, line 12)
FAIL: g++.old-deja/g++.jason/pmf2.C  -std=c++98  (test for errors, line 12)
FAIL: g++.old-deja/g++.jason/pmf5.C  -std=gnu++11 assuming (test for
errors, line 18)
FAIL: g++.old-deja/g++.jason/pmf5.C  -std=gnu++11 note (test for
warnings, line 18)
FAIL: g++.old-deja/g++.jason/pmf5.C  -std=gnu++14 assuming (test for
errors, line 18)
FAIL: g++.old-deja/g++.jason/pmf5.C  -std=gnu++14 note (test for
warnings, line 18)
FAIL: g++.old-deja/g++.jason/pmf5.C  -std=gnu++98 assuming (test for
errors, line 18)
FAIL: g++.old-deja/g++.jason/pmf5.C  -std=gnu++98 note (test for
warnings, line 18)
FAIL: g++.old-deja/g++.jason/scoping8.C  -std=c++11  (test for errors, line 7)
FAIL: g++.old-deja/g++.jason/scoping8.C  -std=c++11  (test for warnings, line 4)
FAIL: g++.old-deja/g++.jason/scoping8.C  -std=c++14  (test for errors, line 7)
FAIL: g++.old-deja/g++.jason/scoping8.C  -std=c++14  (test for warnings, line 4)
FAIL: g++.old-deja/g++.jason/scoping8.C  -std=c++98  (test for errors, line 7)
FAIL: g++.old-deja/g++.jason/scoping8.C  -std=c++98  (test for warnings, line 4)
FAIL: g++.old-deja/g++.jason/typeid1.C  -std=c++11  (test for errors, line 11)
FAIL: g++.old-deja/g++.jason/typeid1.C  -std=c++14  (test for errors, line 11)
FAIL: g++.old-deja/g++.jason/typeid1.C  -std=c++98  (test for errors, line 11)
FAIL: g++.old-deja/g++.law/arm16.C  -std=gnu++11  (test for errors, line 14)
FAIL: g++.old-deja/g++.law/arm16.C  -std=gnu++14  (test for errors, line 14)
FAIL: g++.old-deja/g++.law/arm16.C  -std=gnu++98  (test for errors, line 14)
FAIL: g++.old-deja/g++.law/nest1.C  -std=c++11  (test for errors, line 13)
FAIL: g++.old-deja/g++.law/nest1.C  -std=c++11  (test for warnings, line 9)
FAIL: g++.old-deja/g++.law/nest1.C  -std=c++14  (test for errors, line 13)
FAIL: g++.old-deja/g++.law/nest1.C  -std=c++14  (test for warnings, line 9)
FAIL: g++.old-deja/g++.law/nest1.C  -std=c++98  (test for errors, line 13)
FAIL: g++.old-deja/g++.law/nest1.C  -std=c++98  (test for warnings, line 9)
FAIL: g++.old-deja/g++.law/operators9.C  -std=c++11  (test for errors, line 12)
FAIL: g++.old-deja/g++.law/operators9.C  -std=c++14  (test for errors, line 12)
FAIL: g++.old-deja/g++.law/operators9.C  -std=c++98  (test for errors, line 12)
FAIL: g++.old-deja/g++.mike/net31.C  -std=c++11  (test for errors, line 66)
FAIL: g++.old-deja/g++.mike/net31.C  -std=c++14  (test for errors, line 66)
FAIL: g++.old-deja/g++.mike/net31.C  -std=c++98  (test for errors, line 66)
FAIL: g++.old-deja/g++.mike/net36.C  -std=c++11  (test for errors, line 18)
FAIL: g++.old-deja/g++.mike/net36.C  -std=c++14  (test for errors, line 18)
FAIL: g++.old-deja/g++.mike/net36.C  -std=c++98  (test for errors, line 18)
FAIL: g++.old-deja/g++.mike/p11110.C  -std=c++11  (test for errors, line 20)
FAIL: g++.old-deja/g++.mike/p11110.C  -std=c++11 (test for excess errors)
FAIL: g++.old-deja/g++.mike/p11110.C  -std=c++14  (test for errors, line 20)
FAIL: g++.old-deja/g++.mike/p11110.C  -std=c++14 (test for excess errors)
FAIL: g++.old-deja/g++.mike/p11110.C  -std=c++98  (test for errors, line 20)
FAIL: g++.old-deja/g++.mike/p11110.C  -std=c++98 (test for excess errors)
FAIL: g++.old-deja/g++.mike/p646.C  -std=gnu++11  (test for warnings, line 135)
FAIL: g++.old-deja/g++.mike/p646.C  -std=gnu++14  (test for warnings, line 135)
FAIL: g++.old-deja/g++.mike/p646.C  -std=gnu++98  (test for warnings, line 135)
FAIL: g++.old-deja/g++.mike/p755a.C  -std=c++14 execution test
FAIL: g++.old-deja/g++.oliva/overload1.C  -std=c++11  (test for errors, line 16)
FAIL: g++.old-deja/g++.oliva/overload1.C  -std=c++11 note (test for
warnings, line 16)
FAIL: g++.old-deja/g++.oliva/overload1.C  -std=c++14  (test for errors, line 16)
FAIL: g++.old-deja/g++.oliva/overload1.C  -std=c++14 note (test for
warnings, line 16)
FAIL: g++.old-deja/g++.oliva/overload1.C  -std=c++98  (test for errors, line 16)
FAIL: g++.old-deja/g++.oliva/overload1.C  -std=c++98 note (test for
warnings, line 16)
FAIL: g++.old-deja/g++.other/decl6.C  -std=c++11  (test for errors, line 12)
FAIL: g++.old-deja/g++.other/decl6.C  -std=c++14  (test for errors, line 12)
FAIL: g++.old-deja/g++.other/decl6.C  -std=c++98  (test for errors, line 12)
FAIL: g++.old-deja/g++.other/init18.C  -std=c++11 execution test
FAIL: g++.old-deja/g++.other/init18.C  -std=c++14 execution test
FAIL: g++.old-deja/g++.other/init18.C  -std=c++98 execution test
FAIL: g++.old-deja/g++.other/init19.C  -std=c++11 execution test
FAIL: g++.old-deja/g++.other/init19.C  -std=c++14 execution test
FAIL: g++.old-deja/g++.other/init19.C  -std=c++98 execution test
FAIL: g++.old-deja/g++.other/pmf2.C  -std=c++11  (test for errors, line 17)
FAIL: g++.old-deja/g++.other/pmf2.C  -std=c++14  (test for errors, line 17)
FAIL: g++.old-deja/g++.other/pmf2.C  -std=c++98  (test for errors, line 17)
FAIL: g++.old-deja/g++.other/pmf3.C  -std=c++11  (test for errors, line 23)
FAIL: g++.old-deja/g++.other/pmf3.C  -std=c++11  (test for errors, line 24)
FAIL: g++.old-deja/g++.other/pmf3.C  -std=c++14  (test for errors, line 23)
FAIL: g++.old-deja/g++.other/pmf3.C  -std=c++14  (test for errors, line 24)
FAIL: g++.old-deja/g++.other/pmf3.C  -std=c++98  (test for errors, line 23)
FAIL: g++.old-deja/g++.other/pmf3.C  -std=c++98  (test for errors, line 24)
FAIL: g++.old-deja/g++.other/pmf7.C  -std=c++11  (test for errors, line 15)
FAIL: g++.old-deja/g++.other/pmf7.C  -std=c++14  (test for errors, line 15)
FAIL: g++.old-deja/g++.other/pmf7.C  -std=c++98  (test for errors, line 15)
FAIL: g++.old-deja/g++.other/ptrmem7.C  -std=c++11  (test for errors, line 34)
FAIL: g++.old-deja/g++.other/ptrmem7.C  -std=c++11  (test for errors, line 35)
FAIL: g++.old-deja/g++.other/ptrmem7.C  -std=c++11  (test for errors, line 36)
FAIL: g++.old-deja/g++.other/ptrmem7.C  -std=c++11  (test for errors, line 38)
FAIL: g++.old-deja/g++.other/ptrmem7.C  -std=c++11  (test for errors, line 39)
FAIL: g++.old-deja/g++.other/ptrmem7.C  -std=c++11 err (test for
errors, line 23)
FAIL: g++.old-deja/g++.other/ptrmem7.C  -std=c++11 err (test for
errors, line 25)
FAIL: g++.old-deja/g++.other/ptrmem7.C  -std=c++11 err (test for
errors, line 26)
FAIL: g++.old-deja/g++.other/ptrmem7.C  -std=c++11 note (test for
warnings, line 23)
FAIL: g++.old-deja/g++.other/ptrmem7.C  -std=c++14  (test for errors, line 34)
FAIL: g++.old-deja/g++.other/ptrmem7.C  -std=c++14  (test for errors, line 35)
FAIL: g++.old-deja/g++.other/ptrmem7.C  -std=c++14  (test for errors, line 36)
FAIL: g++.old-deja/g++.other/ptrmem7.C  -std=c++14  (test for errors, line 38)
FAIL: g++.old-deja/g++.other/ptrmem7.C  -std=c++14  (test for errors, line 39)
FAIL: g++.old-deja/g++.other/ptrmem7.C  -std=c++14 err (test for
errors, line 23)
FAIL: g++.old-deja/g++.other/ptrmem7.C  -std=c++14 err (test for
errors, line 25)
FAIL: g++.old-deja/g++.other/ptrmem7.C  -std=c++14 err (test for
errors, line 26)
FAIL: g++.old-deja/g++.other/ptrmem7.C  -std=c++14 note (test for
warnings, line 23)
FAIL: g++.old-deja/g++.other/ptrmem7.C  -std=c++98  (test for errors, line 34)
FAIL: g++.old-deja/g++.other/ptrmem7.C  -std=c++98  (test for errors, line 35)
FAIL: g++.old-deja/g++.other/ptrmem7.C  -std=c++98  (test for errors, line 36)
FAIL: g++.old-deja/g++.other/ptrmem7.C  -std=c++98  (test for errors, line 38)
FAIL: g++.old-deja/g++.other/ptrmem7.C  -std=c++98  (test for errors, line 39)
FAIL: g++.old-deja/g++.other/ptrmem7.C  -std=c++98 err (test for
errors, line 23)
FAIL: g++.old-deja/g++.other/ptrmem7.C  -std=c++98 err (test for
errors, line 25)
FAIL: g++.old-deja/g++.other/ptrmem7.C  -std=c++98 err (test for
errors, line 26)
FAIL: g++.old-deja/g++.other/ptrmem7.C  -std=c++98 note (test for
warnings, line 23)
FAIL: g++.old-deja/g++.pt/ptrmem10.C  -std=c++11 (test for excess errors)
FAIL: g++.old-deja/g++.pt/ptrmem10.C  -std=c++14 (test for excess errors)
FAIL: g++.old-deja/g++.pt/ptrmem10.C  -std=c++98 (test for excess errors)
FAIL: g++.old-deja/g++.pt/vaarg.C  -std=c++11 execution test
FAIL: g++.old-deja/g++.pt/vaarg.C  -std=c++14 execution test
FAIL: g++.old-deja/g++.pt/vaarg.C  -std=c++98 execution test
FAIL: g++.old-deja/g++.robertl/eb131.C  -std=c++11  (test for errors, line 18)
FAIL: g++.old-deja/g++.robertl/eb131.C  -std=c++11  (test for errors, line 19)
FAIL: g++.old-deja/g++.robertl/eb131.C  -std=c++11  (test for warnings, line 13)
FAIL: g++.old-deja/g++.robertl/eb131.C  -std=c++14  (test for errors, line 18)
FAIL: g++.old-deja/g++.robertl/eb131.C  -std=c++14  (test for errors, line 19)
FAIL: g++.old-deja/g++.robertl/eb131.C  -std=c++14  (test for warnings, line 13)
FAIL: g++.old-deja/g++.robertl/eb131.C  -std=c++98  (test for errors, line 18)
FAIL: g++.old-deja/g++.robertl/eb131.C  -std=c++98  (test for errors, line 19)
FAIL: g++.old-deja/g++.robertl/eb131.C  -std=c++98  (test for warnings, line 13)
FAIL: g++.old-deja/g++.robertl/eb8.C  -std=c++11  (test for errors, line 5)
FAIL: g++.old-deja/g++.robertl/eb8.C  -std=c++11  (test for errors, line 6)
FAIL: g++.old-deja/g++.robertl/eb8.C  -std=c++14  (test for errors, line 5)
FAIL: g++.old-deja/g++.robertl/eb8.C  -std=c++14  (test for errors, line 6)
FAIL: g++.old-deja/g++.robertl/eb8.C  -std=c++98  (test for errors, line 5)
FAIL: g++.old-deja/g++.robertl/eb8.C  -std=c++98  (test for errors, line 6)

=== g++ Summary ===

# of expected passes 116725
# of unexpected failures 617
# of unexpected successes 3
# of expected failures 526
# of unsupported tests 5265
/local/mw-264317.8wAt/build/gcc/gcc/testsuite/g++/../../xg++  version
9.0.0 20180914 (experimental) (GCC)

Host   is x86_64-pc-linux-gnu

=== gcc tests ===


Running target mw
FAIL: gcc.c-torture/compile/pr55569.c   -O0  (test for excess errors)
FAIL: gcc.c-torture/compile/pr55569.c   -O1  (test for excess errors)
FAIL: gcc.c-torture/compile/pr55569.c   -O2  (test for excess errors)
FAIL: gcc.c-torture/compile/pr55569.c   -O2 -flto
-fno-use-linker-plugin -flto-partition=none  (test for excess errors)
FAIL: gcc.c-torture/compile/pr55569.c   -O2 -flto -fuse-linker-plugin
-fno-fat-lto-objects  (test for excess errors)
FAIL: gcc.c-torture/compile/pr55569.c   -O3 -fomit-frame-pointer
-funroll-loops -fpeel-loops -ftracer -finline-functions  (test for
excess errors)
FAIL: gcc.c-torture/compile/pr55569.c   -O3 -g  (test for excess errors)
FAIL: gcc.c-torture/compile/pr55569.c   -Os  (test for excess errors)
FAIL: gcc.c-torture/execute/memchr-1.c   -O0  execution test
FAIL: gcc.c-torture/execute/memchr-1.c   -O1  execution test
FAIL: gcc.c-torture/execute/memchr-1.c   -O2  execution test
FAIL: gcc.c-torture/execute/memchr-1.c   -O2 -flto
-fno-use-linker-plugin -flto-partition=none  execution test
FAIL: gcc.c-torture/execute/memchr-1.c   -O2 -flto -fuse-linker-plugin
-fno-fat-lto-objects  execution test
FAIL: gcc.c-torture/execute/memchr-1.c   -O3 -g  execution test
FAIL: gcc.c-torture/execute/memchr-1.c   -Os  execution test
FAIL: gcc.dg/cpp/_Pragma3.c (test for excess errors)
FAIL: gcc.dg/cpp/pr69985.c  (test for warnings, line 6)
FAIL: gcc.dg/cpp/pr69985.c (test for excess errors)
FAIL: c-c++-common/Warray-bounds.c  -Wc++-compat  (test for excess errors)
FAIL: c-c++-common/Warray-bounds.c  -Wc++-compat  string (test for
warnings, line 202)
FAIL: c-c++-common/Wrestrict.c  -Wc++-compat  (test for excess errors)
FAIL: gcc.dg/Walloca-1.c  (test for warnings, line 27)
FAIL: gcc.dg/Walloca-1.c (test for excess errors)
XPASS: gcc.dg/Walloca-2.c  (test for bogus messages, line 16)
FAIL: gcc.dg/Walloca-2.c  (test for warnings, line 39)
FAIL: gcc.dg/Walloca-2.c (test for excess errors)
FAIL: gcc.dg/Warray-bounds-31.c bug 86611 (test for warnings, line 100)
FAIL: gcc.dg/Warray-bounds-31.c bug 86611 (test for warnings, line 26)
FAIL: gcc.dg/Warray-bounds-31.c bug 86611 (test for warnings, line 72)
FAIL: gcc.dg/Warray-bounds-31.c bug 86611 (test for warnings, line 90)
FAIL: gcc.dg/Warray-bounds-31.c xfail lp64 (test for warnings, line 40)
FAIL: gcc.dg/addr_builtin-1.c (test for excess errors)
FAIL: gcc.dg/anon-struct-1.c  (test for warnings, line 16)
FAIL: gcc.dg/anon-struct-1.c  (test for warnings, line 32)
FAIL: gcc.dg/anon-struct-1.c  (test for warnings, line 9)
FAIL: gcc.dg/anon-struct-1.c (test for excess errors)
FAIL: gcc.dg/anon-struct-11.c  (test for errors, line 37)
FAIL: gcc.dg/anon-struct-11.c  (test for errors, line 88)
FAIL: gcc.dg/anon-struct-11.c  (test for errors, line 90)
FAIL: gcc.dg/anon-struct-11.c  (test for warnings, line 18)
FAIL: gcc.dg/anon-struct-11.c  (test for warnings, line 50)
FAIL: gcc.dg/anon-struct-11.c  (test for warnings, line 53)
FAIL: gcc.dg/anon-struct-2.c  (test for warnings, line 16)
FAIL: gcc.dg/anon-struct-2.c  (test for warnings, line 32)
FAIL: gcc.dg/anon-struct-2.c  (test for warnings, line 9)
FAIL: gcc.dg/anon-struct-2.c (test for excess errors)
XPASS: gcc.dg/array-quals-1.c scan-assembler-not \\\\.data(?!\\\\.rel\\\\.ro)
FAIL: gcc.dg/attr-weakref-1.c (test for excess errors)
WARNING: gcc.dg/attr-weakref-1.c compilation failed to produce executable
FAIL: gcc.dg/bf-ms-attrib.c execution test
FAIL: gcc.dg/bss.c zero init (test for errors, line 5)
FAIL: gcc.dg/bss.c zero init (test for errors, line 6)
FAIL: gcc.dg/c11-anon-struct-2.c  (test for errors, line 14)
FAIL: gcc.dg/c11-anon-struct-2.c  (test for errors, line 20)
FAIL: gcc.dg/c11-anon-struct-2.c  (test for errors, line 41)
FAIL: gcc.dg/c11-anon-struct-3.c  (test for errors, line 19)
FAIL: gcc.dg/c11-anon-struct-3.c  (test for errors, line 29)
XPASS: gcc.dg/dll-10.c (test for excess errors)
XPASS: gcc.dg/dll-9.c (test for excess errors)
FAIL: gcc.dg/overflow-warn-9.c (test for excess errors)
FAIL: gcc.dg/pic-2.c (test for excess errors)
FAIL: gcc.dg/pic-3.c (test for excess errors)
FAIL: gcc.dg/pic-4.c (test for excess errors)
FAIL: gcc.dg/pie-3.c (test for excess errors)
FAIL: gcc.dg/pie-4.c (test for excess errors)
FAIL: gcc.dg/pr52549.c (test for excess errors)
FAIL: gcc.dg/pr56727-2.c scan-assembler @(PLT|plt)
FAIL: gcc.dg/pr61053.c  (test for errors, line 34)
FAIL: gcc.dg/pr61053.c  (test for errors, line 37)
FAIL: gcc.dg/pr61053.c (test for excess errors)
FAIL: gcc.dg/pr61240.c (test for excess errors)
FAIL: gcc.dg/pr64536.c (test for excess errors)
FAIL: gcc.dg/pr65658.c (test for excess errors)
FAIL: gcc.dg/pr70859-2.c (test for excess errors)
FAIL: gcc.dg/pr71558.c (test for excess errors)
FAIL: gcc.dg/pr7356.c  (test for errors, line 3)
FAIL: gcc.dg/pr7356.c (test for excess errors)
FAIL: gcc.dg/pr7356.c expected multiline pattern lines 14-16 not
found: "\\s*a.*\\n  \\^\\n  ;.*\\n"
XPASS: gcc.dg/pr78973-2.c ilp32 (test for warnings, line 16)
FAIL: gcc.dg/pr80163.c (test for excess errors)
FAIL: gcc.dg/pr80170.c (internal compiler error)
FAIL: gcc.dg/pr80170.c (test for excess errors)
WARNING: gcc.dg/pr80170.c compilation failed to produce executable
FAIL: gcc.dg/pr82596.c string (test for warnings, line 16)
FAIL: gcc.dg/pr84670-4.c (test for excess errors)
FAIL: gcc.dg/pr85859.c (test for excess errors)
FAIL: gcc.dg/sibcall-11.c scan-assembler jmp
FAIL: gcc.dg/stack-check-16.c (internal compiler error)
FAIL: gcc.dg/stack-check-16.c (test for excess errors)
FAIL: gcc.dg/stack-check-2.c (internal compiler error)
FAIL: gcc.dg/stack-check-2.c (test for excess errors)
FAIL: gcc.dg/stack-check-3.c scan-rtl-dump-times expand "allocation
and probing in loop" 7
FAIL: gcc.dg/stack-check-3.c scan-rtl-dump-times expand "allocation
and probing residuals" 7
FAIL: gcc.dg/stack-check-6.c (internal compiler error)
FAIL: gcc.dg/stack-check-6.c (test for excess errors)
FAIL: gcc.dg/stack-check-6.c scan-rtl-dump-times pro_and_epilogue
"Stack clash no frame pointer needed" 4
FAIL: gcc.dg/stack-check-6.c scan-rtl-dump-times pro_and_epilogue
"Stack clash not noreturn" 4
FAIL: gcc.dg/stack-check-6.c scan-rtl-dump-times pro_and_epilogue
"Stack clash probe loop" 2
FAIL: gcc.dg/stack-check-6.c scan-rtl-dump-times pro_and_epilogue
"Stack clash residual allocation in prologue" 4
FAIL: gcc.dg/stack-check-7.c (internal compiler error)
FAIL: gcc.dg/stack-check-7.c (test for excess errors)
WARNING: gcc.dg/stack-check-7.c compilation failed to produce executable
FAIL: gcc.dg/stack-check-8.c (internal compiler error)
FAIL: gcc.dg/stack-check-8.c (test for excess errors)
WARNING: gcc.dg/stack-check-8.c compilation failed to produce executable
FAIL: gcc.dg/strlenopt-58.c (test for excess errors)
FAIL: gcc.dg/strlenopt-58.c scan-tree-dump-times optimized
"call_in_true_branch_not_eliminated" 0
FAIL: gcc.dg/uninit-19.c  (test for warnings, line 24)
FAIL: gcc.dg/uninit-19.c (test for excess errors)
FAIL: gcc.dg/format/branch-1.c    (test for excess errors)
FAIL: gcc.dg/format/branch-1.c    null format arg (test for warnings, line 26)
FAIL: gcc.dg/format/branch-1.c   -DWIDE  (test for excess errors)
FAIL: gcc.dg/format/branch-1.c   -DWIDE  null format arg (test for
warnings, line 26)
FAIL: gcc.dg/format/c90-printf-1.c    (test for excess errors)
FAIL: gcc.dg/format/c90-printf-1.c    null format string warning (test
for warnings, line 237)
FAIL: gcc.dg/format/c90-printf-1.c   -DWIDE  (test for excess errors)
FAIL: gcc.dg/format/c90-printf-1.c   -DWIDE  null format string
warning (test for warnings, line 237)
FAIL: gcc.dg/format/c90-scanf-1.c    (test for excess errors)
FAIL: gcc.dg/format/c90-scanf-1.c    null format string warning (test
for warnings, line 116)
FAIL: gcc.dg/format/c90-scanf-1.c   -DWIDE  (test for excess errors)
FAIL: gcc.dg/format/c90-scanf-1.c   -DWIDE  null format string warning
(test for warnings, line 116)
FAIL: gcc.dg/format/ms-format2.c    (test for excess errors)
FAIL: gcc.dg/format/ms-format2.c    bad argument types (test for
warnings, line 20)
FAIL: gcc.dg/format/ms-format2.c   -DWIDE  (test for excess errors)
FAIL: gcc.dg/format/ms-format2.c   -DWIDE  bad argument types (test
for warnings, line 20)
FAIL: gcc.dg/graphite/id-15.c (test for excess errors)
FAIL: gcc.dg/graphite/scop-19.c scan-tree-dump-times graphite "number
of SCoPs: 0" 1
FAIL: gcc.dg/ipa/iinline-attr.c scan-ipa-dump inline
"hooray[^\\\\n]*inline copy in test"
FAIL: gcc.dg/ipa/pr63595.c (test for excess errors)
FAIL: gcc.dg/lto/pr50199 c_lto_pr50199_0.o-c_lto_pr50199_0.o execute
-O2 -flto -fno-merge-constants --param=lto-min-partition=1
FAIL: gcc.dg/lto/pr60820 c_lto_pr60820_0.o-c_lto_pr60820_1.o link,
-flto -r -nostdlib -O2
FAIL: gcc.dg/sso/p2.c   -O0  output pattern test, is My_R1    : 02 00
00 00 78 56 34 12 ad 6a f6 2e^M
FAIL: gcc.dg/sso/p2.c   -O1 -fno-inline  output pattern test, is My_R1
   : 02 00 00 00 78 56 34 12 ad 6a f6 2e^M
FAIL: gcc.dg/sso/p2.c   -O2  output pattern test, is My_R1    : 02 00
00 00 78 56 34 12 ad 6a f6 2e^M
FAIL: gcc.dg/sso/p2.c   -O3 -finline-functions  output pattern test,
is My_R1    : 02 00 00 00 78 56 34 12 ad 6a f6 2e^M
FAIL: gcc.dg/sso/p2.c   -Og -g  output pattern test, is My_R1    : 02
00 00 00 78 56 34 12 ad 6a f6 2e^M
FAIL: gcc.dg/sso/p2.c   -Os  output pattern test, is My_R1    : 02 00
00 00 78 56 34 12 ad 6a f6 2e^M
FAIL: gcc.dg/sso/p3.c   -O0  output pattern test, is My_R1    : 02 00
00 00 ef cd ab 78 01 00 00 00 12 9a 95 00^M
FAIL: gcc.dg/sso/p3.c   -O1 -fno-inline  output pattern test, is My_R1
   : 02 00 00 00 ef cd ab 78 01 00 00 00 12 9a 95 00^M
FAIL: gcc.dg/sso/p3.c   -O2  output pattern test, is My_R1    : 02 00
00 00 ef cd ab 78 01 00 00 00 12 9a 95 00^M
FAIL: gcc.dg/sso/p3.c   -O3 -finline-functions  output pattern test,
is My_R1    : 02 00 00 00 ef cd ab 78 01 00 00 00 12 9a 95 00^M
FAIL: gcc.dg/sso/p3.c   -Og -g  output pattern test, is My_R1    : 02
00 00 00 ef cd ab 78 01 00 00 00 12 9a 95 00^M
FAIL: gcc.dg/sso/p3.c   -Os  output pattern test, is My_R1    : 02 00
00 00 ef cd ab 78 01 00 00 00 12 9a 95 00^M
FAIL: gcc.dg/sso/q2.c   -O0  output pattern test, is A1 : 02 00 00 00
78 56 34 12 ad 6a f6 2e^M
FAIL: gcc.dg/sso/q2.c   -O1 -fno-inline  output pattern test, is A1 :
02 00 00 00 78 56 34 12 ad 6a f6 2e^M
FAIL: gcc.dg/sso/q2.c   -O2  output pattern test, is A1 : 02 00 00 00
78 56 34 12 ad 6a f6 2e^M
FAIL: gcc.dg/sso/q2.c   -O3 -finline-functions  output pattern test,
is A1 : 02 00 00 00 78 56 34 12 ad 6a f6 2e^M
FAIL: gcc.dg/sso/q2.c   -Og -g  output pattern test, is A1 : 02 00 00
00 78 56 34 12 ad 6a f6 2e^M
FAIL: gcc.dg/sso/q2.c   -Os  output pattern test, is A1 : 02 00 00 00
78 56 34 12 ad 6a f6 2e^M
FAIL: gcc.dg/sso/q3.c   -O0  output pattern test, is A1 : 02 00 00 00
ef cd ab 78 01 00 00 00 12 9a 95 00^M
FAIL: gcc.dg/sso/q3.c   -O1 -fno-inline  output pattern test, is A1 :
02 00 00 00 ef cd ab 78 01 00 00 00 12 9a 95 00^M
FAIL: gcc.dg/sso/q3.c   -O2  output pattern test, is A1 : 02 00 00 00
ef cd ab 78 01 00 00 00 12 9a 95 00^M
FAIL: gcc.dg/sso/q3.c   -O3 -finline-functions  output pattern test,
is A1 : 02 00 00 00 ef cd ab 78 01 00 00 00 12 9a 95 00^M
FAIL: gcc.dg/sso/q3.c   -Og -g  output pattern test, is A1 : 02 00 00
00 ef cd ab 78 01 00 00 00 12 9a 95 00^M
FAIL: gcc.dg/sso/q3.c   -Os  output pattern test, is A1 : 02 00 00 00
ef cd ab 78 01 00 00 00 12 9a 95 00^M
FAIL: gcc.dg/sso/r3.c   -O0  output pattern test, is A1 : 02 00 00 00
ef cd ab 78 01 00 00 00 12 9a 95 00^M
FAIL: gcc.dg/sso/r3.c   -O1 -fno-inline  output pattern test, is A1 :
02 00 00 00 ef cd ab 78 01 00 00 00 12 9a 95 00^M
FAIL: gcc.dg/sso/r3.c   -O2  output pattern test, is A1 : 02 00 00 00
ef cd ab 78 01 00 00 00 12 9a 95 00^M
FAIL: gcc.dg/sso/r3.c   -O3 -finline-functions  output pattern test,
is A1 : 02 00 00 00 ef cd ab 78 01 00 00 00 12 9a 95 00^M
FAIL: gcc.dg/sso/r3.c   -Og -g  output pattern test, is A1 : 02 00 00
00 ef cd ab 78 01 00 00 00 12 9a 95 00^M
FAIL: gcc.dg/sso/r3.c   -Os  output pattern test, is A1 : 02 00 00 00
ef cd ab 78 01 00 00 00 12 9a 95 00^M
FAIL: gcc.dg/sso/s3.c   -O0  output pattern test, is A1 : 02 00 00 00
ef cd ab 78 01 00 00 00 12 9a 95 00^M
FAIL: gcc.dg/sso/s3.c   -O1 -fno-inline  output pattern test, is A1 :
02 00 00 00 ef cd ab 78 01 00 00 00 12 9a 95 00^M
FAIL: gcc.dg/sso/s3.c   -O2  output pattern test, is A1 : 02 00 00 00
ef cd ab 78 01 00 00 00 12 9a 95 00^M
FAIL: gcc.dg/sso/s3.c   -O3 -finline-functions  output pattern test,
is A1 : 02 00 00 00 ef cd ab 78 01 00 00 00 12 9a 95 00^M
FAIL: gcc.dg/sso/s3.c   -Og -g  output pattern test, is A1 : 02 00 00
00 ef cd ab 78 01 00 00 00 12 9a 95 00^M
FAIL: gcc.dg/sso/s3.c   -Os  output pattern test, is A1 : 02 00 00 00
ef cd ab 78 01 00 00 00 12 9a 95 00^M
FAIL: gcc.dg/sso/t2.c   -O0  output pattern test, is Local_R1 : 01 00
00 00 79 56 34 12 2c 68 f0 00^M
FAIL: gcc.dg/sso/t2.c   -O1 -fno-inline  output pattern test, is
Local_R1 : 01 00 00 00 79 56 34 12 2c 68 f0 00^M
FAIL: gcc.dg/sso/t2.c   -O2  output pattern test, is Local_R1 : 3d 00
00 00 79 56 34 12 2c 68 f0 00^M
FAIL: gcc.dg/sso/t2.c   -O3 -finline-functions  output pattern test,
is Local_R1 : 3d 00 00 00 79 56 34 12 2c 68 f0 00^M
FAIL: gcc.dg/sso/t2.c   -Og -g  output pattern test, is Local_R1 : 01
00 00 00 79 56 34 12 2c 68 f0 00^M
FAIL: gcc.dg/sso/t2.c   -Os  output pattern test, is Local_R1 : d9 14
40 00 79 56 34 12 2c 68 f0 00^M
FAIL: gcc.dg/sso/t3.c   -O0  output pattern test, is Local_R1 : 01 00
00 00 f0 cd ab 78 00 00 00 00 02 82 01 00^M
FAIL: gcc.dg/sso/t3.c   -O1 -fno-inline  output pattern test, is
Local_R1 : 01 00 00 00 f0 cd ab 78 00 00 00 00 02 82 01 00^M
FAIL: gcc.dg/sso/t3.c   -O2  output pattern test, is Local_R1 : 01 00
00 00 f0 cd ab 78 3c 00 00 00 02 82 01 00^M
FAIL: gcc.dg/sso/t3.c   -O3 -finline-functions  output pattern test,
is Local_R1 : 01 00 00 00 f0 cd ab 78 3c 00 00 00 02 82 01 00^M
FAIL: gcc.dg/sso/t3.c   -Og -g  output pattern test, is Local_R1 : 01
00 00 00 f0 cd ab 78 00 00 00 00 02 82 01 00^M
FAIL: gcc.dg/sso/t3.c   -Os  output pattern test, is Local_R1 : 01 06
01 00 f0 cd ab 78 d8 14 40 00 02 82 01 00^M
FAIL: gcc.dg/torture/pr25967-2.c   -O0  execution test
FAIL: gcc.dg/torture/pr25967-2.c   -O1  execution test
FAIL: gcc.dg/torture/pr25967-2.c   -O2  execution test
FAIL: gcc.dg/torture/pr25967-2.c   -O2 -flto -fno-use-linker-plugin
-flto-partition=none  execution test
FAIL: gcc.dg/torture/pr25967-2.c   -O2 -flto -fuse-linker-plugin
-fno-fat-lto-objects  execution test
FAIL: gcc.dg/torture/pr25967-2.c   -O3 -g  execution test
FAIL: gcc.dg/torture/pr25967-2.c   -Os  execution test
FAIL: gcc.dg/torture/pr57584.c   -O0  (test for excess errors)
FAIL: gcc.dg/torture/pr57584.c   -O1  (test for excess errors)
FAIL: gcc.dg/torture/pr57584.c   -O2  (test for excess errors)
FAIL: gcc.dg/torture/pr57584.c   -O2 -flto -fno-use-linker-plugin
-flto-partition=none  (test for excess errors)
FAIL: gcc.dg/torture/pr57584.c   -O2 -flto -fuse-linker-plugin
-fno-fat-lto-objects  (test for excess errors)
FAIL: gcc.dg/torture/pr57584.c   -O3 -fomit-frame-pointer
-funroll-loops -fpeel-loops -ftracer -finline-functions  (test for
excess errors)
FAIL: gcc.dg/torture/pr57584.c   -O3 -g  (test for excess errors)
FAIL: gcc.dg/torture/pr57584.c   -Os  (test for excess errors)
FAIL: gcc.dg/torture/pr59330.c   -O2 -flto -fuse-linker-plugin
-fno-fat-lto-objects  (test for excess errors)
WARNING: gcc.dg/torture/pr59330.c   -O2 -flto -fuse-linker-plugin
-fno-fat-lto-objects  compilation failed to produce executable
FAIL: gcc.dg/torture/pr68037-1.c   -O0  execution test
FAIL: gcc.dg/torture/pr68037-2.c   -O0  execution test
FAIL: gcc.dg/torture/pr68037-3.c   -O0  execution test
FAIL: gcc.dg/torture/pr68264.c   -O0  execution test
FAIL: gcc.dg/torture/pr68264.c   -O1  execution test
FAIL: gcc.dg/torture/pr68264.c   -O2  execution test
FAIL: gcc.dg/torture/pr68264.c   -O2 -flto -fno-use-linker-plugin
-flto-partition=none  execution test
FAIL: gcc.dg/torture/pr68264.c   -O2 -flto -fuse-linker-plugin
-fno-fat-lto-objects  execution test
FAIL: gcc.dg/torture/pr68264.c   -O3 -g  execution test
FAIL: gcc.dg/torture/pr68264.c   -Os  execution test
FAIL: gcc.dg/torture/pr70935.c   -O0  (test for excess errors)
FAIL: gcc.dg/torture/pr70935.c   -O1  (test for excess errors)
FAIL: gcc.dg/torture/pr70935.c   -O2  (test for excess errors)
FAIL: gcc.dg/torture/pr70935.c   -O2 -flto -fno-use-linker-plugin
-flto-partition=none  (test for excess errors)
FAIL: gcc.dg/torture/pr70935.c   -O2 -flto -fuse-linker-plugin
-fno-fat-lto-objects  (test for excess errors)
FAIL: gcc.dg/torture/pr70935.c   -O3 -fomit-frame-pointer
-funroll-loops -fpeel-loops -ftracer -finline-functions  (test for
excess errors)
FAIL: gcc.dg/torture/pr70935.c   -O3 -g  (test for excess errors)
FAIL: gcc.dg/torture/pr70935.c   -Os  (test for excess errors)
FAIL: gcc.dg/torture/pr80163.c   -O0  (test for excess errors)
FAIL: gcc.dg/torture/pr80163.c   -O1  (test for excess errors)
FAIL: gcc.dg/torture/pr80163.c   -O2  (test for excess errors)
FAIL: gcc.dg/torture/pr80163.c   -O2 -flto -fno-use-linker-plugin
-flto-partition=none  (test for excess errors)
FAIL: gcc.dg/torture/pr80163.c   -O2 -flto -fuse-linker-plugin
-fno-fat-lto-objects  (test for excess errors)
FAIL: gcc.dg/torture/pr80163.c   -O3 -g  (test for excess errors)
FAIL: gcc.dg/torture/pr80163.c   -Os  (test for excess errors)
FAIL: gcc.dg/tree-prof/comp-goto-1.c compilation,  -fprofile-generate
-D_PROFILE_GENERATE
UNRESOLVED: gcc.dg/tree-prof/comp-goto-1.c compilation,  -fprofile-use
-D_PROFILE_USE
UNRESOLVED: gcc.dg/tree-prof/comp-goto-1.c execution,
-fprofile-generate -D_PROFILE_GENERATE
UNRESOLVED: gcc.dg/tree-prof/comp-goto-1.c execution,    -fprofile-use
-D_PROFILE_USE
FAIL: gcc.dg/tree-prof/section-attr-1.c compilation,
-fprofile-generate -D_PROFILE_GENERATE
UNRESOLVED: gcc.dg/tree-prof/section-attr-1.c compilation,
-fprofile-use -D_PROFILE_USE
UNRESOLVED: gcc.dg/tree-prof/section-attr-1.c execution,
-fprofile-generate -D_PROFILE_GENERATE
UNRESOLVED: gcc.dg/tree-prof/section-attr-1.c execution,
-fprofile-use -D_PROFILE_USE
FAIL: gcc.dg/tree-prof/time-profiler-2.c compilation,
-fprofile-generate -D_PROFILE_GENERATE
UNRESOLVED: gcc.dg/tree-prof/time-profiler-2.c compilation,
-fprofile-use -D_PROFILE_USE
UNRESOLVED: gcc.dg/tree-prof/time-profiler-2.c execution,
-fprofile-generate -D_PROFILE_GENERATE
UNRESOLVED: gcc.dg/tree-prof/time-profiler-2.c execution,
-fprofile-use -D_PROFILE_USE
FAIL: gcc.dg/tree-ssa/builtin-snprintf-3.c (test for excess errors)
FAIL: gcc.dg/tree-ssa/builtin-sprintf-2.c scan-tree-dump-times
optimized "> \\\\[local count: [0-9INV]*\\\\]:\\n *must_not_eliminate"
96
FAIL: gcc.dg/tree-ssa/builtin-sprintf-6.c (test for excess errors)
FAIL: gcc.dg/tree-ssa/builtin-sprintf-9.c (test for excess errors)
FAIL: gcc.dg/tree-ssa/builtin-sprintf-warn-1.c  (test for warnings, line 1150)
FAIL: gcc.dg/tree-ssa/builtin-sprintf-warn-1.c  (test for warnings, line 1151)
FAIL: gcc.dg/tree-ssa/builtin-sprintf-warn-1.c  (test for warnings, line 1152)
FAIL: gcc.dg/tree-ssa/builtin-sprintf-warn-1.c  (test for warnings, line 352)
FAIL: gcc.dg/tree-ssa/builtin-sprintf-warn-1.c  (test for warnings, line 368)
FAIL: gcc.dg/tree-ssa/builtin-sprintf-warn-1.c  (test for warnings, line 370)
FAIL: gcc.dg/tree-ssa/builtin-sprintf-warn-1.c  (test for warnings, line 469)
FAIL: gcc.dg/tree-ssa/builtin-sprintf-warn-1.c  (test for warnings, line 470)
FAIL: gcc.dg/tree-ssa/builtin-sprintf-warn-1.c  (test for warnings, line 472)
FAIL: gcc.dg/tree-ssa/builtin-sprintf-warn-1.c  (test for warnings, line 472)
FAIL: gcc.dg/tree-ssa/builtin-sprintf-warn-1.c  (test for warnings, line 764)
FAIL: gcc.dg/tree-ssa/builtin-sprintf-warn-1.c  (test for warnings, line 767)
FAIL: gcc.dg/tree-ssa/builtin-sprintf-warn-1.c  (test for warnings, line 768)
FAIL: gcc.dg/tree-ssa/builtin-sprintf-warn-1.c  (test for warnings, line 769)
FAIL: gcc.dg/tree-ssa/builtin-sprintf-warn-1.c  (test for warnings, line 771)
FAIL: gcc.dg/tree-ssa/builtin-sprintf-warn-1.c  (test for warnings, line 771)
FAIL: gcc.dg/tree-ssa/builtin-sprintf-warn-1.c (test for excess errors)
FAIL: gcc.dg/tree-ssa/builtin-sprintf-warn-10.c (test for excess errors)
FAIL: gcc.dg/tree-ssa/builtin-sprintf-warn-11.c  (test for warnings, line 261)
FAIL: gcc.dg/tree-ssa/builtin-sprintf-warn-11.c  (test for warnings, line 264)
FAIL: gcc.dg/tree-ssa/builtin-sprintf-warn-11.c  (test for warnings, line 265)
FAIL: gcc.dg/tree-ssa/builtin-sprintf-warn-11.c  (test for warnings, line 268)
FAIL: gcc.dg/tree-ssa/builtin-sprintf-warn-11.c  (test for warnings, line 270)
FAIL: gcc.dg/tree-ssa/builtin-sprintf-warn-11.c  (test for warnings, line 274)
FAIL: gcc.dg/tree-ssa/builtin-sprintf-warn-11.c  (test for warnings, line 275)
FAIL: gcc.dg/tree-ssa/builtin-sprintf-warn-11.c  (test for warnings, line 276)
FAIL: gcc.dg/tree-ssa/builtin-sprintf-warn-11.c  (test for warnings, line 277)
FAIL: gcc.dg/tree-ssa/builtin-sprintf-warn-11.c  (test for warnings, line 280)
FAIL: gcc.dg/tree-ssa/builtin-sprintf-warn-11.c  (test for warnings, line 282)
FAIL: gcc.dg/tree-ssa/builtin-sprintf-warn-11.c  (test for warnings, line 287)
FAIL: gcc.dg/tree-ssa/builtin-sprintf-warn-11.c  (test for warnings, line 288)
FAIL: gcc.dg/tree-ssa/builtin-sprintf-warn-11.c  (test for warnings, line 289)
FAIL: gcc.dg/tree-ssa/builtin-sprintf-warn-11.c  (test for warnings, line 290)
FAIL: gcc.dg/tree-ssa/builtin-sprintf-warn-11.c  (test for warnings, line 296)
FAIL: gcc.dg/tree-ssa/builtin-sprintf-warn-11.c  (test for warnings, line 303)
FAIL: gcc.dg/tree-ssa/builtin-sprintf-warn-11.c  (test for warnings, line 304)
FAIL: gcc.dg/tree-ssa/builtin-sprintf-warn-11.c  (test for warnings, line 305)
FAIL: gcc.dg/tree-ssa/builtin-sprintf-warn-11.c  (test for warnings, line 306)
FAIL: gcc.dg/tree-ssa/builtin-sprintf-warn-11.c (test for excess errors)
FAIL: gcc.dg/tree-ssa/builtin-sprintf-warn-12.c (test for excess errors)
FAIL: gcc.dg/tree-ssa/builtin-sprintf-warn-13.c (test for excess errors)
FAIL: gcc.dg/tree-ssa/builtin-sprintf-warn-15.c (test for excess errors)
FAIL: gcc.dg/tree-ssa/builtin-sprintf-warn-16.c  (test for warnings, line 121)
FAIL: gcc.dg/tree-ssa/builtin-sprintf-warn-16.c  (test for warnings, line 123)
FAIL: gcc.dg/tree-ssa/builtin-sprintf-warn-16.c  (test for warnings, line 175)
FAIL: gcc.dg/tree-ssa/builtin-sprintf-warn-16.c  (test for warnings, line 177)
FAIL: gcc.dg/tree-ssa/builtin-sprintf-warn-16.c  (test for warnings, line 224)
FAIL: gcc.dg/tree-ssa/builtin-sprintf-warn-16.c  (test for warnings, line 226)
FAIL: gcc.dg/tree-ssa/builtin-sprintf-warn-16.c  (test for warnings, line 72)
FAIL: gcc.dg/tree-ssa/builtin-sprintf-warn-16.c  (test for warnings, line 74)
FAIL: gcc.dg/tree-ssa/builtin-sprintf-warn-16.c (test for excess errors)
FAIL: gcc.dg/tree-ssa/builtin-sprintf-warn-19.c (test for excess errors)
FAIL: gcc.dg/tree-ssa/builtin-sprintf-warn-2.c  (test for warnings, line 40)
FAIL: gcc.dg/tree-ssa/builtin-sprintf-warn-2.c  (test for warnings, line 45)
FAIL: gcc.dg/tree-ssa/builtin-sprintf-warn-2.c  (test for warnings, line 53)
FAIL: gcc.dg/tree-ssa/builtin-sprintf-warn-2.c  (test for warnings, line 59)
FAIL: gcc.dg/tree-ssa/builtin-sprintf-warn-2.c (test for excess errors)
FAIL: gcc.dg/tree-ssa/builtin-sprintf-warn-2.c -Wformat (test for
warnings, line 170)
FAIL: gcc.dg/tree-ssa/builtin-sprintf-warn-2.c -Wformat (test for
warnings, line 176)
FAIL: gcc.dg/tree-ssa/builtin-sprintf-warn-2.c -Wformat (test for
warnings, line 182)
FAIL: gcc.dg/tree-ssa/builtin-sprintf-warn-2.c -Wformat (test for
warnings, line 188)
FAIL: gcc.dg/tree-ssa/builtin-sprintf-warn-2.c -Wformat (test for
warnings, line 190)
FAIL: gcc.dg/tree-ssa/builtin-sprintf-warn-2.c -Wformat (test for
warnings, line 193)
FAIL: gcc.dg/tree-ssa/builtin-sprintf-warn-20.c (test for excess errors)
FAIL: gcc.dg/tree-ssa/builtin-sprintf-warn-3.c (test for excess errors)
FAIL: gcc.dg/tree-ssa/builtin-sprintf-warn-6.c (test for excess errors)
FAIL: gcc.dg/tree-ssa/builtin-sprintf-warn-9.c (test for excess errors)
FAIL: gcc.dg/tree-ssa/builtin-sprintf.c  (test for warnings, line 307)
FAIL: gcc.dg/tree-ssa/builtin-sprintf.c (test for excess errors)
FAIL: gcc.dg/tree-ssa/builtin-sprintf.c execution test
FAIL: gcc.dg/tree-ssa/pr56727.c scan-tree-dump optimized "do_not_optimize .0"
FAIL: gcc.dg/tree-ssa/ssa-dom-thread-8.c execution test
XPASS: gcc.dg/tree-ssa/ssa-store-ccp-2.c scan-tree-dump-times
optimized "conststaticvariable" 1
FAIL: gcc.dg/vect/vect-cond-arith-2.c (internal compiler error)
FAIL: gcc.dg/vect/vect-cond-arith-2.c (test for excess errors)
FAIL: gcc.dg/vect/vect-cond-arith-2.c -flto -ffat-lto-objects
(internal compiler error)
FAIL: gcc.dg/vect/vect-cond-arith-2.c -flto -ffat-lto-objects (test
for excess errors)
FAIL: gcc.target/i386/20060512-1.c execution test
FAIL: gcc.target/i386/387-7.c scan-assembler fsincos
FAIL: gcc.target/i386/387-9.c scan-assembler-not fcos
FAIL: gcc.target/i386/align-limit.c scan-assembler .p2align 6,,1
FAIL: gcc.target/i386/amd64-abi-9.c scan-assembler-times xorl[\\\\t
]*\\\\%eax,[\\\\t ]*%eax 2
FAIL: gcc.target/i386/avx-vextractf128-256-5.c  (test for warnings, line 7)
FAIL: gcc.target/i386/avx512bw-pr85832.c scan-assembler-times
\\\\mvptestnmb\\\\M 1
FAIL: gcc.target/i386/avx512bw-pr85832.c scan-assembler-times
\\\\mvptestnmw\\\\M 1
FAIL: gcc.target/i386/avx512bw-vpmaddwd-3.c (test for excess errors)
FAIL: gcc.target/i386/avx512bw-vpsraw-3.c (test for excess errors)
FAIL: gcc.target/i386/avx512dq-concatv2di-1.c scan-assembler
vmov[dq][^\\n\\r]*%rdi[^\\n\\r]*%xmm20
FAIL: gcc.target/i386/avx512dq-concatv2di-1.c scan-assembler
vmovq[^\\n\\r]*%[re]di[^\\n\\r]*%xmm21
FAIL: gcc.target/i386/avx512dq-concatv2di-1.c scan-assembler
vpinsrq[^\\n\\r]*\\\\\$1[^\\n\\r]*%[re]si[^\\n\\r]*%xmm18[^\\n\\r]*%xmm19
FAIL: gcc.target/i386/avx512dq-concatv2di-1.c scan-assembler
vpinsrq[^\\n\\r]*\\\\\$1[^\\n\\r]*%rsi[^\\n\\r]*%xmm16[^\\n\\r]*%xmm17
FAIL: gcc.target/i386/avx512dq-pr85480-1.c scan-assembler-times
vmovapd[^\\n\\r]*xmm0[^\\n\\r]*xmm0 1
FAIL: gcc.target/i386/avx512dq-pr85480-1.c scan-assembler-times
vmovaps[^\\n\\r]*xmm0[^\\n\\r]*xmm0 1
FAIL: gcc.target/i386/avx512dq-pr85480-1.c scan-assembler-times
vmovdqa[^\\n\\r]*xmm0[^\\n\\r]*xmm0 1
FAIL: gcc.target/i386/avx512f-cvt-1.c (test for excess errors)
FAIL: gcc.target/i386/avx512f-pr84786-1.c (test for excess errors)
WARNING: gcc.target/i386/avx512f-pr84786-1.c compilation failed to
produce executable
FAIL: gcc.target/i386/avx512f-pr85832.c scan-assembler-times
\\\\mvptestnmd\\\\M 1
FAIL: gcc.target/i386/avx512f-pr85832.c scan-assembler-times
\\\\mvptestnmq\\\\M 1
FAIL: gcc.target/i386/avx512f-rint-sfix-vec-2.c scan-assembler-times
vcvtpd2dq[^\\n]+ymm[0-9](?:\\n|[ \\\\t]+#) 2
FAIL: gcc.target/i386/avx512f-rint-sfix-vec-2.c scan-assembler-times
vinserti64x4[^\\n]+zmm[0-9](?:\\n|[ \\\\t]+#) 1
FAIL: gcc.target/i386/avx512f-rintf-sfix-vec-2.c scan-assembler-times
vcvtps2dq[^\\n]+zmm[0-9](?:\\n|[ \\\\t]+#) 1
FAIL: gcc.target/i386/avx512vl-concatv2di-1.c scan-assembler
vmov[dq][^\\n\\r]*%rdi[^\\n\\r]*%xmm20
FAIL: gcc.target/i386/avx512vl-concatv2di-1.c scan-assembler
vmovhps[^\\n\\r]*%[re]si[^\\n\\r]*%xmm18[^\\n\\r]*%xmm19
FAIL: gcc.target/i386/avx512vl-concatv2di-1.c scan-assembler
vmovq[^\\n\\r]*%[re]di[^\\n\\r]*%xmm21
FAIL: gcc.target/i386/avx512vl-pr79299-2.c (test for excess errors)
FAIL: gcc.target/i386/avx512vl-pr85832.c scan-assembler-times
\\\\mvptestnmd\\\\M 2
FAIL: gcc.target/i386/avx512vl-pr85832.c scan-assembler-times
\\\\mvptestnmq\\\\M 2
FAIL: gcc.target/i386/avx512vl-vbroadcast-3.c scan-assembler-times
vbroadcastss[^\\n\\r]*%[re]di[^\\n\\r]*%xmm16 4
FAIL: gcc.target/i386/avx512vl-vbroadcast-3.c scan-assembler-times
vbroadcastss[^\\n\\r]*%[re]di[^\\n\\r]*%ymm16 3
FAIL: gcc.target/i386/avx512vl-vcvtps2ph-3.c scan-assembler
vcvtps2ph[^\\n\\r]*\\\\\$1[^\\n\\r]*%ymm16[^\\n\\r]*%[re]di
FAIL: gcc.target/i386/avx512vl-vmovq-1.c (test for excess errors)
FAIL: gcc.target/i386/avx512vl-vpsrad-3.c (test for excess errors)
FAIL: gcc.target/i386/avx512vl-vround-2.c (test for excess errors)
WARNING: gcc.target/i386/avx512vl-vround-2.c compilation failed to
produce executable
FAIL: gcc.target/i386/avx512vl-vshufps-2.c (test for excess errors)
WARNING: gcc.target/i386/avx512vl-vshufps-2.c compilation failed to
produce executable
FAIL: gcc.target/i386/avx512vlbw-pr85832.c scan-assembler-times
\\\\mvptestnmb\\\\M 2
FAIL: gcc.target/i386/avx512vlbw-pr85832.c scan-assembler-times
\\\\mvptestnmw\\\\M 2
FAIL: gcc.target/i386/cet-intrin-3.c scan-assembler incssp[dq][ \\t]+(%|)[re]di
FAIL: gcc.target/i386/cet-intrin-4.c scan-assembler incssp[dq][ \\t]+(%|)[re]di
FAIL: gcc.target/i386/cet-notrack-2b.c scan-assembler-times notrack jmp[ \\t]+ 1
FAIL: gcc.target/i386/cet-sjlj-6b.c (test for excess errors)
UNRESOLVED: gcc.target/i386/cet-sjlj-6b.c scan-assembler-times endbr64 2
UNRESOLVED: gcc.target/i386/cet-sjlj-6b.c scan-assembler-times incsspq 2
UNRESOLVED: gcc.target/i386/cet-sjlj-6b.c scan-assembler-times
movq\\t.*buf\\\\+16 1
UNRESOLVED: gcc.target/i386/cet-sjlj-6b.c scan-assembler-times rdsspq 2
UNRESOLVED: gcc.target/i386/cet-sjlj-6b.c scan-assembler-times shrl\\t\\\\\$3, 1
UNRESOLVED: gcc.target/i386/cet-sjlj-6b.c scan-assembler-times
subq\\tbuf\\\\+16 1
FAIL: gcc.target/i386/falign-functions-2.c (test for excess errors)
UNRESOLVED: gcc.target/i386/falign-functions-2.c scan-assembler-times
.p2align 5 1
UNRESOLVED: gcc.target/i386/falign-functions-2.c scan-assembler-times
.p2align 6,,7 2
UNRESOLVED: gcc.target/i386/falign-functions-2.c scan-assembler-times
.p2align 7,,87 1
UNRESOLVED: gcc.target/i386/falign-functions-2.c scan-assembler-times
.p2align 7,,99 1
FAIL: gcc.target/i386/fuse-caller-save-xmm.c scan-assembler-times
addpd\\t\\\\.?LC0.*, %xmm0 1
FAIL: gcc.target/i386/fuse-caller-save-xmm.c scan-assembler-times
movapd\\t%xmm0, %xmm1 1
FAIL: gcc.target/i386/fuse-caller-save.c scan-assembler-times
addl\\t%[re]?d[ix], %[re]?ax 1
FAIL: gcc.target/i386/indirect-thunk-1.c scan-assembler \\\\tlfence
FAIL: gcc.target/i386/indirect-thunk-1.c scan-assembler \\\\tpause
FAIL: gcc.target/i386/indirect-thunk-1.c scan-assembler call[ \\t]*.LIND
FAIL: gcc.target/i386/indirect-thunk-1.c scan-assembler jmp[ \\t]*.LIND
FAIL: gcc.target/i386/indirect-thunk-1.c scan-assembler jmp[
\\t]*__x86_indirect_thunk_(r|e)ax
FAIL: gcc.target/i386/indirect-thunk-2.c scan-assembler \\\\tlfence
FAIL: gcc.target/i386/indirect-thunk-2.c scan-assembler \\\\tpause
FAIL: gcc.target/i386/indirect-thunk-2.c scan-assembler call[ \\t]*.LIND
FAIL: gcc.target/i386/indirect-thunk-2.c scan-assembler jmp[ \\t]*.LIND
FAIL: gcc.target/i386/indirect-thunk-2.c scan-assembler jmp[
\\t]*__x86_indirect_thunk_(r|e)ax
FAIL: gcc.target/i386/indirect-thunk-3.c scan-assembler \\\\tlfence
FAIL: gcc.target/i386/indirect-thunk-3.c scan-assembler \\\\tpause
FAIL: gcc.target/i386/indirect-thunk-3.c scan-assembler call[ \\t]*.LIND
FAIL: gcc.target/i386/indirect-thunk-3.c scan-assembler call[
\\t]*__x86_indirect_thunk_(r|e)ax
FAIL: gcc.target/i386/indirect-thunk-3.c scan-assembler jmp[ \\t]*.LIND
FAIL: gcc.target/i386/indirect-thunk-4.c scan-assembler \\\\tlfence
FAIL: gcc.target/i386/indirect-thunk-4.c scan-assembler \\\\tpause
FAIL: gcc.target/i386/indirect-thunk-4.c scan-assembler call[ \\t]*.LIND
FAIL: gcc.target/i386/indirect-thunk-4.c scan-assembler call[
\\t]*__x86_indirect_thunk_(r|e)ax
FAIL: gcc.target/i386/indirect-thunk-4.c scan-assembler jmp[ \\t]*.LIND
FAIL: gcc.target/i386/indirect-thunk-7.c scan-assembler jmp[
\\t]*__x86_indirect_thunk_(r|e)ax
FAIL: gcc.target/i386/indirect-thunk-attr-1.c scan-assembler \\\\tlfence
FAIL: gcc.target/i386/indirect-thunk-attr-1.c scan-assembler \\\\tpause
FAIL: gcc.target/i386/indirect-thunk-attr-1.c scan-assembler call[ \\t]*.LIND
FAIL: gcc.target/i386/indirect-thunk-attr-1.c scan-assembler jmp[ \\t]*.LIND
FAIL: gcc.target/i386/indirect-thunk-attr-1.c scan-assembler jmp[
\\t]*__x86_indirect_thunk_(r|e)ax
FAIL: gcc.target/i386/indirect-thunk-attr-2.c scan-assembler \\\\tlfence
FAIL: gcc.target/i386/indirect-thunk-attr-2.c scan-assembler \\\\tpause
FAIL: gcc.target/i386/indirect-thunk-attr-2.c scan-assembler call[ \\t]*.LIND
FAIL: gcc.target/i386/indirect-thunk-attr-2.c scan-assembler jmp[ \\t]*.LIND
FAIL: gcc.target/i386/indirect-thunk-attr-2.c scan-assembler jmp[
\\t]*__x86_indirect_thunk_(r|e)ax
FAIL: gcc.target/i386/indirect-thunk-attr-3.c scan-assembler \\\\tlfence
FAIL: gcc.target/i386/indirect-thunk-attr-3.c scan-assembler \\\\tpause
FAIL: gcc.target/i386/indirect-thunk-attr-3.c scan-assembler-times
call[ \\t]*.LIND 2
FAIL: gcc.target/i386/indirect-thunk-attr-3.c scan-assembler-times
jmp[ \\t]*.LIND 2
FAIL: gcc.target/i386/indirect-thunk-attr-4.c scan-assembler \\\\tlfence
FAIL: gcc.target/i386/indirect-thunk-attr-4.c scan-assembler \\\\tpause
FAIL: gcc.target/i386/indirect-thunk-attr-4.c scan-assembler-times
call[ \\t]*.LIND 2
FAIL: gcc.target/i386/indirect-thunk-attr-4.c scan-assembler-times
jmp[ \\t]*.LIND 2
FAIL: gcc.target/i386/indirect-thunk-attr-5.c scan-assembler call[
\\t]*__x86_indirect_thunk_(r|e)ax
FAIL: gcc.target/i386/indirect-thunk-attr-6.c scan-assembler call[
\\t]*__x86_indirect_thunk_(r|e)ax
FAIL: gcc.target/i386/indirect-thunk-attr-7.c scan-assembler jmp[
\\t]*__x86_indirect_thunk(_nt|)_(r|e)ax
FAIL: gcc.target/i386/indirect-thunk-extern-1.c scan-assembler jmp[
\\t]*__x86_indirect_thunk_(r|e)ax
FAIL: gcc.target/i386/indirect-thunk-extern-2.c scan-assembler jmp[
\\t]*__x86_indirect_thunk_(r|e)ax
FAIL: gcc.target/i386/indirect-thunk-extern-3.c scan-assembler call[
\\t]*__x86_indirect_thunk_(r|e)ax
FAIL: gcc.target/i386/indirect-thunk-extern-4.c scan-assembler call[
\\t]*__x86_indirect_thunk_(r|e)ax
FAIL: gcc.target/i386/indirect-thunk-extern-7.c scan-assembler jmp[
\\t]*__x86_indirect_thunk(_nt|)_(r|e)ax
FAIL: gcc.target/i386/indirect-thunk-inline-1.c scan-assembler \\\\tlfence
FAIL: gcc.target/i386/indirect-thunk-inline-1.c scan-assembler \\\\tpause
FAIL: gcc.target/i386/indirect-thunk-inline-1.c scan-assembler call[ \\t]*.LIND
FAIL: gcc.target/i386/indirect-thunk-inline-1.c scan-assembler jmp[ \\t]*.LIND
FAIL: gcc.target/i386/indirect-thunk-inline-2.c scan-assembler \\\\tlfence
FAIL: gcc.target/i386/indirect-thunk-inline-2.c scan-assembler \\\\tpause
FAIL: gcc.target/i386/indirect-thunk-inline-2.c scan-assembler call[ \\t]*.LIND
FAIL: gcc.target/i386/indirect-thunk-inline-2.c scan-assembler jmp[ \\t]*.LIND
FAIL: gcc.target/i386/indirect-thunk-inline-3.c scan-assembler-times
\\\\tlfence 1
FAIL: gcc.target/i386/indirect-thunk-inline-3.c scan-assembler-times
\\\\tpause 1
FAIL: gcc.target/i386/indirect-thunk-inline-3.c scan-assembler-times
call[ \\t]*.LIND 2
FAIL: gcc.target/i386/indirect-thunk-inline-3.c scan-assembler-times
jmp[ \\t]*.LIND 2
FAIL: gcc.target/i386/indirect-thunk-inline-4.c scan-assembler-times
\\\\tlfence 1
FAIL: gcc.target/i386/indirect-thunk-inline-4.c scan-assembler-times
\\\\tpause 1
FAIL: gcc.target/i386/indirect-thunk-inline-4.c scan-assembler-times
call[ \\t]*.LIND 2
FAIL: gcc.target/i386/indirect-thunk-inline-4.c scan-assembler-times
jmp[ \\t]*.LIND 2
FAIL: gcc.target/i386/indirect-thunk-register-1.c scan-assembler \\\\tpause
FAIL: gcc.target/i386/indirect-thunk-register-1.c scan-assembler call[
\\t]*.LIND
FAIL: gcc.target/i386/indirect-thunk-register-1.c scan-assembler jmp[ \\t]*.LIND
FAIL: gcc.target/i386/indirect-thunk-register-1.c scan-assembler jmp[
\\t]*__x86_indirect_thunk_(r|e)ax
FAIL: gcc.target/i386/indirect-thunk-register-1.c scan-assembler mov[
\\t](%eax|%rax), \\\\((%esp|%rsp)\\\\)
FAIL: gcc.target/i386/indirect-thunk-register-2.c scan-assembler \\\\tpause
FAIL: gcc.target/i386/indirect-thunk-register-2.c scan-assembler call[
\\t]*.LIND
FAIL: gcc.target/i386/indirect-thunk-register-2.c scan-assembler jmp[ \\t]*.LIND
FAIL: gcc.target/i386/indirect-thunk-register-2.c scan-assembler mov[
\\t](%eax|%rax), \\\\((%esp|%rsp)\\\\)
FAIL: gcc.target/i386/indirect-thunk-register-3.c scan-assembler jmp[
\\t]*__x86_indirect_thunk_(r|e)ax
FAIL: gcc.target/i386/interrupt-10.c scan-assembler-times
and[lq]?[^\\\\n]*-64,[^\\\\n]*sp 1
FAIL: gcc.target/i386/interrupt-9.c scan-assembler-times
and[lq]?[^\\\\n]*-64,[^\\\\n]*sp 1
FAIL: gcc.target/i386/interrupt-redzone-1.c scan-assembler-not
(sub|add)(l|q)[\\\\t ]*\\\\\$[0-9]*,[\\\\t ]*%[re]?sp
FAIL: gcc.target/i386/memcpy-strategy-3.c scan-assembler-times memcpy 2
FAIL: gcc.target/i386/memset-strategy-1.c scan-assembler-times memset 2
FAIL: gcc.target/i386/merge-1.c scan-assembler-times movsd 1
FAIL: gcc.target/i386/pad-2.c scan-assembler-times nop 6
FAIL: gcc.target/i386/pad-5b.c scan-assembler-times nop 2
FAIL: gcc.target/i386/pad-6b.c scan-assembler-times nop 4
FAIL: gcc.target/i386/pad-8.c scan-assembler-times nop 4
FAIL: gcc.target/i386/pad-9.c scan-assembler-times nop 2
FAIL: gcc.target/i386/pieces-strcpy-1.c scan-assembler-times movdqa[
\\\\t]+[^\\n]*%xmm 4
FAIL: gcc.target/i386/pieces-strcpy-1.c scan-assembler-times movups[
\\\\t]+[^\\n]*%xmm 4
FAIL: gcc.target/i386/pieces-strcpy-2.c scan-assembler-times vmovdqa[
\\\\t]+[^\\n]*%xmm 4
FAIL: gcc.target/i386/pieces-strcpy-2.c scan-assembler-times vmovups[
\\\\t]+[^\\n]*%xmm 4
FAIL: gcc.target/i386/pr34256.c scan-assembler-times mov 4
FAIL: gcc.target/i386/pr36222-1.c scan-assembler-not movdqa
FAIL: gcc.target/i386/pr37248-2.c scan-tree-dump optimized "&
(3758096391|0x0e0000007);"
FAIL: gcc.target/i386/pr37248-2.c scan-tree-dump optimized "==
(3758096391|0x0e0000007);"
FAIL: gcc.target/i386/pr45336-3.c scan-assembler pextrb
FAIL: gcc.target/i386/pr45336-3.c scan-assembler pextrw
FAIL: gcc.target/i386/pr45336-4.c scan-assembler pextrb
FAIL: gcc.target/i386/pr45336-4.c scan-assembler pextrw
FAIL: gcc.target/i386/pr52146.c (test for excess errors)
UNRESOLVED: gcc.target/i386/pr52146.c scan-assembler-not [,\\\\t ]+-18874240
FAIL: gcc.target/i386/pr52698.c (test for excess errors)
FAIL: gcc.target/i386/pr52857-1.c (test for excess errors)
FAIL: gcc.target/i386/pr52857-2.c (test for excess errors)
FAIL: gcc.target/i386/pr53698.c (test for excess errors)
FAIL: gcc.target/i386/pr54157.c (test for excess errors)
FAIL: gcc.target/i386/pr55049-1.c (test for excess errors)
FAIL: gcc.target/i386/pr55116-1.c (test for excess errors)
FAIL: gcc.target/i386/pr55116-2.c (test for excess errors)
FAIL: gcc.target/i386/pr55597.c (test for excess errors)
FAIL: gcc.target/i386/pr57193.c scan-assembler-times movdqa 2
FAIL: gcc.target/i386/pr57655.c  (test for errors, line 6)
FAIL: gcc.target/i386/pr59021.c scan-assembler-not vzeroupper
FAIL: gcc.target/i386/pr59501-1.c (test for excess errors)
FAIL: gcc.target/i386/pr59501-1a.c (test for excess errors)
FAIL: gcc.target/i386/pr59501-1a.c scan-assembler-not r10
FAIL: gcc.target/i386/pr59501-2a.c scan-assembler-not r10
FAIL: gcc.target/i386/pr59501-3.c (test for excess errors)
FAIL: gcc.target/i386/pr59501-3a.c (test for excess errors)
FAIL: gcc.target/i386/pr59501-5.c (test for excess errors)
FAIL: gcc.target/i386/pr59929.c (test for excess errors)
FAIL: gcc.target/i386/pr61403.c scan-assembler rsqrtps
FAIL: gcc.target/i386/pr63542-2.c (test for excess errors)
FAIL: gcc.target/i386/pr66470.c (test for excess errors)
FAIL: gcc.target/i386/pr67447.c (test for excess errors)
FAIL: gcc.target/i386/pr68473-1.c  (test for errors, line 14)
FAIL: gcc.target/i386/pr68473-1.c expected multiline pattern lines
18-19 not found: "\\s*TEST_EQ \\(fmin\\);.*\\n            \\^\\n"
FAIL: gcc.target/i386/pr68473-1.c expected multiline pattern lines
23-24 not found: "   if \\(\\(long\\)FUNC##l\\(xl,xl\\) !=
\\(long\\)xl\\) \\\\.*\\n             \\^~~~\\n"
FAIL: gcc.target/i386/pr68657.c  (test for errors, line 6)
FAIL: gcc.target/i386/pr68657.c  (test for warnings, line 6)
FAIL: gcc.target/i386/pr68701-1.c  (test for warnings, line )
FAIL: gcc.target/i386/pr68701-1.c (test for excess errors)
FAIL: gcc.target/i386/pr68701-2.c  (test for warnings, line )
FAIL: gcc.target/i386/pr68701-2.c (test for excess errors)
FAIL: gcc.target/i386/pr69255-1.c  (test for warnings, line 15)
FAIL: gcc.target/i386/pr69255-2.c  (test for warnings, line 16)
FAIL: gcc.target/i386/pr69255-3.c  (test for warnings, line 15)
FAIL: gcc.target/i386/pr70155-1.c scan-assembler-times movv1ti_internal 2
FAIL: gcc.target/i386/pr70155-15.c scan-assembler-times movv1ti_internal 2
FAIL: gcc.target/i386/pr70155-17.c scan-assembler-times movv1ti_internal 8
FAIL: gcc.target/i386/pr70155-18.c scan-assembler-times movv1ti_internal 2
FAIL: gcc.target/i386/pr70155-19.c scan-assembler-times movv1ti_internal 2
FAIL: gcc.target/i386/pr70155-2.c scan-assembler-times movv1ti_internal 2
FAIL: gcc.target/i386/pr70155-22.c scan-assembler-times movv1ti_internal 2
FAIL: gcc.target/i386/pr70155-3.c scan-assembler-times movv1ti_internal 2
FAIL: gcc.target/i386/pr70155-4.c scan-assembler-times movv1ti_internal 2
FAIL: gcc.target/i386/pr70155-5.c scan-assembler-times movv1ti_internal 2
FAIL: gcc.target/i386/pr70155-6.c scan-assembler-times movv1ti_internal 2
FAIL: gcc.target/i386/pr70155-7.c scan-assembler-times movv1ti_internal 2
FAIL: gcc.target/i386/pr70155-8.c scan-assembler-times movv1ti_internal 2
FAIL: gcc.target/i386/pr70467-4.c scan-assembler-not mov[lq][ \\t]*.[0-9-]
FAIL: gcc.target/i386/pr70738-1.c  (test for errors, line 7)
FAIL: gcc.target/i386/pr70738-1.c (test for excess errors)
FAIL: gcc.target/i386/pr70738-3.c  (test for warnings, line 8)
FAIL: gcc.target/i386/pr70738-5.c  (test for errors, line 14)
FAIL: gcc.target/i386/pr70738-6.c  (test for errors, line 9)
FAIL: gcc.target/i386/pr80193.c (test for excess errors)
FAIL: gcc.target/i386/pr80262.c (test for excess errors)
FAIL: gcc.target/i386/pr80833-2.c scan-assembler pextrq
FAIL: gcc.target/i386/pr80833-2.c scan-assembler pinsrq
FAIL: gcc.target/i386/pr80833-3.c scan-assembler pextrq
FAIL: gcc.target/i386/pr80833-3.c scan-assembler pinsrq
FAIL: gcc.target/i386/pr80969-3.c (test for excess errors)
FAIL: gcc.target/i386/pr81313-1.c (test for excess errors)
UNRESOLVED: gcc.target/i386/pr81313-1.c scan-assembler-not
lea[lq]?[\\\\t ]*[0-9]*\\\\(%[er]sp\\\\)
FAIL: gcc.target/i386/pr81313-4.c (test for excess errors)
UNRESOLVED: gcc.target/i386/pr81313-4.c scan-assembler lea[lq]?[\\\\t
]*[0-9]*\\\\(%[er]sp\\\\)
FAIL: gcc.target/i386/pr81313-5.c (test for excess errors)
UNRESOLVED: gcc.target/i386/pr81313-5.c scan-assembler-not
lea[lq]?[\\\\t ]*[0-9]*\\\\(%[er]sp\\\\)
FAIL: gcc.target/i386/pr82460-1.c scan-assembler-not \\\\mvmovd
FAIL: gcc.target/i386/pr82659-6.c (test for excess errors)
FAIL: gcc.target/i386/pr85323-1.c scan-tree-dump-times optimized
"return x_[0-9]*.D.;" 3
FAIL: gcc.target/i386/pr85323-4.c scan-tree-dump-times optimized
"return x_[0-9]*.D.;" 3
FAIL: gcc.target/i386/ret-thunk-1.c scan-assembler jmp[ \\t]*__x86_return_thunk
FAIL: gcc.target/i386/ret-thunk-10.c scan-assembler
__x86_indirect_thunk_(r|e)ax:
FAIL: gcc.target/i386/ret-thunk-10.c scan-assembler call[
\\t]*__x86_indirect_thunk_(r|e)ax
FAIL: gcc.target/i386/ret-thunk-10.c scan-assembler-times \\\\tlfence 2
FAIL: gcc.target/i386/ret-thunk-10.c scan-assembler-times \\\\tpause 2
FAIL: gcc.target/i386/ret-thunk-11.c scan-assembler
__x86_indirect_thunk_(r|e)ax:
FAIL: gcc.target/i386/ret-thunk-11.c scan-assembler call[ \\t]*.LIND
FAIL: gcc.target/i386/ret-thunk-11.c scan-assembler call[
\\t]*__x86_indirect_thunk_(r|e)ax
FAIL: gcc.target/i386/ret-thunk-11.c scan-assembler jmp[ \\t]*.LIND
FAIL: gcc.target/i386/ret-thunk-11.c scan-assembler jmp[ \\t]*__x86_return_thunk
FAIL: gcc.target/i386/ret-thunk-11.c scan-assembler-times \\\\tlfence 1
FAIL: gcc.target/i386/ret-thunk-11.c scan-assembler-times \\\\tpause 1
FAIL: gcc.target/i386/ret-thunk-12.c scan-assembler
__x86_indirect_thunk_(r|e)ax:
FAIL: gcc.target/i386/ret-thunk-12.c scan-assembler call[ \\t]*.LIND
FAIL: gcc.target/i386/ret-thunk-12.c scan-assembler call[
\\t]*__x86_indirect_thunk_(r|e)ax
FAIL: gcc.target/i386/ret-thunk-12.c scan-assembler jmp[ \\t]*.LIND
FAIL: gcc.target/i386/ret-thunk-12.c scan-assembler-times \\\\tlfence 1
FAIL: gcc.target/i386/ret-thunk-12.c scan-assembler-times \\\\tpause 1
FAIL: gcc.target/i386/ret-thunk-13.c scan-assembler jmp[ \\t]*__x86_return_thunk
FAIL: gcc.target/i386/ret-thunk-13.c scan-assembler-times \\\\tlfence 2
FAIL: gcc.target/i386/ret-thunk-13.c scan-assembler-times \\\\tpause 2
FAIL: gcc.target/i386/ret-thunk-13.c scan-assembler-times call[ \\t]*.LIND 3
FAIL: gcc.target/i386/ret-thunk-13.c scan-assembler-times jmp[ \\t]*.LIND 3
FAIL: gcc.target/i386/ret-thunk-14.c scan-assembler call[
\\t]*__x86_indirect_thunk_(r|e)ax
FAIL: gcc.target/i386/ret-thunk-15.c scan-assembler call[ \\t]*.LIND
FAIL: gcc.target/i386/ret-thunk-15.c scan-assembler call[
\\t]*__x86_indirect_thunk_(r|e)ax
FAIL: gcc.target/i386/ret-thunk-15.c scan-assembler jmp[ \\t]*.LIND
FAIL: gcc.target/i386/ret-thunk-15.c scan-assembler jmp[ \\t]*__x86_return_thunk
FAIL: gcc.target/i386/ret-thunk-15.c scan-assembler-times \\\\tlfence 1
FAIL: gcc.target/i386/ret-thunk-15.c scan-assembler-times \\\\tpause 1
FAIL: gcc.target/i386/ret-thunk-26.c execution test
FAIL: gcc.target/i386/ret-thunk-3.c scan-assembler jmp[ \\t]*__x86_return_thunk
FAIL: gcc.target/i386/ret-thunk-5.c scan-assembler jmp[ \\t]*__x86_return_thunk
FAIL: gcc.target/i386/ret-thunk-7.c scan-assembler jmp[ \\t]*__x86_return_thunk
FAIL: gcc.target/i386/ret-thunk-9.c scan-assembler __x86_return_thunk:
FAIL: gcc.target/i386/ret-thunk-9.c scan-assembler call[
\\t]*__x86_indirect_thunk_(r|e)ax
FAIL: gcc.target/i386/ret-thunk-9.c scan-assembler jmp[ \\t]*__x86_return_thunk
FAIL: gcc.target/i386/ret-thunk-9.c scan-assembler-times \\\\tlfence 2
FAIL: gcc.target/i386/ret-thunk-9.c scan-assembler-times \\\\tpause 2
FAIL: gcc.target/i386/shrink_wrap_1.c (test for excess errors)
FAIL: gcc.target/i386/shrink_wrap_1.c scan-rtl-dump pro_and_epilogue
"Performing shrink-wrapping"
FAIL: gcc.target/i386/sse2-load-multi.c scan-assembler-times movup 2
FAIL: gcc.target/i386/sse2-store-multi.c scan-assembler-times movup 2
FAIL: gcc.target/i386/stack-check-12.c (internal compiler error)
FAIL: gcc.target/i386/stack-check-12.c (test for excess errors)
UNRESOLVED: gcc.target/i386/stack-check-12.c scan-assembler popq\\t%rax
UNRESOLVED: gcc.target/i386/stack-check-12.c scan-assembler pushq\\t%rax
UNRESOLVED: gcc.target/i386/stack-check-12.c scan-assembler-not or[ql]
FAIL: gcc.target/i386/stack-check-18.c scan-assembler-times or[ql] 1
FAIL: gcc.target/i386/stack-check-18.c scan-rtl-dump-times expand
"allocation and probing in loop" 1
FAIL: gcc.target/i386/stack-check-18.c scan-rtl-dump-times expand
"allocation and probing residuals" 1
FAIL: gcc.target/i386/stack-check-19.c scan-assembler-times (?:je|jne) 3
FAIL: gcc.target/i386/stack-check-19.c scan-assembler-times or[ql] 2
FAIL: gcc.target/i386/stack-check-19.c scan-rtl-dump-times expand
"allocation and probing in loop" 1
FAIL: gcc.target/i386/stack-check-19.c scan-rtl-dump-times expand
"allocation and probing residuals" 1
FAIL: gcc.target/i386/stack-prot-sym.c scan-assembler gs:my_guard
FAIL: gcc.target/i386/strcmpopt_6.c scan-assembler-times memcmp 2
FAIL: gcc.target/x86_64/abi/callabi/vaarg-4a.c execution test
FAIL: gcc.target/x86_64/abi/callabi/vaarg-5a.c (internal compiler error)
FAIL: gcc.target/x86_64/abi/callabi/vaarg-5a.c (test for excess errors)
WARNING: gcc.target/x86_64/abi/callabi/vaarg-5a.c compilation failed
to produce executable
FAIL: gcc.target/x86_64/abi/callabi/vaarg-5b.c (internal compiler error)
FAIL: gcc.target/x86_64/abi/callabi/vaarg-5b.c (test for excess errors)

=== gcc Summary ===

# of expected passes 124548
# of unexpected failures 566
# of unexpected successes 6
# of expected failures 422
# of unresolved testcases 26
# of unsupported tests 2371
/local/mw-264317.8wAt/build/gcc/gcc/xgcc  version 9.0.0 20180914
(experimental) (GCC)

Host   is x86_64-pc-linux-gnu

=== gfortran tests ===


Running target mw
FAIL: gfortran.dg/bind_c_array_params_2.f90   -O
scan-assembler-times [ \\t][\$,_0-9]*myBindC 1
FAIL: gfortran.dg/execute_command_line_2.f90   -O0  execution test
FAIL: gfortran.dg/execute_command_line_2.f90   -O1  execution test
FAIL: gfortran.dg/execute_command_line_2.f90   -O2  execution test
FAIL: gfortran.dg/execute_command_line_2.f90   -O3
-fomit-frame-pointer -funroll-loops -fpeel-loops -ftracer
-finline-functions  execution test
FAIL: gfortran.dg/execute_command_line_2.f90   -O3 -g  execution test
FAIL: gfortran.dg/execute_command_line_2.f90   -Os  execution test
FAIL: gfortran.dg/execute_command_line_3.f90   -O  execution test
FAIL: gfortran.dg/finalize_10.f90   -O   scan-tree-dump original
"__builtin_memcpy \\\\(\\\\(void .\\\\) y->_data, \\\\(void .\\\\)
y->_vptr->_def_init, \\\\((unsigned long|unsigned
int|character\\\\(kind=4\\\\))\\\\) y->_vptr->_size\\\\);"
FAIL: gfortran.dg/fmt_float.f90   -O0  output pattern test, is
    0.10E+01            0.10E+00            0.10E-01^M
FAIL: gfortran.dg/fmt_float.f90   -O1  output pattern test, is
    0.10E+01            0.10E+00            0.10E-01^M
FAIL: gfortran.dg/fmt_float.f90   -O2  output pattern test, is
    0.10E+01            0.10E+00            0.10E-01^M
FAIL: gfortran.dg/fmt_float.f90   -O3 -fomit-frame-pointer
-funroll-loops -fpeel-loops -ftracer -finline-functions  output
pattern test, is             0.10E+01            0.10E+00
0.10E-01^M
FAIL: gfortran.dg/fmt_float.f90   -O3 -g  output pattern test, is
       0.10E+01            0.10E+00            0.10E-01^M
FAIL: gfortran.dg/fmt_float.f90   -Os  output pattern test, is
    0.10E+01            0.10E+00            0.10E-01^M
FAIL: gfortran.dg/fmt_zero_precision.f90   -O0  output pattern test, is  1.<^M
FAIL: gfortran.dg/fmt_zero_precision.f90   -O1  output pattern test, is  1.<^M
FAIL: gfortran.dg/fmt_zero_precision.f90   -O2  output pattern test, is  1.<^M
FAIL: gfortran.dg/fmt_zero_precision.f90   -O3 -fomit-frame-pointer
-funroll-loops -fpeel-loops -ftracer -finline-functions  output
pattern test, is  1.<^M
FAIL: gfortran.dg/fmt_zero_precision.f90   -O3 -g  output pattern
test, is  1.<^M
FAIL: gfortran.dg/fmt_zero_precision.f90   -Os  output pattern test, is  1.<^M
FAIL: gfortran.dg/namelist_40.f90   -O0  output pattern test, is
Multiple sub-objects with non-zero rank in namelist object x%m%ch^M
FAIL: gfortran.dg/namelist_40.f90   -O1  output pattern test, is
Multiple sub-objects with non-zero rank in namelist object x%m%ch^M
FAIL: gfortran.dg/namelist_40.f90   -O2  output pattern test, is
Multiple sub-objects with non-zero rank in namelist object x%m%ch^M
FAIL: gfortran.dg/namelist_40.f90   -O3 -fomit-frame-pointer
-funroll-loops -fpeel-loops -ftracer -finline-functions  output
pattern test, is Multiple sub-objects with non-zero rank in namelist
object x%m%ch^M
FAIL: gfortran.dg/namelist_40.f90   -O3 -g  output pattern test, is
Multiple sub-objects with non-zero rank in namelist object x%m%ch^M
FAIL: gfortran.dg/namelist_40.f90   -Os  output pattern test, is
Multiple sub-objects with non-zero rank in namelist object x%m%ch^M
FAIL: gfortran.dg/namelist_47.f90   -O0  output pattern test, is
Multiple sub-objects with non-zero rank in namelist object
x%m%c012345678901234567890123456789012345678901234567890123456789h^M
FAIL: gfortran.dg/namelist_47.f90   -O1  output pattern test, is
Multiple sub-objects with non-zero rank in namelist object
x%m%c012345678901234567890123456789012345678901234567890123456789h^M
FAIL: gfortran.dg/namelist_47.f90   -O2  output pattern test, is
Multiple sub-objects with non-zero rank in namelist object
x%m%c012345678901234567890123456789012345678901234567890123456789h^M
FAIL: gfortran.dg/namelist_47.f90   -O3 -fomit-frame-pointer
-funroll-loops -fpeel-loops -ftracer -finline-functions  output
pattern test, is Multiple sub-objects with non-zero rank in namelist
object x%m%c012345678901234567890123456789012345678901234567890123456789h^M
FAIL: gfortran.dg/namelist_47.f90   -O3 -g  output pattern test, is
Multiple sub-objects with non-zero rank in namelist object
x%m%c012345678901234567890123456789012345678901234567890123456789h^M
FAIL: gfortran.dg/namelist_47.f90   -Os  output pattern test, is
Multiple sub-objects with non-zero rank in namelist object
x%m%c012345678901234567890123456789012345678901234567890123456789h^M
FAIL: gfortran.dg/namelist_print_1.f   -O0  output pattern test, is &MYNML^M
FAIL: gfortran.dg/namelist_print_1.f   -O1  output pattern test, is &MYNML^M
FAIL: gfortran.dg/namelist_print_1.f   -O2  output pattern test, is &MYNML^M
FAIL: gfortran.dg/namelist_print_1.f   -O3 -fomit-frame-pointer
-funroll-loops -fpeel-loops -ftracer -finline-functions  output
pattern test, is &MYNML^M
FAIL: gfortran.dg/namelist_print_1.f   -O3 -g  output pattern test, is &MYNML^M
FAIL: gfortran.dg/namelist_print_1.f   -Os  output pattern test, is &MYNML^M
FAIL: gfortran.dg/parameter_array_dummy.f90   -O0  output pattern
test, is            1 aa^M
FAIL: gfortran.dg/parameter_array_dummy.f90   -O1  output pattern
test, is            1 aa^M
FAIL: gfortran.dg/parameter_array_dummy.f90   -O2  output pattern
test, is            1 aa^M
FAIL: gfortran.dg/parameter_array_dummy.f90   -O3 -fomit-frame-pointer
-funroll-loops -fpeel-loops -ftracer -finline-functions  output
pattern test, is            1 aa^M
FAIL: gfortran.dg/parameter_array_dummy.f90   -O3 -g  output pattern
test, is            1 aa^M
FAIL: gfortran.dg/parameter_array_dummy.f90   -Os  output pattern
test, is            1 aa^M
FAIL: gfortran.dg/pr79886.f90   -O   (test for warnings, line 10)
FAIL: gfortran.dg/pr79886.f90   -O   (test for warnings, line 8)
FAIL: gfortran.dg/read_dir.f90   -O0  execution test
FAIL: gfortran.dg/read_dir.f90   -O1  execution test
FAIL: gfortran.dg/read_dir.f90   -O2  execution test
FAIL: gfortran.dg/read_dir.f90   -O3 -fomit-frame-pointer
-funroll-loops -fpeel-loops -ftracer -finline-functions  execution
test
FAIL: gfortran.dg/read_dir.f90   -O3 -g  execution test
FAIL: gfortran.dg/read_dir.f90   -Os  execution test
FAIL: gfortran.dg/g77/f77-edit-apostrophe-out.f   -O0  output pattern
test, is abcde^M
FAIL: gfortran.dg/g77/f77-edit-apostrophe-out.f   -O1  output pattern
test, is abcde^M
FAIL: gfortran.dg/g77/f77-edit-apostrophe-out.f   -O2  output pattern
test, is abcde^M
FAIL: gfortran.dg/g77/f77-edit-apostrophe-out.f   -O3
-fomit-frame-pointer -funroll-loops -fpeel-loops -ftracer
-finline-functions  output pattern test, is abcde^M
FAIL: gfortran.dg/g77/f77-edit-apostrophe-out.f   -O3 -g  output
pattern test, is abcde^M
FAIL: gfortran.dg/g77/f77-edit-apostrophe-out.f   -Os  output pattern
test, is abcde^M
FAIL: gfortran.dg/g77/f77-edit-colon-out.f   -O0  output pattern test, is 123^M
FAIL: gfortran.dg/g77/f77-edit-colon-out.f   -O1  output pattern test, is 123^M
FAIL: gfortran.dg/g77/f77-edit-colon-out.f   -O2  output pattern test, is 123^M
FAIL: gfortran.dg/g77/f77-edit-colon-out.f   -O3 -fomit-frame-pointer
-funroll-loops -fpeel-loops -ftracer -finline-functions  output
pattern test, is 123^M
FAIL: gfortran.dg/g77/f77-edit-colon-out.f   -O3 -g  output pattern
test, is 123^M
FAIL: gfortran.dg/g77/f77-edit-colon-out.f   -Os  output pattern test, is 123^M
FAIL: gfortran.dg/g77/f77-edit-h-out.f   -O0  output pattern test, is 1^M
FAIL: gfortran.dg/g77/f77-edit-h-out.f   -O1  output pattern test, is 1^M
FAIL: gfortran.dg/g77/f77-edit-h-out.f   -O2  output pattern test, is 1^M
FAIL: gfortran.dg/g77/f77-edit-h-out.f   -O3 -fomit-frame-pointer
-funroll-loops -fpeel-loops -ftracer -finline-functions  output
pattern test, is 1^M
FAIL: gfortran.dg/g77/f77-edit-h-out.f   -O3 -g  output pattern test, is 1^M
FAIL: gfortran.dg/g77/f77-edit-h-out.f   -Os  output pattern test, is 1^M
FAIL: gfortran.dg/g77/f77-edit-i-out.f   -O0  output pattern test, is 1^M
FAIL: gfortran.dg/g77/f77-edit-i-out.f   -O1  output pattern test, is 1^M
FAIL: gfortran.dg/g77/f77-edit-i-out.f   -O2  output pattern test, is 1^M
FAIL: gfortran.dg/g77/f77-edit-i-out.f   -O3 -fomit-frame-pointer
-funroll-loops -fpeel-loops -ftracer -finline-functions  output
pattern test, is 1^M
FAIL: gfortran.dg/g77/f77-edit-i-out.f   -O3 -g  output pattern test, is 1^M
FAIL: gfortran.dg/g77/f77-edit-i-out.f   -Os  output pattern test, is 1^M
FAIL: gfortran.dg/g77/f77-edit-s-out.f   -O0  output pattern test, is +10  20^M
FAIL: gfortran.dg/g77/f77-edit-s-out.f   -O1  output pattern test, is +10  20^M
FAIL: gfortran.dg/g77/f77-edit-s-out.f   -O2  output pattern test, is +10  20^M
FAIL: gfortran.dg/g77/f77-edit-s-out.f   -O3 -fomit-frame-pointer
-funroll-loops -fpeel-loops -ftracer -finline-functions  output
pattern test, is +10  20^M
FAIL: gfortran.dg/g77/f77-edit-s-out.f   -O3 -g  output pattern test,
is +10  20^M
FAIL: gfortran.dg/g77/f77-edit-s-out.f   -Os  output pattern test, is +10  20^M
FAIL: gfortran.dg/g77/f77-edit-slash-out.f   -O0  output pattern test, is 123^M
FAIL: gfortran.dg/g77/f77-edit-slash-out.f   -O1  output pattern test, is 123^M
FAIL: gfortran.dg/g77/f77-edit-slash-out.f   -O2  output pattern test, is 123^M
FAIL: gfortran.dg/g77/f77-edit-slash-out.f   -O3 -fomit-frame-pointer
-funroll-loops -fpeel-loops -ftracer -finline-functions  output
pattern test, is 123^M
FAIL: gfortran.dg/g77/f77-edit-slash-out.f   -O3 -g  output pattern
test, is 123^M
FAIL: gfortran.dg/g77/f77-edit-slash-out.f   -Os  output pattern test, is 123^M
FAIL: gfortran.dg/g77/f77-edit-t-out.f   -O0  output pattern test, is 1234   8^M
FAIL: gfortran.dg/g77/f77-edit-t-out.f   -O1  output pattern test, is 1234   8^M
FAIL: gfortran.dg/g77/f77-edit-t-out.f   -O2  output pattern test, is 1234   8^M
FAIL: gfortran.dg/g77/f77-edit-t-out.f   -O3 -fomit-frame-pointer
-funroll-loops -fpeel-loops -ftracer -finline-functions  output
pattern test, is 1234   8^M
FAIL: gfortran.dg/g77/f77-edit-t-out.f   -O3 -g  output pattern test,
is 1234   8^M
FAIL: gfortran.dg/g77/f77-edit-t-out.f   -Os  output pattern test, is 1234   8^M
FAIL: gfortran.dg/g77/f77-edit-x-out.f   -O0  output pattern test, is 1 2  3^M
FAIL: gfortran.dg/g77/f77-edit-x-out.f   -O1  output pattern test, is 1 2  3^M
FAIL: gfortran.dg/g77/f77-edit-x-out.f   -O2  output pattern test, is 1 2  3^M
FAIL: gfortran.dg/g77/f77-edit-x-out.f   -O3 -fomit-frame-pointer
-funroll-loops -fpeel-loops -ftracer -finline-functions  output
pattern test, is 1 2  3^M
FAIL: gfortran.dg/g77/f77-edit-x-out.f   -O3 -g  output pattern test,
is 1 2  3^M
FAIL: gfortran.dg/g77/f77-edit-x-out.f   -Os  output pattern test, is 1 2  3^M
WARNING: program timed out.

=== gfortran Summary ===

# of expected passes 47339
# of unexpected failures 101
# of expected failures 108
# of unsupported tests 180
/local/mw-264317.8wAt/build/gcc/gcc/testsuite/gfortran/../../gfortran
version 9.0.0 20180914 (experimental) (GCC)

Host   is x86_64-pc-linux-gnu

=== obj-c++ tests ===


Running target mw
FAIL: obj-c++.dg/bitfield-1.mm -fgnu-runtime PR23610 (test for bogus
messages, line 45)
FAIL: obj-c++.dg/bitfield-1.mm -fgnu-runtime PR23610 (test for bogus
messages, line 59)
FAIL: obj-c++.dg/bitfield-1.mm -fgnu-runtime PR23610 (test for bogus
messages, line 62)
FAIL: obj-c++.dg/bitfield-1.mm -fgnu-runtime PR23610 (test for bogus
messages, line 77)
FAIL: obj-c++.dg/bitfield-1.mm -fgnu-runtime PR23610 (test for bogus
messages, line 78)
FAIL: obj-c++.dg/bitfield-1.mm -fgnu-runtime execution test
FAIL: obj-c++.dg/bitfield-4.mm -fgnu-runtime PR23610 (test for bogus
messages, line 34)
FAIL: obj-c++.dg/proto-lossage-4.mm -fgnu-runtime (test for excess errors)

=== obj-c++ Summary ===

# of expected passes 1456
# of unexpected failures 8
# of expected failures 2
# of unsupported tests 77
/local/mw-264317.8wAt/build/gcc/gcc/testsuite/obj-c++/../../xg++
version 9.0.0 20180914 (experimental) (GCC)

Host   is x86_64-pc-linux-gnu

=== objc tests ===


Running target mw
FAIL: objc.dg/bitfield-3.m -fgnu-runtime  (test for warnings, line 27)
FAIL: objc.dg/bitfield-5.m -fgnu-runtime  (test for warnings, line 40)
FAIL: objc.dg/bitfield-5.m -fgnu-runtime execution test
FAIL: objc.dg/proto-lossage-4.m -fgnu-runtime  (test for warnings, line 30)
FAIL: objc.dg/proto-lossage-4.m -fgnu-runtime  (test for warnings, line 36)
FAIL: objc.dg/proto-lossage-4.m -fgnu-runtime  (test for warnings, line 44)
FAIL: objc.dg/proto-lossage-4.m -fgnu-runtime (test for excess errors)
FAIL: objc/execute/exceptions/finally-1.m execution,  -O0 -fgnu-runtime
FAIL: objc/execute/exceptions/finally-1.m execution,  -O1 -fgnu-runtime
FAIL: objc/execute/exceptions/finally-1.m execution,  -O2 -fgnu-runtime
FAIL: objc/execute/exceptions/finally-1.m execution,  -O3 -g -fgnu-runtime
FAIL: objc/execute/exceptions/finally-1.m execution,  -Os -fgnu-runtime
FAIL: objc/execute/bf-10.m execution,  -O0 -fgnu-runtime
FAIL: objc/execute/bf-10.m execution,  -O1 -fgnu-runtime
FAIL: objc/execute/bf-10.m execution,  -O2 -fgnu-runtime
FAIL: objc/execute/bf-10.m execution,  -O3 -g -fgnu-runtime
FAIL: objc/execute/bf-10.m execution,  -Os -fgnu-runtime
FAIL: objc/execute/bf-11.m execution,  -O0 -fgnu-runtime
FAIL: objc/execute/bf-11.m execution,  -O1 -fgnu-runtime
FAIL: objc/execute/bf-11.m execution,  -O2 -fgnu-runtime
FAIL: objc/execute/bf-11.m execution,  -O3 -g -fgnu-runtime
FAIL: objc/execute/bf-11.m execution,  -Os -fgnu-runtime
FAIL: objc/execute/bf-12.m execution,  -O0 -fgnu-runtime
FAIL: objc/execute/bf-12.m execution,  -O1 -fgnu-runtime
FAIL: objc/execute/bf-12.m execution,  -O2 -fgnu-runtime
FAIL: objc/execute/bf-12.m execution,  -O3 -g -fgnu-runtime
FAIL: objc/execute/bf-12.m execution,  -Os -fgnu-runtime
FAIL: objc/execute/bf-5.m execution,  -O0 -fgnu-runtime
FAIL: objc/execute/bf-5.m execution,  -O1 -fgnu-runtime
FAIL: objc/execute/bf-5.m execution,  -O2 -fgnu-runtime
FAIL: objc/execute/bf-5.m execution,  -O3 -g -fgnu-runtime
FAIL: objc/execute/bf-5.m execution,  -Os -fgnu-runtime
FAIL: objc/execute/bf-6.m execution,  -O0 -fgnu-runtime
FAIL: objc/execute/bf-6.m execution,  -O1 -fgnu-runtime
FAIL: objc/execute/bf-6.m execution,  -O2 -fgnu-runtime
FAIL: objc/execute/bf-6.m execution,  -O3 -g -fgnu-runtime
FAIL: objc/execute/bf-6.m execution,  -Os -fgnu-runtime
FAIL: objc/execute/bf-7.m execution,  -O0 -fgnu-runtime
FAIL: objc/execute/bf-7.m execution,  -O1 -fgnu-runtime
FAIL: objc/execute/bf-7.m execution,  -O2 -fgnu-runtime
FAIL: objc/execute/bf-7.m execution,  -O3 -g -fgnu-runtime
FAIL: objc/execute/bf-7.m execution,  -Os -fgnu-runtime
FAIL: objc/execute/bf-8.m execution,  -O0 -fgnu-runtime
FAIL: objc/execute/bf-8.m execution,  -O1 -fgnu-runtime
FAIL: objc/execute/bf-8.m execution,  -O2 -fgnu-runtime
FAIL: objc/execute/bf-8.m execution,  -O3 -g -fgnu-runtime
FAIL: objc/execute/bf-8.m execution,  -Os -fgnu-runtime
FAIL: objc/execute/bf-9.m execution,  -O0 -fgnu-runtime
FAIL: objc/execute/bf-9.m execution,  -O1 -fgnu-runtime
FAIL: objc/execute/bf-9.m execution,  -O2 -fgnu-runtime
FAIL: objc/execute/bf-9.m execution,  -O3 -g -fgnu-runtime
FAIL: objc/execute/bf-9.m execution,  -Os -fgnu-runtime

=== objc Summary ===

# of expected passes 2745
# of unexpected failures 52
# of expected failures 6
# of unsupported tests 68
/local/mw-264317.8wAt/build/gcc/gcc/xgcc  version 9.0.0 20180914
(experimental) (GCC)

Host   is x86_64-w64-mingw32

=== libatomic tests ===


Running target mw

=== libatomic Summary ===

# of expected passes 54
Host   is x86_64-w64-mingw32

=== libstdc++ tests ===


Running target mw
FAIL: 18_support/new_nothrow.cc execution test
FAIL: 21_strings/basic_string/cons/char/86138.cc scan-assembler-not
_ZNSs4_Rep20_S_empty_rep_storageE:
FAIL: 21_strings/basic_string/cons/wchar_t/86138.cc scan-assembler-not
_ZNSbIwSt11char_traitsIwESaIwEE4_Rep20_S_empty_rep_storageE:
FAIL: 21_strings/basic_string/numeric_conversions/wchar_t/stod.cc execution test
FAIL: 21_strings/basic_string/numeric_conversions/wchar_t/stoi.cc execution test
FAIL: 21_strings/basic_string/numeric_conversions/wchar_t/stol.cc execution test
FAIL: 22_locale/classification/isblank.cc execution test
FAIL: 22_locale/time_put/put/char/1.cc execution test
FAIL: 22_locale/time_put/put/char/5.cc execution test
FAIL: 22_locale/time_put/put/wchar_t/1.cc execution test
FAIL: 22_locale/time_put/put/wchar_t/5.cc execution test
FAIL: 26_numerics/complex/56111.cc (test for excess errors)
FAIL: 27_io/basic_istream/extractors_arithmetic/char/12.cc execution test
FAIL: 27_io/basic_istream/extractors_arithmetic/wchar_t/12.cc execution test
FAIL: 27_io/basic_ostream/inserters_arithmetic/char/hexfloat.cc execution test
FAIL: 27_io/filesystem/operations/absolute.cc execution test
FAIL: 27_io/filesystem/operations/canonical.cc execution test
FAIL: 27_io/filesystem/operations/copy.cc execution test
FAIL: 27_io/filesystem/operations/create_directories.cc execution test
FAIL: 27_io/filesystem/operations/equivalent.cc execution test
FAIL: 27_io/filesystem/operations/exists.cc execution test
FAIL: 27_io/filesystem/operations/is_empty.cc execution test
FAIL: 27_io/filesystem/operations/last_write_time.cc execution test
FAIL: 27_io/filesystem/operations/permissions.cc execution test
FAIL: 27_io/filesystem/operations/proximate.cc execution test
XPASS: 27_io/filesystem/operations/read_symlink.cc (test for excess errors)
FAIL: 27_io/filesystem/operations/read_symlink.cc execution test
FAIL: 27_io/filesystem/operations/remove.cc execution test
FAIL: 27_io/filesystem/operations/remove_all.cc execution test
FAIL: 27_io/filesystem/operations/status.cc execution test
XPASS: 27_io/filesystem/operations/symlink_status.cc (test for excess errors)
FAIL: 27_io/filesystem/operations/symlink_status.cc execution test
FAIL: 27_io/filesystem/operations/temp_directory_path.cc execution test
FAIL: 27_io/filesystem/operations/weakly_canonical.cc execution test
FAIL: 27_io/filesystem/path/generation/proximate.cc execution test
FAIL: 27_io/filesystem/path/generation/relative.cc execution test
FAIL: 27_io/ios_base/storage/11584.cc execution test
FAIL: 28_regex/algorithms/regex_match/basic/string_01.cc execution test
FAIL: 28_regex/traits/wchar_t/isctype.cc execution test
FAIL: 30_threads/condition_variable/members/1.cc execution test
FAIL: 30_threads/condition_variable/members/2.cc execution test
FAIL: 30_threads/condition_variable_any/members/1.cc execution test
FAIL: 30_threads/this_thread/3.cc execution test
FAIL: 30_threads/thread/native_handle/cancel.cc execution test
FAIL: experimental/filesystem/iterators/recursive_directory_iterator.cc
execution test
FAIL: experimental/filesystem/operations/absolute.cc execution test
FAIL: experimental/filesystem/operations/canonical.cc execution test
FAIL: experimental/filesystem/operations/copy.cc execution test
FAIL: experimental/filesystem/operations/create_directories.cc execution test
FAIL: experimental/filesystem/operations/equivalent.cc execution test
FAIL: experimental/filesystem/operations/exists.cc execution test
FAIL: experimental/filesystem/operations/is_empty.cc execution test
FAIL: experimental/filesystem/operations/last_write_time.cc execution test
FAIL: experimental/filesystem/operations/permissions.cc execution test
XPASS: experimental/filesystem/operations/read_symlink.cc (test for
excess errors)
FAIL: experimental/filesystem/operations/read_symlink.cc execution test
FAIL: experimental/filesystem/operations/remove.cc execution test
FAIL: experimental/filesystem/operations/remove_all.cc execution test
FAIL: experimental/filesystem/operations/space.cc execution test
FAIL: experimental/filesystem/operations/temp_directory_path.cc execution test
FAIL: ext/mt_allocator/check_new.cc execution test
FAIL: ext/pool_allocator/check_new.cc execution test
WARNING: program timed out.
WARNING: program timed out.

=== libstdc++ Summary ===

# of expected passes 11699
# of unexpected failures 59
# of unexpected successes 3
# of expected failures 77
# of unsupported tests 697

Compiler version: 9.0.0 20180914 (experimental) (GCC)
Platform: x86_64-w64-mingw32
configure flags: --prefix=/local/mw-264317.8wAt/rt
--target=x86_64-w64-mingw32 --disable-multilib --disable-nls
--enable-languages=all --with-sysroot=/local/mw-264317.8wAt/rt
--with-build-sysroot=/local/mw-264317.8wAt/rt --enable-threads=posix
--disable-bootstrap --enable-libstdcxx-filesystem-ts


Index Nav: [Date Index] [Subject Index] [Author Index] [Thread Index]
Message Nav: [Date Prev] [Date Next] [Thread Prev] [Thread Next]