This is the mail archive of the
gcc-testresults@gcc.gnu.org
mailing list for the GCC project.
Results for 9.0.0 20180914 (experimental) [trunk revision 264304] (GCC) testsuite on sparc-sun-solaris2.11
- From: Rainer Orth <ro at CeBiTec dot Uni-Bielefeld dot DE>
- To: gcc-testresults at gcc dot gnu dot org
- Date: Sat, 15 Sep 2018 09:34:27 +0200 (MEST)
- Subject: Results for 9.0.0 20180914 (experimental) [trunk revision 264304] (GCC) testsuite on sparc-sun-solaris2.11
LAST_UPDATED: Fri Sep 14 08:53:47 UTC 2018 (revision 264304)
=== acats tests ===
=== acats Summary ===
# of expected passes 2320
# of unexpected failures 0
Native configuration is sparc-sun-solaris2.11
=== g++ tests ===
Running target unix
FAIL: c-c++-common/spec-barrier-1.c -std=gnu++11 (test for excess errors)
FAIL: c-c++-common/spec-barrier-1.c -std=gnu++14 (test for excess errors)
FAIL: c-c++-common/spec-barrier-1.c -std=gnu++98 (test for excess errors)
FAIL: g++.dg/pr83239.C -std=gnu++98 (test for excess errors)
FAIL: g++.dg/gcov/pr16855-priority.C -std=gnu++11 gcov: 1 failures in line counts, 0 in branch percentages, 0 in return percentages, 0 in intermediate format
FAIL: g++.dg/gcov/pr16855-priority.C -std=gnu++11 line 22: is #####:should be 1
FAIL: g++.dg/gcov/pr16855-priority.C -std=gnu++14 gcov: 1 failures in line counts, 0 in branch percentages, 0 in return percentages, 0 in intermediate format
FAIL: g++.dg/gcov/pr16855-priority.C -std=gnu++14 line 22: is #####:should be 1
FAIL: g++.dg/gcov/pr16855-priority.C -std=gnu++98 gcov: 1 failures in line counts, 0 in branch percentages, 0 in return percentages, 0 in intermediate format
FAIL: g++.dg/gcov/pr16855-priority.C -std=gnu++98 line 22: is #####:should be 1
FAIL: g++.dg/gcov/pr16855.C -std=gnu++11 gcov: 1 failures in line counts, 0 in branch percentages, 0 in return percentages, 0 in intermediate format
FAIL: g++.dg/gcov/pr16855.C -std=gnu++11 line 21: is #####:should be 1
FAIL: g++.dg/gcov/pr16855.C -std=gnu++14 gcov: 1 failures in line counts, 0 in branch percentages, 0 in return percentages, 0 in intermediate format
FAIL: g++.dg/gcov/pr16855.C -std=gnu++14 line 21: is #####:should be 1
FAIL: g++.dg/gcov/pr16855.C -std=gnu++98 gcov: 1 failures in line counts, 0 in branch percentages, 0 in return percentages, 0 in intermediate format
FAIL: g++.dg/gcov/pr16855.C -std=gnu++98 line 21: is #####:should be 1
=== g++ Summary for unix ===
# of expected passes 114881
# of unexpected failures 16
# of expected failures 534
# of unsupported tests 5351
Running target unix/-m64
FAIL: c-c++-common/spec-barrier-1.c -std=gnu++11 (test for excess errors)
FAIL: c-c++-common/spec-barrier-1.c -std=gnu++14 (test for excess errors)
FAIL: c-c++-common/spec-barrier-1.c -std=gnu++98 (test for excess errors)
FAIL: g++.dg/pr83239.C -std=gnu++98 (test for excess errors)
FAIL: g++.dg/gcov/pr16855-priority.C -std=gnu++11 gcov: 1 failures in line counts, 0 in branch percentages, 0 in return percentages, 0 in intermediate format
FAIL: g++.dg/gcov/pr16855-priority.C -std=gnu++11 line 22: is #####:should be 1
FAIL: g++.dg/gcov/pr16855-priority.C -std=gnu++14 gcov: 1 failures in line counts, 0 in branch percentages, 0 in return percentages, 0 in intermediate format
FAIL: g++.dg/gcov/pr16855-priority.C -std=gnu++14 line 22: is #####:should be 1
FAIL: g++.dg/gcov/pr16855-priority.C -std=gnu++98 gcov: 1 failures in line counts, 0 in branch percentages, 0 in return percentages, 0 in intermediate format
FAIL: g++.dg/gcov/pr16855-priority.C -std=gnu++98 line 22: is #####:should be 1
FAIL: g++.dg/gcov/pr16855.C -std=gnu++11 gcov: 1 failures in line counts, 0 in branch percentages, 0 in return percentages, 0 in intermediate format
FAIL: g++.dg/gcov/pr16855.C -std=gnu++11 line 21: is #####:should be 1
FAIL: g++.dg/gcov/pr16855.C -std=gnu++14 gcov: 1 failures in line counts, 0 in branch percentages, 0 in return percentages, 0 in intermediate format
FAIL: g++.dg/gcov/pr16855.C -std=gnu++14 line 21: is #####:should be 1
FAIL: g++.dg/gcov/pr16855.C -std=gnu++98 gcov: 1 failures in line counts, 0 in branch percentages, 0 in return percentages, 0 in intermediate format
FAIL: g++.dg/gcov/pr16855.C -std=gnu++98 line 21: is #####:should be 1
=== g++ Summary for unix/-m64 ===
# of expected passes 116778
# of unexpected failures 16
# of expected failures 537
# of unsupported tests 5320
=== g++ Summary ===
# of expected passes 231659
# of unexpected failures 32
# of expected failures 1071
# of unsupported tests 10671
/var/gcc/regression/trunk/11-gcc-gas-gld/build/gcc/xg++ version 9.0.0 20180914 (experimental) [trunk revision 264304] (GCC)
=== gcc tests ===
Running target unix
FAIL: c-c++-common/spec-barrier-1.c -Wc++-compat (test for excess errors)
FAIL: gcc.dg/simulate-thread/atomic-other-int.c -O2 -g thread simulation test
FAIL: gcc.dg/simulate-thread/atomic-other-int.c -O3 -g thread simulation test
FAIL: gcc.dg/simulate-thread/speculative-store-4.c -O0 -g thread simulation test
FAIL: gcc.dg/simulate-thread/speculative-store-4.c -O2 -g thread simulation test
FAIL: gcc.dg/simulate-thread/speculative-store-4.c -O3 -g thread simulation test
FAIL: gcc.dg/simulate-thread/speculative-store.c -O0 -g thread simulation test
XPASS: gcc.dg/vect/bb-slp-div-1.c -flto -ffat-lto-objects scan-tree-dump slp2 "basic block vectorized"
XPASS: gcc.dg/vect/bb-slp-div-1.c scan-tree-dump slp2 "basic block vectorized"
=== gcc Summary for unix ===
# of expected passes 104789
# of unexpected failures 7
# of unexpected successes 2
# of expected failures 500
# of unsupported tests 2839
Running target unix/-m64
FAIL: c-c++-common/spec-barrier-1.c -Wc++-compat (test for excess errors)
XPASS: gcc.dg/vect/bb-slp-div-1.c -flto -ffat-lto-objects scan-tree-dump slp2 "basic block vectorized"
XPASS: gcc.dg/vect/bb-slp-div-1.c scan-tree-dump slp2 "basic block vectorized"
=== gcc Summary for unix/-m64 ===
# of expected passes 105910
# of unexpected failures 1
# of unexpected successes 2
# of expected failures 494
# of unsupported tests 2598
=== gcc Summary ===
# of expected passes 210699
# of unexpected failures 8
# of unexpected successes 4
# of expected failures 994
# of unsupported tests 5437
/var/gcc/regression/trunk/11-gcc-gas-gld/build/gcc/xgcc version 9.0.0 20180914 (experimental) [trunk revision 264304] (GCC)
=== gfortran tests ===
Running target unix
FAIL: gfortran.dg/elemental_subroutine_3.f90 -O1 (test for excess errors)
FAIL: gfortran.dg/elemental_subroutine_3.f90 -O2 (test for excess errors)
FAIL: gfortran.dg/elemental_subroutine_3.f90 -O3 -fomit-frame-pointer -funroll-loops -fpeel-loops -ftracer -finline-functions (test for excess errors)
FAIL: gfortran.dg/elemental_subroutine_3.f90 -O3 -g (test for excess errors)
FAIL: gfortran.dg/elemental_subroutine_3.f90 -Os (test for excess errors)
FAIL: gfortran.dg/unlimited_polymorphic_30.f03 -O0 execution test
=== gfortran Summary for unix ===
# of expected passes 47266
# of unexpected failures 6
# of expected failures 103
# of unsupported tests 263
Running target unix/-m64
FAIL: gfortran.dg/elemental_subroutine_3.f90 -O1 (test for excess errors)
FAIL: gfortran.dg/elemental_subroutine_3.f90 -O2 (test for excess errors)
FAIL: gfortran.dg/elemental_subroutine_3.f90 -O3 -fomit-frame-pointer -funroll-loops -fpeel-loops -ftracer -finline-functions (test for excess errors)
FAIL: gfortran.dg/elemental_subroutine_3.f90 -O3 -g (test for excess errors)
FAIL: gfortran.dg/elemental_subroutine_3.f90 -Os (test for excess errors)
FAIL: gfortran.dg/unlimited_polymorphic_30.f03 -O0 execution test
FAIL: gfortran.dg/unlimited_polymorphic_30.f03 -O1 execution test
FAIL: gfortran.dg/unlimited_polymorphic_30.f03 -O2 execution test
FAIL: gfortran.dg/unlimited_polymorphic_30.f03 -O3 -fomit-frame-pointer -funroll-loops -fpeel-loops -ftracer -finline-functions execution test
FAIL: gfortran.dg/unlimited_polymorphic_30.f03 -O3 -g execution test
FAIL: gfortran.dg/unlimited_polymorphic_30.f03 -Os execution test
=== gfortran Summary for unix/-m64 ===
# of expected passes 47508
# of unexpected failures 11
# of expected failures 103
# of unsupported tests 142
=== gfortran Summary ===
# of expected passes 94774
# of unexpected failures 17
# of expected failures 206
# of unsupported tests 405
/var/gcc/regression/trunk/11-gcc-gas-gld/build/gcc/gfortran version 9.0.0 20180914 (experimental) [trunk revision 264304] (GCC)
=== gnat tests ===
Running target unix
=== gnat Summary for unix ===
# of expected passes 2841
# of expected failures 24
# of unsupported tests 28
Running target unix/-m64
FAIL: gnat.dg/sso/q2.adb -O0 execution test
FAIL: gnat.dg/sso/q2.adb -O1 -fno-inline execution test
FAIL: gnat.dg/sso/q2.adb -O2 execution test
FAIL: gnat.dg/sso/q2.adb -O3 -finline-functions execution test
FAIL: gnat.dg/sso/q2.adb -Og -g execution test
FAIL: gnat.dg/sso/q2.adb -Os execution test
FAIL: gnat.dg/sso/q3.adb -O0 execution test
FAIL: gnat.dg/sso/q3.adb -O1 -fno-inline execution test
FAIL: gnat.dg/sso/q3.adb -O2 execution test
FAIL: gnat.dg/sso/q3.adb -O3 -finline-functions execution test
FAIL: gnat.dg/sso/q3.adb -Og -g execution test
FAIL: gnat.dg/sso/q3.adb -Os execution test
=== gnat Summary for unix/-m64 ===
# of expected passes 2817
# of unexpected failures 12
# of expected failures 24
# of unsupported tests 28
=== gnat Summary ===
# of expected passes 5658
# of unexpected failures 12
# of expected failures 48
# of unsupported tests 56
/var/gcc/regression/trunk/11-gcc-gas-gld/build/gcc/gnatmake version 9.0.0 20180914 (experimental) [trunk revision 264304]
=== go tests ===
Running target unix
FAIL: ./index0-out.go execution, -O0 -g -fno-var-tracking-assignments
FAIL: go.test/test/fixedbugs/issue4562.go execution, -O2 -g
FAIL: go.test/test/nil.go execution, -O2 -g
=== go Summary for unix ===
# of expected passes 7391
# of unexpected failures 3
# of expected failures 1
# of untested testcases 11
# of unsupported tests 3
Running target unix/-m64
FAIL: ./index0-out.go execution, -O0 -g -fno-var-tracking-assignments
=== go Summary for unix/-m64 ===
# of expected passes 7273
# of unexpected failures 1
# of expected failures 1
# of untested testcases 11
# of unsupported tests 3
=== go Summary ===
# of expected passes 14664
# of unexpected failures 4
# of expected failures 2
# of untested testcases 22
# of unsupported tests 6
/var/gcc/regression/trunk/11-gcc-gas-gld/build/gcc/gccgo version 9.0.0 20180914 (experimental) [trunk revision 264304] (GCC)
=== obj-c++ tests ===
Running target unix
=== obj-c++ Summary for unix ===
# of expected passes 1464
# of expected failures 2
# of unsupported tests 77
Running target unix/-m64
=== obj-c++ Summary for unix/-m64 ===
# of expected passes 1456
# of expected failures 10
# of unsupported tests 77
=== obj-c++ Summary ===
# of expected passes 2920
# of expected failures 12
# of unsupported tests 154
/var/gcc/regression/trunk/11-gcc-gas-gld/build/gcc/xg++ version 9.0.0 20180914 (experimental) [trunk revision 264304] (GCC)
=== objc tests ===
Running target unix
=== objc Summary for unix ===
# of expected passes 2803
# of unsupported tests 68
Running target unix/-m64
=== objc Summary for unix/-m64 ===
# of expected passes 2803
# of unsupported tests 68
=== objc Summary ===
# of expected passes 5606
# of unsupported tests 136
/var/gcc/regression/trunk/11-gcc-gas-gld/build/gcc/xgcc version 9.0.0 20180914 (experimental) [trunk revision 264304] (GCC)
=== gotools tests ===
FAIL: TestGoBuildGOPATHOrder
FAIL: go test cmd/go
FAIL: TestBreakpoint
FAIL: TestCatchPanic
FAIL: TestCgoCCodeSIGPROF
FAIL: TestCgoCallbackGC
FAIL: TestCgoCheckBytes
FAIL: TestCgoCrashHandler
FAIL: TestCgoExecSignalMask
FAIL: TestCgoExternalThreadPanic
FAIL: TestCgoExternalThreadSIGPROF
FAIL: TestCgoExternalThreadSignal
FAIL: TestCgoLockOSThreadExit
FAIL: TestCgoNumGoroutine
FAIL: TestCgoPanicDeadlock
FAIL: TestCgoSignalDeadlock
FAIL: TestCgoTraceback
FAIL: TestCgoTracebackSigpanic
FAIL: TestCrashDumpsAllThreads
FAIL: TestCrashHandler
FAIL: TestEnsureDropM
FAIL: TestGccgoCrashTraceback
FAIL: TestGccgoCrashTracebackNodebug
FAIL: TestPanicInlined
FAIL: TestSelectStackAdjust
FAIL: TestSigStackSwapping
FAIL: go test runtime
FAIL: go test misc/cgo/test
FAIL: TestCompileWithoutShared
FAIL: TestEarlySignalHandler
FAIL: TestInstall
FAIL: TestOsSignal
FAIL: TestPIE
FAIL: TestSIGPROF
FAIL: TestSigaltstack
FAIL: TestSignalForwarding
FAIL: TestSignalForwardingExternal
FAIL: go test misc/cgo/testcarchive
=== gotools Summary ===
# of expected passes 221
# of unexpected failures 38
# of untested testcases 139
/var/gcc/regression/trunk/11-gcc-gas-gld/build/./gcc/gccgo version 9.0.0 20180914 (experimental) [trunk revision 264304] (GCC)
=== libatomic tests ===
Running target unix
=== libatomic Summary for unix ===
# of expected passes 44
# of unsupported tests 5
Running target unix/-m64
=== libatomic Summary for unix/-m64 ===
# of expected passes 54
=== libatomic Summary ===
# of expected passes 98
# of unsupported tests 5
=== libffi tests ===
Running target unix
=== libffi Summary for unix ===
# of expected passes 2214
Running target unix/-m64
=== libffi Summary for unix/-m64 ===
# of expected passes 2214
=== libffi Summary ===
# of expected passes 4428
=== libgo tests ===
Running target unix
FAIL: go/build
FAIL: net/http
FAIL: os/signal
FAIL: runtime
FAIL: runtime/pprof
=== libgo Summary for unix ===
# of expected passes 159
# of unexpected failures 5
Running target unix/-m64
FAIL: go/build
=== libgo Summary for unix/-m64 ===
# of expected passes 163
# of unexpected failures 1
=== libgo Summary ===
# of expected passes 322
# of unexpected failures 6
/var/gcc/regression/trunk/11-gcc-gas-gld/build/./gcc/gccgo version 9.0.0 20180914 (experimental) [trunk revision 264304] (GCC)
=== libgomp tests ===
Running target unix
=== libgomp Summary for unix ===
# of expected passes 5984
# of expected failures 1
# of unsupported tests 397
Running target unix/-m64
=== libgomp Summary for unix/-m64 ===
# of expected passes 5984
# of expected failures 1
# of unsupported tests 397
=== libgomp Summary ===
# of expected passes 11968
# of expected failures 2
# of unsupported tests 794
=== libitm tests ===
Running target unix
=== libitm Summary for unix ===
# of expected passes 42
# of expected failures 3
# of unsupported tests 1
Running target unix/-m64
=== libitm Summary for unix/-m64 ===
# of expected passes 42
# of expected failures 3
# of unsupported tests 1
=== libitm Summary ===
# of expected passes 84
# of expected failures 6
# of unsupported tests 2
=== libstdc++ tests ===
Running target unix
FAIL: experimental/memory_resource/new_delete_resource.cc execution test
=== libstdc++ Summary for unix ===
# of expected passes 11645
# of unexpected failures 1
# of expected failures 77
# of unsupported tests 658
Running target unix/-m64
FAIL: experimental/memory_resource/new_delete_resource.cc execution test
=== libstdc++ Summary for unix/-m64 ===
# of expected passes 11645
# of unexpected failures 1
# of expected failures 77
# of unsupported tests 658
=== libstdc++ Summary ===
# of expected passes 23290
# of unexpected failures 2
# of expected failures 154
# of unsupported tests 1316
Compiler version: 9.0.0 20180914 (experimental) [trunk revision 264304] (GCC)
Platform: sparc-sun-solaris2.11
configure flags: --prefix=/vol/gcc --target=sparc-sun-solaris2.11 --enable-objc-gc --with-target-bdw-gc-include=/vol/gcc/include --with-target-bdw-gc-lib=/vol/gcc/lib,sparcv9=/vol/gcc/lib/sparcv9 --with-as=/vol/gcc/bin/gas-2.31 --with-gnu-as --with-ld=/vol/gcc/bin/gld-2.31 --with-gnu-ld --with-gmp-include=/vol/gcc/include --with-gmp-lib=/vol/gcc/lib --with-mpfr-include=/vol/gcc/include --with-mpfr-lib=/vol/gcc/lib --with-mpc-include=/vol/gcc/include --with-mpc-lib=/vol/gcc/lib --enable-languages=all,ada,obj-c++,go --with-isl-include=/vol/gcc/include --with-isl-lib=/vol/gcc/lib --build=sparc-sun-solaris2.11 --host=sparc-sun-solaris2.11
BOOT_CFLAGS=-g -O2