This is the mail archive of the gcc-testresults@gcc.gnu.org mailing list for the GCC project.


Index Nav: [Date Index] [Subject Index] [Author Index] [Thread Index]
Message Nav: [Date Prev] [Date Next] [Thread Prev] [Thread Next]
Other format: [Raw text]

Results for 9.0.0 20180914 (experimental) [trunk revision 264304] (GCC) testsuite on x86_64-pc-solaris2.11


LAST_UPDATED: Fri Sep 14 08:53:47 UTC 2018 (revision 264304)

Native configuration is x86_64-pc-solaris2.11

		=== libatomic tests ===


Running target unix/-m32

		=== libatomic Summary for unix/-m32 ===

# of expected passes		44
# of unsupported tests		5

Running target unix

		=== libatomic Summary for unix ===

# of expected passes		54

		=== libatomic Summary ===

# of expected passes		98
# of unsupported tests		5
		=== libffi tests ===


Running target unix/-m32

		=== libffi Summary for unix/-m32 ===

# of expected passes		2799

Running target unix

		=== libffi Summary for unix ===

# of expected passes		2214

		=== libffi Summary ===

# of expected passes		5013
		=== libgo tests ===


Running target unix
FAIL: go/build

		=== libgo Summary for unix ===

# of expected passes		163
# of unexpected failures	1

Running target unix/-m32
FAIL: go/build
FAIL: runtime

		=== libgo Summary for unix/-m32 ===

# of expected passes		162
# of unexpected failures	2

		=== libgo Summary ===

# of expected passes		325
# of unexpected failures	3
/var/gcc/regression/trunk/11-gcc-gas-64/build/./gcc/gccgo version 9.0.0 20180914 (experimental) [trunk revision 264304] (GCC)

		=== libgomp tests ===


Running target unix/-m32

		=== libgomp Summary for unix/-m32 ===

# of expected passes		6130
# of expected failures		1
# of unsupported tests		324

Running target unix

		=== libgomp Summary for unix ===

# of expected passes		6130
# of expected failures		1
# of unsupported tests		324

		=== libgomp Summary ===

# of expected passes		12260
# of expected failures		2
# of unsupported tests		648
		=== libitm tests ===


Running target unix/-m32

		=== libitm Summary for unix/-m32 ===

# of expected passes		42
# of expected failures		3
# of unsupported tests		1

Running target unix

		=== libitm Summary for unix ===

# of expected passes		42
# of expected failures		3
# of unsupported tests		1

		=== libitm Summary ===

# of expected passes		84
# of expected failures		6
# of unsupported tests		2
		=== libstdc++ tests ===


Running target unix
FAIL: experimental/memory_resource/new_delete_resource.cc execution test

		=== libstdc++ Summary for unix ===

# of expected passes		11668
# of unexpected failures	1
# of expected failures		77
# of unsupported tests		647

Running target unix/-m32

		=== libstdc++ Summary for unix/-m32 ===

# of expected passes		11675
# of expected failures		79
# of unsupported tests		643

		=== libstdc++ Summary ===

# of expected passes		23343
# of unexpected failures	1
# of expected failures		156
# of unsupported tests		1290
		=== acats tests ===

		=== acats Summary ===
# of expected passes		2320
# of unexpected failures	0

		=== g++ tests ===


Running target unix
FAIL: g++.dg/pr80481.C  -std=gnu++11  scan-assembler-not vmovaps
FAIL: g++.dg/pr80481.C  -std=gnu++14  scan-assembler-not vmovaps
FAIL: g++.dg/pr80481.C  -std=gnu++98  scan-assembler-not vmovaps
FAIL: g++.dg/pr83239.C  -std=gnu++98 (test for excess errors)

		=== g++ Summary for unix ===

# of expected passes		117878
# of unexpected failures	4
# of expected failures		534
# of unsupported tests		4966

Running target unix/-m32
FAIL: g++.dg/opt/pr59470.C  -std=gnu++11 (test for excess errors)
UNRESOLVED: g++.dg/opt/pr59470.C  -std=gnu++11 compilation failed to produce executable
FAIL: g++.dg/opt/pr59470.C  -std=gnu++14 (test for excess errors)
UNRESOLVED: g++.dg/opt/pr59470.C  -std=gnu++14 compilation failed to produce executable
FAIL: g++.dg/opt/pr59470.C  -std=gnu++98 (test for excess errors)
UNRESOLVED: g++.dg/opt/pr59470.C  -std=gnu++98 compilation failed to produce executable
FAIL: g++.dg/pr83239.C  -std=gnu++98 (test for excess errors)

		=== g++ Summary for unix/-m32 ===

# of expected passes		116377
# of unexpected failures	4
# of expected failures		531
# of unresolved testcases	3
# of unsupported tests		4774

		=== g++ Summary ===

# of expected passes		234255
# of unexpected failures	8
# of expected failures		1065
# of unresolved testcases	3
# of unsupported tests		9740
/var/gcc/regression/trunk/11-gcc-gas-64/build/gcc/xg++  version 9.0.0 20180914 (experimental) [trunk revision 264304] (GCC) 

		=== gcc tests ===


Running target unix
FAIL: gcc.dg/ipa/ipa-icf-38.c scan-ltrans-tree-dump-not optimized "Function bar"

		=== gcc Summary for unix ===

# of expected passes		126919
# of unexpected failures	1
# of expected failures		429
# of unsupported tests		2078

Running target unix/-m32
FAIL: gcc.dg/ipa/ipa-icf-38.c scan-ltrans-tree-dump-not optimized "Function bar"
XPASS: gcc.dg/vect/vect-24.c -flto -ffat-lto-objects  scan-tree-dump-times vect "vectorized 3 loops" 1
XPASS: gcc.dg/vect/vect-24.c scan-tree-dump-times vect "vectorized 3 loops" 1

		=== gcc Summary for unix/-m32 ===

# of expected passes		125119
# of unexpected failures	1
# of unexpected successes	2
# of expected failures		431
# of unsupported tests		2209

		=== gcc Summary ===

# of expected passes		252038
# of unexpected failures	2
# of unexpected successes	2
# of expected failures		860
# of unsupported tests		4287
/var/gcc/regression/trunk/11-gcc-gas-64/build/gcc/xgcc  version 9.0.0 20180914 (experimental) [trunk revision 264304] (GCC) 

		=== gfortran tests ===


Running target unix

		=== gfortran Summary for unix ===

# of expected passes		47632
# of expected failures		104
# of unsupported tests		91

Running target unix/-m32

		=== gfortran Summary for unix/-m32 ===

# of expected passes		47415
# of expected failures		104
# of unsupported tests		194

		=== gfortran Summary ===

# of expected passes		95047
# of expected failures		208
# of unsupported tests		285
/var/gcc/regression/trunk/11-gcc-gas-64/build/gcc/gfortran  version 9.0.0 20180914 (experimental) [trunk revision 264304] (GCC) 

		=== gnat tests ===


Running target unix

		=== gnat Summary for unix ===

# of expected passes		2880
# of expected failures		24
# of unsupported tests		8

Running target unix/-m32

		=== gnat Summary for unix/-m32 ===

# of expected passes		2880
# of expected failures		24
# of unsupported tests		8

		=== gnat Summary ===

# of expected passes		5760
# of expected failures		48
# of unsupported tests		16
/var/gcc/regression/trunk/11-gcc-gas-64/build/gcc/gnatmake version 9.0.0 20180914 (experimental) [trunk revision 264304]

		=== go tests ===


Running target unix
FAIL: ./index0-out.go execution,  -O0 -g -fno-var-tracking-assignments 

		=== go Summary for unix ===

# of expected passes		7277
# of unexpected failures	1
# of expected failures		1
# of untested testcases		10
# of unsupported tests		1

Running target unix/-m32
FAIL: ./index0-out.go execution,  -O0 -g -fno-var-tracking-assignments 

		=== go Summary for unix/-m32 ===

# of expected passes		7396
# of unexpected failures	1
# of expected failures		1
# of untested testcases		10
# of unsupported tests		2

		=== go Summary ===

# of expected passes		14673
# of unexpected failures	2
# of expected failures		2
# of untested testcases		20
# of unsupported tests		3
		=== obj-c++ tests ===


Running target unix/-m32

		=== obj-c++ Summary for unix/-m32 ===

# of expected passes		1464
# of expected failures		2
# of unsupported tests		77

Running target unix

		=== obj-c++ Summary for unix ===

# of expected passes		1456
# of expected failures		10
# of unsupported tests		77

		=== obj-c++ Summary ===

# of expected passes		2920
# of expected failures		12
# of unsupported tests		154
/var/gcc/regression/trunk/11-gcc-gas-64/build/gcc/xg++  version 9.0.0 20180914 (experimental) [trunk revision 264304] (GCC) 

		=== objc tests ===


Running target unix

		=== objc Summary for unix ===

# of expected passes		2797
# of expected failures		6
# of unsupported tests		68

Running target unix/-m32

		=== objc Summary for unix/-m32 ===

# of expected passes		2797
# of expected failures		6
# of unsupported tests		68

		=== objc Summary ===

# of expected passes		5594
# of expected failures		12
# of unsupported tests		136
/var/gcc/regression/trunk/11-gcc-gas-64/build/gcc/xgcc  version 9.0.0 20180914 (experimental) [trunk revision 264304] (GCC) 

		=== gotools tests ===

FAIL: TestNoCache
FAIL: go test cmd/go
FAIL: TestCompileWithoutShared
FAIL: TestEarlySignalHandler
FAIL: TestInstall
FAIL: TestOsSignal
FAIL: TestPIE
FAIL: TestSIGPROF
FAIL: TestSigaltstack
FAIL: TestSignalForwarding
FAIL: TestSignalForwardingExternal
FAIL: go test misc/cgo/testcarchive

		=== gotools Summary ===
# of expected passes		371
# of unexpected failures	12
# of untested testcases		192
/var/gcc/regression/trunk/11-gcc-gas-64/build/./gcc/gccgo version 9.0.0 20180914 (experimental) [trunk revision 264304] (GCC)

Compiler version: 9.0.0 20180914 (experimental) [trunk revision 264304] (GCC) 
Platform: x86_64-pc-solaris2.11
configure flags: --prefix=/vol/gcc --target=amd64-pc-solaris2.11 --enable-objc-gc --with-target-bdw-gc-include=/vol/gcc/include --with-target-bdw-gc-lib=/vol/gcc/lib/amd64,32=/vol/gcc/lib --with-as=/vol/gcc/bin/amd64/gas-2.31 --with-gnu-as --with-gmp-include=/vol/gcc/include --with-gmp-lib=/vol/gcc/lib/amd64 --with-mpfr-include=/vol/gcc/include --with-mpfr-lib=/vol/gcc/lib/amd64 --with-mpc-include=/vol/gcc/include --with-mpc-lib=/vol/gcc/lib/amd64 --enable-languages=all,ada,obj-c++,go --with-isl-include=/vol/gcc/include --with-isl-lib=/vol/gcc/lib/amd64 --build=amd64-pc-solaris2.11 --host=amd64-pc-solaris2.11
BOOT_CFLAGS=-g -O2


Index Nav: [Date Index] [Subject Index] [Author Index] [Thread Index]
Message Nav: [Date Prev] [Date Next] [Thread Prev] [Thread Next]