This is the mail archive of the gcc-testresults@gcc.gnu.org mailing list for the GCC project.


Index Nav: [Date Index] [Subject Index] [Author Index] [Thread Index]
Message Nav: [Date Prev] [Date Next] [Thread Prev] [Thread Next]
Other format: [Raw text]

Results for 9.0.0 20180912 (experimental) [trunk revision 264226] (GCC) testsuite on hppa-unknown-linux-gnu


LAST_UPDATED: Wed Sep 12 02:15:05 UTC 2018 (revision 264226)

		=== acats tests ===
FAIL:	a99006a

		=== acats Summary ===
# of expected passes		2319
# of unexpected failures	1
Native configuration is hppa-unknown-linux-gnu

		=== g++ tests ===


Running target unix
FAIL: g++.dg/pr83239.C  -std=gnu++98 (test for excess errors)
FAIL: g++.dg/guality/pr55665.C   -O2  line 23 p == 40
FAIL: g++.dg/guality/pr55665.C   -O3 -g  line 23 p == 40
FAIL: g++.dg/simulate-thread/atomics-2.C   -O0 -g  thread simulation test
FAIL: g++.dg/simulate-thread/atomics-2.C   -O1 -g  thread simulation test
FAIL: g++.dg/simulate-thread/atomics-2.C   -O3 -g -std=c++11  thread simulation test
FAIL: g++.dg/simulate-thread/atomics-2.C   -Os -g  thread simulation test
FAIL: g++.dg/torture/pr81812.C   -O0  (test for excess errors)
FAIL: g++.dg/torture/pr81812.C   -O1  (test for excess errors)
FAIL: g++.dg/torture/pr81812.C   -O2  (test for excess errors)
FAIL: g++.dg/torture/pr81812.C   -O2 -flto -fno-use-linker-plugin -flto-partition=none  (test for excess errors)
FAIL: g++.dg/torture/pr81812.C   -O2 -flto -fuse-linker-plugin -fno-fat-lto-objects  (test for excess errors)
FAIL: g++.dg/torture/pr81812.C   -O3 -g  (test for excess errors)
FAIL: g++.dg/torture/pr81812.C   -Os  (test for excess errors)

		=== g++ Summary ===

# of expected passes		115066
# of unexpected failures	14
# of expected failures		526
# of unsupported tests		5305
/home/dave/gnu/gcc/objdir/gcc/xg++  version 9.0.0 20180912 (experimental) [trunk revision 264226] (GCC) 

		=== gcc tests ===


Running target unix
FAIL: gcc.c-torture/execute/931102-1.c   -O2 -flto -fno-use-linker-plugin -flto-partition=none  (test for excess errors)
FAIL: gcc.c-torture/execute/931102-1.c   -O2 -flto -fno-use-linker-plugin -flto-partition=none  execution test
FAIL: gcc.c-torture/execute/pr58365.c   -O2 -flto -fuse-linker-plugin -fno-fat-lto-objects  (test for excess errors)
FAIL: gcc.c-torture/execute/pr58365.c   -O2 -flto -fuse-linker-plugin -fno-fat-lto-objects  execution test
FAIL: gcc.dg/atomic/c11-atomic-exec-5.c   -O0  execution test
FAIL: gcc.dg/atomic/c11-atomic-exec-5.c   -O1  execution test
FAIL: gcc.dg/atomic/c11-atomic-exec-5.c   -O2  execution test
FAIL: gcc.dg/atomic/c11-atomic-exec-5.c   -O2 -flto -fno-use-linker-plugin -flto-partition=none  execution test
FAIL: gcc.dg/atomic/c11-atomic-exec-5.c   -O2 -flto -fuse-linker-plugin -fno-fat-lto-objects  execution test
FAIL: gcc.dg/atomic/c11-atomic-exec-5.c   -O3 -fomit-frame-pointer -funroll-loops -fpeel-loops -ftracer -finline-functions  execution test
FAIL: gcc.dg/atomic/c11-atomic-exec-5.c   -O3 -g  execution test
FAIL: gcc.dg/atomic/c11-atomic-exec-5.c   -Os  execution test
FAIL: gcc.dg/builtin-arith-overflow-1.c (test for excess errors)
FAIL: gcc.dg/builtin-arith-overflow-1.c execution test
FAIL: gcc.dg/pr84941.c (test for excess errors)
XPASS: gcc.dg/guality/example.c   -O0  execution test
XPASS: gcc.dg/guality/guality.c   -O0  execution test
XPASS: gcc.dg/guality/inline-params.c   -O2  -DPREVENT_OPTIMIZATION  execution test
XPASS: gcc.dg/guality/inline-params.c   -O2 -flto -fno-use-linker-plugin -flto-partition=none  -DPREVENT_OPTIMIZATION execution test
XPASS: gcc.dg/guality/inline-params.c   -O2 -flto -fuse-linker-plugin -fno-fat-lto-objects  -DPREVENT_OPTIMIZATION execution test
XPASS: gcc.dg/guality/inline-params.c   -O3 -g  -DPREVENT_OPTIMIZATION  execution test
XPASS: gcc.dg/guality/inline-params.c   -Os  -DPREVENT_OPTIMIZATION  execution test
FAIL: gcc.dg/guality/nrv-1.c   -O2  -DPREVENT_OPTIMIZATION  line 20 a2.i[0] == 42
FAIL: gcc.dg/guality/nrv-1.c   -O2 -flto -fno-use-linker-plugin -flto-partition=none  -DPREVENT_OPTIMIZATION line 20 a2.i[0] == 42
FAIL: gcc.dg/guality/nrv-1.c   -O2 -flto -fuse-linker-plugin -fno-fat-lto-objects  -DPREVENT_OPTIMIZATION line 20 a2.i[0] == 42
FAIL: gcc.dg/guality/nrv-1.c   -O3 -g  -DPREVENT_OPTIMIZATION  line 20 a2.i[0] == 42
FAIL: gcc.dg/guality/nrv-1.c   -Os  -DPREVENT_OPTIMIZATION  line 20 a2.i[0] == 42
FAIL: gcc.dg/guality/pr36728-1.c   -O1  -DPREVENT_OPTIMIZATION  line 16 arg5 == 5
FAIL: gcc.dg/guality/pr36728-1.c   -O1  -DPREVENT_OPTIMIZATION  line 16 arg6 == 6
FAIL: gcc.dg/guality/pr36728-1.c   -O1  -DPREVENT_OPTIMIZATION  line 16 arg7 == 30
FAIL: gcc.dg/guality/pr36728-1.c   -O1  -DPREVENT_OPTIMIZATION  line 18 arg5 == 5
FAIL: gcc.dg/guality/pr36728-1.c   -O1  -DPREVENT_OPTIMIZATION  line 18 arg6 == 6
FAIL: gcc.dg/guality/pr36728-1.c   -O1  -DPREVENT_OPTIMIZATION  line 18 arg7 == 30
FAIL: gcc.dg/guality/pr36728-1.c   -O2  -DPREVENT_OPTIMIZATION  line 16 arg5 == 5
FAIL: gcc.dg/guality/pr36728-1.c   -O2  -DPREVENT_OPTIMIZATION  line 16 arg6 == 6
FAIL: gcc.dg/guality/pr36728-1.c   -O2  -DPREVENT_OPTIMIZATION  line 16 arg7 == 30
FAIL: gcc.dg/guality/pr36728-1.c   -O2  -DPREVENT_OPTIMIZATION  line 18 arg5 == 5
FAIL: gcc.dg/guality/pr36728-1.c   -O2  -DPREVENT_OPTIMIZATION  line 18 arg6 == 6
FAIL: gcc.dg/guality/pr36728-1.c   -O2  -DPREVENT_OPTIMIZATION  line 18 arg7 == 30
FAIL: gcc.dg/guality/pr36728-1.c   -O2 -flto -fno-use-linker-plugin -flto-partition=none  -DPREVENT_OPTIMIZATION line 16 arg5 == 5
FAIL: gcc.dg/guality/pr36728-1.c   -O2 -flto -fno-use-linker-plugin -flto-partition=none  -DPREVENT_OPTIMIZATION line 16 arg6 == 6
FAIL: gcc.dg/guality/pr36728-1.c   -O2 -flto -fno-use-linker-plugin -flto-partition=none  -DPREVENT_OPTIMIZATION line 16 arg7 == 30
FAIL: gcc.dg/guality/pr36728-1.c   -O2 -flto -fno-use-linker-plugin -flto-partition=none  -DPREVENT_OPTIMIZATION line 18 arg5 == 5
FAIL: gcc.dg/guality/pr36728-1.c   -O2 -flto -fno-use-linker-plugin -flto-partition=none  -DPREVENT_OPTIMIZATION line 18 arg6 == 6
FAIL: gcc.dg/guality/pr36728-1.c   -O2 -flto -fno-use-linker-plugin -flto-partition=none  -DPREVENT_OPTIMIZATION line 18 arg7 == 30
FAIL: gcc.dg/guality/pr36728-1.c   -O2 -flto -fuse-linker-plugin -fno-fat-lto-objects  -DPREVENT_OPTIMIZATION line 16 arg1 == 1
FAIL: gcc.dg/guality/pr36728-1.c   -O2 -flto -fuse-linker-plugin -fno-fat-lto-objects  -DPREVENT_OPTIMIZATION line 16 arg2 == 2
FAIL: gcc.dg/guality/pr36728-1.c   -O2 -flto -fuse-linker-plugin -fno-fat-lto-objects  -DPREVENT_OPTIMIZATION line 16 arg3 == 3
FAIL: gcc.dg/guality/pr36728-1.c   -O2 -flto -fuse-linker-plugin -fno-fat-lto-objects  -DPREVENT_OPTIMIZATION line 16 arg4 == 4
FAIL: gcc.dg/guality/pr36728-1.c   -O2 -flto -fuse-linker-plugin -fno-fat-lto-objects  -DPREVENT_OPTIMIZATION line 16 arg5 == 5
FAIL: gcc.dg/guality/pr36728-1.c   -O2 -flto -fuse-linker-plugin -fno-fat-lto-objects  -DPREVENT_OPTIMIZATION line 16 arg6 == 6
FAIL: gcc.dg/guality/pr36728-1.c   -O2 -flto -fuse-linker-plugin -fno-fat-lto-objects  -DPREVENT_OPTIMIZATION line 16 y == 2
FAIL: gcc.dg/guality/pr36728-1.c   -O2 -flto -fuse-linker-plugin -fno-fat-lto-objects  -DPREVENT_OPTIMIZATION line 18 arg1 == 1
FAIL: gcc.dg/guality/pr36728-1.c   -O2 -flto -fuse-linker-plugin -fno-fat-lto-objects  -DPREVENT_OPTIMIZATION line 18 arg2 == 2
FAIL: gcc.dg/guality/pr36728-1.c   -O2 -flto -fuse-linker-plugin -fno-fat-lto-objects  -DPREVENT_OPTIMIZATION line 18 arg3 == 3
FAIL: gcc.dg/guality/pr36728-1.c   -O2 -flto -fuse-linker-plugin -fno-fat-lto-objects  -DPREVENT_OPTIMIZATION line 18 arg4 == 4
FAIL: gcc.dg/guality/pr36728-1.c   -O2 -flto -fuse-linker-plugin -fno-fat-lto-objects  -DPREVENT_OPTIMIZATION line 18 arg5 == 5
FAIL: gcc.dg/guality/pr36728-1.c   -O2 -flto -fuse-linker-plugin -fno-fat-lto-objects  -DPREVENT_OPTIMIZATION line 18 arg6 == 6
FAIL: gcc.dg/guality/pr36728-1.c   -O2 -flto -fuse-linker-plugin -fno-fat-lto-objects  -DPREVENT_OPTIMIZATION line 18 arg7 == 30
FAIL: gcc.dg/guality/pr36728-1.c   -O3 -g  -DPREVENT_OPTIMIZATION  line 16 arg1 == 1
FAIL: gcc.dg/guality/pr36728-1.c   -O3 -g  -DPREVENT_OPTIMIZATION  line 16 arg2 == 2
FAIL: gcc.dg/guality/pr36728-1.c   -O3 -g  -DPREVENT_OPTIMIZATION  line 16 arg3 == 3
FAIL: gcc.dg/guality/pr36728-1.c   -O3 -g  -DPREVENT_OPTIMIZATION  line 16 arg4 == 4
FAIL: gcc.dg/guality/pr36728-1.c   -O3 -g  -DPREVENT_OPTIMIZATION  line 16 arg5 == 5
FAIL: gcc.dg/guality/pr36728-1.c   -O3 -g  -DPREVENT_OPTIMIZATION  line 16 arg6 == 6
FAIL: gcc.dg/guality/pr36728-1.c   -O3 -g  -DPREVENT_OPTIMIZATION  line 18 arg1 == 1
FAIL: gcc.dg/guality/pr36728-1.c   -O3 -g  -DPREVENT_OPTIMIZATION  line 18 arg2 == 2
FAIL: gcc.dg/guality/pr36728-1.c   -O3 -g  -DPREVENT_OPTIMIZATION  line 18 arg3 == 3
FAIL: gcc.dg/guality/pr36728-1.c   -O3 -g  -DPREVENT_OPTIMIZATION  line 18 arg4 == 4
FAIL: gcc.dg/guality/pr36728-1.c   -O3 -g  -DPREVENT_OPTIMIZATION  line 18 arg5 == 5
FAIL: gcc.dg/guality/pr36728-1.c   -O3 -g  -DPREVENT_OPTIMIZATION  line 18 arg6 == 6
FAIL: gcc.dg/guality/pr36728-1.c   -O3 -g  -DPREVENT_OPTIMIZATION  line 18 arg7 == 30
FAIL: gcc.dg/guality/pr36728-1.c   -Os  -DPREVENT_OPTIMIZATION  line 16 arg5 == 5
FAIL: gcc.dg/guality/pr36728-1.c   -Os  -DPREVENT_OPTIMIZATION  line 16 arg6 == 6
FAIL: gcc.dg/guality/pr36728-1.c   -Os  -DPREVENT_OPTIMIZATION  line 16 arg7 == 30
FAIL: gcc.dg/guality/pr36728-1.c   -Os  -DPREVENT_OPTIMIZATION  line 18 arg5 == 5
FAIL: gcc.dg/guality/pr36728-1.c   -Os  -DPREVENT_OPTIMIZATION  line 18 arg6 == 6
FAIL: gcc.dg/guality/pr36728-1.c   -Os  -DPREVENT_OPTIMIZATION  line 18 arg7 == 30
FAIL: gcc.dg/guality/pr36728-1.c  -Og -DPREVENT_OPTIMIZATION  line 16 arg5 == 5
FAIL: gcc.dg/guality/pr36728-1.c  -Og -DPREVENT_OPTIMIZATION  line 16 arg6 == 6
FAIL: gcc.dg/guality/pr36728-1.c  -Og -DPREVENT_OPTIMIZATION  line 16 arg7 == 30
FAIL: gcc.dg/guality/pr36728-1.c  -Og -DPREVENT_OPTIMIZATION  line 18 arg5 == 5
FAIL: gcc.dg/guality/pr36728-1.c  -Og -DPREVENT_OPTIMIZATION  line 18 arg6 == 6
FAIL: gcc.dg/guality/pr36728-1.c  -Og -DPREVENT_OPTIMIZATION  line 18 arg7 == 30
FAIL: gcc.dg/guality/pr36728-2.c   -O1  -DPREVENT_OPTIMIZATION  line 16 arg5 == 5
FAIL: gcc.dg/guality/pr36728-2.c   -O1  -DPREVENT_OPTIMIZATION  line 16 arg6 == 6
FAIL: gcc.dg/guality/pr36728-2.c   -O1  -DPREVENT_OPTIMIZATION  line 16 arg7 == 30
FAIL: gcc.dg/guality/pr36728-2.c   -O1  -DPREVENT_OPTIMIZATION  line 18 arg5 == 5
FAIL: gcc.dg/guality/pr36728-2.c   -O1  -DPREVENT_OPTIMIZATION  line 18 arg6 == 6
FAIL: gcc.dg/guality/pr36728-2.c   -O1  -DPREVENT_OPTIMIZATION  line 18 arg7 == 30
FAIL: gcc.dg/guality/pr36728-2.c   -O2  -DPREVENT_OPTIMIZATION  line 16 arg5 == 5
FAIL: gcc.dg/guality/pr36728-2.c   -O2  -DPREVENT_OPTIMIZATION  line 16 arg6 == 6
FAIL: gcc.dg/guality/pr36728-2.c   -O2  -DPREVENT_OPTIMIZATION  line 16 arg7 == 30
FAIL: gcc.dg/guality/pr36728-2.c   -O2  -DPREVENT_OPTIMIZATION  line 18 arg5 == 5
FAIL: gcc.dg/guality/pr36728-2.c   -O2  -DPREVENT_OPTIMIZATION  line 18 arg6 == 6
FAIL: gcc.dg/guality/pr36728-2.c   -O2  -DPREVENT_OPTIMIZATION  line 18 arg7 == 30
FAIL: gcc.dg/guality/pr36728-2.c   -O2 -flto -fno-use-linker-plugin -flto-partition=none  -DPREVENT_OPTIMIZATION line 16 arg5 == 5
FAIL: gcc.dg/guality/pr36728-2.c   -O2 -flto -fno-use-linker-plugin -flto-partition=none  -DPREVENT_OPTIMIZATION line 16 arg6 == 6
FAIL: gcc.dg/guality/pr36728-2.c   -O2 -flto -fno-use-linker-plugin -flto-partition=none  -DPREVENT_OPTIMIZATION line 16 arg7 == 30
FAIL: gcc.dg/guality/pr36728-2.c   -O2 -flto -fno-use-linker-plugin -flto-partition=none  -DPREVENT_OPTIMIZATION line 18 arg5 == 5
FAIL: gcc.dg/guality/pr36728-2.c   -O2 -flto -fno-use-linker-plugin -flto-partition=none  -DPREVENT_OPTIMIZATION line 18 arg6 == 6
FAIL: gcc.dg/guality/pr36728-2.c   -O2 -flto -fno-use-linker-plugin -flto-partition=none  -DPREVENT_OPTIMIZATION line 18 arg7 == 30
FAIL: gcc.dg/guality/pr36728-2.c   -O2 -flto -fuse-linker-plugin -fno-fat-lto-objects  -DPREVENT_OPTIMIZATION line 16 arg1 == 1
FAIL: gcc.dg/guality/pr36728-2.c   -O2 -flto -fuse-linker-plugin -fno-fat-lto-objects  -DPREVENT_OPTIMIZATION line 16 arg2 == 2
FAIL: gcc.dg/guality/pr36728-2.c   -O2 -flto -fuse-linker-plugin -fno-fat-lto-objects  -DPREVENT_OPTIMIZATION line 16 arg3 == 3
FAIL: gcc.dg/guality/pr36728-2.c   -O2 -flto -fuse-linker-plugin -fno-fat-lto-objects  -DPREVENT_OPTIMIZATION line 16 arg4 == 4
FAIL: gcc.dg/guality/pr36728-2.c   -O2 -flto -fuse-linker-plugin -fno-fat-lto-objects  -DPREVENT_OPTIMIZATION line 16 arg5 == 5
FAIL: gcc.dg/guality/pr36728-2.c   -O2 -flto -fuse-linker-plugin -fno-fat-lto-objects  -DPREVENT_OPTIMIZATION line 16 arg6 == 6
FAIL: gcc.dg/guality/pr36728-2.c   -O2 -flto -fuse-linker-plugin -fno-fat-lto-objects  -DPREVENT_OPTIMIZATION line 16 arg7 == 30
FAIL: gcc.dg/guality/pr36728-2.c   -O2 -flto -fuse-linker-plugin -fno-fat-lto-objects  -DPREVENT_OPTIMIZATION line 18 arg1 == 1
FAIL: gcc.dg/guality/pr36728-2.c   -O2 -flto -fuse-linker-plugin -fno-fat-lto-objects  -DPREVENT_OPTIMIZATION line 18 arg2 == 2
FAIL: gcc.dg/guality/pr36728-2.c   -O2 -flto -fuse-linker-plugin -fno-fat-lto-objects  -DPREVENT_OPTIMIZATION line 18 arg3 == 3
FAIL: gcc.dg/guality/pr36728-2.c   -O2 -flto -fuse-linker-plugin -fno-fat-lto-objects  -DPREVENT_OPTIMIZATION line 18 arg4 == 4
FAIL: gcc.dg/guality/pr36728-2.c   -O2 -flto -fuse-linker-plugin -fno-fat-lto-objects  -DPREVENT_OPTIMIZATION line 18 arg5 == 5
FAIL: gcc.dg/guality/pr36728-2.c   -O2 -flto -fuse-linker-plugin -fno-fat-lto-objects  -DPREVENT_OPTIMIZATION line 18 arg6 == 6
FAIL: gcc.dg/guality/pr36728-2.c   -O2 -flto -fuse-linker-plugin -fno-fat-lto-objects  -DPREVENT_OPTIMIZATION line 18 arg7 == 30
FAIL: gcc.dg/guality/pr36728-2.c   -O3 -g  -DPREVENT_OPTIMIZATION  line 16 arg1 == 1
FAIL: gcc.dg/guality/pr36728-2.c   -O3 -g  -DPREVENT_OPTIMIZATION  line 16 arg2 == 2
FAIL: gcc.dg/guality/pr36728-2.c   -O3 -g  -DPREVENT_OPTIMIZATION  line 16 arg3 == 3
FAIL: gcc.dg/guality/pr36728-2.c   -O3 -g  -DPREVENT_OPTIMIZATION  line 16 arg4 == 4
FAIL: gcc.dg/guality/pr36728-2.c   -O3 -g  -DPREVENT_OPTIMIZATION  line 16 arg5 == 5
FAIL: gcc.dg/guality/pr36728-2.c   -O3 -g  -DPREVENT_OPTIMIZATION  line 16 arg6 == 6
FAIL: gcc.dg/guality/pr36728-2.c   -O3 -g  -DPREVENT_OPTIMIZATION  line 16 arg7 == 30
FAIL: gcc.dg/guality/pr36728-2.c   -O3 -g  -DPREVENT_OPTIMIZATION  line 18 arg1 == 1
FAIL: gcc.dg/guality/pr36728-2.c   -O3 -g  -DPREVENT_OPTIMIZATION  line 18 arg2 == 2
FAIL: gcc.dg/guality/pr36728-2.c   -O3 -g  -DPREVENT_OPTIMIZATION  line 18 arg3 == 3
FAIL: gcc.dg/guality/pr36728-2.c   -O3 -g  -DPREVENT_OPTIMIZATION  line 18 arg4 == 4
FAIL: gcc.dg/guality/pr36728-2.c   -O3 -g  -DPREVENT_OPTIMIZATION  line 18 arg5 == 5
FAIL: gcc.dg/guality/pr36728-2.c   -O3 -g  -DPREVENT_OPTIMIZATION  line 18 arg6 == 6
FAIL: gcc.dg/guality/pr36728-2.c   -O3 -g  -DPREVENT_OPTIMIZATION  line 18 arg7 == 30
FAIL: gcc.dg/guality/pr36728-2.c   -Os  -DPREVENT_OPTIMIZATION  line 16 arg5 == 5
FAIL: gcc.dg/guality/pr36728-2.c   -Os  -DPREVENT_OPTIMIZATION  line 16 arg6 == 6
FAIL: gcc.dg/guality/pr36728-2.c   -Os  -DPREVENT_OPTIMIZATION  line 16 arg7 == 30
FAIL: gcc.dg/guality/pr36728-2.c   -Os  -DPREVENT_OPTIMIZATION  line 18 arg5 == 5
FAIL: gcc.dg/guality/pr36728-2.c   -Os  -DPREVENT_OPTIMIZATION  line 18 arg6 == 6
FAIL: gcc.dg/guality/pr36728-2.c   -Os  -DPREVENT_OPTIMIZATION  line 18 arg7 == 30
FAIL: gcc.dg/guality/pr36728-2.c  -Og -DPREVENT_OPTIMIZATION  line 16 arg5 == 5
FAIL: gcc.dg/guality/pr36728-2.c  -Og -DPREVENT_OPTIMIZATION  line 16 arg6 == 6
FAIL: gcc.dg/guality/pr36728-2.c  -Og -DPREVENT_OPTIMIZATION  line 16 arg7 == 30
FAIL: gcc.dg/guality/pr36728-2.c  -Og -DPREVENT_OPTIMIZATION  line 18 arg5 == 5
FAIL: gcc.dg/guality/pr36728-2.c  -Og -DPREVENT_OPTIMIZATION  line 18 arg6 == 6
FAIL: gcc.dg/guality/pr36728-2.c  -Og -DPREVENT_OPTIMIZATION  line 18 arg7 == 30
FAIL: gcc.dg/guality/pr36728-3.c   -O1  -DPREVENT_OPTIMIZATION  line 14 arg5 == 5
FAIL: gcc.dg/guality/pr36728-3.c   -O1  -DPREVENT_OPTIMIZATION  line 14 arg6 == 6
FAIL: gcc.dg/guality/pr36728-3.c   -O1  -DPREVENT_OPTIMIZATION  line 14 arg7 == 30
FAIL: gcc.dg/guality/pr36728-3.c   -O1  -DPREVENT_OPTIMIZATION  line 16 arg5 == 5
FAIL: gcc.dg/guality/pr36728-3.c   -O1  -DPREVENT_OPTIMIZATION  line 16 arg6 == 6
FAIL: gcc.dg/guality/pr36728-3.c   -O1  -DPREVENT_OPTIMIZATION  line 16 arg7 == 30
FAIL: gcc.dg/guality/pr36728-3.c   -O2  -DPREVENT_OPTIMIZATION  line 14 arg5 == 5
FAIL: gcc.dg/guality/pr36728-3.c   -O2  -DPREVENT_OPTIMIZATION  line 14 arg6 == 6
FAIL: gcc.dg/guality/pr36728-3.c   -O2  -DPREVENT_OPTIMIZATION  line 14 arg7 == 30
FAIL: gcc.dg/guality/pr36728-3.c   -O2  -DPREVENT_OPTIMIZATION  line 16 arg5 == 5
FAIL: gcc.dg/guality/pr36728-3.c   -O2  -DPREVENT_OPTIMIZATION  line 16 arg6 == 6
FAIL: gcc.dg/guality/pr36728-3.c   -O2  -DPREVENT_OPTIMIZATION  line 16 arg7 == 30
FAIL: gcc.dg/guality/pr36728-3.c   -O2 -flto -fno-use-linker-plugin -flto-partition=none  -DPREVENT_OPTIMIZATION line 14 arg5 == 5
FAIL: gcc.dg/guality/pr36728-3.c   -O2 -flto -fno-use-linker-plugin -flto-partition=none  -DPREVENT_OPTIMIZATION line 14 arg6 == 6
FAIL: gcc.dg/guality/pr36728-3.c   -O2 -flto -fno-use-linker-plugin -flto-partition=none  -DPREVENT_OPTIMIZATION line 14 arg7 == 30
FAIL: gcc.dg/guality/pr36728-3.c   -O2 -flto -fno-use-linker-plugin -flto-partition=none  -DPREVENT_OPTIMIZATION line 16 arg5 == 5
FAIL: gcc.dg/guality/pr36728-3.c   -O2 -flto -fno-use-linker-plugin -flto-partition=none  -DPREVENT_OPTIMIZATION line 16 arg6 == 6
FAIL: gcc.dg/guality/pr36728-3.c   -O2 -flto -fno-use-linker-plugin -flto-partition=none  -DPREVENT_OPTIMIZATION line 16 arg7 == 30
FAIL: gcc.dg/guality/pr36728-3.c   -O2 -flto -fuse-linker-plugin -fno-fat-lto-objects  -DPREVENT_OPTIMIZATION line 14 arg1 == 1
FAIL: gcc.dg/guality/pr36728-3.c   -O2 -flto -fuse-linker-plugin -fno-fat-lto-objects  -DPREVENT_OPTIMIZATION line 14 arg2 == 2
FAIL: gcc.dg/guality/pr36728-3.c   -O2 -flto -fuse-linker-plugin -fno-fat-lto-objects  -DPREVENT_OPTIMIZATION line 14 arg3 == 3
FAIL: gcc.dg/guality/pr36728-3.c   -O2 -flto -fuse-linker-plugin -fno-fat-lto-objects  -DPREVENT_OPTIMIZATION line 14 arg4 == 4
FAIL: gcc.dg/guality/pr36728-3.c   -O2 -flto -fuse-linker-plugin -fno-fat-lto-objects  -DPREVENT_OPTIMIZATION line 14 arg5 == 5
FAIL: gcc.dg/guality/pr36728-3.c   -O2 -flto -fuse-linker-plugin -fno-fat-lto-objects  -DPREVENT_OPTIMIZATION line 14 arg6 == 6
FAIL: gcc.dg/guality/pr36728-3.c   -O2 -flto -fuse-linker-plugin -fno-fat-lto-objects  -DPREVENT_OPTIMIZATION line 14 arg7 == 30
FAIL: gcc.dg/guality/pr36728-3.c   -O2 -flto -fuse-linker-plugin -fno-fat-lto-objects  -DPREVENT_OPTIMIZATION line 16 arg1 == 1
FAIL: gcc.dg/guality/pr36728-3.c   -O2 -flto -fuse-linker-plugin -fno-fat-lto-objects  -DPREVENT_OPTIMIZATION line 16 arg2 == 2
FAIL: gcc.dg/guality/pr36728-3.c   -O2 -flto -fuse-linker-plugin -fno-fat-lto-objects  -DPREVENT_OPTIMIZATION line 16 arg3 == 3
FAIL: gcc.dg/guality/pr36728-3.c   -O2 -flto -fuse-linker-plugin -fno-fat-lto-objects  -DPREVENT_OPTIMIZATION line 16 arg4 == 4
FAIL: gcc.dg/guality/pr36728-3.c   -O2 -flto -fuse-linker-plugin -fno-fat-lto-objects  -DPREVENT_OPTIMIZATION line 16 arg5 == 5
FAIL: gcc.dg/guality/pr36728-3.c   -O2 -flto -fuse-linker-plugin -fno-fat-lto-objects  -DPREVENT_OPTIMIZATION line 16 arg6 == 6
FAIL: gcc.dg/guality/pr36728-3.c   -O2 -flto -fuse-linker-plugin -fno-fat-lto-objects  -DPREVENT_OPTIMIZATION line 16 arg7 == 30
FAIL: gcc.dg/guality/pr36728-3.c   -O3 -g  -DPREVENT_OPTIMIZATION  line 14 arg1 == 1
FAIL: gcc.dg/guality/pr36728-3.c   -O3 -g  -DPREVENT_OPTIMIZATION  line 14 arg2 == 2
FAIL: gcc.dg/guality/pr36728-3.c   -O3 -g  -DPREVENT_OPTIMIZATION  line 14 arg3 == 3
FAIL: gcc.dg/guality/pr36728-3.c   -O3 -g  -DPREVENT_OPTIMIZATION  line 14 arg4 == 4
FAIL: gcc.dg/guality/pr36728-3.c   -O3 -g  -DPREVENT_OPTIMIZATION  line 14 arg5 == 5
FAIL: gcc.dg/guality/pr36728-3.c   -O3 -g  -DPREVENT_OPTIMIZATION  line 14 arg6 == 6
FAIL: gcc.dg/guality/pr36728-3.c   -O3 -g  -DPREVENT_OPTIMIZATION  line 16 arg1 == 1
FAIL: gcc.dg/guality/pr36728-3.c   -O3 -g  -DPREVENT_OPTIMIZATION  line 16 arg2 == 2
FAIL: gcc.dg/guality/pr36728-3.c   -O3 -g  -DPREVENT_OPTIMIZATION  line 16 arg3 == 3
FAIL: gcc.dg/guality/pr36728-3.c   -O3 -g  -DPREVENT_OPTIMIZATION  line 16 arg4 == 4
FAIL: gcc.dg/guality/pr36728-3.c   -O3 -g  -DPREVENT_OPTIMIZATION  line 16 arg5 == 5
FAIL: gcc.dg/guality/pr36728-3.c   -O3 -g  -DPREVENT_OPTIMIZATION  line 16 arg6 == 6
FAIL: gcc.dg/guality/pr36728-3.c   -O3 -g  -DPREVENT_OPTIMIZATION  line 16 arg7 == 30
FAIL: gcc.dg/guality/pr36728-3.c   -Os  -DPREVENT_OPTIMIZATION  line 14 arg5 == 5
FAIL: gcc.dg/guality/pr36728-3.c   -Os  -DPREVENT_OPTIMIZATION  line 14 arg6 == 6
FAIL: gcc.dg/guality/pr36728-3.c   -Os  -DPREVENT_OPTIMIZATION  line 14 arg7 == 30
FAIL: gcc.dg/guality/pr36728-3.c   -Os  -DPREVENT_OPTIMIZATION  line 16 arg5 == 5
FAIL: gcc.dg/guality/pr36728-3.c   -Os  -DPREVENT_OPTIMIZATION  line 16 arg6 == 6
FAIL: gcc.dg/guality/pr36728-3.c   -Os  -DPREVENT_OPTIMIZATION  line 16 arg7 == 30
FAIL: gcc.dg/guality/pr36728-3.c  -Og -DPREVENT_OPTIMIZATION  line 14 arg5 == 5
FAIL: gcc.dg/guality/pr36728-3.c  -Og -DPREVENT_OPTIMIZATION  line 14 arg6 == 6
FAIL: gcc.dg/guality/pr36728-3.c  -Og -DPREVENT_OPTIMIZATION  line 14 arg7 == 30
FAIL: gcc.dg/guality/pr36728-3.c  -Og -DPREVENT_OPTIMIZATION  line 16 arg5 == 5
FAIL: gcc.dg/guality/pr36728-3.c  -Og -DPREVENT_OPTIMIZATION  line 16 arg6 == 6
FAIL: gcc.dg/guality/pr36728-3.c  -Og -DPREVENT_OPTIMIZATION  line 16 arg7 == 30
FAIL: gcc.dg/guality/pr36728-4.c   -O1  -DPREVENT_OPTIMIZATION  line 14 arg5 == 5
FAIL: gcc.dg/guality/pr36728-4.c   -O1  -DPREVENT_OPTIMIZATION  line 14 arg6 == 6
FAIL: gcc.dg/guality/pr36728-4.c   -O1  -DPREVENT_OPTIMIZATION  line 14 arg7 == 30
FAIL: gcc.dg/guality/pr36728-4.c   -O1  -DPREVENT_OPTIMIZATION  line 16 arg5 == 5
FAIL: gcc.dg/guality/pr36728-4.c   -O1  -DPREVENT_OPTIMIZATION  line 16 arg6 == 6
FAIL: gcc.dg/guality/pr36728-4.c   -O1  -DPREVENT_OPTIMIZATION  line 16 arg7 == 30
FAIL: gcc.dg/guality/pr36728-4.c   -O2  -DPREVENT_OPTIMIZATION  line 14 arg5 == 5
FAIL: gcc.dg/guality/pr36728-4.c   -O2  -DPREVENT_OPTIMIZATION  line 14 arg6 == 6
FAIL: gcc.dg/guality/pr36728-4.c   -O2  -DPREVENT_OPTIMIZATION  line 14 arg7 == 30
FAIL: gcc.dg/guality/pr36728-4.c   -O2  -DPREVENT_OPTIMIZATION  line 16 arg5 == 5
FAIL: gcc.dg/guality/pr36728-4.c   -O2  -DPREVENT_OPTIMIZATION  line 16 arg6 == 6
FAIL: gcc.dg/guality/pr36728-4.c   -O2  -DPREVENT_OPTIMIZATION  line 16 arg7 == 30
FAIL: gcc.dg/guality/pr36728-4.c   -O2 -flto -fno-use-linker-plugin -flto-partition=none  -DPREVENT_OPTIMIZATION line 14 arg5 == 5
FAIL: gcc.dg/guality/pr36728-4.c   -O2 -flto -fno-use-linker-plugin -flto-partition=none  -DPREVENT_OPTIMIZATION line 14 arg6 == 6
FAIL: gcc.dg/guality/pr36728-4.c   -O2 -flto -fno-use-linker-plugin -flto-partition=none  -DPREVENT_OPTIMIZATION line 14 arg7 == 30
FAIL: gcc.dg/guality/pr36728-4.c   -O2 -flto -fno-use-linker-plugin -flto-partition=none  -DPREVENT_OPTIMIZATION line 16 arg5 == 5
FAIL: gcc.dg/guality/pr36728-4.c   -O2 -flto -fno-use-linker-plugin -flto-partition=none  -DPREVENT_OPTIMIZATION line 16 arg6 == 6
FAIL: gcc.dg/guality/pr36728-4.c   -O2 -flto -fno-use-linker-plugin -flto-partition=none  -DPREVENT_OPTIMIZATION line 16 arg7 == 30
FAIL: gcc.dg/guality/pr36728-4.c   -Os  -DPREVENT_OPTIMIZATION  line 14 arg5 == 5
FAIL: gcc.dg/guality/pr36728-4.c   -Os  -DPREVENT_OPTIMIZATION  line 14 arg6 == 6
FAIL: gcc.dg/guality/pr36728-4.c   -Os  -DPREVENT_OPTIMIZATION  line 14 arg7 == 30
FAIL: gcc.dg/guality/pr36728-4.c   -Os  -DPREVENT_OPTIMIZATION  line 16 arg5 == 5
FAIL: gcc.dg/guality/pr36728-4.c   -Os  -DPREVENT_OPTIMIZATION  line 16 arg6 == 6
FAIL: gcc.dg/guality/pr36728-4.c   -Os  -DPREVENT_OPTIMIZATION  line 16 arg7 == 30
FAIL: gcc.dg/guality/pr36728-4.c  -Og -DPREVENT_OPTIMIZATION  line 14 arg5 == 5
FAIL: gcc.dg/guality/pr36728-4.c  -Og -DPREVENT_OPTIMIZATION  line 14 arg6 == 6
FAIL: gcc.dg/guality/pr36728-4.c  -Og -DPREVENT_OPTIMIZATION  line 14 arg7 == 30
FAIL: gcc.dg/guality/pr36728-4.c  -Og -DPREVENT_OPTIMIZATION  line 16 arg5 == 5
FAIL: gcc.dg/guality/pr36728-4.c  -Og -DPREVENT_OPTIMIZATION  line 16 arg6 == 6
FAIL: gcc.dg/guality/pr36728-4.c  -Og -DPREVENT_OPTIMIZATION  line 16 arg7 == 30
XPASS: gcc.dg/guality/pr41353-1.c   -O0  line 28 j == 28 + 37
FAIL: gcc.dg/guality/pr41447-1.c   -O1  -DPREVENT_OPTIMIZATION  execution test
FAIL: gcc.dg/guality/pr41447-1.c   -O2  -DPREVENT_OPTIMIZATION  execution test
FAIL: gcc.dg/guality/pr41447-1.c   -O2 -flto -fno-use-linker-plugin -flto-partition=none  -DPREVENT_OPTIMIZATION execution test
FAIL: gcc.dg/guality/pr41447-1.c   -O3 -g  -DPREVENT_OPTIMIZATION  execution test
FAIL: gcc.dg/guality/pr41447-1.c   -Os  -DPREVENT_OPTIMIZATION  execution test
FAIL: gcc.dg/guality/pr41447-1.c  -Og -DPREVENT_OPTIMIZATION  execution test
FAIL: gcc.dg/guality/pr41616-1.c   -O1  -DPREVENT_OPTIMIZATION  execution test
FAIL: gcc.dg/guality/pr41616-1.c   -O2  -DPREVENT_OPTIMIZATION  execution test
FAIL: gcc.dg/guality/pr41616-1.c   -O2 -flto -fno-use-linker-plugin -flto-partition=none  -DPREVENT_OPTIMIZATION execution test
FAIL: gcc.dg/guality/pr41616-1.c   -O2 -flto -fuse-linker-plugin -fno-fat-lto-objects  -DPREVENT_OPTIMIZATION execution test
FAIL: gcc.dg/guality/pr41616-1.c   -O3 -g  -DPREVENT_OPTIMIZATION  execution test
FAIL: gcc.dg/guality/pr41616-1.c   -Os  -DPREVENT_OPTIMIZATION  execution test
FAIL: gcc.dg/guality/pr41616-1.c  -Og -DPREVENT_OPTIMIZATION  execution test
FAIL: gcc.dg/guality/pr54200.c   -O2  -DPREVENT_OPTIMIZATION  line 20 z == 3
FAIL: gcc.dg/guality/pr54200.c   -O2 -flto -fno-use-linker-plugin -flto-partition=none  -DPREVENT_OPTIMIZATION line 20 z == 3
FAIL: gcc.dg/guality/pr54200.c   -O3 -g  -DPREVENT_OPTIMIZATION  line 20 z == 3
FAIL: gcc.dg/guality/pr54200.c   -Os  -DPREVENT_OPTIMIZATION  line 20 z == 3
FAIL: gcc.dg/guality/pr54519-1.c   -O1  -DPREVENT_OPTIMIZATION  line 20 z == 6
FAIL: gcc.dg/guality/pr54519-1.c   -O1  -DPREVENT_OPTIMIZATION  line 23 z == 8
FAIL: gcc.dg/guality/pr54519-1.c   -O2  -DPREVENT_OPTIMIZATION  line 20 y == 25
FAIL: gcc.dg/guality/pr54519-1.c   -O2  -DPREVENT_OPTIMIZATION  line 20 z == 6
FAIL: gcc.dg/guality/pr54519-1.c   -O2  -DPREVENT_OPTIMIZATION  line 23 y == 117
FAIL: gcc.dg/guality/pr54519-1.c   -O2  -DPREVENT_OPTIMIZATION  line 23 z == 8
FAIL: gcc.dg/guality/pr54519-1.c   -O2 -flto -fno-use-linker-plugin -flto-partition=none  -DPREVENT_OPTIMIZATION line 20 y == 25
FAIL: gcc.dg/guality/pr54519-1.c   -O2 -flto -fno-use-linker-plugin -flto-partition=none  -DPREVENT_OPTIMIZATION line 20 z == 6
FAIL: gcc.dg/guality/pr54519-1.c   -O2 -flto -fno-use-linker-plugin -flto-partition=none  -DPREVENT_OPTIMIZATION line 23 y == 117
FAIL: gcc.dg/guality/pr54519-1.c   -O2 -flto -fno-use-linker-plugin -flto-partition=none  -DPREVENT_OPTIMIZATION line 23 z == 8
FAIL: gcc.dg/guality/pr54519-1.c   -O2 -flto -fuse-linker-plugin -fno-fat-lto-objects  -DPREVENT_OPTIMIZATION line 20 y == 25
FAIL: gcc.dg/guality/pr54519-1.c   -O2 -flto -fuse-linker-plugin -fno-fat-lto-objects  -DPREVENT_OPTIMIZATION line 20 z == 6
FAIL: gcc.dg/guality/pr54519-1.c   -O2 -flto -fuse-linker-plugin -fno-fat-lto-objects  -DPREVENT_OPTIMIZATION line 23 y == 117
FAIL: gcc.dg/guality/pr54519-1.c   -O2 -flto -fuse-linker-plugin -fno-fat-lto-objects  -DPREVENT_OPTIMIZATION line 23 z == 8
FAIL: gcc.dg/guality/pr54519-1.c   -Os  -DPREVENT_OPTIMIZATION  line 20 y == 25
FAIL: gcc.dg/guality/pr54519-1.c   -Os  -DPREVENT_OPTIMIZATION  line 23 y == 117
FAIL: gcc.dg/guality/pr54519-1.c  -Og -DPREVENT_OPTIMIZATION  line 20 z == 6
FAIL: gcc.dg/guality/pr54519-1.c  -Og -DPREVENT_OPTIMIZATION  line 23 z == 8
FAIL: gcc.dg/guality/pr54519-2.c   -O1  -DPREVENT_OPTIMIZATION  line 17 y == 25
FAIL: gcc.dg/guality/pr54519-2.c   -O2  -DPREVENT_OPTIMIZATION  line 17 y == 25
FAIL: gcc.dg/guality/pr54519-2.c   -O2 -flto -fno-use-linker-plugin -flto-partition=none  -DPREVENT_OPTIMIZATION line 17 y == 25
FAIL: gcc.dg/guality/pr54519-2.c   -O2 -flto -fuse-linker-plugin -fno-fat-lto-objects  -DPREVENT_OPTIMIZATION line 17 y == 25
FAIL: gcc.dg/guality/pr54519-2.c   -Os  -DPREVENT_OPTIMIZATION  line 17 y == 25
FAIL: gcc.dg/guality/pr54519-2.c  -Og -DPREVENT_OPTIMIZATION  line 17 y == 25
FAIL: gcc.dg/guality/pr54519-3.c   -O1  -DPREVENT_OPTIMIZATION  line 20 z == 6
FAIL: gcc.dg/guality/pr54519-3.c   -O1  -DPREVENT_OPTIMIZATION  line 23 z == 8
FAIL: gcc.dg/guality/pr54519-3.c   -O2  -DPREVENT_OPTIMIZATION  line 20 z == 6
FAIL: gcc.dg/guality/pr54519-3.c   -O2  -DPREVENT_OPTIMIZATION  line 23 z == 8
FAIL: gcc.dg/guality/pr54519-3.c   -O2 -flto -fno-use-linker-plugin -flto-partition=none  -DPREVENT_OPTIMIZATION line 20 y == 25
FAIL: gcc.dg/guality/pr54519-3.c   -O2 -flto -fno-use-linker-plugin -flto-partition=none  -DPREVENT_OPTIMIZATION line 20 z == 6
FAIL: gcc.dg/guality/pr54519-3.c   -O2 -flto -fno-use-linker-plugin -flto-partition=none  -DPREVENT_OPTIMIZATION line 23 y == 117
FAIL: gcc.dg/guality/pr54519-3.c   -O2 -flto -fno-use-linker-plugin -flto-partition=none  -DPREVENT_OPTIMIZATION line 23 z == 8
FAIL: gcc.dg/guality/pr54519-3.c   -O2 -flto -fuse-linker-plugin -fno-fat-lto-objects  -DPREVENT_OPTIMIZATION line 20 y == 25
FAIL: gcc.dg/guality/pr54519-3.c   -O2 -flto -fuse-linker-plugin -fno-fat-lto-objects  -DPREVENT_OPTIMIZATION line 20 z == 6
FAIL: gcc.dg/guality/pr54519-3.c   -O2 -flto -fuse-linker-plugin -fno-fat-lto-objects  -DPREVENT_OPTIMIZATION line 23 y == 117
FAIL: gcc.dg/guality/pr54519-3.c   -O2 -flto -fuse-linker-plugin -fno-fat-lto-objects  -DPREVENT_OPTIMIZATION line 23 z == 8
FAIL: gcc.dg/guality/pr54519-3.c   -O3 -g  -DPREVENT_OPTIMIZATION  line 20 z == 6
FAIL: gcc.dg/guality/pr54519-3.c   -O3 -g  -DPREVENT_OPTIMIZATION  line 23 z == 8
FAIL: gcc.dg/guality/pr54519-3.c   -Os  -DPREVENT_OPTIMIZATION  line 20 z == 6
FAIL: gcc.dg/guality/pr54519-3.c   -Os  -DPREVENT_OPTIMIZATION  line 23 z == 8
FAIL: gcc.dg/guality/pr54519-3.c  -Og -DPREVENT_OPTIMIZATION  line 20 z == 6
FAIL: gcc.dg/guality/pr54519-3.c  -Og -DPREVENT_OPTIMIZATION  line 23 z == 8
FAIL: gcc.dg/guality/pr54519-4.c   -O1  -DPREVENT_OPTIMIZATION  line 17 y == 25
FAIL: gcc.dg/guality/pr54519-4.c   -O2  -DPREVENT_OPTIMIZATION  line 17 y == 25
FAIL: gcc.dg/guality/pr54519-4.c   -O2 -flto -fno-use-linker-plugin -flto-partition=none  -DPREVENT_OPTIMIZATION line 17 y == 25
FAIL: gcc.dg/guality/pr54519-4.c   -O2 -flto -fuse-linker-plugin -fno-fat-lto-objects  -DPREVENT_OPTIMIZATION line 17 y == 25
FAIL: gcc.dg/guality/pr54519-4.c   -O3 -g  -DPREVENT_OPTIMIZATION  line 17 y == 25
FAIL: gcc.dg/guality/pr54519-4.c   -Os  -DPREVENT_OPTIMIZATION  line 17 y == 25
FAIL: gcc.dg/guality/pr54519-4.c  -Og -DPREVENT_OPTIMIZATION  line 17 y == 25
FAIL: gcc.dg/guality/pr54519-5.c   -O1  -DPREVENT_OPTIMIZATION  line 17 y == 25
FAIL: gcc.dg/guality/pr54519-5.c   -O2  -DPREVENT_OPTIMIZATION  line 17 y == 25
FAIL: gcc.dg/guality/pr54519-5.c   -O2 -flto -fno-use-linker-plugin -flto-partition=none  -DPREVENT_OPTIMIZATION line 17 y == 25
FAIL: gcc.dg/guality/pr54519-5.c   -O2 -flto -fuse-linker-plugin -fno-fat-lto-objects  -DPREVENT_OPTIMIZATION line 17 y == 25
FAIL: gcc.dg/guality/pr54519-5.c   -O3 -g  -DPREVENT_OPTIMIZATION  line 17 y == 25
FAIL: gcc.dg/guality/pr54519-5.c   -Os  -DPREVENT_OPTIMIZATION  line 17 y == 25
FAIL: gcc.dg/guality/pr54519-5.c  -Og -DPREVENT_OPTIMIZATION  line 17 y == 25
FAIL: gcc.dg/guality/pr54551.c   -O1  -DPREVENT_OPTIMIZATION  line 18 a == 4
FAIL: gcc.dg/guality/pr54551.c   -O1  -DPREVENT_OPTIMIZATION  line 18 z == 3
FAIL: gcc.dg/guality/pr54551.c   -O2  -DPREVENT_OPTIMIZATION  line 18 a == 4
FAIL: gcc.dg/guality/pr54551.c   -O2  -DPREVENT_OPTIMIZATION  line 18 z == 3
FAIL: gcc.dg/guality/pr54551.c   -O2 -flto -fno-use-linker-plugin -flto-partition=none  -DPREVENT_OPTIMIZATION line 18 a == 4
FAIL: gcc.dg/guality/pr54551.c   -O2 -flto -fno-use-linker-plugin -flto-partition=none  -DPREVENT_OPTIMIZATION line 18 z == 3
FAIL: gcc.dg/guality/pr54551.c   -O3 -g  -DPREVENT_OPTIMIZATION  line 18 a == 4
FAIL: gcc.dg/guality/pr54551.c   -O3 -g  -DPREVENT_OPTIMIZATION  line 18 z == 3
FAIL: gcc.dg/guality/pr54551.c   -Os  -DPREVENT_OPTIMIZATION  line 18 a == 4
FAIL: gcc.dg/guality/pr54551.c   -Os  -DPREVENT_OPTIMIZATION  line 18 z == 3
FAIL: gcc.dg/guality/pr54551.c  -Og -DPREVENT_OPTIMIZATION  line 18 a == 4
FAIL: gcc.dg/guality/pr54551.c  -Og -DPREVENT_OPTIMIZATION  line 18 z == 3
FAIL: gcc.dg/guality/pr54796.c   -O1  -DPREVENT_OPTIMIZATION  line 17 a == 5
FAIL: gcc.dg/guality/pr54796.c   -O1  -DPREVENT_OPTIMIZATION  line 17 b == 6
FAIL: gcc.dg/guality/pr54796.c   -O1  -DPREVENT_OPTIMIZATION  line 17 c == 5
FAIL: gcc.dg/guality/pr54796.c   -O2  -DPREVENT_OPTIMIZATION  line 17 a == 5
FAIL: gcc.dg/guality/pr54796.c   -O2  -DPREVENT_OPTIMIZATION  line 17 b == 6
FAIL: gcc.dg/guality/pr54796.c   -O2  -DPREVENT_OPTIMIZATION  line 17 c == 5
FAIL: gcc.dg/guality/pr54796.c   -O2 -flto -fno-use-linker-plugin -flto-partition=none  -DPREVENT_OPTIMIZATION line 17 a == 5
FAIL: gcc.dg/guality/pr54796.c   -O2 -flto -fno-use-linker-plugin -flto-partition=none  -DPREVENT_OPTIMIZATION line 17 b == 6
FAIL: gcc.dg/guality/pr54796.c   -O2 -flto -fno-use-linker-plugin -flto-partition=none  -DPREVENT_OPTIMIZATION line 17 c == 5
FAIL: gcc.dg/guality/pr54796.c   -O2 -flto -fuse-linker-plugin -fno-fat-lto-objects  -DPREVENT_OPTIMIZATION line 17 a == 5
FAIL: gcc.dg/guality/pr54796.c   -O2 -flto -fuse-linker-plugin -fno-fat-lto-objects  -DPREVENT_OPTIMIZATION line 17 b == 6
FAIL: gcc.dg/guality/pr54796.c   -O3 -g  -DPREVENT_OPTIMIZATION  line 17 a == 5
FAIL: gcc.dg/guality/pr54796.c   -O3 -g  -DPREVENT_OPTIMIZATION  line 17 b == 6
FAIL: gcc.dg/guality/pr54796.c   -O3 -g  -DPREVENT_OPTIMIZATION  line 17 c == 5
FAIL: gcc.dg/guality/pr54796.c   -Os  -DPREVENT_OPTIMIZATION  line 17 a == 5
FAIL: gcc.dg/guality/pr54796.c   -Os  -DPREVENT_OPTIMIZATION  line 17 b == 6
FAIL: gcc.dg/guality/pr54796.c   -Os  -DPREVENT_OPTIMIZATION  line 17 c == 5
FAIL: gcc.dg/guality/pr54796.c  -Og -DPREVENT_OPTIMIZATION  line 17 a == 5
FAIL: gcc.dg/guality/pr54796.c  -Og -DPREVENT_OPTIMIZATION  line 17 b == 6
FAIL: gcc.dg/guality/pr54796.c  -Og -DPREVENT_OPTIMIZATION  line 17 c == 5
XPASS: gcc.dg/guality/pr54970.c   -O0  line 31 a[0] == 4
XPASS: gcc.dg/guality/pr54970.c   -O0  line 36 a[0] == 4
XPASS: gcc.dg/guality/pr54970.c   -O0  line 45 a[0] == 4
XPASS: gcc.dg/guality/pr54970.c   -O0  line 45 p[-2] == 4
XPASS: gcc.dg/guality/pr54970.c   -O0  line 45 q[-1] == 4
FAIL: gcc.dg/guality/pr54970.c  -Og -DPREVENT_OPTIMIZATION  line 15 *p == 3
FAIL: gcc.dg/guality/pr54970.c  -Og -DPREVENT_OPTIMIZATION  line 15 *q == 2
FAIL: gcc.dg/guality/pr54970.c  -Og -DPREVENT_OPTIMIZATION  line 15 a[0] == 1
FAIL: gcc.dg/guality/pr54970.c  -Og -DPREVENT_OPTIMIZATION  line 15 a[1] == 2
FAIL: gcc.dg/guality/pr54970.c  -Og -DPREVENT_OPTIMIZATION  line 15 a[2] == 3
FAIL: gcc.dg/guality/pr54970.c  -Og -DPREVENT_OPTIMIZATION  line 20 *p == 13
FAIL: gcc.dg/guality/pr54970.c  -Og -DPREVENT_OPTIMIZATION  line 20 *q == 2
FAIL: gcc.dg/guality/pr54970.c  -Og -DPREVENT_OPTIMIZATION  line 20 a[0] == 1
FAIL: gcc.dg/guality/pr54970.c  -Og -DPREVENT_OPTIMIZATION  line 20 a[1] == 2
FAIL: gcc.dg/guality/pr54970.c  -Og -DPREVENT_OPTIMIZATION  line 20 a[2] == 13
FAIL: gcc.dg/guality/pr54970.c  -Og -DPREVENT_OPTIMIZATION  line 25 *p == 13
FAIL: gcc.dg/guality/pr54970.c  -Og -DPREVENT_OPTIMIZATION  line 25 *q == 12
FAIL: gcc.dg/guality/pr54970.c  -Og -DPREVENT_OPTIMIZATION  line 25 a[0] == 1
FAIL: gcc.dg/guality/pr54970.c  -Og -DPREVENT_OPTIMIZATION  line 25 a[1] == 12
FAIL: gcc.dg/guality/pr54970.c  -Og -DPREVENT_OPTIMIZATION  line 25 a[2] == 13
FAIL: gcc.dg/guality/pr54970.c  -Og -DPREVENT_OPTIMIZATION  line 31 *p == 6
FAIL: gcc.dg/guality/pr54970.c  -Og -DPREVENT_OPTIMIZATION  line 31 *q == 5
FAIL: gcc.dg/guality/pr54970.c  -Og -DPREVENT_OPTIMIZATION  line 31 a[1] == 5
FAIL: gcc.dg/guality/pr54970.c  -Og -DPREVENT_OPTIMIZATION  line 31 a[2] == 6
FAIL: gcc.dg/guality/pr54970.c  -Og -DPREVENT_OPTIMIZATION  line 36 *p == 26
FAIL: gcc.dg/guality/pr54970.c  -Og -DPREVENT_OPTIMIZATION  line 36 *q == 5
FAIL: gcc.dg/guality/pr54970.c  -Og -DPREVENT_OPTIMIZATION  line 36 a[1] == 5
FAIL: gcc.dg/guality/pr54970.c  -Og -DPREVENT_OPTIMIZATION  line 36 a[2] == 26
FAIL: gcc.dg/guality/pr54970.c  -Og -DPREVENT_OPTIMIZATION  line 45 *p == 26
FAIL: gcc.dg/guality/pr54970.c  -Og -DPREVENT_OPTIMIZATION  line 45 *q == 25
FAIL: gcc.dg/guality/pr54970.c  -Og -DPREVENT_OPTIMIZATION  line 45 a[1] == 25
FAIL: gcc.dg/guality/pr54970.c  -Og -DPREVENT_OPTIMIZATION  line 45 a[2] == 26
FAIL: gcc.dg/guality/pr54970.c  -Og -DPREVENT_OPTIMIZATION  line 45 p[-1] == 25
FAIL: gcc.dg/guality/pr54970.c  -Og -DPREVENT_OPTIMIZATION  line 45 q[1] == 26
FAIL: gcc.dg/guality/pr56154-1.c  -Og -DPREVENT_OPTIMIZATION  line pr56154-1.c:20 x.a == 6
FAIL: gcc.dg/guality/pr58791-3.c  -Og -DPREVENT_OPTIMIZATION  line pr58791-3.c:19 f == 5
FAIL: gcc.dg/guality/pr58791-3.c  -Og -DPREVENT_OPTIMIZATION  line pr58791-3.c:19 j == 6
FAIL: gcc.dg/guality/pr59776.c  -Og -DPREVENT_OPTIMIZATION  line pr59776.c:17 s1.f == 5.0
FAIL: gcc.dg/guality/pr59776.c  -Og -DPREVENT_OPTIMIZATION  line pr59776.c:17 s1.g == 6.0
FAIL: gcc.dg/guality/pr59776.c  -Og -DPREVENT_OPTIMIZATION  line pr59776.c:17 s2.f == 0.0
FAIL: gcc.dg/guality/pr59776.c  -Og -DPREVENT_OPTIMIZATION  line pr59776.c:17 s2.g == 6.0
FAIL: gcc.dg/guality/pr59776.c  -Og -DPREVENT_OPTIMIZATION  line pr59776.c:20 s1.f == 5.0
FAIL: gcc.dg/guality/pr59776.c  -Og -DPREVENT_OPTIMIZATION  line pr59776.c:20 s1.g == 6.0
FAIL: gcc.dg/guality/pr59776.c  -Og -DPREVENT_OPTIMIZATION  line pr59776.c:20 s2.f == 5.0
FAIL: gcc.dg/guality/pr59776.c  -Og -DPREVENT_OPTIMIZATION  line pr59776.c:20 s2.g == 6.0
FAIL: gcc.dg/guality/pr68860-1.c   -O1  -DPREVENT_OPTIMIZATION  line 14 arg5 == 5
FAIL: gcc.dg/guality/pr68860-1.c   -O1  -DPREVENT_OPTIMIZATION  line 14 arg6 == 6
FAIL: gcc.dg/guality/pr68860-1.c   -O1  -DPREVENT_OPTIMIZATION  line 14 arg7 == 30
FAIL: gcc.dg/guality/pr68860-1.c   -O1  -DPREVENT_OPTIMIZATION  line 14 arg8 == 7
FAIL: gcc.dg/guality/pr68860-1.c   -O1  -DPREVENT_OPTIMIZATION  line 16 arg5 == 5
FAIL: gcc.dg/guality/pr68860-1.c   -O1  -DPREVENT_OPTIMIZATION  line 16 arg6 == 6
FAIL: gcc.dg/guality/pr68860-1.c   -O1  -DPREVENT_OPTIMIZATION  line 16 arg7 == 30
FAIL: gcc.dg/guality/pr68860-1.c   -O1  -DPREVENT_OPTIMIZATION  line 16 arg8 == 7
FAIL: gcc.dg/guality/pr68860-1.c   -O2  -DPREVENT_OPTIMIZATION  line 14 arg1 == 1
FAIL: gcc.dg/guality/pr68860-1.c   -O2  -DPREVENT_OPTIMIZATION  line 14 arg2 == 2
FAIL: gcc.dg/guality/pr68860-1.c   -O2  -DPREVENT_OPTIMIZATION  line 14 arg3 == 3
FAIL: gcc.dg/guality/pr68860-1.c   -O2  -DPREVENT_OPTIMIZATION  line 14 arg4 == 4
FAIL: gcc.dg/guality/pr68860-1.c   -O2  -DPREVENT_OPTIMIZATION  line 14 arg5 == 5
FAIL: gcc.dg/guality/pr68860-1.c   -O2  -DPREVENT_OPTIMIZATION  line 14 arg6 == 6
FAIL: gcc.dg/guality/pr68860-1.c   -O2  -DPREVENT_OPTIMIZATION  line 16 arg1 == 1
FAIL: gcc.dg/guality/pr68860-1.c   -O2  -DPREVENT_OPTIMIZATION  line 16 arg2 == 2
FAIL: gcc.dg/guality/pr68860-1.c   -O2  -DPREVENT_OPTIMIZATION  line 16 arg3 == 3
FAIL: gcc.dg/guality/pr68860-1.c   -O2  -DPREVENT_OPTIMIZATION  line 16 arg4 == 4
FAIL: gcc.dg/guality/pr68860-1.c   -O2  -DPREVENT_OPTIMIZATION  line 16 arg5 == 5
FAIL: gcc.dg/guality/pr68860-1.c   -O2  -DPREVENT_OPTIMIZATION  line 16 arg6 == 6
FAIL: gcc.dg/guality/pr68860-1.c   -O2  -DPREVENT_OPTIMIZATION  line 16 arg7 == 30
FAIL: gcc.dg/guality/pr68860-1.c   -O2 -flto -fno-use-linker-plugin -flto-partition=none  -DPREVENT_OPTIMIZATION line 14 arg1 == 1
FAIL: gcc.dg/guality/pr68860-1.c   -O2 -flto -fno-use-linker-plugin -flto-partition=none  -DPREVENT_OPTIMIZATION line 14 arg2 == 2
FAIL: gcc.dg/guality/pr68860-1.c   -O2 -flto -fno-use-linker-plugin -flto-partition=none  -DPREVENT_OPTIMIZATION line 14 arg3 == 3
FAIL: gcc.dg/guality/pr68860-1.c   -O2 -flto -fno-use-linker-plugin -flto-partition=none  -DPREVENT_OPTIMIZATION line 14 arg4 == 4
FAIL: gcc.dg/guality/pr68860-1.c   -O2 -flto -fno-use-linker-plugin -flto-partition=none  -DPREVENT_OPTIMIZATION line 14 arg5 == 5
FAIL: gcc.dg/guality/pr68860-1.c   -O2 -flto -fno-use-linker-plugin -flto-partition=none  -DPREVENT_OPTIMIZATION line 14 arg6 == 6
FAIL: gcc.dg/guality/pr68860-1.c   -O2 -flto -fno-use-linker-plugin -flto-partition=none  -DPREVENT_OPTIMIZATION line 14 arg7 == 30
FAIL: gcc.dg/guality/pr68860-1.c   -O2 -flto -fno-use-linker-plugin -flto-partition=none  -DPREVENT_OPTIMIZATION line 16 arg1 == 1
FAIL: gcc.dg/guality/pr68860-1.c   -O2 -flto -fno-use-linker-plugin -flto-partition=none  -DPREVENT_OPTIMIZATION line 16 arg2 == 2
FAIL: gcc.dg/guality/pr68860-1.c   -O2 -flto -fno-use-linker-plugin -flto-partition=none  -DPREVENT_OPTIMIZATION line 16 arg3 == 3
FAIL: gcc.dg/guality/pr68860-1.c   -O2 -flto -fno-use-linker-plugin -flto-partition=none  -DPREVENT_OPTIMIZATION line 16 arg4 == 4
FAIL: gcc.dg/guality/pr68860-1.c   -O2 -flto -fno-use-linker-plugin -flto-partition=none  -DPREVENT_OPTIMIZATION line 16 arg5 == 5
FAIL: gcc.dg/guality/pr68860-1.c   -O2 -flto -fno-use-linker-plugin -flto-partition=none  -DPREVENT_OPTIMIZATION line 16 arg6 == 6
FAIL: gcc.dg/guality/pr68860-1.c   -O2 -flto -fno-use-linker-plugin -flto-partition=none  -DPREVENT_OPTIMIZATION line 16 arg7 == 30
FAIL: gcc.dg/guality/pr68860-1.c   -O2 -flto -fuse-linker-plugin -fno-fat-lto-objects  -DPREVENT_OPTIMIZATION line 14 arg1 == 1
FAIL: gcc.dg/guality/pr68860-1.c   -O2 -flto -fuse-linker-plugin -fno-fat-lto-objects  -DPREVENT_OPTIMIZATION line 14 arg2 == 2
FAIL: gcc.dg/guality/pr68860-1.c   -O2 -flto -fuse-linker-plugin -fno-fat-lto-objects  -DPREVENT_OPTIMIZATION line 14 arg3 == 3
FAIL: gcc.dg/guality/pr68860-1.c   -O2 -flto -fuse-linker-plugin -fno-fat-lto-objects  -DPREVENT_OPTIMIZATION line 14 arg4 == 4
FAIL: gcc.dg/guality/pr68860-1.c   -O2 -flto -fuse-linker-plugin -fno-fat-lto-objects  -DPREVENT_OPTIMIZATION line 14 arg5 == 5
FAIL: gcc.dg/guality/pr68860-1.c   -O2 -flto -fuse-linker-plugin -fno-fat-lto-objects  -DPREVENT_OPTIMIZATION line 14 arg6 == 6
FAIL: gcc.dg/guality/pr68860-1.c   -O2 -flto -fuse-linker-plugin -fno-fat-lto-objects  -DPREVENT_OPTIMIZATION line 14 arg7 == 30
FAIL: gcc.dg/guality/pr68860-1.c   -O2 -flto -fuse-linker-plugin -fno-fat-lto-objects  -DPREVENT_OPTIMIZATION line 16 arg1 == 1
FAIL: gcc.dg/guality/pr68860-1.c   -O2 -flto -fuse-linker-plugin -fno-fat-lto-objects  -DPREVENT_OPTIMIZATION line 16 arg2 == 2
FAIL: gcc.dg/guality/pr68860-1.c   -O2 -flto -fuse-linker-plugin -fno-fat-lto-objects  -DPREVENT_OPTIMIZATION line 16 arg3 == 3
FAIL: gcc.dg/guality/pr68860-1.c   -O2 -flto -fuse-linker-plugin -fno-fat-lto-objects  -DPREVENT_OPTIMIZATION line 16 arg4 == 4
FAIL: gcc.dg/guality/pr68860-1.c   -O2 -flto -fuse-linker-plugin -fno-fat-lto-objects  -DPREVENT_OPTIMIZATION line 16 arg5 == 5
FAIL: gcc.dg/guality/pr68860-1.c   -O2 -flto -fuse-linker-plugin -fno-fat-lto-objects  -DPREVENT_OPTIMIZATION line 16 arg6 == 6
FAIL: gcc.dg/guality/pr68860-1.c   -O2 -flto -fuse-linker-plugin -fno-fat-lto-objects  -DPREVENT_OPTIMIZATION line 16 arg7 == 30
FAIL: gcc.dg/guality/pr68860-1.c   -O3 -g  -DPREVENT_OPTIMIZATION  line 14 arg1 == 1
FAIL: gcc.dg/guality/pr68860-1.c   -O3 -g  -DPREVENT_OPTIMIZATION  line 14 arg2 == 2
FAIL: gcc.dg/guality/pr68860-1.c   -O3 -g  -DPREVENT_OPTIMIZATION  line 14 arg3 == 3
FAIL: gcc.dg/guality/pr68860-1.c   -O3 -g  -DPREVENT_OPTIMIZATION  line 14 arg4 == 4
FAIL: gcc.dg/guality/pr68860-1.c   -O3 -g  -DPREVENT_OPTIMIZATION  line 14 arg5 == 5
FAIL: gcc.dg/guality/pr68860-1.c   -O3 -g  -DPREVENT_OPTIMIZATION  line 14 arg6 == 6
FAIL: gcc.dg/guality/pr68860-1.c   -O3 -g  -DPREVENT_OPTIMIZATION  line 16 arg1 == 1
FAIL: gcc.dg/guality/pr68860-1.c   -O3 -g  -DPREVENT_OPTIMIZATION  line 16 arg2 == 2
FAIL: gcc.dg/guality/pr68860-1.c   -O3 -g  -DPREVENT_OPTIMIZATION  line 16 arg3 == 3
FAIL: gcc.dg/guality/pr68860-1.c   -O3 -g  -DPREVENT_OPTIMIZATION  line 16 arg4 == 4
FAIL: gcc.dg/guality/pr68860-1.c   -O3 -g  -DPREVENT_OPTIMIZATION  line 16 arg5 == 5
FAIL: gcc.dg/guality/pr68860-1.c   -O3 -g  -DPREVENT_OPTIMIZATION  line 16 arg6 == 6
FAIL: gcc.dg/guality/pr68860-1.c   -O3 -g  -DPREVENT_OPTIMIZATION  line 16 arg7 == 30
FAIL: gcc.dg/guality/pr68860-1.c   -Os  -DPREVENT_OPTIMIZATION  line 14 arg1 == 1
FAIL: gcc.dg/guality/pr68860-1.c   -Os  -DPREVENT_OPTIMIZATION  line 14 arg2 == 2
FAIL: gcc.dg/guality/pr68860-1.c   -Os  -DPREVENT_OPTIMIZATION  line 14 arg3 == 3
FAIL: gcc.dg/guality/pr68860-1.c   -Os  -DPREVENT_OPTIMIZATION  line 14 arg4 == 4
FAIL: gcc.dg/guality/pr68860-1.c   -Os  -DPREVENT_OPTIMIZATION  line 14 arg5 == 5
FAIL: gcc.dg/guality/pr68860-1.c   -Os  -DPREVENT_OPTIMIZATION  line 14 arg6 == 6
FAIL: gcc.dg/guality/pr68860-1.c   -Os  -DPREVENT_OPTIMIZATION  line 16 arg1 == 1
FAIL: gcc.dg/guality/pr68860-1.c   -Os  -DPREVENT_OPTIMIZATION  line 16 arg2 == 2
FAIL: gcc.dg/guality/pr68860-1.c   -Os  -DPREVENT_OPTIMIZATION  line 16 arg3 == 3
FAIL: gcc.dg/guality/pr68860-1.c   -Os  -DPREVENT_OPTIMIZATION  line 16 arg4 == 4
FAIL: gcc.dg/guality/pr68860-1.c   -Os  -DPREVENT_OPTIMIZATION  line 16 arg5 == 5
FAIL: gcc.dg/guality/pr68860-1.c   -Os  -DPREVENT_OPTIMIZATION  line 16 arg6 == 6
FAIL: gcc.dg/guality/pr68860-1.c   -Os  -DPREVENT_OPTIMIZATION  line 16 arg7 == 30
FAIL: gcc.dg/guality/pr68860-1.c  -Og -DPREVENT_OPTIMIZATION  line 14 arg5 == 5
FAIL: gcc.dg/guality/pr68860-1.c  -Og -DPREVENT_OPTIMIZATION  line 14 arg6 == 6
FAIL: gcc.dg/guality/pr68860-1.c  -Og -DPREVENT_OPTIMIZATION  line 14 arg7 == 30
FAIL: gcc.dg/guality/pr68860-1.c  -Og -DPREVENT_OPTIMIZATION  line 14 arg8 == 7
FAIL: gcc.dg/guality/pr68860-1.c  -Og -DPREVENT_OPTIMIZATION  line 16 arg5 == 5
FAIL: gcc.dg/guality/pr68860-1.c  -Og -DPREVENT_OPTIMIZATION  line 16 arg6 == 6
FAIL: gcc.dg/guality/pr68860-1.c  -Og -DPREVENT_OPTIMIZATION  line 16 arg7 == 30
FAIL: gcc.dg/guality/pr68860-1.c  -Og -DPREVENT_OPTIMIZATION  line 16 arg8 == 7
FAIL: gcc.dg/guality/pr68860-2.c   -O1  -DPREVENT_OPTIMIZATION  line 14 arg5 == 5
FAIL: gcc.dg/guality/pr68860-2.c   -O1  -DPREVENT_OPTIMIZATION  line 14 arg6 == 6
FAIL: gcc.dg/guality/pr68860-2.c   -O1  -DPREVENT_OPTIMIZATION  line 14 arg7 == 30
FAIL: gcc.dg/guality/pr68860-2.c   -O1  -DPREVENT_OPTIMIZATION  line 14 arg8 == 7
FAIL: gcc.dg/guality/pr68860-2.c   -O1  -DPREVENT_OPTIMIZATION  line 16 arg5 == 5
FAIL: gcc.dg/guality/pr68860-2.c   -O1  -DPREVENT_OPTIMIZATION  line 16 arg6 == 6
FAIL: gcc.dg/guality/pr68860-2.c   -O1  -DPREVENT_OPTIMIZATION  line 16 arg7 == 30
FAIL: gcc.dg/guality/pr68860-2.c   -O1  -DPREVENT_OPTIMIZATION  line 16 arg8 == 7
FAIL: gcc.dg/guality/pr68860-2.c   -O2  -DPREVENT_OPTIMIZATION  line 14 arg5 == 5
FAIL: gcc.dg/guality/pr68860-2.c   -O2  -DPREVENT_OPTIMIZATION  line 14 arg6 == 6
FAIL: gcc.dg/guality/pr68860-2.c   -O2  -DPREVENT_OPTIMIZATION  line 14 arg7 == 30
FAIL: gcc.dg/guality/pr68860-2.c   -O2  -DPREVENT_OPTIMIZATION  line 14 arg8 == 7
FAIL: gcc.dg/guality/pr68860-2.c   -O2  -DPREVENT_OPTIMIZATION  line 16 arg5 == 5
FAIL: gcc.dg/guality/pr68860-2.c   -O2  -DPREVENT_OPTIMIZATION  line 16 arg6 == 6
FAIL: gcc.dg/guality/pr68860-2.c   -O2  -DPREVENT_OPTIMIZATION  line 16 arg7 == 30
FAIL: gcc.dg/guality/pr68860-2.c   -O2  -DPREVENT_OPTIMIZATION  line 16 arg8 == 7
FAIL: gcc.dg/guality/pr68860-2.c   -O2 -flto -fno-use-linker-plugin -flto-partition=none  -DPREVENT_OPTIMIZATION line 14 arg5 == 5
FAIL: gcc.dg/guality/pr68860-2.c   -O2 -flto -fno-use-linker-plugin -flto-partition=none  -DPREVENT_OPTIMIZATION line 14 arg6 == 6
FAIL: gcc.dg/guality/pr68860-2.c   -O2 -flto -fno-use-linker-plugin -flto-partition=none  -DPREVENT_OPTIMIZATION line 14 arg7 == 30
FAIL: gcc.dg/guality/pr68860-2.c   -O2 -flto -fno-use-linker-plugin -flto-partition=none  -DPREVENT_OPTIMIZATION line 14 arg8 == 7
FAIL: gcc.dg/guality/pr68860-2.c   -O2 -flto -fno-use-linker-plugin -flto-partition=none  -DPREVENT_OPTIMIZATION line 16 arg5 == 5
FAIL: gcc.dg/guality/pr68860-2.c   -O2 -flto -fno-use-linker-plugin -flto-partition=none  -DPREVENT_OPTIMIZATION line 16 arg6 == 6
FAIL: gcc.dg/guality/pr68860-2.c   -O2 -flto -fno-use-linker-plugin -flto-partition=none  -DPREVENT_OPTIMIZATION line 16 arg7 == 30
FAIL: gcc.dg/guality/pr68860-2.c   -O2 -flto -fno-use-linker-plugin -flto-partition=none  -DPREVENT_OPTIMIZATION line 16 arg8 == 7
FAIL: gcc.dg/guality/pr68860-2.c   -O2 -flto -fuse-linker-plugin -fno-fat-lto-objects  -DPREVENT_OPTIMIZATION line 14 arg1 == 1
FAIL: gcc.dg/guality/pr68860-2.c   -O2 -flto -fuse-linker-plugin -fno-fat-lto-objects  -DPREVENT_OPTIMIZATION line 14 arg2 == 2
FAIL: gcc.dg/guality/pr68860-2.c   -O2 -flto -fuse-linker-plugin -fno-fat-lto-objects  -DPREVENT_OPTIMIZATION line 14 arg3 == 3
FAIL: gcc.dg/guality/pr68860-2.c   -O2 -flto -fuse-linker-plugin -fno-fat-lto-objects  -DPREVENT_OPTIMIZATION line 14 arg4 == 4
FAIL: gcc.dg/guality/pr68860-2.c   -O2 -flto -fuse-linker-plugin -fno-fat-lto-objects  -DPREVENT_OPTIMIZATION line 14 arg5 == 5
FAIL: gcc.dg/guality/pr68860-2.c   -O2 -flto -fuse-linker-plugin -fno-fat-lto-objects  -DPREVENT_OPTIMIZATION line 14 arg6 == 6
FAIL: gcc.dg/guality/pr68860-2.c   -O2 -flto -fuse-linker-plugin -fno-fat-lto-objects  -DPREVENT_OPTIMIZATION line 14 arg7 == 30
FAIL: gcc.dg/guality/pr68860-2.c   -O2 -flto -fuse-linker-plugin -fno-fat-lto-objects  -DPREVENT_OPTIMIZATION line 16 arg1 == 1
FAIL: gcc.dg/guality/pr68860-2.c   -O2 -flto -fuse-linker-plugin -fno-fat-lto-objects  -DPREVENT_OPTIMIZATION line 16 arg2 == 2
FAIL: gcc.dg/guality/pr68860-2.c   -O2 -flto -fuse-linker-plugin -fno-fat-lto-objects  -DPREVENT_OPTIMIZATION line 16 arg3 == 3
FAIL: gcc.dg/guality/pr68860-2.c   -O2 -flto -fuse-linker-plugin -fno-fat-lto-objects  -DPREVENT_OPTIMIZATION line 16 arg4 == 4
FAIL: gcc.dg/guality/pr68860-2.c   -O2 -flto -fuse-linker-plugin -fno-fat-lto-objects  -DPREVENT_OPTIMIZATION line 16 arg5 == 5
FAIL: gcc.dg/guality/pr68860-2.c   -O2 -flto -fuse-linker-plugin -fno-fat-lto-objects  -DPREVENT_OPTIMIZATION line 16 arg6 == 6
FAIL: gcc.dg/guality/pr68860-2.c   -O2 -flto -fuse-linker-plugin -fno-fat-lto-objects  -DPREVENT_OPTIMIZATION line 16 arg7 == 30
FAIL: gcc.dg/guality/pr68860-2.c   -O3 -g  -DPREVENT_OPTIMIZATION  line 14 arg1 == 1
FAIL: gcc.dg/guality/pr68860-2.c   -O3 -g  -DPREVENT_OPTIMIZATION  line 14 arg2 == 2
FAIL: gcc.dg/guality/pr68860-2.c   -O3 -g  -DPREVENT_OPTIMIZATION  line 14 arg3 == 3
FAIL: gcc.dg/guality/pr68860-2.c   -O3 -g  -DPREVENT_OPTIMIZATION  line 14 arg4 == 4
FAIL: gcc.dg/guality/pr68860-2.c   -O3 -g  -DPREVENT_OPTIMIZATION  line 14 arg5 == 5
FAIL: gcc.dg/guality/pr68860-2.c   -O3 -g  -DPREVENT_OPTIMIZATION  line 14 arg6 == 6
FAIL: gcc.dg/guality/pr68860-2.c   -O3 -g  -DPREVENT_OPTIMIZATION  line 14 arg8 == 7
FAIL: gcc.dg/guality/pr68860-2.c   -O3 -g  -DPREVENT_OPTIMIZATION  line 16 arg1 == 1
FAIL: gcc.dg/guality/pr68860-2.c   -O3 -g  -DPREVENT_OPTIMIZATION  line 16 arg2 == 2
FAIL: gcc.dg/guality/pr68860-2.c   -O3 -g  -DPREVENT_OPTIMIZATION  line 16 arg3 == 3
FAIL: gcc.dg/guality/pr68860-2.c   -O3 -g  -DPREVENT_OPTIMIZATION  line 16 arg4 == 4
FAIL: gcc.dg/guality/pr68860-2.c   -O3 -g  -DPREVENT_OPTIMIZATION  line 16 arg5 == 5
FAIL: gcc.dg/guality/pr68860-2.c   -O3 -g  -DPREVENT_OPTIMIZATION  line 16 arg6 == 6
FAIL: gcc.dg/guality/pr68860-2.c   -O3 -g  -DPREVENT_OPTIMIZATION  line 16 arg7 == 30
FAIL: gcc.dg/guality/pr68860-2.c   -O3 -g  -DPREVENT_OPTIMIZATION  line 16 arg8 == 7
FAIL: gcc.dg/guality/pr68860-2.c   -Os  -DPREVENT_OPTIMIZATION  line 14 arg5 == 5
FAIL: gcc.dg/guality/pr68860-2.c   -Os  -DPREVENT_OPTIMIZATION  line 14 arg6 == 6
FAIL: gcc.dg/guality/pr68860-2.c   -Os  -DPREVENT_OPTIMIZATION  line 14 arg7 == 30
FAIL: gcc.dg/guality/pr68860-2.c   -Os  -DPREVENT_OPTIMIZATION  line 14 arg8 == 7
FAIL: gcc.dg/guality/pr68860-2.c   -Os  -DPREVENT_OPTIMIZATION  line 16 arg5 == 5
FAIL: gcc.dg/guality/pr68860-2.c   -Os  -DPREVENT_OPTIMIZATION  line 16 arg6 == 6
FAIL: gcc.dg/guality/pr68860-2.c   -Os  -DPREVENT_OPTIMIZATION  line 16 arg7 == 30
FAIL: gcc.dg/guality/pr68860-2.c   -Os  -DPREVENT_OPTIMIZATION  line 16 arg8 == 7
FAIL: gcc.dg/guality/pr68860-2.c  -Og -DPREVENT_OPTIMIZATION  line 14 arg5 == 5
FAIL: gcc.dg/guality/pr68860-2.c  -Og -DPREVENT_OPTIMIZATION  line 14 arg6 == 6
FAIL: gcc.dg/guality/pr68860-2.c  -Og -DPREVENT_OPTIMIZATION  line 14 arg7 == 30
FAIL: gcc.dg/guality/pr68860-2.c  -Og -DPREVENT_OPTIMIZATION  line 14 arg8 == 7
FAIL: gcc.dg/guality/pr68860-2.c  -Og -DPREVENT_OPTIMIZATION  line 16 arg5 == 5
FAIL: gcc.dg/guality/pr68860-2.c  -Og -DPREVENT_OPTIMIZATION  line 16 arg6 == 6
FAIL: gcc.dg/guality/pr68860-2.c  -Og -DPREVENT_OPTIMIZATION  line 16 arg7 == 30
FAIL: gcc.dg/guality/pr68860-2.c  -Og -DPREVENT_OPTIMIZATION  line 16 arg8 == 7
FAIL: gcc.dg/guality/sra-1.c  -Og -DPREVENT_OPTIMIZATION  line 21 a.i == 4
FAIL: gcc.dg/guality/sra-1.c  -Og -DPREVENT_OPTIMIZATION  line 21 a.j == 14
FAIL: gcc.dg/guality/sra-1.c  -Og -DPREVENT_OPTIMIZATION  line 32 a[0] == 4
FAIL: gcc.dg/guality/sra-1.c  -Og -DPREVENT_OPTIMIZATION  line 32 a[1] == 14
FAIL: gcc.dg/guality/sra-1.c  -Og -DPREVENT_OPTIMIZATION  line 43 a.i == 4
FAIL: gcc.dg/guality/sra-1.c  -Og -DPREVENT_OPTIMIZATION  line 43 a.j == 14
FAIL: gcc.dg/guality/vla-1.c  -Og -DPREVENT_OPTIMIZATION  line 17 i == 5
FAIL: gcc.dg/guality/vla-1.c  -Og -DPREVENT_OPTIMIZATION  line 17 sizeof (a) == 6
XPASS: gcc.dg/ipa/iinline-4.c scan-ipa-dump inline "hooray4[^\\\\n]*inline copy in test4"
XPASS: gcc.dg/ipa/inline-5.c scan-ipa-dump-times fnsummary "Will be eliminated" 4
XPASS: gcc.dg/ipa/ipcp-cstagg-7.c scan-ipa-dump-times cp "Discovered an indirect call to a known target" 3
FAIL: gcc.dg/torture/20180712-1.c   -O1  (test for excess errors)
UNRESOLVED: gcc.dg/torture/20180712-1.c   -O1  compilation failed to produce executable
FAIL: gcc.dg/torture/20180712-1.c   -O2  (test for excess errors)
UNRESOLVED: gcc.dg/torture/20180712-1.c   -O2  compilation failed to produce executable
FAIL: gcc.dg/torture/20180712-1.c   -O2 -flto -fno-use-linker-plugin -flto-partition=none  (test for excess errors)
UNRESOLVED: gcc.dg/torture/20180712-1.c   -O2 -flto -fno-use-linker-plugin -flto-partition=none  compilation failed to produce executable
FAIL: gcc.dg/torture/20180712-1.c   -O2 -flto -fuse-linker-plugin -fno-fat-lto-objects  (test for excess errors)
UNRESOLVED: gcc.dg/torture/20180712-1.c   -O2 -flto -fuse-linker-plugin -fno-fat-lto-objects  compilation failed to produce executable
FAIL: gcc.dg/torture/20180712-1.c   -O3 -g  (test for excess errors)
UNRESOLVED: gcc.dg/torture/20180712-1.c   -O3 -g  compilation failed to produce executable
FAIL: gcc.dg/torture/20180712-1.c   -Os  (test for excess errors)
UNRESOLVED: gcc.dg/torture/20180712-1.c   -Os  compilation failed to produce executable
FAIL: gcc.dg/tree-ssa/builtin-sprintf-10.c (test for excess errors)
FAIL: gcc.dg/tree-ssa/builtin-sprintf-warn-18.c  (test for warnings, line 120)
FAIL: gcc.dg/tree-ssa/builtin-sprintf-warn-18.c  (test for warnings, line 122)
XPASS: gcc.dg/tree-ssa/loop-1.c scan-assembler-times foo 5
XPASS: gcc.dg/tree-ssa/vector-4.c scan-tree-dump-times gimple "VEC_PERM_EXPR <a, b, { 0, 4, 1, 5 }>;" 1
FAIL: gcc.target/hppa/shadd-3.c scan-assembler-times sh.add 5

		=== gcc Summary ===

# of expected passes		103650
# of unexpected failures	537
# of unexpected successes	18
# of expected failures		358
# of unresolved testcases	6
# of unsupported tests		2512
/home/dave/gnu/gcc/objdir/gcc/xgcc  version 9.0.0 20180912 (experimental) [trunk revision 264226] (GCC) 

		=== gfortran tests ===


Running target unix
FAIL: gfortran.dg/coarray/event_3.f08 -fcoarray=single  -O2  -latomic execution test
FAIL: gfortran.dg/elemental_subroutine_3.f90   -O1  (test for excess errors)
FAIL: gfortran.dg/elemental_subroutine_3.f90   -O2  (test for excess errors)
FAIL: gfortran.dg/elemental_subroutine_3.f90   -O3 -fomit-frame-pointer -funroll-loops -fpeel-loops -ftracer -finline-functions  (test for excess errors)
FAIL: gfortran.dg/elemental_subroutine_3.f90   -O3 -g  (test for excess errors)
FAIL: gfortran.dg/elemental_subroutine_3.f90   -Os  (test for excess errors)

		=== gfortran Summary ===

# of expected passes		46438
# of unexpected failures	6
# of expected failures		104
# of unsupported tests		356
/home/dave/gnu/gcc/objdir/gcc/gfortran  version 9.0.0 20180912 (experimental) [trunk revision 264226] (GCC) 

		=== gnat tests ===


Running target unix
FAIL: gnat.dg/dinst.adb scan-assembler loc [0-9] 5 [0-9]( is_stmt [0-9])? discriminator 1\\n
FAIL: gnat.dg/dinst.adb scan-assembler loc [0-9] 5 [0-9]( is_stmt [0-9])? discriminator 3\\n
FAIL: gnat.dg/dinst.adb scan-assembler loc [0-9] 5 [0-9]( is_stmt [0-9])? discriminator 4\\n

		=== gnat Summary ===

# of expected passes		2848
# of unexpected failures	3
# of expected failures		24
# of unsupported tests		24
/home/dave/gnu/gcc/objdir/gcc/gnatmake version 9.0.0 20180912 (experimental) [trunk revision 264226]

		=== obj-c++ tests ===


Running target unix

		=== obj-c++ Summary ===

# of expected passes		1464
# of expected failures		2
# of unsupported tests		77
/home/dave/gnu/gcc/objdir/gcc/xg++  version 9.0.0 20180912 (experimental) [trunk revision 264226] (GCC) 

		=== objc tests ===


Running target unix

		=== objc Summary ===

# of expected passes		2803
# of unsupported tests		68
/home/dave/gnu/gcc/objdir/gcc/xgcc  version 9.0.0 20180912 (experimental) [trunk revision 264226] (GCC) 

		=== libatomic tests ===


Running target unix

		=== libatomic Summary ===

# of expected passes		44
# of unsupported tests		5
		=== libgomp tests ===


Running target unix
UNRESOLVED: libgomp.oacc-c++/non-scalar-data.C -DACC_DEVICE_TYPE_host=1 -DACC_MEM_SHARED=1  -O2  compilation failed to produce executable

		=== libgomp Summary ===

# of expected passes		5986
# of expected failures		3
# of unresolved testcases	1
# of unsupported tests		395
		=== libstdc++ tests ===


Running target unix
FAIL: 22_locale/numpunct/members/char/3.cc execution test
FAIL: libstdc++-prettyprinters/cxx17.cc print ab
FAIL: libstdc++-prettyprinters/cxx17.cc print ai
FAIL: libstdc++-prettyprinters/cxx17.cc print am
FAIL: libstdc++-prettyprinters/cxx17.cc print ap
FAIL: libstdc++-prettyprinters/cxx17.cc print as
FAIL: libstdc++-prettyprinters/cxx17.cc print as2
FAIL: libstdc++-prettyprinters/libfundts.cc print ab
FAIL: libstdc++-prettyprinters/libfundts.cc print ai
FAIL: libstdc++-prettyprinters/libfundts.cc print am
FAIL: libstdc++-prettyprinters/libfundts.cc print ap
FAIL: libstdc++-prettyprinters/libfundts.cc print as
FAIL: libstdc++-prettyprinters/libfundts.cc print as2

		=== libstdc++ Summary ===

# of expected passes		12866
# of unexpected failures	13
# of expected failures		78
# of unsupported tests		318

Compiler version: 9.0.0 20180912 (experimental) [trunk revision 264226] (GCC) 
Platform: hppa-unknown-linux-gnu
configure flags: --with-gnu-as --with-gnu-ld --enable-shared --enable-multiarch --enable-linker-build-id --build=hppa-linux-gnu --host=hppa-linux-gnu --target=hppa-linux-gnu --prefix=/home/dave/opt/gnu/gcc/gcc-9 --with-local-prefix=/home/dave/opt/gnu --enable-threads=posix --enable-__cxa_atexit --build=hppa-linux-gnu --enable-clocale=gnu --enable-checking=release --enable-languages=c,c++,objc,fortran,obj-c++,ada,lto --without-ppl --disable-libstdcxx-pch --enable-libssp


Index Nav: [Date Index] [Subject Index] [Author Index] [Thread Index]
Message Nav: [Date Prev] [Date Next] [Thread Prev] [Thread Next]