This is the mail archive of the gcc-testresults@gcc.gnu.org mailing list for the GCC project.


Index Nav: [Date Index] [Subject Index] [Author Index] [Thread Index]
Message Nav: [Date Prev] [Date Next] [Thread Prev] [Thread Next]
Other format: [Raw text]

Results for 9.0.0 20180912 (experimental) [trunk revision 264226] (GCC) testsuite on x86_64-pc-linux-gnu


Native configuration is x86_64-pc-linux-gnu

		=== gcc tests ===


Running target unix
FAIL: gcc.dg/graphite/interchange-3.c scan-tree-dump graphite "tiled"
FAIL: gcc.dg/graphite/interchange-7.c scan-tree-dump graphite "tiled"
FAIL: gcc.dg/graphite/interchange-9.c scan-tree-dump graphite "tiled"
FAIL: gcc.dg/graphite/uns-interchange-9.c scan-tree-dump graphite "tiled"
XPASS: gcc.dg/guality/example.c   -O0  execution test
XPASS: gcc.dg/guality/example.c   -O1  -DPREVENT_OPTIMIZATION  execution test
XPASS: gcc.dg/guality/example.c   -O2  -DPREVENT_OPTIMIZATION  execution test
XPASS: gcc.dg/guality/example.c   -O2 -flto -fno-use-linker-plugin -flto-partition=none  -DPREVENT_OPTIMIZATION execution test
XPASS: gcc.dg/guality/example.c  -Og -DPREVENT_OPTIMIZATION  execution test
XPASS: gcc.dg/guality/guality.c   -O0  execution test
XPASS: gcc.dg/guality/guality.c   -O1  -DPREVENT_OPTIMIZATION  execution test
XPASS: gcc.dg/guality/guality.c   -O2  -DPREVENT_OPTIMIZATION  execution test
XPASS: gcc.dg/guality/guality.c   -O2 -flto -fno-use-linker-plugin -flto-partition=none  -DPREVENT_OPTIMIZATION execution test
XPASS: gcc.dg/guality/guality.c   -O2 -flto -fuse-linker-plugin -fno-fat-lto-objects  -DPREVENT_OPTIMIZATION execution test
XPASS: gcc.dg/guality/guality.c   -O3 -g  -DPREVENT_OPTIMIZATION  execution test
XPASS: gcc.dg/guality/guality.c   -Os  -DPREVENT_OPTIMIZATION  execution test
XPASS: gcc.dg/guality/guality.c  -Og -DPREVENT_OPTIMIZATION  execution test
XPASS: gcc.dg/guality/inline-params.c   -O2  -DPREVENT_OPTIMIZATION  execution test
XPASS: gcc.dg/guality/inline-params.c   -O2 -flto -fno-use-linker-plugin -flto-partition=none  -DPREVENT_OPTIMIZATION execution test
XPASS: gcc.dg/guality/inline-params.c   -O2 -flto -fuse-linker-plugin -fno-fat-lto-objects  -DPREVENT_OPTIMIZATION execution test
XPASS: gcc.dg/guality/inline-params.c   -O3 -g  -DPREVENT_OPTIMIZATION  execution test
XPASS: gcc.dg/guality/inline-params.c   -Os  -DPREVENT_OPTIMIZATION  execution test
XPASS: gcc.dg/guality/pr41353-1.c   -O0  line 28 j == 28 + 37
XPASS: gcc.dg/guality/pr41353-1.c  -Og -DPREVENT_OPTIMIZATION  line 28 j == 28 + 37
FAIL: gcc.dg/guality/pr54200.c  -Og -DPREVENT_OPTIMIZATION  line 20 z == 3
FAIL: gcc.dg/guality/pr54519-1.c   -O2 -flto -fno-use-linker-plugin -flto-partition=none  -DPREVENT_OPTIMIZATION line 20 y == 25
FAIL: gcc.dg/guality/pr54519-1.c   -O2 -flto -fno-use-linker-plugin -flto-partition=none  -DPREVENT_OPTIMIZATION line 20 z == 6
FAIL: gcc.dg/guality/pr54519-1.c   -O2 -flto -fno-use-linker-plugin -flto-partition=none  -DPREVENT_OPTIMIZATION line 23 y == 117
FAIL: gcc.dg/guality/pr54519-1.c   -O2 -flto -fno-use-linker-plugin -flto-partition=none  -DPREVENT_OPTIMIZATION line 23 z == 8
FAIL: gcc.dg/guality/pr54519-1.c   -O2 -flto -fuse-linker-plugin -fno-fat-lto-objects  -DPREVENT_OPTIMIZATION line 20 y == 25
FAIL: gcc.dg/guality/pr54519-1.c   -O2 -flto -fuse-linker-plugin -fno-fat-lto-objects  -DPREVENT_OPTIMIZATION line 20 z == 6
FAIL: gcc.dg/guality/pr54519-1.c   -O2 -flto -fuse-linker-plugin -fno-fat-lto-objects  -DPREVENT_OPTIMIZATION line 23 y == 117
FAIL: gcc.dg/guality/pr54519-1.c   -O2 -flto -fuse-linker-plugin -fno-fat-lto-objects  -DPREVENT_OPTIMIZATION line 23 z == 8
FAIL: gcc.dg/guality/pr54519-2.c   -O2 -flto -fno-use-linker-plugin -flto-partition=none  -DPREVENT_OPTIMIZATION line 17 y == 25
FAIL: gcc.dg/guality/pr54519-2.c   -O2 -flto -fuse-linker-plugin -fno-fat-lto-objects  -DPREVENT_OPTIMIZATION line 17 y == 25
FAIL: gcc.dg/guality/pr54519-3.c   -O2 -flto -fno-use-linker-plugin -flto-partition=none  -DPREVENT_OPTIMIZATION line 20 y == 25
FAIL: gcc.dg/guality/pr54519-3.c   -O2 -flto -fno-use-linker-plugin -flto-partition=none  -DPREVENT_OPTIMIZATION line 20 z == 6
FAIL: gcc.dg/guality/pr54519-3.c   -O2 -flto -fno-use-linker-plugin -flto-partition=none  -DPREVENT_OPTIMIZATION line 23 y == 117
FAIL: gcc.dg/guality/pr54519-3.c   -O2 -flto -fno-use-linker-plugin -flto-partition=none  -DPREVENT_OPTIMIZATION line 23 z == 8
FAIL: gcc.dg/guality/pr54519-3.c   -O2 -flto -fuse-linker-plugin -fno-fat-lto-objects  -DPREVENT_OPTIMIZATION line 20 y == 25
FAIL: gcc.dg/guality/pr54519-3.c   -O2 -flto -fuse-linker-plugin -fno-fat-lto-objects  -DPREVENT_OPTIMIZATION line 20 z == 6
FAIL: gcc.dg/guality/pr54519-3.c   -O2 -flto -fuse-linker-plugin -fno-fat-lto-objects  -DPREVENT_OPTIMIZATION line 23 y == 117
FAIL: gcc.dg/guality/pr54519-3.c   -O2 -flto -fuse-linker-plugin -fno-fat-lto-objects  -DPREVENT_OPTIMIZATION line 23 z == 8
FAIL: gcc.dg/guality/pr54519-4.c   -O2 -flto -fno-use-linker-plugin -flto-partition=none  -DPREVENT_OPTIMIZATION line 17 y == 25
FAIL: gcc.dg/guality/pr54519-4.c   -O2 -flto -fuse-linker-plugin -fno-fat-lto-objects  -DPREVENT_OPTIMIZATION line 17 y == 25
FAIL: gcc.dg/guality/pr54519-5.c   -O2 -flto -fno-use-linker-plugin -flto-partition=none  -DPREVENT_OPTIMIZATION line 17 y == 25
FAIL: gcc.dg/guality/pr54519-5.c   -O2 -flto -fuse-linker-plugin -fno-fat-lto-objects  -DPREVENT_OPTIMIZATION line 17 y == 25
XPASS: gcc.dg/guality/pr54970.c   -O0  line 31 a[0] == 4
XPASS: gcc.dg/guality/pr54970.c   -O0  line 36 a[0] == 4
XPASS: gcc.dg/guality/pr54970.c   -O0  line 45 a[0] == 4
XPASS: gcc.dg/guality/pr54970.c   -O0  line 45 p[-2] == 4
XPASS: gcc.dg/guality/pr54970.c   -O0  line 45 q[-1] == 4
FAIL: gcc.dg/guality/pr54970.c  -Og -DPREVENT_OPTIMIZATION  line 15 *p == 3
FAIL: gcc.dg/guality/pr54970.c  -Og -DPREVENT_OPTIMIZATION  line 15 *q == 2
FAIL: gcc.dg/guality/pr54970.c  -Og -DPREVENT_OPTIMIZATION  line 15 a[0] == 1
FAIL: gcc.dg/guality/pr54970.c  -Og -DPREVENT_OPTIMIZATION  line 15 a[1] == 2
FAIL: gcc.dg/guality/pr54970.c  -Og -DPREVENT_OPTIMIZATION  line 15 a[2] == 3
FAIL: gcc.dg/guality/pr54970.c  -Og -DPREVENT_OPTIMIZATION  line 20 *p == 13
FAIL: gcc.dg/guality/pr54970.c  -Og -DPREVENT_OPTIMIZATION  line 20 *q == 2
FAIL: gcc.dg/guality/pr54970.c  -Og -DPREVENT_OPTIMIZATION  line 20 a[0] == 1
FAIL: gcc.dg/guality/pr54970.c  -Og -DPREVENT_OPTIMIZATION  line 20 a[1] == 2
FAIL: gcc.dg/guality/pr54970.c  -Og -DPREVENT_OPTIMIZATION  line 20 a[2] == 13
FAIL: gcc.dg/guality/pr54970.c  -Og -DPREVENT_OPTIMIZATION  line 25 *p == 13
FAIL: gcc.dg/guality/pr54970.c  -Og -DPREVENT_OPTIMIZATION  line 25 *q == 12
FAIL: gcc.dg/guality/pr54970.c  -Og -DPREVENT_OPTIMIZATION  line 25 a[0] == 1
FAIL: gcc.dg/guality/pr54970.c  -Og -DPREVENT_OPTIMIZATION  line 25 a[1] == 12
FAIL: gcc.dg/guality/pr54970.c  -Og -DPREVENT_OPTIMIZATION  line 25 a[2] == 13
FAIL: gcc.dg/guality/pr54970.c  -Og -DPREVENT_OPTIMIZATION  line 31 *p == 6
FAIL: gcc.dg/guality/pr54970.c  -Og -DPREVENT_OPTIMIZATION  line 31 *q == 5
FAIL: gcc.dg/guality/pr54970.c  -Og -DPREVENT_OPTIMIZATION  line 31 a[1] == 5
FAIL: gcc.dg/guality/pr54970.c  -Og -DPREVENT_OPTIMIZATION  line 31 a[2] == 6
FAIL: gcc.dg/guality/pr54970.c  -Og -DPREVENT_OPTIMIZATION  line 36 *p == 26
FAIL: gcc.dg/guality/pr54970.c  -Og -DPREVENT_OPTIMIZATION  line 36 *q == 5
FAIL: gcc.dg/guality/pr54970.c  -Og -DPREVENT_OPTIMIZATION  line 36 a[1] == 5
FAIL: gcc.dg/guality/pr54970.c  -Og -DPREVENT_OPTIMIZATION  line 36 a[2] == 26
FAIL: gcc.dg/guality/pr54970.c  -Og -DPREVENT_OPTIMIZATION  line 45 *p == 26
FAIL: gcc.dg/guality/pr54970.c  -Og -DPREVENT_OPTIMIZATION  line 45 *q == 25
FAIL: gcc.dg/guality/pr54970.c  -Og -DPREVENT_OPTIMIZATION  line 45 a[1] == 25
FAIL: gcc.dg/guality/pr54970.c  -Og -DPREVENT_OPTIMIZATION  line 45 a[2] == 26
FAIL: gcc.dg/guality/pr54970.c  -Og -DPREVENT_OPTIMIZATION  line 45 p[-1] == 25
FAIL: gcc.dg/guality/pr54970.c  -Og -DPREVENT_OPTIMIZATION  line 45 q[1] == 26
FAIL: gcc.dg/guality/pr56154-1.c  -Og -DPREVENT_OPTIMIZATION  line pr56154-1.c:20 x.a == 6
FAIL: gcc.dg/guality/pr58791-4.c   -O2  -DPREVENT_OPTIMIZATION  line pr58791-4.c:32 i == 486
FAIL: gcc.dg/guality/pr58791-4.c   -O2  -DPREVENT_OPTIMIZATION  line pr58791-4.c:32 i2 == 487
FAIL: gcc.dg/guality/pr58791-4.c   -O2 -flto -fno-use-linker-plugin -flto-partition=none  -DPREVENT_OPTIMIZATION line pr58791-4.c:32 i == 486
FAIL: gcc.dg/guality/pr58791-4.c   -O2 -flto -fno-use-linker-plugin -flto-partition=none  -DPREVENT_OPTIMIZATION line pr58791-4.c:32 i2 == 487
FAIL: gcc.dg/guality/pr58791-4.c   -O2 -flto -fuse-linker-plugin -fno-fat-lto-objects  -DPREVENT_OPTIMIZATION line pr58791-4.c:32 i == 486
FAIL: gcc.dg/guality/pr58791-4.c   -O2 -flto -fuse-linker-plugin -fno-fat-lto-objects  -DPREVENT_OPTIMIZATION line pr58791-4.c:32 i2 == 487
FAIL: gcc.dg/guality/pr58791-4.c   -O3 -g  -DPREVENT_OPTIMIZATION  line pr58791-4.c:32 i == 486
FAIL: gcc.dg/guality/pr58791-4.c   -O3 -g  -DPREVENT_OPTIMIZATION  line pr58791-4.c:32 i2 == 487
FAIL: gcc.dg/guality/pr59776.c  -Og -DPREVENT_OPTIMIZATION  line pr59776.c:17 s1.f == 5.0
FAIL: gcc.dg/guality/pr59776.c  -Og -DPREVENT_OPTIMIZATION  line pr59776.c:17 s1.g == 6.0
FAIL: gcc.dg/guality/pr59776.c  -Og -DPREVENT_OPTIMIZATION  line pr59776.c:17 s2.f == 0.0
FAIL: gcc.dg/guality/pr59776.c  -Og -DPREVENT_OPTIMIZATION  line pr59776.c:17 s2.g == 6.0
FAIL: gcc.dg/guality/pr59776.c  -Og -DPREVENT_OPTIMIZATION  line pr59776.c:20 s1.f == 5.0
FAIL: gcc.dg/guality/pr59776.c  -Og -DPREVENT_OPTIMIZATION  line pr59776.c:20 s1.g == 6.0
FAIL: gcc.dg/guality/pr59776.c  -Og -DPREVENT_OPTIMIZATION  line pr59776.c:20 s2.f == 5.0
FAIL: gcc.dg/guality/pr59776.c  -Og -DPREVENT_OPTIMIZATION  line pr59776.c:20 s2.g == 6.0
FAIL: gcc.dg/guality/pr68860-1.c   -O2 -flto -fno-use-linker-plugin -flto-partition=none  -DPREVENT_OPTIMIZATION line 14 arg1 == 1
FAIL: gcc.dg/guality/pr68860-1.c   -O2 -flto -fno-use-linker-plugin -flto-partition=none  -DPREVENT_OPTIMIZATION line 14 arg2 == 2
FAIL: gcc.dg/guality/pr68860-1.c   -O2 -flto -fno-use-linker-plugin -flto-partition=none  -DPREVENT_OPTIMIZATION line 14 arg3 == 3
FAIL: gcc.dg/guality/pr68860-1.c   -O2 -flto -fno-use-linker-plugin -flto-partition=none  -DPREVENT_OPTIMIZATION line 14 arg4 == 4
FAIL: gcc.dg/guality/pr68860-1.c   -O2 -flto -fno-use-linker-plugin -flto-partition=none  -DPREVENT_OPTIMIZATION line 14 arg5 == 5
FAIL: gcc.dg/guality/pr68860-1.c   -O2 -flto -fno-use-linker-plugin -flto-partition=none  -DPREVENT_OPTIMIZATION line 14 arg6 == 6
FAIL: gcc.dg/guality/pr68860-1.c   -O2 -flto -fno-use-linker-plugin -flto-partition=none  -DPREVENT_OPTIMIZATION line 16 arg1 == 1
FAIL: gcc.dg/guality/pr68860-1.c   -O2 -flto -fno-use-linker-plugin -flto-partition=none  -DPREVENT_OPTIMIZATION line 16 arg2 == 2
FAIL: gcc.dg/guality/pr68860-1.c   -O2 -flto -fno-use-linker-plugin -flto-partition=none  -DPREVENT_OPTIMIZATION line 16 arg3 == 3
FAIL: gcc.dg/guality/pr68860-1.c   -O2 -flto -fno-use-linker-plugin -flto-partition=none  -DPREVENT_OPTIMIZATION line 16 arg4 == 4
FAIL: gcc.dg/guality/pr68860-1.c   -O2 -flto -fno-use-linker-plugin -flto-partition=none  -DPREVENT_OPTIMIZATION line 16 arg5 == 5
FAIL: gcc.dg/guality/pr68860-1.c   -O2 -flto -fno-use-linker-plugin -flto-partition=none  -DPREVENT_OPTIMIZATION line 16 arg6 == 6
FAIL: gcc.dg/guality/pr68860-1.c   -O2 -flto -fuse-linker-plugin -fno-fat-lto-objects  -DPREVENT_OPTIMIZATION line 14 arg1 == 1
FAIL: gcc.dg/guality/pr68860-1.c   -O2 -flto -fuse-linker-plugin -fno-fat-lto-objects  -DPREVENT_OPTIMIZATION line 14 arg2 == 2
FAIL: gcc.dg/guality/pr68860-1.c   -O2 -flto -fuse-linker-plugin -fno-fat-lto-objects  -DPREVENT_OPTIMIZATION line 14 arg3 == 3
FAIL: gcc.dg/guality/pr68860-1.c   -O2 -flto -fuse-linker-plugin -fno-fat-lto-objects  -DPREVENT_OPTIMIZATION line 14 arg4 == 4
FAIL: gcc.dg/guality/pr68860-1.c   -O2 -flto -fuse-linker-plugin -fno-fat-lto-objects  -DPREVENT_OPTIMIZATION line 14 arg5 == 5
FAIL: gcc.dg/guality/pr68860-1.c   -O2 -flto -fuse-linker-plugin -fno-fat-lto-objects  -DPREVENT_OPTIMIZATION line 14 arg6 == 6
FAIL: gcc.dg/guality/pr68860-1.c   -O2 -flto -fuse-linker-plugin -fno-fat-lto-objects  -DPREVENT_OPTIMIZATION line 16 arg1 == 1
FAIL: gcc.dg/guality/pr68860-1.c   -O2 -flto -fuse-linker-plugin -fno-fat-lto-objects  -DPREVENT_OPTIMIZATION line 16 arg2 == 2
FAIL: gcc.dg/guality/pr68860-1.c   -O2 -flto -fuse-linker-plugin -fno-fat-lto-objects  -DPREVENT_OPTIMIZATION line 16 arg3 == 3
FAIL: gcc.dg/guality/pr68860-1.c   -O2 -flto -fuse-linker-plugin -fno-fat-lto-objects  -DPREVENT_OPTIMIZATION line 16 arg4 == 4
FAIL: gcc.dg/guality/pr68860-1.c   -O2 -flto -fuse-linker-plugin -fno-fat-lto-objects  -DPREVENT_OPTIMIZATION line 16 arg5 == 5
FAIL: gcc.dg/guality/pr68860-1.c   -O2 -flto -fuse-linker-plugin -fno-fat-lto-objects  -DPREVENT_OPTIMIZATION line 16 arg6 == 6
FAIL: gcc.dg/guality/sra-1.c  -Og -DPREVENT_OPTIMIZATION  line 21 a.i == 4
FAIL: gcc.dg/guality/sra-1.c  -Og -DPREVENT_OPTIMIZATION  line 21 a.j == 14
FAIL: gcc.dg/guality/sra-1.c  -Og -DPREVENT_OPTIMIZATION  line 32 a[0] == 4
FAIL: gcc.dg/guality/sra-1.c  -Og -DPREVENT_OPTIMIZATION  line 32 a[1] == 14
FAIL: gcc.dg/guality/sra-1.c  -Og -DPREVENT_OPTIMIZATION  line 43 a.i == 4
FAIL: gcc.dg/guality/sra-1.c  -Og -DPREVENT_OPTIMIZATION  line 43 a.j == 14
FAIL: gcc.dg/guality/vla-1.c   -O1  -DPREVENT_OPTIMIZATION  line 17 sizeof (a) == 6
FAIL: gcc.dg/guality/vla-1.c   -O2  -DPREVENT_OPTIMIZATION  line 17 sizeof (a) == 6
FAIL: gcc.dg/guality/vla-1.c   -O2 -flto -fno-use-linker-plugin -flto-partition=none  -DPREVENT_OPTIMIZATION line 17 sizeof (a) == 6
FAIL: gcc.dg/guality/vla-1.c   -O2 -flto -fuse-linker-plugin -fno-fat-lto-objects  -DPREVENT_OPTIMIZATION line 17 sizeof (a) == 6
FAIL: gcc.dg/guality/vla-1.c   -O3 -g  -DPREVENT_OPTIMIZATION  line 17 sizeof (a) == 6
FAIL: gcc.dg/guality/vla-1.c   -Os  -DPREVENT_OPTIMIZATION  line 17 sizeof (a) == 6
FAIL: gcc.dg/vect/no-section-anchors-vect-31.c scan-tree-dump-times vect "Alignment of access forced using peeling" 2
FAIL: gcc.dg/vect/no-section-anchors-vect-31.c scan-tree-dump-times vect "Vectorizing an unaligned access" 0
FAIL: gcc.dg/vect/no-section-anchors-vect-64.c scan-tree-dump-times vect "Alignment of access forced using peeling" 2
FAIL: gcc.dg/vect/no-section-anchors-vect-64.c scan-tree-dump-times vect "Vectorizing an unaligned access" 0
FAIL: gcc.dg/vect/slp-cond-5.c -flto -ffat-lto-objects  scan-tree-dump-times vect "vectorizing stmts using SLP" 1
FAIL: gcc.dg/vect/slp-cond-5.c scan-tree-dump-times vect "vectorizing stmts using SLP" 1
FAIL: gcc.dg/vect/vect-24.c -flto -ffat-lto-objects  scan-tree-dump-times vect "Vectorizing an unaligned access" 0
XPASS: gcc.dg/vect/vect-24.c -flto -ffat-lto-objects  scan-tree-dump-times vect "vectorized 3 loops" 1
FAIL: gcc.dg/vect/vect-24.c scan-tree-dump-times vect "Vectorizing an unaligned access" 0
XPASS: gcc.dg/vect/vect-24.c scan-tree-dump-times vect "vectorized 3 loops" 1
FAIL: gcc.dg/vect/vect-92.c -flto -ffat-lto-objects  scan-tree-dump-times vect "Alignment of access forced using peeling" 3
FAIL: gcc.dg/vect/vect-92.c -flto -ffat-lto-objects  scan-tree-dump-times vect "Vectorizing an unaligned access" 0
FAIL: gcc.dg/vect/vect-92.c scan-tree-dump-times vect "Alignment of access forced using peeling" 3
FAIL: gcc.dg/vect/vect-92.c scan-tree-dump-times vect "Vectorizing an unaligned access" 0
FAIL: gcc.dg/vect/vect-bool-cmp.c -flto -ffat-lto-objects  scan-tree-dump-times vect "VECTORIZED" 18
FAIL: gcc.dg/vect/vect-bool-cmp.c scan-tree-dump-times vect "VECTORIZED" 18
FAIL: gcc.dg/vect/vect-cselim-1.c -flto -ffat-lto-objects  scan-tree-dump-times vect "vectorized 1 loops" 1
FAIL: gcc.dg/vect/vect-cselim-1.c scan-tree-dump-times vect "vectorized 1 loops" 1
FAIL: gcc.dg/vect/vect-nb-iter-ub-2.c -flto -ffat-lto-objects  scan-tree-dump cunroll "loop turned into non-loop; it never loops"
FAIL: gcc.dg/vect/vect-nb-iter-ub-2.c scan-tree-dump cunroll "loop turned into non-loop; it never loops"
FAIL: gcc.dg/vect/vect-nb-iter-ub-3.c -flto -ffat-lto-objects  scan-tree-dump-not cunroll "loop turned into non-loop; it never loops"
FAIL: gcc.dg/vect/vect-nb-iter-ub-3.c scan-tree-dump-not cunroll "loop turned into non-loop; it never loops"
FAIL: gcc.target/i386/avx2-gather-6.c scan-tree-dump-times vect "vectorized 1 loops in function" 1
FAIL: gcc.target/i386/avx2-vbroadcastss_ps256-1.c scan-assembler vbroadcastss[ \\\\t]+[^\\n]*%xmm[0-9]
FAIL: gcc.target/i386/avx2-vextracti128-1.c scan-assembler vextracti128[ \\\\t]+[^\\n]*%ymm[0-9]
FAIL: gcc.target/i386/avx2-vinserti128-1.c scan-assembler vinserti128[ \\\\t]+[^\\n]
FAIL: gcc.target/i386/avx256-unaligned-load-2.c scan-assembler (sse2_loaddqu|(vmovdqu|vmovups)[^\\n\\r]*movv16qi_internal)
FAIL: gcc.target/i386/avx256-unaligned-load-2.c scan-assembler vinsert.128
FAIL: gcc.target/i386/avx256-unaligned-load-3.c scan-assembler (sse2_loadupd|vmovupd[^\\n\\r]*movv2df_internal)
FAIL: gcc.target/i386/avx256-unaligned-load-3.c scan-assembler vinsertf128
FAIL: gcc.target/i386/avx256-unaligned-load-4.c scan-assembler-not (sse_loadups|vmovups[^\\n\\r]*movv4sf_internal)
FAIL: gcc.target/i386/avx256-unaligned-store-3.c scan-assembler vextractf128
FAIL: gcc.target/i386/avx256-unaligned-store-3.c scan-assembler vmovups.*movv2df_internal/3
FAIL: gcc.target/i386/avx512er-vrcp28ps-4.c scan-assembler-times vrcp28ps[^\\n\\r]*zmm[0-9]+(?:\\n|[ \\\\t]+#) 1
FAIL: gcc.target/i386/avx512er-vrsqrt28ps-4.c scan-assembler-times vrsqrt28ps[^\\n\\r]*zmm[0-9]+(?:\\n|[ \\\\t]+#) 1
FAIL: gcc.target/i386/avx512er-vrsqrt28ps-6.c scan-assembler-times vrcp28ps[^\\n\\r]*zmm[0-9]+(?:\\n|[ \\\\t]+#) 1
FAIL: gcc.target/i386/avx512er-vrsqrt28ps-6.c scan-assembler-times vrsqrt28ps[^\\n\\r]*zmm[0-9]+(?:\\n|[ \\\\t]+#) 1
FAIL: gcc.target/i386/avx512f-ceil-sfix-vec-2.c scan-assembler-times vcvttpd2dq[^\\n]*zmm[0-9].{7}(?:\\n|[ \\\\t]+#) 2
FAIL: gcc.target/i386/avx512f-ceil-sfix-vec-2.c scan-assembler-times vrndscalepd[^\\n]*zmm[0-9](?:\\n|[ \\\\t]+#) 2
FAIL: gcc.target/i386/avx512f-ceil-vec-2.c scan-assembler-times vrndscalepd[^\\n]+zmm[0-9](?:\\n|[ \\\\t]+#) 1
FAIL: gcc.target/i386/avx512f-ceilf-sfix-vec-2.c scan-assembler-times vcvttps2dq[^\\n]+zmm[0-9].{7}(?:\\n|[ \\\\t]+#) 1
FAIL: gcc.target/i386/avx512f-ceilf-sfix-vec-2.c scan-assembler-times vrndscaleps[^\\n]+zmm[0-9](?:\\n|[ \\\\t]+#) 1
FAIL: gcc.target/i386/avx512f-ceilf-vec-2.c scan-assembler-times vrndscaleps[^\\n]+zmm[0-9](?:\\n|[ \\\\t]+#) 1
FAIL: gcc.target/i386/avx512f-floor-sfix-vec-2.c scan-assembler-times vcvttpd2dq[^\\n]*zmm[0-9].{7}(?:\\n|[ \\\\t]+#) 2
FAIL: gcc.target/i386/avx512f-floor-sfix-vec-2.c scan-assembler-times vrndscalepd[^\\n]*zmm[0-9](?:\\n|[ \\\\t]+#) 2
FAIL: gcc.target/i386/avx512f-floor-vec-2.c scan-assembler-times vrndscalepd[^\\n]+zmm[0-9](?:\\n|[ \\\\t]+#) 1
FAIL: gcc.target/i386/avx512f-floorf-sfix-vec-2.c scan-assembler-times vcvttps2dq[^\\n]+zmm[0-9].{7}(?:\\n|[ \\\\t]+#) 1
FAIL: gcc.target/i386/avx512f-floorf-sfix-vec-2.c scan-assembler-times vrndscaleps[^\\n]+zmm[0-9](?:\\n|[ \\\\t]+#) 1
FAIL: gcc.target/i386/avx512f-floorf-vec-2.c scan-assembler-times vrndscaleps[^\\n]+zmm[0-9](?:\\n|[ \\\\t]+#) 1
FAIL: gcc.target/i386/avx512f-rint-sfix-vec-2.c scan-assembler-times vcvtpd2dq[^\\n]+ymm[0-9](?:\\n|[ \\\\t]+#) 2
FAIL: gcc.target/i386/avx512f-rint-sfix-vec-2.c scan-assembler-times vinserti64x4[^\\n]+zmm[0-9](?:\\n|[ \\\\t]+#) 1
FAIL: gcc.target/i386/avx512f-rintf-sfix-vec-2.c scan-assembler-times vcvtps2dq[^\\n]+zmm[0-9](?:\\n|[ \\\\t]+#) 1
FAIL: gcc.target/i386/avx512f-round-sfix-vec-2.c scan-assembler-times vcvttpd2dq[^\\n]+zmm[0-9].{7}(?:\\n|[ \\\\t]+#) 2
FAIL: gcc.target/i386/avx512f-round-sfix-vec-2.c scan-assembler-times vrndscalepd[^\\n]+zmm[0-9](?:\\n|[ \\\\t]+#) 2
FAIL: gcc.target/i386/avx512f-roundf-sfix-vec-2.c scan-assembler-times vcvttps2dq[^\\n]+zmm[0-9].{7}(?:\\n|[ \\\\t]+#) 1
FAIL: gcc.target/i386/avx512f-roundf-sfix-vec-2.c scan-assembler-times vrndscaleps[^\\n]+zmm[0-9](?:\\n|[ \\\\t]+#) 1
FAIL: gcc.target/i386/avx512f-trunc-vec-2.c scan-assembler-times vrndscalepd[^\\n]+zmm[0-9](?:\\n|[ \\\\t]+#) 1
FAIL: gcc.target/i386/avx512f-truncf-vec-2.c scan-assembler-times vrndscaleps[^\\n]+zmm[0-9](?:\\n|[ \\\\t]+#) 1
FAIL: gcc.target/i386/avx512f-vec-init.c scan-assembler-times vpbroadcastb[ \\\\t]+[^{\\n]*%ymm[0-9]+(?:\\n|[ \\\\t]+#) 2
FAIL: gcc.target/i386/avx512f-vec-init.c scan-assembler-times vpbroadcastw[ \\\\t]+[^{\\n]*%ymm[0-9]+(?:\\n|[ \\\\t]+#) 2
FAIL: gcc.target/i386/avx512f_cond_move.c scan-assembler-times (?:vpblendmd|vmovdqa32)[ \\\\t]+[^{\\n]*%zmm[0-9]+{%k[1-7]}{z}(?:\\n|[ \\\\t]+#) 8
FAIL: gcc.target/i386/avx512vl-pr79299-1.c (test for excess errors)
FAIL: gcc.target/i386/avx512vl-pr79299-2.c (test for excess errors)
FAIL: gcc.target/i386/fma4-256-vector.c scan-assembler vfmaddpd
FAIL: gcc.target/i386/fma4-256-vector.c scan-assembler vfmaddps
FAIL: gcc.target/i386/fma4-256-vector.c scan-assembler vfmsubpd
FAIL: gcc.target/i386/fma4-256-vector.c scan-assembler vfmsubps
FAIL: gcc.target/i386/fma4-256-vector.c scan-assembler vfnmaddpd
FAIL: gcc.target/i386/fma4-256-vector.c scan-assembler vfnmaddps
FAIL: gcc.target/i386/fma4-builtin-2.c scan-assembler-times vfmaddpd 1
FAIL: gcc.target/i386/fma4-builtin-2.c scan-assembler-times vfmaddps 1
FAIL: gcc.target/i386/fma4-builtin-2.c scan-assembler-times vfmsubpd 1
FAIL: gcc.target/i386/fma4-builtin-2.c scan-assembler-times vfmsubps 1
FAIL: gcc.target/i386/fma4-builtin-2.c scan-assembler-times vfnmaddpd 1
FAIL: gcc.target/i386/fma4-builtin-2.c scan-assembler-times vfnmaddps 1
FAIL: gcc.target/i386/fma4-builtin-2.c scan-assembler-times vfnmsubpd 1
FAIL: gcc.target/i386/fma4-builtin-2.c scan-assembler-times vfnmsubps 1
FAIL: gcc.target/i386/fma4-vector-2.c scan-assembler vfmaddps
FAIL: gcc.target/i386/fma4-vector-2.c scan-assembler vfmsubps
FAIL: gcc.target/i386/fma4-vector.c scan-assembler vfmaddpd
FAIL: gcc.target/i386/fma4-vector.c scan-assembler vfmaddps
FAIL: gcc.target/i386/fma4-vector.c scan-assembler vfmsubpd
FAIL: gcc.target/i386/fma4-vector.c scan-assembler vfmsubps
FAIL: gcc.target/i386/fma4-vector.c scan-assembler vfnmaddpd
FAIL: gcc.target/i386/fma4-vector.c scan-assembler vfnmaddps
FAIL: gcc.target/i386/l_fma_double_1.c scan-assembler-times vfmadd[123]+sd 32
FAIL: gcc.target/i386/l_fma_double_1.c scan-assembler-times vfmsub[123]+sd 32
FAIL: gcc.target/i386/l_fma_double_1.c scan-assembler-times vfnmadd[123]+sd 32
FAIL: gcc.target/i386/l_fma_double_1.c scan-assembler-times vfnmsub[123]+sd 32
FAIL: gcc.target/i386/l_fma_double_2.c scan-assembler-times vfmadd[123]+sd 32
FAIL: gcc.target/i386/l_fma_double_2.c scan-assembler-times vfmsub[123]+sd 32
FAIL: gcc.target/i386/l_fma_double_2.c scan-assembler-times vfnmadd[123]+sd 32
FAIL: gcc.target/i386/l_fma_double_2.c scan-assembler-times vfnmsub[123]+sd 32
FAIL: gcc.target/i386/l_fma_double_3.c scan-assembler-times vfmadd[123]+sd 32
FAIL: gcc.target/i386/l_fma_double_3.c scan-assembler-times vfmsub[123]+sd 32
FAIL: gcc.target/i386/l_fma_double_3.c scan-assembler-times vfnmadd[123]+sd 32
FAIL: gcc.target/i386/l_fma_double_3.c scan-assembler-times vfnmsub[123]+sd 32
FAIL: gcc.target/i386/l_fma_double_4.c scan-assembler-times vfmadd[123]+sd 32
FAIL: gcc.target/i386/l_fma_double_4.c scan-assembler-times vfmsub[123]+sd 32
FAIL: gcc.target/i386/l_fma_double_4.c scan-assembler-times vfnmadd[123]+sd 32
FAIL: gcc.target/i386/l_fma_double_4.c scan-assembler-times vfnmsub[123]+sd 32
FAIL: gcc.target/i386/l_fma_double_5.c scan-assembler-times vfmadd[123]+sd 32
FAIL: gcc.target/i386/l_fma_double_5.c scan-assembler-times vfmsub[123]+sd 32
FAIL: gcc.target/i386/l_fma_double_5.c scan-assembler-times vfnmadd[123]+sd 32
FAIL: gcc.target/i386/l_fma_double_5.c scan-assembler-times vfnmsub[123]+sd 32
FAIL: gcc.target/i386/l_fma_double_6.c scan-assembler-times vfmadd[123]+sd 32
FAIL: gcc.target/i386/l_fma_double_6.c scan-assembler-times vfmsub[123]+sd 32
FAIL: gcc.target/i386/l_fma_double_6.c scan-assembler-times vfnmadd[123]+sd 32
FAIL: gcc.target/i386/l_fma_double_6.c scan-assembler-times vfnmsub[123]+sd 32
FAIL: gcc.target/i386/l_fma_float_1.c scan-assembler-times vfmadd[123]+ss 64
FAIL: gcc.target/i386/l_fma_float_1.c scan-assembler-times vfmsub[123]+ss 64
FAIL: gcc.target/i386/l_fma_float_1.c scan-assembler-times vfnmadd[123]+ss 64
FAIL: gcc.target/i386/l_fma_float_1.c scan-assembler-times vfnmsub[123]+ss 64
FAIL: gcc.target/i386/l_fma_float_2.c scan-assembler-times vfmadd[123]+ss 64
FAIL: gcc.target/i386/l_fma_float_2.c scan-assembler-times vfmsub[123]+ss 64
FAIL: gcc.target/i386/l_fma_float_2.c scan-assembler-times vfnmadd[123]+ss 64
FAIL: gcc.target/i386/l_fma_float_2.c scan-assembler-times vfnmsub[123]+ss 64
FAIL: gcc.target/i386/l_fma_float_3.c scan-assembler-times vfmadd[123]+ss 64
FAIL: gcc.target/i386/l_fma_float_3.c scan-assembler-times vfmsub[123]+ss 64
FAIL: gcc.target/i386/l_fma_float_3.c scan-assembler-times vfnmadd[123]+ss 64
FAIL: gcc.target/i386/l_fma_float_3.c scan-assembler-times vfnmsub[123]+ss 64
FAIL: gcc.target/i386/l_fma_float_4.c scan-assembler-times vfmadd[123]+ss 64
FAIL: gcc.target/i386/l_fma_float_4.c scan-assembler-times vfmsub[123]+ss 64
FAIL: gcc.target/i386/l_fma_float_4.c scan-assembler-times vfnmadd[123]+ss 64
FAIL: gcc.target/i386/l_fma_float_4.c scan-assembler-times vfnmsub[123]+ss 64
FAIL: gcc.target/i386/l_fma_float_5.c scan-assembler-times vfmadd[123]+ss 64
FAIL: gcc.target/i386/l_fma_float_5.c scan-assembler-times vfmsub[123]+ss 64
FAIL: gcc.target/i386/l_fma_float_5.c scan-assembler-times vfnmadd[123]+ss 64
FAIL: gcc.target/i386/l_fma_float_5.c scan-assembler-times vfnmsub[123]+ss 64
FAIL: gcc.target/i386/l_fma_float_6.c scan-assembler-times vfmadd[123]+ss 64
FAIL: gcc.target/i386/l_fma_float_6.c scan-assembler-times vfmsub[123]+ss 64
FAIL: gcc.target/i386/l_fma_float_6.c scan-assembler-times vfnmadd[123]+ss 64
FAIL: gcc.target/i386/l_fma_float_6.c scan-assembler-times vfnmsub[123]+ss 64
FAIL: gcc.target/i386/mask-pack.c scan-tree-dump-times vect "vectorized 1 loops" 10
FAIL: gcc.target/i386/mask-unpack.c scan-tree-dump-times vect "vectorized 1 loops" 10
FAIL: gcc.target/i386/mvc6.c scan-assembler punpcklbw
FAIL: gcc.target/i386/pieces-memcpy-5.c scan-assembler-times vmovdqu[ \\\\t]+[^\\n]*%xmm 1
FAIL: gcc.target/i386/pr42542-5a.c scan-assembler pcmpgtq
FAIL: gcc.target/i386/pr52252-atom.c scan-assembler palignr
FAIL: gcc.target/i386/pr57233.c scan-assembler vpslld[^\\n\\r]*2
FAIL: gcc.target/i386/pr57233.c scan-assembler vpsrld[^\\n\\r]*30
FAIL: gcc.target/i386/pr59390.c scan-assembler-not vfmadd
FAIL: gcc.target/i386/pr61403.c scan-assembler rsqrtps
FAIL: gcc.target/i386/pr70325.c  (test for warnings, line 11)
FAIL: gcc.target/i386/pr70325.c (test for excess errors)
FAIL: gcc.target/i386/pr79723.c scan-assembler mov[au]p.[ \\t][^,]+, %gs:
FAIL: gcc.target/i386/pr80846-1.c scan-assembler-times vextracti 2
FAIL: gcc.target/i386/pr84876.c  (test for errors, line 6)
FAIL: gcc.target/i386/pr85417-1.c scan-assembler punpcklbw
FAIL: gcc.target/i386/pr85950.c scan-assembler-times roundsd 4
FAIL: gcc.target/i386/recip-vec-divf-avx.c scan-assembler vrcpps[ \\\\t]+[^\\n]*%ymm
FAIL: gcc.target/i386/recip-vec-sqrtf-avx.c scan-assembler-times vrsqrtps[ \\\\t]+[^\\n]*%ymm 3
FAIL: gcc.target/i386/vect-pack-trunc-1.c scan-assembler-times vpmovwb[ \\\\t]+[^\\n]*%zmm 2
FAIL: gcc.target/i386/vect-pack-trunc-2.c scan-assembler-times vperm[it]2w[ \\\\t]+[^\\n]*%zmm 1
FAIL: gcc.target/i386/vect-perm-even-1.c scan-assembler-times vpmovwb[ \\\\t]+[^\\n]*%zmm 2
FAIL: gcc.target/i386/vect-perm-odd-1.c scan-assembler-times vpmovwb[ \\\\t]+[^\\n]*%zmm 4
FAIL: gcc.target/i386/vect-rebuild.c scan-assembler-times \\tv?extractf128[ \\t] 1
FAIL: gcc.target/i386/vect-unpack-1.c scan-assembler-times vpmovzxbw[ \\\\t]+[^\\n]*%zmm 2
FAIL: gcc.target/i386/vect-unpack-2.c scan-assembler-times vpmovsxbw[ \\\\t]+[^\\n]*%zmm 2
FAIL: gcc.target/i386/vectorize1.c scan-tree-dump vect "vect_cst"
FAIL: gcc.target/i386/vectorize4-avx.c scan-assembler vsqrtpd[ \\\\t]+[^\\n]*%ymm
FAIL: gcc.target/i386/vectorize7.c scan-assembler cvtdq2ps

		=== gcc Summary for unix ===

# of expected passes		138241
# of unexpected failures	269
# of unexpected successes	27
# of expected failures		474
# of unsupported tests		2192

Running target unix/-m32
FAIL: gcc.dg/graphite/interchange-3.c scan-tree-dump graphite "tiled"
FAIL: gcc.dg/graphite/interchange-7.c scan-tree-dump graphite "tiled"
FAIL: gcc.dg/graphite/interchange-9.c scan-tree-dump graphite "tiled"
FAIL: gcc.dg/graphite/uns-interchange-9.c scan-tree-dump graphite "tiled"
XPASS: gcc.dg/guality/example.c   -O0  execution test
XPASS: gcc.dg/guality/example.c   -O1  -DPREVENT_OPTIMIZATION  execution test
XPASS: gcc.dg/guality/example.c   -O2  -DPREVENT_OPTIMIZATION  execution test
XPASS: gcc.dg/guality/example.c   -O2 -flto -fno-use-linker-plugin -flto-partition=none  -DPREVENT_OPTIMIZATION execution test
XPASS: gcc.dg/guality/example.c  -Og -DPREVENT_OPTIMIZATION  execution test
XPASS: gcc.dg/guality/guality.c   -O0  execution test
XPASS: gcc.dg/guality/guality.c   -O1  -DPREVENT_OPTIMIZATION  execution test
XPASS: gcc.dg/guality/guality.c   -O2  -DPREVENT_OPTIMIZATION  execution test
XPASS: gcc.dg/guality/guality.c   -O2 -flto -fno-use-linker-plugin -flto-partition=none  -DPREVENT_OPTIMIZATION execution test
XPASS: gcc.dg/guality/guality.c   -O2 -flto -fuse-linker-plugin -fno-fat-lto-objects  -DPREVENT_OPTIMIZATION execution test
XPASS: gcc.dg/guality/guality.c   -O3 -g  -DPREVENT_OPTIMIZATION  execution test
XPASS: gcc.dg/guality/guality.c   -Os  -DPREVENT_OPTIMIZATION  execution test
XPASS: gcc.dg/guality/guality.c  -Og -DPREVENT_OPTIMIZATION  execution test
XPASS: gcc.dg/guality/inline-params.c   -O2  -DPREVENT_OPTIMIZATION  execution test
XPASS: gcc.dg/guality/inline-params.c   -O2 -flto -fno-use-linker-plugin -flto-partition=none  -DPREVENT_OPTIMIZATION execution test
XPASS: gcc.dg/guality/inline-params.c   -O2 -flto -fuse-linker-plugin -fno-fat-lto-objects  -DPREVENT_OPTIMIZATION execution test
XPASS: gcc.dg/guality/inline-params.c   -O3 -g  -DPREVENT_OPTIMIZATION  execution test
XPASS: gcc.dg/guality/inline-params.c   -Os  -DPREVENT_OPTIMIZATION  execution test
XPASS: gcc.dg/guality/pr41353-1.c   -O0  line 28 j == 28 + 37
XPASS: gcc.dg/guality/pr41353-1.c   -Os  -DPREVENT_OPTIMIZATION  line 28 j == 28 + 37
XPASS: gcc.dg/guality/pr41353-1.c  -Og -DPREVENT_OPTIMIZATION  line 28 j == 28 + 37
FAIL: gcc.dg/guality/pr41447-1.c   -O2  -DPREVENT_OPTIMIZATION  execution test
FAIL: gcc.dg/guality/pr41447-1.c   -O2 -flto -fno-use-linker-plugin -flto-partition=none  -DPREVENT_OPTIMIZATION execution test
FAIL: gcc.dg/guality/pr41447-1.c   -O3 -g  -DPREVENT_OPTIMIZATION  execution test
FAIL: gcc.dg/guality/pr54519-1.c   -O2 -flto -fno-use-linker-plugin -flto-partition=none  -DPREVENT_OPTIMIZATION line 20 y == 25
FAIL: gcc.dg/guality/pr54519-1.c   -O2 -flto -fno-use-linker-plugin -flto-partition=none  -DPREVENT_OPTIMIZATION line 20 z == 6
FAIL: gcc.dg/guality/pr54519-1.c   -O2 -flto -fno-use-linker-plugin -flto-partition=none  -DPREVENT_OPTIMIZATION line 23 y == 117
FAIL: gcc.dg/guality/pr54519-1.c   -O2 -flto -fno-use-linker-plugin -flto-partition=none  -DPREVENT_OPTIMIZATION line 23 z == 8
FAIL: gcc.dg/guality/pr54519-1.c   -O2 -flto -fuse-linker-plugin -fno-fat-lto-objects  -DPREVENT_OPTIMIZATION line 20 y == 25
FAIL: gcc.dg/guality/pr54519-1.c   -O2 -flto -fuse-linker-plugin -fno-fat-lto-objects  -DPREVENT_OPTIMIZATION line 20 z == 6
FAIL: gcc.dg/guality/pr54519-1.c   -O2 -flto -fuse-linker-plugin -fno-fat-lto-objects  -DPREVENT_OPTIMIZATION line 23 y == 117
FAIL: gcc.dg/guality/pr54519-1.c   -O2 -flto -fuse-linker-plugin -fno-fat-lto-objects  -DPREVENT_OPTIMIZATION line 23 z == 8
FAIL: gcc.dg/guality/pr54519-2.c   -O2 -flto -fno-use-linker-plugin -flto-partition=none  -DPREVENT_OPTIMIZATION line 17 y == 25
FAIL: gcc.dg/guality/pr54519-2.c   -O2 -flto -fuse-linker-plugin -fno-fat-lto-objects  -DPREVENT_OPTIMIZATION line 17 y == 25
FAIL: gcc.dg/guality/pr54519-3.c   -O2 -flto -fno-use-linker-plugin -flto-partition=none  -DPREVENT_OPTIMIZATION line 20 y == 25
FAIL: gcc.dg/guality/pr54519-3.c   -O2 -flto -fno-use-linker-plugin -flto-partition=none  -DPREVENT_OPTIMIZATION line 20 z == 6
FAIL: gcc.dg/guality/pr54519-3.c   -O2 -flto -fno-use-linker-plugin -flto-partition=none  -DPREVENT_OPTIMIZATION line 23 y == 117
FAIL: gcc.dg/guality/pr54519-3.c   -O2 -flto -fno-use-linker-plugin -flto-partition=none  -DPREVENT_OPTIMIZATION line 23 z == 8
FAIL: gcc.dg/guality/pr54519-3.c   -O2 -flto -fuse-linker-plugin -fno-fat-lto-objects  -DPREVENT_OPTIMIZATION line 20 y == 25
FAIL: gcc.dg/guality/pr54519-3.c   -O2 -flto -fuse-linker-plugin -fno-fat-lto-objects  -DPREVENT_OPTIMIZATION line 20 z == 6
FAIL: gcc.dg/guality/pr54519-3.c   -O2 -flto -fuse-linker-plugin -fno-fat-lto-objects  -DPREVENT_OPTIMIZATION line 23 y == 117
FAIL: gcc.dg/guality/pr54519-3.c   -O2 -flto -fuse-linker-plugin -fno-fat-lto-objects  -DPREVENT_OPTIMIZATION line 23 z == 8
FAIL: gcc.dg/guality/pr54519-4.c   -O2 -flto -fno-use-linker-plugin -flto-partition=none  -DPREVENT_OPTIMIZATION line 17 y == 25
FAIL: gcc.dg/guality/pr54519-4.c   -O2 -flto -fuse-linker-plugin -fno-fat-lto-objects  -DPREVENT_OPTIMIZATION line 17 y == 25
FAIL: gcc.dg/guality/pr54519-5.c   -O2 -flto -fno-use-linker-plugin -flto-partition=none  -DPREVENT_OPTIMIZATION line 17 y == 25
FAIL: gcc.dg/guality/pr54519-5.c   -O2 -flto -fuse-linker-plugin -fno-fat-lto-objects  -DPREVENT_OPTIMIZATION line 17 y == 25
XPASS: gcc.dg/guality/pr54970.c   -O0  line 31 a[0] == 4
XPASS: gcc.dg/guality/pr54970.c   -O0  line 36 a[0] == 4
XPASS: gcc.dg/guality/pr54970.c   -O0  line 45 a[0] == 4
XPASS: gcc.dg/guality/pr54970.c   -O0  line 45 p[-2] == 4
XPASS: gcc.dg/guality/pr54970.c   -O0  line 45 q[-1] == 4
FAIL: gcc.dg/guality/pr54970.c  -Og -DPREVENT_OPTIMIZATION  line 15 *p == 3
FAIL: gcc.dg/guality/pr54970.c  -Og -DPREVENT_OPTIMIZATION  line 15 *q == 2
FAIL: gcc.dg/guality/pr54970.c  -Og -DPREVENT_OPTIMIZATION  line 15 a[0] == 1
FAIL: gcc.dg/guality/pr54970.c  -Og -DPREVENT_OPTIMIZATION  line 15 a[1] == 2
FAIL: gcc.dg/guality/pr54970.c  -Og -DPREVENT_OPTIMIZATION  line 15 a[2] == 3
FAIL: gcc.dg/guality/pr54970.c  -Og -DPREVENT_OPTIMIZATION  line 20 *p == 13
FAIL: gcc.dg/guality/pr54970.c  -Og -DPREVENT_OPTIMIZATION  line 20 *q == 2
FAIL: gcc.dg/guality/pr54970.c  -Og -DPREVENT_OPTIMIZATION  line 20 a[0] == 1
FAIL: gcc.dg/guality/pr54970.c  -Og -DPREVENT_OPTIMIZATION  line 20 a[1] == 2
FAIL: gcc.dg/guality/pr54970.c  -Og -DPREVENT_OPTIMIZATION  line 20 a[2] == 13
FAIL: gcc.dg/guality/pr54970.c  -Og -DPREVENT_OPTIMIZATION  line 25 *p == 13
FAIL: gcc.dg/guality/pr54970.c  -Og -DPREVENT_OPTIMIZATION  line 25 *q == 12
FAIL: gcc.dg/guality/pr54970.c  -Og -DPREVENT_OPTIMIZATION  line 25 a[0] == 1
FAIL: gcc.dg/guality/pr54970.c  -Og -DPREVENT_OPTIMIZATION  line 25 a[1] == 12
FAIL: gcc.dg/guality/pr54970.c  -Og -DPREVENT_OPTIMIZATION  line 25 a[2] == 13
FAIL: gcc.dg/guality/pr54970.c  -Og -DPREVENT_OPTIMIZATION  line 31 *p == 6
FAIL: gcc.dg/guality/pr54970.c  -Og -DPREVENT_OPTIMIZATION  line 31 *q == 5
FAIL: gcc.dg/guality/pr54970.c  -Og -DPREVENT_OPTIMIZATION  line 31 a[1] == 5
FAIL: gcc.dg/guality/pr54970.c  -Og -DPREVENT_OPTIMIZATION  line 31 a[2] == 6
FAIL: gcc.dg/guality/pr54970.c  -Og -DPREVENT_OPTIMIZATION  line 36 *p == 26
FAIL: gcc.dg/guality/pr54970.c  -Og -DPREVENT_OPTIMIZATION  line 36 *q == 5
FAIL: gcc.dg/guality/pr54970.c  -Og -DPREVENT_OPTIMIZATION  line 36 a[1] == 5
FAIL: gcc.dg/guality/pr54970.c  -Og -DPREVENT_OPTIMIZATION  line 36 a[2] == 26
FAIL: gcc.dg/guality/pr54970.c  -Og -DPREVENT_OPTIMIZATION  line 45 *p == 26
FAIL: gcc.dg/guality/pr54970.c  -Og -DPREVENT_OPTIMIZATION  line 45 *q == 25
FAIL: gcc.dg/guality/pr54970.c  -Og -DPREVENT_OPTIMIZATION  line 45 a[1] == 25
FAIL: gcc.dg/guality/pr54970.c  -Og -DPREVENT_OPTIMIZATION  line 45 a[2] == 26
FAIL: gcc.dg/guality/pr54970.c  -Og -DPREVENT_OPTIMIZATION  line 45 p[-1] == 25
FAIL: gcc.dg/guality/pr54970.c  -Og -DPREVENT_OPTIMIZATION  line 45 q[1] == 26
FAIL: gcc.dg/guality/pr56154-1.c  -Og -DPREVENT_OPTIMIZATION  line pr56154-1.c:20 x.a == 6
FAIL: gcc.dg/guality/pr59776.c  -Og -DPREVENT_OPTIMIZATION  line pr59776.c:17 s1.f == 5.0
FAIL: gcc.dg/guality/pr59776.c  -Og -DPREVENT_OPTIMIZATION  line pr59776.c:17 s1.g == 6.0
FAIL: gcc.dg/guality/pr59776.c  -Og -DPREVENT_OPTIMIZATION  line pr59776.c:17 s2.f == 0.0
FAIL: gcc.dg/guality/pr59776.c  -Og -DPREVENT_OPTIMIZATION  line pr59776.c:17 s2.g == 6.0
FAIL: gcc.dg/guality/pr59776.c  -Og -DPREVENT_OPTIMIZATION  line pr59776.c:20 s1.f == 5.0
FAIL: gcc.dg/guality/pr59776.c  -Og -DPREVENT_OPTIMIZATION  line pr59776.c:20 s1.g == 6.0
FAIL: gcc.dg/guality/pr59776.c  -Og -DPREVENT_OPTIMIZATION  line pr59776.c:20 s2.f == 5.0
FAIL: gcc.dg/guality/pr59776.c  -Og -DPREVENT_OPTIMIZATION  line pr59776.c:20 s2.g == 6.0
FAIL: gcc.dg/guality/pr68860-1.c   -O2 -flto -fno-use-linker-plugin -flto-partition=none  -DPREVENT_OPTIMIZATION line 14 arg1 == 1
FAIL: gcc.dg/guality/pr68860-1.c   -O2 -flto -fno-use-linker-plugin -flto-partition=none  -DPREVENT_OPTIMIZATION line 14 arg2 == 2
FAIL: gcc.dg/guality/pr68860-1.c   -O2 -flto -fno-use-linker-plugin -flto-partition=none  -DPREVENT_OPTIMIZATION line 14 arg3 == 3
FAIL: gcc.dg/guality/pr68860-1.c   -O2 -flto -fno-use-linker-plugin -flto-partition=none  -DPREVENT_OPTIMIZATION line 14 arg4 == 4
FAIL: gcc.dg/guality/pr68860-1.c   -O2 -flto -fno-use-linker-plugin -flto-partition=none  -DPREVENT_OPTIMIZATION line 14 arg5 == 5
FAIL: gcc.dg/guality/pr68860-1.c   -O2 -flto -fno-use-linker-plugin -flto-partition=none  -DPREVENT_OPTIMIZATION line 14 arg6 == 6
FAIL: gcc.dg/guality/pr68860-1.c   -O2 -flto -fno-use-linker-plugin -flto-partition=none  -DPREVENT_OPTIMIZATION line 16 arg1 == 1
FAIL: gcc.dg/guality/pr68860-1.c   -O2 -flto -fno-use-linker-plugin -flto-partition=none  -DPREVENT_OPTIMIZATION line 16 arg2 == 2
FAIL: gcc.dg/guality/pr68860-1.c   -O2 -flto -fno-use-linker-plugin -flto-partition=none  -DPREVENT_OPTIMIZATION line 16 arg3 == 3
FAIL: gcc.dg/guality/pr68860-1.c   -O2 -flto -fno-use-linker-plugin -flto-partition=none  -DPREVENT_OPTIMIZATION line 16 arg4 == 4
FAIL: gcc.dg/guality/pr68860-1.c   -O2 -flto -fno-use-linker-plugin -flto-partition=none  -DPREVENT_OPTIMIZATION line 16 arg5 == 5
FAIL: gcc.dg/guality/pr68860-1.c   -O2 -flto -fno-use-linker-plugin -flto-partition=none  -DPREVENT_OPTIMIZATION line 16 arg6 == 6
FAIL: gcc.dg/guality/pr68860-1.c   -O2 -flto -fuse-linker-plugin -fno-fat-lto-objects  -DPREVENT_OPTIMIZATION line 14 arg1 == 1
FAIL: gcc.dg/guality/pr68860-1.c   -O2 -flto -fuse-linker-plugin -fno-fat-lto-objects  -DPREVENT_OPTIMIZATION line 14 arg2 == 2
FAIL: gcc.dg/guality/pr68860-1.c   -O2 -flto -fuse-linker-plugin -fno-fat-lto-objects  -DPREVENT_OPTIMIZATION line 14 arg3 == 3
FAIL: gcc.dg/guality/pr68860-1.c   -O2 -flto -fuse-linker-plugin -fno-fat-lto-objects  -DPREVENT_OPTIMIZATION line 14 arg4 == 4
FAIL: gcc.dg/guality/pr68860-1.c   -O2 -flto -fuse-linker-plugin -fno-fat-lto-objects  -DPREVENT_OPTIMIZATION line 14 arg5 == 5
FAIL: gcc.dg/guality/pr68860-1.c   -O2 -flto -fuse-linker-plugin -fno-fat-lto-objects  -DPREVENT_OPTIMIZATION line 14 arg6 == 6
FAIL: gcc.dg/guality/pr68860-1.c   -O2 -flto -fuse-linker-plugin -fno-fat-lto-objects  -DPREVENT_OPTIMIZATION line 16 arg1 == 1
FAIL: gcc.dg/guality/pr68860-1.c   -O2 -flto -fuse-linker-plugin -fno-fat-lto-objects  -DPREVENT_OPTIMIZATION line 16 arg2 == 2
FAIL: gcc.dg/guality/pr68860-1.c   -O2 -flto -fuse-linker-plugin -fno-fat-lto-objects  -DPREVENT_OPTIMIZATION line 16 arg3 == 3
FAIL: gcc.dg/guality/pr68860-1.c   -O2 -flto -fuse-linker-plugin -fno-fat-lto-objects  -DPREVENT_OPTIMIZATION line 16 arg4 == 4
FAIL: gcc.dg/guality/pr68860-1.c   -O2 -flto -fuse-linker-plugin -fno-fat-lto-objects  -DPREVENT_OPTIMIZATION line 16 arg5 == 5
FAIL: gcc.dg/guality/pr68860-1.c   -O2 -flto -fuse-linker-plugin -fno-fat-lto-objects  -DPREVENT_OPTIMIZATION line 16 arg6 == 6
FAIL: gcc.dg/guality/sra-1.c  -Og -DPREVENT_OPTIMIZATION  line 21 a.i == 4
FAIL: gcc.dg/guality/sra-1.c  -Og -DPREVENT_OPTIMIZATION  line 21 a.j == 14
FAIL: gcc.dg/guality/sra-1.c  -Og -DPREVENT_OPTIMIZATION  line 32 a[0] == 4
FAIL: gcc.dg/guality/sra-1.c  -Og -DPREVENT_OPTIMIZATION  line 32 a[1] == 14
FAIL: gcc.dg/guality/sra-1.c  -Og -DPREVENT_OPTIMIZATION  line 43 a.i == 4
FAIL: gcc.dg/guality/sra-1.c  -Og -DPREVENT_OPTIMIZATION  line 43 a.j == 14
FAIL: gcc.dg/guality/vla-1.c   -O1  -DPREVENT_OPTIMIZATION  line 17 sizeof (a) == 6
FAIL: gcc.dg/guality/vla-1.c   -O2  -DPREVENT_OPTIMIZATION  line 17 sizeof (a) == 6
FAIL: gcc.dg/guality/vla-1.c   -O2 -flto -fno-use-linker-plugin -flto-partition=none  -DPREVENT_OPTIMIZATION line 17 sizeof (a) == 6
FAIL: gcc.dg/guality/vla-1.c   -O2 -flto -fuse-linker-plugin -fno-fat-lto-objects  -DPREVENT_OPTIMIZATION line 17 sizeof (a) == 6
FAIL: gcc.dg/guality/vla-1.c   -O3 -g  -DPREVENT_OPTIMIZATION  line 17 sizeof (a) == 6
FAIL: gcc.dg/guality/vla-1.c   -Os  -DPREVENT_OPTIMIZATION  line 17 sizeof (a) == 6
FAIL: gcc.dg/torture/vec-cvt-1.c   -O3 -fomit-frame-pointer -funroll-loops -fpeel-loops -ftracer -finline-functions  (internal compiler error)
FAIL: gcc.dg/torture/vec-cvt-1.c   -O3 -fomit-frame-pointer -funroll-loops -fpeel-loops -ftracer -finline-functions  (test for excess errors)
UNRESOLVED: gcc.dg/torture/vec-cvt-1.c   -O3 -fomit-frame-pointer -funroll-loops -fpeel-loops -ftracer -finline-functions  compilation failed to produce executable
FAIL: gcc.dg/tree-ssa/builtin-sprintf-10.c (test for excess errors)
FAIL: gcc.dg/tree-ssa/gen-vect-2.c scan-tree-dump-times vect "vectorized 1 loops" 1
FAIL: gcc.dg/tree-ssa/gen-vect-25.c scan-tree-dump-times vect "vectorized 2 loops" 1
FAIL: gcc.dg/tree-ssa/pr64910-2.c scan-assembler-times and|test 20
FAIL: gcc.dg/vect/no-section-anchors-vect-31.c scan-tree-dump-times vect "Alignment of access forced using peeling" 2
FAIL: gcc.dg/vect/no-section-anchors-vect-31.c scan-tree-dump-times vect "Vectorizing an unaligned access" 0
FAIL: gcc.dg/vect/no-section-anchors-vect-64.c scan-tree-dump-times vect "Alignment of access forced using peeling" 2
FAIL: gcc.dg/vect/no-section-anchors-vect-64.c scan-tree-dump-times vect "Vectorizing an unaligned access" 0
FAIL: gcc.dg/vect/slp-cond-5.c -flto -ffat-lto-objects  scan-tree-dump-times vect "vectorizing stmts using SLP" 1
FAIL: gcc.dg/vect/slp-cond-5.c scan-tree-dump-times vect "vectorizing stmts using SLP" 1
XPASS: gcc.dg/vect/vect-24.c -flto -ffat-lto-objects  scan-tree-dump-times vect "vectorized 3 loops" 1
XPASS: gcc.dg/vect/vect-24.c scan-tree-dump-times vect "vectorized 3 loops" 1
FAIL: gcc.dg/vect/vect-92.c -flto -ffat-lto-objects  scan-tree-dump-times vect "Alignment of access forced using peeling" 3
FAIL: gcc.dg/vect/vect-92.c -flto -ffat-lto-objects  scan-tree-dump-times vect "Vectorizing an unaligned access" 0
FAIL: gcc.dg/vect/vect-92.c scan-tree-dump-times vect "Alignment of access forced using peeling" 3
FAIL: gcc.dg/vect/vect-92.c scan-tree-dump-times vect "Vectorizing an unaligned access" 0
FAIL: gcc.dg/vect/vect-bool-cmp.c -flto -ffat-lto-objects  scan-tree-dump-times vect "VECTORIZED" 18
FAIL: gcc.dg/vect/vect-bool-cmp.c scan-tree-dump-times vect "VECTORIZED" 18
FAIL: gcc.dg/vect/vect-cselim-1.c -flto -ffat-lto-objects  scan-tree-dump-times vect "vectorized 1 loops" 1
FAIL: gcc.dg/vect/vect-cselim-1.c scan-tree-dump-times vect "vectorized 1 loops" 1
FAIL: gcc.dg/vect/vect-nb-iter-ub-2.c -flto -ffat-lto-objects  scan-tree-dump cunroll "loop turned into non-loop; it never loops"
FAIL: gcc.dg/vect/vect-nb-iter-ub-2.c scan-tree-dump cunroll "loop turned into non-loop; it never loops"
FAIL: gcc.dg/vect/vect-nb-iter-ub-3.c -flto -ffat-lto-objects  scan-tree-dump-not cunroll "loop turned into non-loop; it never loops"
FAIL: gcc.dg/vect/vect-nb-iter-ub-3.c scan-tree-dump-not cunroll "loop turned into non-loop; it never loops"
XPASS: gcc.dg/vect/vect-reduc-in-order-1.c -flto -ffat-lto-objects execution test
XPASS: gcc.dg/vect/vect-reduc-in-order-1.c execution test
XPASS: gcc.dg/vect/vect-reduc-in-order-2.c -flto -ffat-lto-objects execution test
XPASS: gcc.dg/vect/vect-reduc-in-order-2.c execution test
XPASS: gcc.dg/vect/vect-reduc-in-order-3.c -flto -ffat-lto-objects execution test
XPASS: gcc.dg/vect/vect-reduc-in-order-3.c execution test
XPASS: gcc.dg/vect/vect-reduc-in-order-4.c -flto -ffat-lto-objects execution test
XPASS: gcc.dg/vect/vect-reduc-in-order-4.c execution test
FAIL: gcc.target/i386/avx2-gather-6.c scan-tree-dump-times vect "vectorized 1 loops in function" 1
FAIL: gcc.target/i386/avx2-vbroadcastss_ps256-1.c scan-assembler vbroadcastss[ \\\\t]+[^\\n]*%xmm[0-9]
FAIL: gcc.target/i386/avx2-vextracti128-1.c scan-assembler vextracti128[ \\\\t]+[^\\n]*%ymm[0-9]
FAIL: gcc.target/i386/avx2-vinserti128-1.c scan-assembler vinserti128[ \\\\t]+[^\\n]
FAIL: gcc.target/i386/avx256-unaligned-load-3.c scan-assembler (sse2_loadupd|vmovupd[^\\n\\r]*movv2df_internal)
FAIL: gcc.target/i386/avx256-unaligned-load-3.c scan-assembler vinsertf128
FAIL: gcc.target/i386/avx256-unaligned-load-4.c scan-assembler-not (sse_loadups|vmovups[^\\n\\r]*movv4sf_internal)
FAIL: gcc.target/i386/avx256-unaligned-store-3.c scan-assembler vextractf128
FAIL: gcc.target/i386/avx256-unaligned-store-3.c scan-assembler vmovups.*movv2df_internal/3
FAIL: gcc.target/i386/avx512er-vrcp28ps-4.c scan-assembler-times vrcp28ps[^\\n\\r]*zmm[0-9]+(?:\\n|[ \\\\t]+#) 1
FAIL: gcc.target/i386/avx512er-vrsqrt28ps-4.c scan-assembler-times vrsqrt28ps[^\\n\\r]*zmm[0-9]+(?:\\n|[ \\\\t]+#) 1
FAIL: gcc.target/i386/avx512er-vrsqrt28ps-6.c scan-assembler-times vrcp28ps[^\\n\\r]*zmm[0-9]+(?:\\n|[ \\\\t]+#) 1
FAIL: gcc.target/i386/avx512er-vrsqrt28ps-6.c scan-assembler-times vrsqrt28ps[^\\n\\r]*zmm[0-9]+(?:\\n|[ \\\\t]+#) 1
FAIL: gcc.target/i386/avx512f-ceil-sfix-vec-2.c scan-assembler-times vcvttpd2dq[^\\n]*zmm[0-9].{7}(?:\\n|[ \\\\t]+#) 2
FAIL: gcc.target/i386/avx512f-ceil-sfix-vec-2.c scan-assembler-times vrndscalepd[^\\n]*zmm[0-9](?:\\n|[ \\\\t]+#) 2
FAIL: gcc.target/i386/avx512f-ceil-vec-2.c scan-assembler-times vrndscalepd[^\\n]+zmm[0-9](?:\\n|[ \\\\t]+#) 1
FAIL: gcc.target/i386/avx512f-ceilf-sfix-vec-2.c scan-assembler-times vcvttps2dq[^\\n]+zmm[0-9].{7}(?:\\n|[ \\\\t]+#) 1
FAIL: gcc.target/i386/avx512f-ceilf-sfix-vec-2.c scan-assembler-times vrndscaleps[^\\n]+zmm[0-9](?:\\n|[ \\\\t]+#) 1
FAIL: gcc.target/i386/avx512f-ceilf-vec-2.c scan-assembler-times vrndscaleps[^\\n]+zmm[0-9](?:\\n|[ \\\\t]+#) 1
FAIL: gcc.target/i386/avx512f-floor-sfix-vec-2.c scan-assembler-times vcvttpd2dq[^\\n]*zmm[0-9].{7}(?:\\n|[ \\\\t]+#) 2
FAIL: gcc.target/i386/avx512f-floor-sfix-vec-2.c scan-assembler-times vrndscalepd[^\\n]*zmm[0-9](?:\\n|[ \\\\t]+#) 2
FAIL: gcc.target/i386/avx512f-floor-vec-2.c scan-assembler-times vrndscalepd[^\\n]+zmm[0-9](?:\\n|[ \\\\t]+#) 1
FAIL: gcc.target/i386/avx512f-floorf-sfix-vec-2.c scan-assembler-times vcvttps2dq[^\\n]+zmm[0-9].{7}(?:\\n|[ \\\\t]+#) 1
FAIL: gcc.target/i386/avx512f-floorf-sfix-vec-2.c scan-assembler-times vrndscaleps[^\\n]+zmm[0-9](?:\\n|[ \\\\t]+#) 1
FAIL: gcc.target/i386/avx512f-floorf-vec-2.c scan-assembler-times vrndscaleps[^\\n]+zmm[0-9](?:\\n|[ \\\\t]+#) 1
FAIL: gcc.target/i386/avx512f-rint-sfix-vec-2.c scan-assembler-times vcvtpd2dq[^\\n]+ymm[0-9](?:\\n|[ \\\\t]+#) 2
FAIL: gcc.target/i386/avx512f-rint-sfix-vec-2.c scan-assembler-times vinserti64x4[^\\n]+zmm[0-9](?:\\n|[ \\\\t]+#) 1
FAIL: gcc.target/i386/avx512f-rintf-sfix-vec-2.c scan-assembler-times vcvtps2dq[^\\n]+zmm[0-9](?:\\n|[ \\\\t]+#) 1
FAIL: gcc.target/i386/avx512f-round-sfix-vec-2.c scan-assembler-times vcvttpd2dq[^\\n]+zmm[0-9].{7}(?:\\n|[ \\\\t]+#) 2
FAIL: gcc.target/i386/avx512f-round-sfix-vec-2.c scan-assembler-times vrndscalepd[^\\n]+zmm[0-9](?:\\n|[ \\\\t]+#) 2
FAIL: gcc.target/i386/avx512f-roundf-sfix-vec-2.c scan-assembler-times vcvttps2dq[^\\n]+zmm[0-9].{7}(?:\\n|[ \\\\t]+#) 1
FAIL: gcc.target/i386/avx512f-roundf-sfix-vec-2.c scan-assembler-times vrndscaleps[^\\n]+zmm[0-9](?:\\n|[ \\\\t]+#) 1
FAIL: gcc.target/i386/avx512f-trunc-vec-2.c scan-assembler-times vrndscalepd[^\\n]+zmm[0-9](?:\\n|[ \\\\t]+#) 1
FAIL: gcc.target/i386/avx512f-truncf-vec-2.c scan-assembler-times vrndscaleps[^\\n]+zmm[0-9](?:\\n|[ \\\\t]+#) 1
FAIL: gcc.target/i386/avx512f-vec-init.c scan-assembler-times vpbroadcastb[ \\\\t]+[^{\\n]*%ymm[0-9]+(?:\\n|[ \\\\t]+#) 2
FAIL: gcc.target/i386/avx512f-vec-init.c scan-assembler-times vpbroadcastw[ \\\\t]+[^{\\n]*%ymm[0-9]+(?:\\n|[ \\\\t]+#) 2
FAIL: gcc.target/i386/avx512f_cond_move.c scan-assembler-times (?:vpblendmd|vmovdqa32)[ \\\\t]+[^{\\n]*%zmm[0-9]+{%k[1-7]}{z}(?:\\n|[ \\\\t]+#) 8
FAIL: gcc.target/i386/avx512vl-pr79299-1.c (test for excess errors)
FAIL: gcc.target/i386/avx512vl-pr79299-2.c (test for excess errors)
FAIL: gcc.target/i386/fma4-builtin-2.c scan-assembler-times vfmaddpd 1
FAIL: gcc.target/i386/fma4-builtin-2.c scan-assembler-times vfmaddps 1
FAIL: gcc.target/i386/fma4-builtin-2.c scan-assembler-times vfmsubpd 1
FAIL: gcc.target/i386/fma4-builtin-2.c scan-assembler-times vfmsubps 1
FAIL: gcc.target/i386/fma4-builtin-2.c scan-assembler-times vfnmaddpd 1
FAIL: gcc.target/i386/fma4-builtin-2.c scan-assembler-times vfnmaddps 1
FAIL: gcc.target/i386/fma4-builtin-2.c scan-assembler-times vfnmsubpd 1
FAIL: gcc.target/i386/fma4-builtin-2.c scan-assembler-times vfnmsubps 1
FAIL: gcc.target/i386/l_fma_double_1.c scan-assembler-times vfmadd[123]+sd 32
FAIL: gcc.target/i386/l_fma_double_1.c scan-assembler-times vfmsub[123]+sd 32
FAIL: gcc.target/i386/l_fma_double_1.c scan-assembler-times vfnmadd[123]+sd 32
FAIL: gcc.target/i386/l_fma_double_1.c scan-assembler-times vfnmsub[123]+sd 32
FAIL: gcc.target/i386/l_fma_double_2.c scan-assembler-times vfmadd[123]+sd 32
FAIL: gcc.target/i386/l_fma_double_2.c scan-assembler-times vfmsub[123]+sd 32
FAIL: gcc.target/i386/l_fma_double_2.c scan-assembler-times vfnmadd[123]+sd 32
FAIL: gcc.target/i386/l_fma_double_2.c scan-assembler-times vfnmsub[123]+sd 32
FAIL: gcc.target/i386/l_fma_double_3.c scan-assembler-times vfmadd[123]+sd 32
FAIL: gcc.target/i386/l_fma_double_3.c scan-assembler-times vfmsub[123]+sd 32
FAIL: gcc.target/i386/l_fma_double_3.c scan-assembler-times vfnmadd[123]+sd 32
FAIL: gcc.target/i386/l_fma_double_3.c scan-assembler-times vfnmsub[123]+sd 32
FAIL: gcc.target/i386/l_fma_double_4.c scan-assembler-times vfmadd[123]+sd 32
FAIL: gcc.target/i386/l_fma_double_4.c scan-assembler-times vfmsub[123]+sd 32
FAIL: gcc.target/i386/l_fma_double_4.c scan-assembler-times vfnmadd[123]+sd 32
FAIL: gcc.target/i386/l_fma_double_4.c scan-assembler-times vfnmsub[123]+sd 32
FAIL: gcc.target/i386/l_fma_double_5.c scan-assembler-times vfmadd[123]+sd 32
FAIL: gcc.target/i386/l_fma_double_5.c scan-assembler-times vfmsub[123]+sd 32
FAIL: gcc.target/i386/l_fma_double_5.c scan-assembler-times vfnmadd[123]+sd 32
FAIL: gcc.target/i386/l_fma_double_5.c scan-assembler-times vfnmsub[123]+sd 32
FAIL: gcc.target/i386/l_fma_double_6.c scan-assembler-times vfmadd[123]+sd 32
FAIL: gcc.target/i386/l_fma_double_6.c scan-assembler-times vfmsub[123]+sd 32
FAIL: gcc.target/i386/l_fma_double_6.c scan-assembler-times vfnmadd[123]+sd 32
FAIL: gcc.target/i386/l_fma_double_6.c scan-assembler-times vfnmsub[123]+sd 32
FAIL: gcc.target/i386/l_fma_float_1.c scan-assembler-times vfmadd[123]+ss 64
FAIL: gcc.target/i386/l_fma_float_1.c scan-assembler-times vfmsub[123]+ss 64
FAIL: gcc.target/i386/l_fma_float_1.c scan-assembler-times vfnmadd[123]+ss 64
FAIL: gcc.target/i386/l_fma_float_1.c scan-assembler-times vfnmsub[123]+ss 64
FAIL: gcc.target/i386/l_fma_float_2.c scan-assembler-times vfmadd[123]+ss 64
FAIL: gcc.target/i386/l_fma_float_2.c scan-assembler-times vfmsub[123]+ss 64
FAIL: gcc.target/i386/l_fma_float_2.c scan-assembler-times vfnmadd[123]+ss 64
FAIL: gcc.target/i386/l_fma_float_2.c scan-assembler-times vfnmsub[123]+ss 64
FAIL: gcc.target/i386/l_fma_float_3.c scan-assembler-times vfmadd[123]+ss 64
FAIL: gcc.target/i386/l_fma_float_3.c scan-assembler-times vfmsub[123]+ss 64
FAIL: gcc.target/i386/l_fma_float_3.c scan-assembler-times vfnmadd[123]+ss 64
FAIL: gcc.target/i386/l_fma_float_3.c scan-assembler-times vfnmsub[123]+ss 64
FAIL: gcc.target/i386/l_fma_float_4.c scan-assembler-times vfmadd[123]+ss 64
FAIL: gcc.target/i386/l_fma_float_4.c scan-assembler-times vfmsub[123]+ss 64
FAIL: gcc.target/i386/l_fma_float_4.c scan-assembler-times vfnmadd[123]+ss 64
FAIL: gcc.target/i386/l_fma_float_4.c scan-assembler-times vfnmsub[123]+ss 64
FAIL: gcc.target/i386/l_fma_float_5.c scan-assembler-times vfmadd[123]+ss 64
FAIL: gcc.target/i386/l_fma_float_5.c scan-assembler-times vfmsub[123]+ss 64
FAIL: gcc.target/i386/l_fma_float_5.c scan-assembler-times vfnmadd[123]+ss 64
FAIL: gcc.target/i386/l_fma_float_5.c scan-assembler-times vfnmsub[123]+ss 64
FAIL: gcc.target/i386/l_fma_float_6.c scan-assembler-times vfmadd[123]+ss 64
FAIL: gcc.target/i386/l_fma_float_6.c scan-assembler-times vfmsub[123]+ss 64
FAIL: gcc.target/i386/l_fma_float_6.c scan-assembler-times vfnmadd[123]+ss 64
FAIL: gcc.target/i386/l_fma_float_6.c scan-assembler-times vfnmsub[123]+ss 64
FAIL: gcc.target/i386/mask-pack.c scan-tree-dump-times vect "vectorized 1 loops" 10
FAIL: gcc.target/i386/mask-unpack.c scan-tree-dump-times vect "vectorized 1 loops" 10
FAIL: gcc.target/i386/mvc6.c scan-assembler punpcklbw
FAIL: gcc.target/i386/pr42542-5a.c scan-assembler pcmpgtq
FAIL: gcc.target/i386/pr52252-atom.c scan-assembler palignr
FAIL: gcc.target/i386/pr57233.c scan-assembler vpslld[^\\n\\r]*2
FAIL: gcc.target/i386/pr57233.c scan-assembler vpsrld[^\\n\\r]*30
FAIL: gcc.target/i386/pr59390.c scan-assembler-not vfmadd
FAIL: gcc.target/i386/pr61403.c scan-assembler rsqrtps
FAIL: gcc.target/i386/pr70325.c  (test for warnings, line 11)
FAIL: gcc.target/i386/pr70325.c (test for excess errors)
FAIL: gcc.target/i386/pr78904-4.c scan-assembler [ \\t]movb[\\t ]+%.h, t
FAIL: gcc.target/i386/pr80846-1.c scan-assembler-times vextracti 2
FAIL: gcc.target/i386/pr85417-1.c scan-assembler punpcklbw
FAIL: gcc.target/i386/pr85950.c scan-assembler-times roundsd 2
FAIL: gcc.target/i386/recip-vec-divf-avx.c scan-assembler vrcpps[ \\\\t]+[^\\n]*%ymm
FAIL: gcc.target/i386/recip-vec-sqrtf-avx.c scan-assembler-times vrsqrtps[ \\\\t]+[^\\n]*%ymm 3
FAIL: gcc.target/i386/vect-pack-trunc-1.c scan-assembler-times vpmovwb[ \\\\t]+[^\\n]*%zmm 2
FAIL: gcc.target/i386/vect-pack-trunc-2.c scan-assembler-times vperm[it]2w[ \\\\t]+[^\\n]*%zmm 1
FAIL: gcc.target/i386/vect-perm-even-1.c scan-assembler-times vpmovwb[ \\\\t]+[^\\n]*%zmm 2
FAIL: gcc.target/i386/vect-perm-odd-1.c scan-assembler-times vpmovwb[ \\\\t]+[^\\n]*%zmm 4
FAIL: gcc.target/i386/vect-rebuild.c scan-assembler-times \\tv?extractf128[ \\t] 1
FAIL: gcc.target/i386/vect-unpack-1.c scan-assembler-times vpmovzxbw[ \\\\t]+[^\\n]*%zmm 2
FAIL: gcc.target/i386/vect-unpack-2.c scan-assembler-times vpmovsxbw[ \\\\t]+[^\\n]*%zmm 2
FAIL: gcc.target/i386/vectorize4-avx.c scan-assembler vsqrtpd[ \\\\t]+[^\\n]*%ymm
FAIL: gcc.target/i386/vectorize7.c scan-assembler cvtdq2ps
FAIL: gcc.target/i386/xchg-2.c scan-assembler xchgb

		=== gcc Summary for unix/-m32 ===

# of expected passes		135771
# of unexpected failures	249
# of unexpected successes	36
# of expected failures		469
# of unresolved testcases	1
# of unsupported tests		2463

Running target unix/-mx32
FAIL: gcc.dg/graphite/interchange-3.c scan-tree-dump graphite "tiled"
FAIL: gcc.dg/graphite/interchange-7.c scan-tree-dump graphite "tiled"
FAIL: gcc.dg/graphite/interchange-9.c scan-tree-dump graphite "tiled"
FAIL: gcc.dg/graphite/uns-interchange-9.c scan-tree-dump graphite "tiled"
XPASS: gcc.dg/guality/example.c   -O0  execution test
XPASS: gcc.dg/guality/guality.c   -O0  execution test
XPASS: gcc.dg/guality/guality.c   -O1  -DPREVENT_OPTIMIZATION  execution test
XPASS: gcc.dg/guality/guality.c   -O2  -DPREVENT_OPTIMIZATION  execution test
XPASS: gcc.dg/guality/guality.c   -O2 -flto -fno-use-linker-plugin -flto-partition=none  -DPREVENT_OPTIMIZATION execution test
XPASS: gcc.dg/guality/guality.c   -O2 -flto -fuse-linker-plugin -fno-fat-lto-objects  -DPREVENT_OPTIMIZATION execution test
XPASS: gcc.dg/guality/guality.c   -O3 -g  -DPREVENT_OPTIMIZATION  execution test
XPASS: gcc.dg/guality/guality.c   -Os  -DPREVENT_OPTIMIZATION  execution test
XPASS: gcc.dg/guality/guality.c  -Og -DPREVENT_OPTIMIZATION  execution test
XPASS: gcc.dg/guality/inline-params.c   -O2  -DPREVENT_OPTIMIZATION  execution test
XPASS: gcc.dg/guality/inline-params.c   -O2 -flto -fno-use-linker-plugin -flto-partition=none  -DPREVENT_OPTIMIZATION execution test
XPASS: gcc.dg/guality/inline-params.c   -O2 -flto -fuse-linker-plugin -fno-fat-lto-objects  -DPREVENT_OPTIMIZATION execution test
XPASS: gcc.dg/guality/inline-params.c   -O3 -g  -DPREVENT_OPTIMIZATION  execution test
XPASS: gcc.dg/guality/inline-params.c   -Os  -DPREVENT_OPTIMIZATION  execution test
XPASS: gcc.dg/guality/pr41353-1.c   -O0  line 28 j == 28 + 37
XPASS: gcc.dg/guality/pr41353-1.c  -Og -DPREVENT_OPTIMIZATION  line 28 j == 28 + 37
FAIL: gcc.dg/guality/pr41447-1.c   -O2  -DPREVENT_OPTIMIZATION  execution test
FAIL: gcc.dg/guality/pr41447-1.c   -O2 -flto -fno-use-linker-plugin -flto-partition=none  -DPREVENT_OPTIMIZATION execution test
FAIL: gcc.dg/guality/pr41447-1.c   -O3 -g  -DPREVENT_OPTIMIZATION  execution test
FAIL: gcc.dg/guality/pr41447-1.c   -Os  -DPREVENT_OPTIMIZATION  execution test
FAIL: gcc.dg/guality/pr41616-1.c   -O2  -DPREVENT_OPTIMIZATION  execution test
FAIL: gcc.dg/guality/pr41616-1.c   -O2 -flto -fno-use-linker-plugin -flto-partition=none  -DPREVENT_OPTIMIZATION execution test
FAIL: gcc.dg/guality/pr41616-1.c   -O3 -g  -DPREVENT_OPTIMIZATION  execution test
FAIL: gcc.dg/guality/pr43051-1.c   -O1  -DPREVENT_OPTIMIZATION  line 36 e == &a[1]
FAIL: gcc.dg/guality/pr43051-1.c   -O1  -DPREVENT_OPTIMIZATION  line 41 e == &a[1]
FAIL: gcc.dg/guality/pr43051-1.c   -O2  -DPREVENT_OPTIMIZATION  line 36 e == &a[1]
FAIL: gcc.dg/guality/pr43051-1.c   -O2  -DPREVENT_OPTIMIZATION  line 41 e == &a[1]
FAIL: gcc.dg/guality/pr43051-1.c   -O2 -flto -fno-use-linker-plugin -flto-partition=none  -DPREVENT_OPTIMIZATION line 36 e == &a[1]
FAIL: gcc.dg/guality/pr43051-1.c   -O2 -flto -fno-use-linker-plugin -flto-partition=none  -DPREVENT_OPTIMIZATION line 41 e == &a[1]
FAIL: gcc.dg/guality/pr43051-1.c   -O2 -flto -fuse-linker-plugin -fno-fat-lto-objects  -DPREVENT_OPTIMIZATION line 36 e == &a[1]
FAIL: gcc.dg/guality/pr43051-1.c   -O2 -flto -fuse-linker-plugin -fno-fat-lto-objects  -DPREVENT_OPTIMIZATION line 41 e == &a[1]
FAIL: gcc.dg/guality/pr43051-1.c   -O3 -fomit-frame-pointer -funroll-loops -fpeel-loops -ftracer -finline-functions  -DPREVENT_OPTIMIZATION  line 39 c == &a[0]
FAIL: gcc.dg/guality/pr43051-1.c   -Os  -DPREVENT_OPTIMIZATION  line 34 c == &a[0]
FAIL: gcc.dg/guality/pr43051-1.c   -Os  -DPREVENT_OPTIMIZATION  line 36 e == &a[1]
FAIL: gcc.dg/guality/pr43051-1.c   -Os  -DPREVENT_OPTIMIZATION  line 39 c == &a[0]
FAIL: gcc.dg/guality/pr43051-1.c   -Os  -DPREVENT_OPTIMIZATION  line 41 e == &a[1]
FAIL: gcc.dg/guality/pr43051-1.c  -Og -DPREVENT_OPTIMIZATION  line 36 e == &a[1]
FAIL: gcc.dg/guality/pr43051-1.c  -Og -DPREVENT_OPTIMIZATION  line 41 e == &a[1]
FAIL: gcc.dg/guality/pr54200.c  -Og -DPREVENT_OPTIMIZATION  line 20 z == 3
FAIL: gcc.dg/guality/pr54519-1.c   -O2 -flto -fno-use-linker-plugin -flto-partition=none  -DPREVENT_OPTIMIZATION line 20 y == 25
FAIL: gcc.dg/guality/pr54519-1.c   -O2 -flto -fno-use-linker-plugin -flto-partition=none  -DPREVENT_OPTIMIZATION line 20 z == 6
FAIL: gcc.dg/guality/pr54519-1.c   -O2 -flto -fno-use-linker-plugin -flto-partition=none  -DPREVENT_OPTIMIZATION line 23 y == 117
FAIL: gcc.dg/guality/pr54519-1.c   -O2 -flto -fno-use-linker-plugin -flto-partition=none  -DPREVENT_OPTIMIZATION line 23 z == 8
FAIL: gcc.dg/guality/pr54519-1.c   -O2 -flto -fuse-linker-plugin -fno-fat-lto-objects  -DPREVENT_OPTIMIZATION line 20 y == 25
FAIL: gcc.dg/guality/pr54519-1.c   -O2 -flto -fuse-linker-plugin -fno-fat-lto-objects  -DPREVENT_OPTIMIZATION line 20 z == 6
FAIL: gcc.dg/guality/pr54519-1.c   -O2 -flto -fuse-linker-plugin -fno-fat-lto-objects  -DPREVENT_OPTIMIZATION line 23 y == 117
FAIL: gcc.dg/guality/pr54519-1.c   -O2 -flto -fuse-linker-plugin -fno-fat-lto-objects  -DPREVENT_OPTIMIZATION line 23 z == 8
FAIL: gcc.dg/guality/pr54519-2.c   -O2 -flto -fno-use-linker-plugin -flto-partition=none  -DPREVENT_OPTIMIZATION line 17 y == 25
FAIL: gcc.dg/guality/pr54519-2.c   -O2 -flto -fuse-linker-plugin -fno-fat-lto-objects  -DPREVENT_OPTIMIZATION line 17 y == 25
FAIL: gcc.dg/guality/pr54519-3.c   -O2 -flto -fno-use-linker-plugin -flto-partition=none  -DPREVENT_OPTIMIZATION line 20 y == 25
FAIL: gcc.dg/guality/pr54519-3.c   -O2 -flto -fno-use-linker-plugin -flto-partition=none  -DPREVENT_OPTIMIZATION line 20 z == 6
FAIL: gcc.dg/guality/pr54519-3.c   -O2 -flto -fno-use-linker-plugin -flto-partition=none  -DPREVENT_OPTIMIZATION line 23 y == 117
FAIL: gcc.dg/guality/pr54519-3.c   -O2 -flto -fno-use-linker-plugin -flto-partition=none  -DPREVENT_OPTIMIZATION line 23 z == 8
FAIL: gcc.dg/guality/pr54519-3.c   -O2 -flto -fuse-linker-plugin -fno-fat-lto-objects  -DPREVENT_OPTIMIZATION line 20 y == 25
FAIL: gcc.dg/guality/pr54519-3.c   -O2 -flto -fuse-linker-plugin -fno-fat-lto-objects  -DPREVENT_OPTIMIZATION line 20 z == 6
FAIL: gcc.dg/guality/pr54519-3.c   -O2 -flto -fuse-linker-plugin -fno-fat-lto-objects  -DPREVENT_OPTIMIZATION line 23 y == 117
FAIL: gcc.dg/guality/pr54519-3.c   -O2 -flto -fuse-linker-plugin -fno-fat-lto-objects  -DPREVENT_OPTIMIZATION line 23 z == 8
FAIL: gcc.dg/guality/pr54519-4.c   -O2 -flto -fno-use-linker-plugin -flto-partition=none  -DPREVENT_OPTIMIZATION line 17 y == 25
FAIL: gcc.dg/guality/pr54519-4.c   -O2 -flto -fuse-linker-plugin -fno-fat-lto-objects  -DPREVENT_OPTIMIZATION line 17 y == 25
FAIL: gcc.dg/guality/pr54519-5.c   -O2 -flto -fno-use-linker-plugin -flto-partition=none  -DPREVENT_OPTIMIZATION line 17 y == 25
FAIL: gcc.dg/guality/pr54519-5.c   -O2 -flto -fuse-linker-plugin -fno-fat-lto-objects  -DPREVENT_OPTIMIZATION line 17 y == 25
XPASS: gcc.dg/guality/pr54970.c   -O0  line 31 a[0] == 4
XPASS: gcc.dg/guality/pr54970.c   -O0  line 36 a[0] == 4
XPASS: gcc.dg/guality/pr54970.c   -O0  line 45 a[0] == 4
XPASS: gcc.dg/guality/pr54970.c   -O0  line 45 p[-2] == 4
XPASS: gcc.dg/guality/pr54970.c   -O0  line 45 q[-1] == 4
FAIL: gcc.dg/guality/pr54970.c  -Og -DPREVENT_OPTIMIZATION  line 15 *p == 3
FAIL: gcc.dg/guality/pr54970.c  -Og -DPREVENT_OPTIMIZATION  line 15 *q == 2
FAIL: gcc.dg/guality/pr54970.c  -Og -DPREVENT_OPTIMIZATION  line 15 a[0] == 1
FAIL: gcc.dg/guality/pr54970.c  -Og -DPREVENT_OPTIMIZATION  line 15 a[1] == 2
FAIL: gcc.dg/guality/pr54970.c  -Og -DPREVENT_OPTIMIZATION  line 15 a[2] == 3
FAIL: gcc.dg/guality/pr54970.c  -Og -DPREVENT_OPTIMIZATION  line 20 *p == 13
FAIL: gcc.dg/guality/pr54970.c  -Og -DPREVENT_OPTIMIZATION  line 20 *q == 2
FAIL: gcc.dg/guality/pr54970.c  -Og -DPREVENT_OPTIMIZATION  line 20 a[0] == 1
FAIL: gcc.dg/guality/pr54970.c  -Og -DPREVENT_OPTIMIZATION  line 20 a[1] == 2
FAIL: gcc.dg/guality/pr54970.c  -Og -DPREVENT_OPTIMIZATION  line 20 a[2] == 13
FAIL: gcc.dg/guality/pr54970.c  -Og -DPREVENT_OPTIMIZATION  line 25 *p == 13
FAIL: gcc.dg/guality/pr54970.c  -Og -DPREVENT_OPTIMIZATION  line 25 *q == 12
FAIL: gcc.dg/guality/pr54970.c  -Og -DPREVENT_OPTIMIZATION  line 25 a[0] == 1
FAIL: gcc.dg/guality/pr54970.c  -Og -DPREVENT_OPTIMIZATION  line 25 a[1] == 12
FAIL: gcc.dg/guality/pr54970.c  -Og -DPREVENT_OPTIMIZATION  line 25 a[2] == 13
FAIL: gcc.dg/guality/pr54970.c  -Og -DPREVENT_OPTIMIZATION  line 31 *p == 6
FAIL: gcc.dg/guality/pr54970.c  -Og -DPREVENT_OPTIMIZATION  line 31 *q == 5
FAIL: gcc.dg/guality/pr54970.c  -Og -DPREVENT_OPTIMIZATION  line 31 a[1] == 5
FAIL: gcc.dg/guality/pr54970.c  -Og -DPREVENT_OPTIMIZATION  line 31 a[2] == 6
FAIL: gcc.dg/guality/pr54970.c  -Og -DPREVENT_OPTIMIZATION  line 36 *p == 26
FAIL: gcc.dg/guality/pr54970.c  -Og -DPREVENT_OPTIMIZATION  line 36 *q == 5
FAIL: gcc.dg/guality/pr54970.c  -Og -DPREVENT_OPTIMIZATION  line 36 a[1] == 5
FAIL: gcc.dg/guality/pr54970.c  -Og -DPREVENT_OPTIMIZATION  line 36 a[2] == 26
FAIL: gcc.dg/guality/pr54970.c  -Og -DPREVENT_OPTIMIZATION  line 45 *p == 26
FAIL: gcc.dg/guality/pr54970.c  -Og -DPREVENT_OPTIMIZATION  line 45 *q == 25
FAIL: gcc.dg/guality/pr54970.c  -Og -DPREVENT_OPTIMIZATION  line 45 a[1] == 25
FAIL: gcc.dg/guality/pr54970.c  -Og -DPREVENT_OPTIMIZATION  line 45 a[2] == 26
FAIL: gcc.dg/guality/pr54970.c  -Og -DPREVENT_OPTIMIZATION  line 45 p[-1] == 25
FAIL: gcc.dg/guality/pr54970.c  -Og -DPREVENT_OPTIMIZATION  line 45 q[1] == 26
FAIL: gcc.dg/guality/pr56154-1.c  -Og -DPREVENT_OPTIMIZATION  line pr56154-1.c:20 x.a == 6
FAIL: gcc.dg/guality/pr59776.c  -Og -DPREVENT_OPTIMIZATION  line pr59776.c:17 s1.f == 5.0
FAIL: gcc.dg/guality/pr59776.c  -Og -DPREVENT_OPTIMIZATION  line pr59776.c:17 s1.g == 6.0
FAIL: gcc.dg/guality/pr59776.c  -Og -DPREVENT_OPTIMIZATION  line pr59776.c:17 s2.f == 0.0
FAIL: gcc.dg/guality/pr59776.c  -Og -DPREVENT_OPTIMIZATION  line pr59776.c:17 s2.g == 6.0
FAIL: gcc.dg/guality/pr59776.c  -Og -DPREVENT_OPTIMIZATION  line pr59776.c:20 s1.f == 5.0
FAIL: gcc.dg/guality/pr59776.c  -Og -DPREVENT_OPTIMIZATION  line pr59776.c:20 s1.g == 6.0
FAIL: gcc.dg/guality/pr59776.c  -Og -DPREVENT_OPTIMIZATION  line pr59776.c:20 s2.f == 5.0
FAIL: gcc.dg/guality/pr59776.c  -Og -DPREVENT_OPTIMIZATION  line pr59776.c:20 s2.g == 6.0
FAIL: gcc.dg/guality/pr68860-1.c   -O2 -flto -fno-use-linker-plugin -flto-partition=none  -DPREVENT_OPTIMIZATION line 14 arg1 == 1
FAIL: gcc.dg/guality/pr68860-1.c   -O2 -flto -fno-use-linker-plugin -flto-partition=none  -DPREVENT_OPTIMIZATION line 14 arg2 == 2
FAIL: gcc.dg/guality/pr68860-1.c   -O2 -flto -fno-use-linker-plugin -flto-partition=none  -DPREVENT_OPTIMIZATION line 14 arg3 == 3
FAIL: gcc.dg/guality/pr68860-1.c   -O2 -flto -fno-use-linker-plugin -flto-partition=none  -DPREVENT_OPTIMIZATION line 14 arg4 == 4
FAIL: gcc.dg/guality/pr68860-1.c   -O2 -flto -fno-use-linker-plugin -flto-partition=none  -DPREVENT_OPTIMIZATION line 14 arg5 == 5
FAIL: gcc.dg/guality/pr68860-1.c   -O2 -flto -fno-use-linker-plugin -flto-partition=none  -DPREVENT_OPTIMIZATION line 14 arg6 == 6
FAIL: gcc.dg/guality/pr68860-1.c   -O2 -flto -fno-use-linker-plugin -flto-partition=none  -DPREVENT_OPTIMIZATION line 16 arg1 == 1
FAIL: gcc.dg/guality/pr68860-1.c   -O2 -flto -fno-use-linker-plugin -flto-partition=none  -DPREVENT_OPTIMIZATION line 16 arg2 == 2
FAIL: gcc.dg/guality/pr68860-1.c   -O2 -flto -fno-use-linker-plugin -flto-partition=none  -DPREVENT_OPTIMIZATION line 16 arg3 == 3
FAIL: gcc.dg/guality/pr68860-1.c   -O2 -flto -fno-use-linker-plugin -flto-partition=none  -DPREVENT_OPTIMIZATION line 16 arg4 == 4
FAIL: gcc.dg/guality/pr68860-1.c   -O2 -flto -fno-use-linker-plugin -flto-partition=none  -DPREVENT_OPTIMIZATION line 16 arg5 == 5
FAIL: gcc.dg/guality/pr68860-1.c   -O2 -flto -fno-use-linker-plugin -flto-partition=none  -DPREVENT_OPTIMIZATION line 16 arg6 == 6
FAIL: gcc.dg/guality/pr68860-1.c   -O2 -flto -fuse-linker-plugin -fno-fat-lto-objects  -DPREVENT_OPTIMIZATION line 14 arg1 == 1
FAIL: gcc.dg/guality/pr68860-1.c   -O2 -flto -fuse-linker-plugin -fno-fat-lto-objects  -DPREVENT_OPTIMIZATION line 14 arg2 == 2
FAIL: gcc.dg/guality/pr68860-1.c   -O2 -flto -fuse-linker-plugin -fno-fat-lto-objects  -DPREVENT_OPTIMIZATION line 14 arg3 == 3
FAIL: gcc.dg/guality/pr68860-1.c   -O2 -flto -fuse-linker-plugin -fno-fat-lto-objects  -DPREVENT_OPTIMIZATION line 14 arg4 == 4
FAIL: gcc.dg/guality/pr68860-1.c   -O2 -flto -fuse-linker-plugin -fno-fat-lto-objects  -DPREVENT_OPTIMIZATION line 14 arg5 == 5
FAIL: gcc.dg/guality/pr68860-1.c   -O2 -flto -fuse-linker-plugin -fno-fat-lto-objects  -DPREVENT_OPTIMIZATION line 14 arg6 == 6
FAIL: gcc.dg/guality/pr68860-1.c   -O2 -flto -fuse-linker-plugin -fno-fat-lto-objects  -DPREVENT_OPTIMIZATION line 16 arg1 == 1
FAIL: gcc.dg/guality/pr68860-1.c   -O2 -flto -fuse-linker-plugin -fno-fat-lto-objects  -DPREVENT_OPTIMIZATION line 16 arg2 == 2
FAIL: gcc.dg/guality/pr68860-1.c   -O2 -flto -fuse-linker-plugin -fno-fat-lto-objects  -DPREVENT_OPTIMIZATION line 16 arg3 == 3
FAIL: gcc.dg/guality/pr68860-1.c   -O2 -flto -fuse-linker-plugin -fno-fat-lto-objects  -DPREVENT_OPTIMIZATION line 16 arg4 == 4
FAIL: gcc.dg/guality/pr68860-1.c   -O2 -flto -fuse-linker-plugin -fno-fat-lto-objects  -DPREVENT_OPTIMIZATION line 16 arg5 == 5
FAIL: gcc.dg/guality/pr68860-1.c   -O2 -flto -fuse-linker-plugin -fno-fat-lto-objects  -DPREVENT_OPTIMIZATION line 16 arg6 == 6
FAIL: gcc.dg/guality/sra-1.c  -Og -DPREVENT_OPTIMIZATION  line 21 a.i == 4
FAIL: gcc.dg/guality/sra-1.c  -Og -DPREVENT_OPTIMIZATION  line 21 a.j == 14
FAIL: gcc.dg/guality/sra-1.c  -Og -DPREVENT_OPTIMIZATION  line 32 a[0] == 4
FAIL: gcc.dg/guality/sra-1.c  -Og -DPREVENT_OPTIMIZATION  line 32 a[1] == 14
FAIL: gcc.dg/guality/sra-1.c  -Og -DPREVENT_OPTIMIZATION  line 43 a.i == 4
FAIL: gcc.dg/guality/sra-1.c  -Og -DPREVENT_OPTIMIZATION  line 43 a.j == 14
FAIL: gcc.dg/guality/vla-1.c   -O1  -DPREVENT_OPTIMIZATION  line 17 sizeof (a) == 6
FAIL: gcc.dg/guality/vla-1.c   -O2  -DPREVENT_OPTIMIZATION  line 17 sizeof (a) == 6
FAIL: gcc.dg/guality/vla-1.c   -O2 -flto -fno-use-linker-plugin -flto-partition=none  -DPREVENT_OPTIMIZATION line 17 sizeof (a) == 6
FAIL: gcc.dg/guality/vla-1.c   -O2 -flto -fuse-linker-plugin -fno-fat-lto-objects  -DPREVENT_OPTIMIZATION line 17 sizeof (a) == 6
FAIL: gcc.dg/guality/vla-1.c   -O3 -g  -DPREVENT_OPTIMIZATION  line 17 sizeof (a) == 6
FAIL: gcc.dg/guality/vla-1.c   -Os  -DPREVENT_OPTIMIZATION  line 17 sizeof (a) == 6
FAIL: gcc.dg/tree-ssa/builtin-sprintf-10.c (test for excess errors)
FAIL: gcc.dg/vect/no-section-anchors-vect-31.c scan-tree-dump-times vect "Alignment of access forced using peeling" 2
FAIL: gcc.dg/vect/no-section-anchors-vect-31.c scan-tree-dump-times vect "Vectorizing an unaligned access" 0
FAIL: gcc.dg/vect/no-section-anchors-vect-64.c scan-tree-dump-times vect "Alignment of access forced using peeling" 2
FAIL: gcc.dg/vect/no-section-anchors-vect-64.c scan-tree-dump-times vect "Vectorizing an unaligned access" 0
FAIL: gcc.dg/vect/slp-cond-5.c -flto -ffat-lto-objects  scan-tree-dump-times vect "vectorizing stmts using SLP" 1
FAIL: gcc.dg/vect/slp-cond-5.c scan-tree-dump-times vect "vectorizing stmts using SLP" 1
FAIL: gcc.dg/vect/vect-24.c -flto -ffat-lto-objects  scan-tree-dump-times vect "Vectorizing an unaligned access" 0
XPASS: gcc.dg/vect/vect-24.c -flto -ffat-lto-objects  scan-tree-dump-times vect "vectorized 3 loops" 1
FAIL: gcc.dg/vect/vect-24.c scan-tree-dump-times vect "Vectorizing an unaligned access" 0
XPASS: gcc.dg/vect/vect-24.c scan-tree-dump-times vect "vectorized 3 loops" 1
FAIL: gcc.dg/vect/vect-92.c -flto -ffat-lto-objects  scan-tree-dump-times vect "Alignment of access forced using peeling" 3
FAIL: gcc.dg/vect/vect-92.c -flto -ffat-lto-objects  scan-tree-dump-times vect "Vectorizing an unaligned access" 0
FAIL: gcc.dg/vect/vect-92.c scan-tree-dump-times vect "Alignment of access forced using peeling" 3
FAIL: gcc.dg/vect/vect-92.c scan-tree-dump-times vect "Vectorizing an unaligned access" 0
FAIL: gcc.dg/vect/vect-bool-cmp.c -flto -ffat-lto-objects  scan-tree-dump-times vect "VECTORIZED" 18
FAIL: gcc.dg/vect/vect-bool-cmp.c scan-tree-dump-times vect "VECTORIZED" 18
FAIL: gcc.dg/vect/vect-cselim-1.c -flto -ffat-lto-objects  scan-tree-dump-times vect "vectorized 1 loops" 1
FAIL: gcc.dg/vect/vect-cselim-1.c scan-tree-dump-times vect "vectorized 1 loops" 1
FAIL: gcc.dg/vect/vect-nb-iter-ub-2.c -flto -ffat-lto-objects  scan-tree-dump cunroll "loop turned into non-loop; it never loops"
FAIL: gcc.dg/vect/vect-nb-iter-ub-2.c scan-tree-dump cunroll "loop turned into non-loop; it never loops"
FAIL: gcc.dg/vect/vect-nb-iter-ub-3.c -flto -ffat-lto-objects  scan-tree-dump-not cunroll "loop turned into non-loop; it never loops"
FAIL: gcc.dg/vect/vect-nb-iter-ub-3.c scan-tree-dump-not cunroll "loop turned into non-loop; it never loops"
FAIL: gcc.target/i386/avx2-gather-6.c scan-tree-dump-times vect "vectorized 1 loops in function" 1
FAIL: gcc.target/i386/avx2-vbroadcastss_ps256-1.c scan-assembler vbroadcastss[ \\\\t]+[^\\n]*%xmm[0-9]
FAIL: gcc.target/i386/avx2-vextracti128-1.c scan-assembler vextracti128[ \\\\t]+[^\\n]*%ymm[0-9]
FAIL: gcc.target/i386/avx2-vinserti128-1.c scan-assembler vinserti128[ \\\\t]+[^\\n]
FAIL: gcc.target/i386/avx256-unaligned-load-2.c scan-assembler (sse2_loaddqu|(vmovdqu|vmovups)[^\\n\\r]*movv16qi_internal)
FAIL: gcc.target/i386/avx256-unaligned-load-2.c scan-assembler vinsert.128
FAIL: gcc.target/i386/avx256-unaligned-load-3.c scan-assembler (sse2_loadupd|vmovupd[^\\n\\r]*movv2df_internal)
FAIL: gcc.target/i386/avx256-unaligned-load-3.c scan-assembler vinsertf128
FAIL: gcc.target/i386/avx256-unaligned-load-4.c scan-assembler-not (sse_loadups|vmovups[^\\n\\r]*movv4sf_internal)
FAIL: gcc.target/i386/avx256-unaligned-store-3.c scan-assembler vextractf128
FAIL: gcc.target/i386/avx256-unaligned-store-3.c scan-assembler vmovups.*movv2df_internal/3
FAIL: gcc.target/i386/avx512er-vrcp28ps-4.c scan-assembler-times vrcp28ps[^\\n\\r]*zmm[0-9]+(?:\\n|[ \\\\t]+#) 1
FAIL: gcc.target/i386/avx512er-vrsqrt28ps-4.c scan-assembler-times vrsqrt28ps[^\\n\\r]*zmm[0-9]+(?:\\n|[ \\\\t]+#) 1
FAIL: gcc.target/i386/avx512er-vrsqrt28ps-6.c scan-assembler-times vrcp28ps[^\\n\\r]*zmm[0-9]+(?:\\n|[ \\\\t]+#) 1
FAIL: gcc.target/i386/avx512er-vrsqrt28ps-6.c scan-assembler-times vrsqrt28ps[^\\n\\r]*zmm[0-9]+(?:\\n|[ \\\\t]+#) 1
FAIL: gcc.target/i386/avx512f-ceil-sfix-vec-2.c scan-assembler-times vcvttpd2dq[^\\n]*zmm[0-9].{7}(?:\\n|[ \\\\t]+#) 2
FAIL: gcc.target/i386/avx512f-ceil-sfix-vec-2.c scan-assembler-times vrndscalepd[^\\n]*zmm[0-9](?:\\n|[ \\\\t]+#) 2
FAIL: gcc.target/i386/avx512f-ceil-vec-2.c scan-assembler-times vrndscalepd[^\\n]+zmm[0-9](?:\\n|[ \\\\t]+#) 1
FAIL: gcc.target/i386/avx512f-ceilf-sfix-vec-2.c scan-assembler-times vcvttps2dq[^\\n]+zmm[0-9].{7}(?:\\n|[ \\\\t]+#) 1
FAIL: gcc.target/i386/avx512f-ceilf-sfix-vec-2.c scan-assembler-times vrndscaleps[^\\n]+zmm[0-9](?:\\n|[ \\\\t]+#) 1
FAIL: gcc.target/i386/avx512f-ceilf-vec-2.c scan-assembler-times vrndscaleps[^\\n]+zmm[0-9](?:\\n|[ \\\\t]+#) 1
FAIL: gcc.target/i386/avx512f-floor-sfix-vec-2.c scan-assembler-times vcvttpd2dq[^\\n]*zmm[0-9].{7}(?:\\n|[ \\\\t]+#) 2
FAIL: gcc.target/i386/avx512f-floor-sfix-vec-2.c scan-assembler-times vrndscalepd[^\\n]*zmm[0-9](?:\\n|[ \\\\t]+#) 2
FAIL: gcc.target/i386/avx512f-floor-vec-2.c scan-assembler-times vrndscalepd[^\\n]+zmm[0-9](?:\\n|[ \\\\t]+#) 1
FAIL: gcc.target/i386/avx512f-floorf-sfix-vec-2.c scan-assembler-times vcvttps2dq[^\\n]+zmm[0-9].{7}(?:\\n|[ \\\\t]+#) 1
FAIL: gcc.target/i386/avx512f-floorf-sfix-vec-2.c scan-assembler-times vrndscaleps[^\\n]+zmm[0-9](?:\\n|[ \\\\t]+#) 1
FAIL: gcc.target/i386/avx512f-floorf-vec-2.c scan-assembler-times vrndscaleps[^\\n]+zmm[0-9](?:\\n|[ \\\\t]+#) 1
FAIL: gcc.target/i386/avx512f-rint-sfix-vec-2.c scan-assembler-times vcvtpd2dq[^\\n]+ymm[0-9](?:\\n|[ \\\\t]+#) 2
FAIL: gcc.target/i386/avx512f-rint-sfix-vec-2.c scan-assembler-times vinserti64x4[^\\n]+zmm[0-9](?:\\n|[ \\\\t]+#) 1
FAIL: gcc.target/i386/avx512f-rintf-sfix-vec-2.c scan-assembler-times vcvtps2dq[^\\n]+zmm[0-9](?:\\n|[ \\\\t]+#) 1
FAIL: gcc.target/i386/avx512f-round-sfix-vec-2.c scan-assembler-times vcvttpd2dq[^\\n]+zmm[0-9].{7}(?:\\n|[ \\\\t]+#) 2
FAIL: gcc.target/i386/avx512f-round-sfix-vec-2.c scan-assembler-times vrndscalepd[^\\n]+zmm[0-9](?:\\n|[ \\\\t]+#) 2
FAIL: gcc.target/i386/avx512f-roundf-sfix-vec-2.c scan-assembler-times vcvttps2dq[^\\n]+zmm[0-9].{7}(?:\\n|[ \\\\t]+#) 1
FAIL: gcc.target/i386/avx512f-roundf-sfix-vec-2.c scan-assembler-times vrndscaleps[^\\n]+zmm[0-9](?:\\n|[ \\\\t]+#) 1
FAIL: gcc.target/i386/avx512f-trunc-vec-2.c scan-assembler-times vrndscalepd[^\\n]+zmm[0-9](?:\\n|[ \\\\t]+#) 1
FAIL: gcc.target/i386/avx512f-truncf-vec-2.c scan-assembler-times vrndscaleps[^\\n]+zmm[0-9](?:\\n|[ \\\\t]+#) 1
FAIL: gcc.target/i386/avx512f-vec-init.c scan-assembler-times vpbroadcastb[ \\\\t]+[^{\\n]*%ymm[0-9]+(?:\\n|[ \\\\t]+#) 2
FAIL: gcc.target/i386/avx512f-vec-init.c scan-assembler-times vpbroadcastw[ \\\\t]+[^{\\n]*%ymm[0-9]+(?:\\n|[ \\\\t]+#) 2
FAIL: gcc.target/i386/avx512f_cond_move.c scan-assembler-times (?:vpblendmd|vmovdqa32)[ \\\\t]+[^{\\n]*%zmm[0-9]+{%k[1-7]}{z}(?:\\n|[ \\\\t]+#) 8
FAIL: gcc.target/i386/avx512vl-pr79299-1.c (test for excess errors)
FAIL: gcc.target/i386/avx512vl-pr79299-2.c (test for excess errors)
FAIL: gcc.target/i386/fma4-256-vector.c scan-assembler vfmaddpd
FAIL: gcc.target/i386/fma4-256-vector.c scan-assembler vfmaddps
FAIL: gcc.target/i386/fma4-256-vector.c scan-assembler vfmsubpd
FAIL: gcc.target/i386/fma4-256-vector.c scan-assembler vfmsubps
FAIL: gcc.target/i386/fma4-256-vector.c scan-assembler vfnmaddpd
FAIL: gcc.target/i386/fma4-256-vector.c scan-assembler vfnmaddps
FAIL: gcc.target/i386/fma4-builtin-2.c scan-assembler-times vfmaddpd 1
FAIL: gcc.target/i386/fma4-builtin-2.c scan-assembler-times vfmaddps 1
FAIL: gcc.target/i386/fma4-builtin-2.c scan-assembler-times vfmsubpd 1
FAIL: gcc.target/i386/fma4-builtin-2.c scan-assembler-times vfmsubps 1
FAIL: gcc.target/i386/fma4-builtin-2.c scan-assembler-times vfnmaddpd 1
FAIL: gcc.target/i386/fma4-builtin-2.c scan-assembler-times vfnmaddps 1
FAIL: gcc.target/i386/fma4-builtin-2.c scan-assembler-times vfnmsubpd 1
FAIL: gcc.target/i386/fma4-builtin-2.c scan-assembler-times vfnmsubps 1
FAIL: gcc.target/i386/fma4-vector-2.c scan-assembler vfmaddps
FAIL: gcc.target/i386/fma4-vector-2.c scan-assembler vfmsubps
FAIL: gcc.target/i386/fma4-vector.c scan-assembler vfmaddpd
FAIL: gcc.target/i386/fma4-vector.c scan-assembler vfmaddps
FAIL: gcc.target/i386/fma4-vector.c scan-assembler vfmsubpd
FAIL: gcc.target/i386/fma4-vector.c scan-assembler vfmsubps
FAIL: gcc.target/i386/fma4-vector.c scan-assembler vfnmaddpd
FAIL: gcc.target/i386/fma4-vector.c scan-assembler vfnmaddps
FAIL: gcc.target/i386/l_fma_double_1.c scan-assembler-times vfmadd[123]+sd 32
FAIL: gcc.target/i386/l_fma_double_1.c scan-assembler-times vfmsub[123]+sd 32
FAIL: gcc.target/i386/l_fma_double_1.c scan-assembler-times vfnmadd[123]+sd 32
FAIL: gcc.target/i386/l_fma_double_1.c scan-assembler-times vfnmsub[123]+sd 32
FAIL: gcc.target/i386/l_fma_double_2.c scan-assembler-times vfmadd[123]+sd 32
FAIL: gcc.target/i386/l_fma_double_2.c scan-assembler-times vfmsub[123]+sd 32
FAIL: gcc.target/i386/l_fma_double_2.c scan-assembler-times vfnmadd[123]+sd 32
FAIL: gcc.target/i386/l_fma_double_2.c scan-assembler-times vfnmsub[123]+sd 32
FAIL: gcc.target/i386/l_fma_double_3.c scan-assembler-times vfmadd[123]+sd 32
FAIL: gcc.target/i386/l_fma_double_3.c scan-assembler-times vfmsub[123]+sd 32
FAIL: gcc.target/i386/l_fma_double_3.c scan-assembler-times vfnmadd[123]+sd 32
FAIL: gcc.target/i386/l_fma_double_3.c scan-assembler-times vfnmsub[123]+sd 32
FAIL: gcc.target/i386/l_fma_double_4.c scan-assembler-times vfmadd[123]+sd 32
FAIL: gcc.target/i386/l_fma_double_4.c scan-assembler-times vfmsub[123]+sd 32
FAIL: gcc.target/i386/l_fma_double_4.c scan-assembler-times vfnmadd[123]+sd 32
FAIL: gcc.target/i386/l_fma_double_4.c scan-assembler-times vfnmsub[123]+sd 32
FAIL: gcc.target/i386/l_fma_double_5.c scan-assembler-times vfmadd[123]+sd 32
FAIL: gcc.target/i386/l_fma_double_5.c scan-assembler-times vfmsub[123]+sd 32
FAIL: gcc.target/i386/l_fma_double_5.c scan-assembler-times vfnmadd[123]+sd 32
FAIL: gcc.target/i386/l_fma_double_5.c scan-assembler-times vfnmsub[123]+sd 32
FAIL: gcc.target/i386/l_fma_double_6.c scan-assembler-times vfmadd[123]+sd 32
FAIL: gcc.target/i386/l_fma_double_6.c scan-assembler-times vfmsub[123]+sd 32
FAIL: gcc.target/i386/l_fma_double_6.c scan-assembler-times vfnmadd[123]+sd 32
FAIL: gcc.target/i386/l_fma_double_6.c scan-assembler-times vfnmsub[123]+sd 32
FAIL: gcc.target/i386/l_fma_float_1.c scan-assembler-times vfmadd[123]+ss 64
FAIL: gcc.target/i386/l_fma_float_1.c scan-assembler-times vfmsub[123]+ss 64
FAIL: gcc.target/i386/l_fma_float_1.c scan-assembler-times vfnmadd[123]+ss 64
FAIL: gcc.target/i386/l_fma_float_1.c scan-assembler-times vfnmsub[123]+ss 64
FAIL: gcc.target/i386/l_fma_float_2.c scan-assembler-times vfmadd[123]+ss 64
FAIL: gcc.target/i386/l_fma_float_2.c scan-assembler-times vfmsub[123]+ss 64
FAIL: gcc.target/i386/l_fma_float_2.c scan-assembler-times vfnmadd[123]+ss 64
FAIL: gcc.target/i386/l_fma_float_2.c scan-assembler-times vfnmsub[123]+ss 64
FAIL: gcc.target/i386/l_fma_float_3.c scan-assembler-times vfmadd[123]+ss 64
FAIL: gcc.target/i386/l_fma_float_3.c scan-assembler-times vfmsub[123]+ss 64
FAIL: gcc.target/i386/l_fma_float_3.c scan-assembler-times vfnmadd[123]+ss 64
FAIL: gcc.target/i386/l_fma_float_3.c scan-assembler-times vfnmsub[123]+ss 64
FAIL: gcc.target/i386/l_fma_float_4.c scan-assembler-times vfmadd[123]+ss 64
FAIL: gcc.target/i386/l_fma_float_4.c scan-assembler-times vfmsub[123]+ss 64
FAIL: gcc.target/i386/l_fma_float_4.c scan-assembler-times vfnmadd[123]+ss 64
FAIL: gcc.target/i386/l_fma_float_4.c scan-assembler-times vfnmsub[123]+ss 64
FAIL: gcc.target/i386/l_fma_float_5.c scan-assembler-times vfmadd[123]+ss 64
FAIL: gcc.target/i386/l_fma_float_5.c scan-assembler-times vfmsub[123]+ss 64
FAIL: gcc.target/i386/l_fma_float_5.c scan-assembler-times vfnmadd[123]+ss 64
FAIL: gcc.target/i386/l_fma_float_5.c scan-assembler-times vfnmsub[123]+ss 64
FAIL: gcc.target/i386/l_fma_float_6.c scan-assembler-times vfmadd[123]+ss 64
FAIL: gcc.target/i386/l_fma_float_6.c scan-assembler-times vfmsub[123]+ss 64
FAIL: gcc.target/i386/l_fma_float_6.c scan-assembler-times vfnmadd[123]+ss 64
FAIL: gcc.target/i386/l_fma_float_6.c scan-assembler-times vfnmsub[123]+ss 64
FAIL: gcc.target/i386/mask-pack.c scan-tree-dump-times vect "vectorized 1 loops" 10
FAIL: gcc.target/i386/mask-unpack.c scan-tree-dump-times vect "vectorized 1 loops" 10
FAIL: gcc.target/i386/mvc6.c scan-assembler punpcklbw
FAIL: gcc.target/i386/pieces-memcpy-5.c scan-assembler-times vmovdqu[ \\\\t]+[^\\n]*%xmm 1
FAIL: gcc.target/i386/pr42542-5a.c scan-assembler pcmpgtq
FAIL: gcc.target/i386/pr52252-atom.c scan-assembler palignr
FAIL: gcc.target/i386/pr57233.c scan-assembler vpslld[^\\n\\r]*2
FAIL: gcc.target/i386/pr57233.c scan-assembler vpsrld[^\\n\\r]*30
FAIL: gcc.target/i386/pr59390.c scan-assembler-not vfmadd
FAIL: gcc.target/i386/pr61403.c scan-assembler rsqrtps
FAIL: gcc.target/i386/pr70325.c  (test for warnings, line 11)
FAIL: gcc.target/i386/pr70325.c (test for excess errors)
FAIL: gcc.target/i386/pr80846-1.c scan-assembler-times vextracti 2
FAIL: gcc.target/i386/pr84876.c  (test for errors, line 6)
FAIL: gcc.target/i386/pr85417-1.c scan-assembler punpcklbw
FAIL: gcc.target/i386/pr85950.c scan-assembler-times roundsd 4
FAIL: gcc.target/i386/recip-vec-divf-avx.c scan-assembler vrcpps[ \\\\t]+[^\\n]*%ymm
FAIL: gcc.target/i386/recip-vec-sqrtf-avx.c scan-assembler-times vrsqrtps[ \\\\t]+[^\\n]*%ymm 3
FAIL: gcc.target/i386/vect-pack-trunc-1.c scan-assembler-times vpmovwb[ \\\\t]+[^\\n]*%zmm 2
FAIL: gcc.target/i386/vect-pack-trunc-2.c scan-assembler-times vperm[it]2w[ \\\\t]+[^\\n]*%zmm 1
FAIL: gcc.target/i386/vect-perm-even-1.c scan-assembler-times vpmovwb[ \\\\t]+[^\\n]*%zmm 2
FAIL: gcc.target/i386/vect-perm-odd-1.c scan-assembler-times vpmovwb[ \\\\t]+[^\\n]*%zmm 4
FAIL: gcc.target/i386/vect-rebuild.c scan-assembler-times \\tv?extractf128[ \\t] 1
FAIL: gcc.target/i386/vect-unpack-1.c scan-assembler-times vpmovzxbw[ \\\\t]+[^\\n]*%zmm 2
FAIL: gcc.target/i386/vect-unpack-2.c scan-assembler-times vpmovsxbw[ \\\\t]+[^\\n]*%zmm 2
FAIL: gcc.target/i386/vectorize4-avx.c scan-assembler vsqrtpd[ \\\\t]+[^\\n]*%ymm
FAIL: gcc.target/i386/vectorize7.c scan-assembler cvtdq2ps

		=== gcc Summary for unix/-mx32 ===

# of expected passes		136521
# of unexpected failures	282
# of unexpected successes	23
# of expected failures		472
# of unsupported tests		2414

		=== gcc Summary ===

# of expected passes		410533
# of unexpected failures	800
# of unexpected successes	86
# of expected failures		1415
# of unresolved testcases	1
# of unsupported tests		7069
/export/ssd/git/gcc-test-native/bld/gcc/xgcc  version 9.0.0 20180912 (experimental) [trunk revision 264226] (GCC) 

		=== gfortran tests ===


Running target unix
FAIL: gfortran.dg/vect/vect-8.f90   -O   scan-tree-dump-times vect "vectorized 22 loops" 1

		=== gfortran Summary for unix ===

# of expected passes		47700
# of unexpected failures	1
# of expected failures		104
# of unsupported tests		80

Running target unix/-m32
FAIL: gfortran.dg/vect/vect-8.f90   -O   scan-tree-dump-times vect "vectorized 22 loops" 1

		=== gfortran Summary for unix/-m32 ===

# of expected passes		47483
# of unexpected failures	1
# of expected failures		104
# of unsupported tests		183

Running target unix/-mx32
FAIL: gfortran.dg/vect/vect-8.f90   -O   scan-tree-dump-times vect "vectorized 22 loops" 1

		=== gfortran Summary for unix/-mx32 ===

# of expected passes		47717
# of unexpected failures	1
# of expected failures		104
# of unsupported tests		69

		=== gfortran Summary ===

# of expected passes		142900
# of unexpected failures	3
# of expected failures		312
# of unsupported tests		332
/export/ssd/git/gcc-test-native/bld/gcc/gfortran  version 9.0.0 20180912 (experimental) [trunk revision 264226] (GCC) 

		=== g++ tests ===


Running target unix
FAIL: g++.dg/pr80481.C  -std=gnu++11  scan-assembler-not vmovaps
FAIL: g++.dg/pr80481.C  -std=gnu++14  scan-assembler-not vmovaps
FAIL: g++.dg/pr80481.C  -std=gnu++98  scan-assembler-not vmovaps
FAIL: g++.dg/pr83239.C  -std=gnu++98 (test for excess errors)
FAIL: g++.dg/guality/pr55665.C   -O2  line 23 p == 40
FAIL: g++.dg/guality/pr55665.C   -O3 -g  line 23 p == 40
FAIL: g++.dg/vect/simd-bool-comparison-1.cc  -std=c++11  scan-tree-dump-times vect "vectorized 1 loops" 1
FAIL: g++.dg/vect/simd-bool-comparison-1.cc  -std=c++14  scan-tree-dump-times vect "vectorized 1 loops" 1
FAIL: g++.dg/vect/simd-bool-comparison-1.cc  -std=c++98  scan-tree-dump-times vect "vectorized 1 loops" 1

		=== g++ Summary for unix ===

# of expected passes		127179
# of unexpected failures	9
# of expected failures		532
# of unsupported tests		5074

Running target unix/-m32
FAIL: g++.dg/pr83239.C  -std=gnu++98 (test for excess errors)
FAIL: g++.dg/guality/pr55665.C   -O2  line 23 p == 40
FAIL: g++.dg/guality/pr55665.C   -O3 -g  line 23 p == 40
FAIL: g++.dg/vect/simd-bool-comparison-1.cc  -std=c++11  scan-tree-dump-times vect "vectorized 1 loops" 1
FAIL: g++.dg/vect/simd-bool-comparison-1.cc  -std=c++14  scan-tree-dump-times vect "vectorized 1 loops" 1
FAIL: g++.dg/vect/simd-bool-comparison-1.cc  -std=c++98  scan-tree-dump-times vect "vectorized 1 loops" 1

		=== g++ Summary for unix/-m32 ===

# of expected passes		125409
# of unexpected failures	6
# of expected failures		529
# of unsupported tests		4905

Running target unix/-mx32
FAIL: g++.dg/pr80481.C  -std=gnu++11  scan-assembler-not vmovaps
FAIL: g++.dg/pr80481.C  -std=gnu++14  scan-assembler-not vmovaps
FAIL: g++.dg/pr80481.C  -std=gnu++98  scan-assembler-not vmovaps
FAIL: g++.dg/pr83239.C  -std=gnu++98 (test for excess errors)
FAIL: g++.dg/guality/pr55665.C   -O2  line 23 p == 40
FAIL: g++.dg/guality/pr55665.C   -O3 -g  line 23 p == 40
FAIL: g++.dg/vect/simd-bool-comparison-1.cc  -std=c++11  scan-tree-dump-times vect "vectorized 1 loops" 1
FAIL: g++.dg/vect/simd-bool-comparison-1.cc  -std=c++14  scan-tree-dump-times vect "vectorized 1 loops" 1
FAIL: g++.dg/vect/simd-bool-comparison-1.cc  -std=c++98  scan-tree-dump-times vect "vectorized 1 loops" 1

		=== g++ Summary for unix/-mx32 ===

# of expected passes		127142
# of unexpected failures	9
# of expected failures		529
# of unsupported tests		5032

		=== g++ Summary ===

# of expected passes		379730
# of unexpected failures	24
# of expected failures		1590
# of unsupported tests		15011
/export/ssd/git/gcc-test-native/bld/gcc/xg++  version 9.0.0 20180912 (experimental) [trunk revision 264226] (GCC) 

		=== objc tests ===


Running target unix

		=== objc Summary for unix ===

# of expected passes		2797
# of expected failures		6
# of unsupported tests		68

Running target unix/-m32

		=== objc Summary for unix/-m32 ===

# of expected passes		2797
# of expected failures		6
# of unsupported tests		68

Running target unix/-mx32

		=== objc Summary for unix/-mx32 ===

# of expected passes		2797
# of expected failures		6
# of unsupported tests		68

		=== objc Summary ===

# of expected passes		8391
# of expected failures		18
# of unsupported tests		204
/export/ssd/git/gcc-test-native/bld/gcc/xgcc  version 9.0.0 20180912 (experimental) [trunk revision 264226] (GCC) 

		=== libatomic tests ===


Running target unix/-m32

		=== libatomic Summary for unix/-m32 ===

# of expected passes		44
# of unsupported tests		5

Running target unix/-mx32

		=== libatomic Summary for unix/-mx32 ===

# of expected passes		54

Running target unix

		=== libatomic Summary for unix ===

# of expected passes		54

		=== libatomic Summary ===

# of expected passes		152
# of unsupported tests		5
		=== libgomp tests ===


Running target unix/-m32
FAIL: libgomp.fortran/target7.f90   -O0  execution test
FAIL: libgomp.fortran/target7.f90   -O1  execution test
FAIL: libgomp.fortran/target7.f90   -O2  execution test
FAIL: libgomp.fortran/target7.f90   -O3 -fomit-frame-pointer -funroll-loops -fpeel-loops -ftracer -finline-functions  execution test
FAIL: libgomp.fortran/target7.f90   -O3 -g  execution test
FAIL: libgomp.fortran/target7.f90   -Os  execution test
FAIL: libgomp.fortran/target8.f90   -O0  execution test
FAIL: libgomp.fortran/target8.f90   -O1  execution test
FAIL: libgomp.fortran/target8.f90   -O2  execution test
FAIL: libgomp.fortran/target8.f90   -O3 -fomit-frame-pointer -funroll-loops -fpeel-loops -ftracer -finline-functions  execution test
FAIL: libgomp.fortran/target8.f90   -O3 -g  execution test
FAIL: libgomp.fortran/target8.f90   -Os  execution test
UNRESOLVED: libgomp.oacc-c++/non-scalar-data.C -DACC_DEVICE_TYPE_host=1 -DACC_MEM_SHARED=1  -O2  compilation failed to produce executable

		=== libgomp Summary for unix/-m32 ===

# of expected passes		6120
# of unexpected failures	12
# of expected failures		3
# of unresolved testcases	1
# of unsupported tests		322

Running target unix/-mx32
FAIL: libgomp.fortran/target7.f90   -O0  execution test
FAIL: libgomp.fortran/target7.f90   -O1  execution test
FAIL: libgomp.fortran/target7.f90   -O2  execution test
FAIL: libgomp.fortran/target7.f90   -O3 -fomit-frame-pointer -funroll-loops -fpeel-loops -ftracer -finline-functions  execution test
FAIL: libgomp.fortran/target7.f90   -O3 -g  execution test
FAIL: libgomp.fortran/target7.f90   -Os  execution test
FAIL: libgomp.fortran/target8.f90   -O0  execution test
FAIL: libgomp.fortran/target8.f90   -O1  execution test
FAIL: libgomp.fortran/target8.f90   -O2  execution test
FAIL: libgomp.fortran/target8.f90   -O3 -fomit-frame-pointer -funroll-loops -fpeel-loops -ftracer -finline-functions  execution test
FAIL: libgomp.fortran/target8.f90   -O3 -g  execution test
FAIL: libgomp.fortran/target8.f90   -Os  execution test
UNRESOLVED: libgomp.oacc-c++/non-scalar-data.C -DACC_DEVICE_TYPE_host=1 -DACC_MEM_SHARED=1  -O2  compilation failed to produce executable

		=== libgomp Summary for unix/-mx32 ===

# of expected passes		6120
# of unexpected failures	12
# of expected failures		3
# of unresolved testcases	1
# of unsupported tests		322

Running target unix
UNRESOLVED: libgomp.oacc-c++/non-scalar-data.C -DACC_DEVICE_TYPE_host=1 -DACC_MEM_SHARED=1  -O2  compilation failed to produce executable

		=== libgomp Summary for unix ===

# of expected passes		6132
# of expected failures		3
# of unresolved testcases	1
# of unsupported tests		322

		=== libgomp Summary ===

# of expected passes		18372
# of unexpected failures	24
# of expected failures		9
# of unresolved testcases	3
# of unsupported tests		966
		=== libitm tests ===


Running target unix/-m32

		=== libitm Summary for unix/-m32 ===

# of expected passes		42
# of expected failures		3
# of unsupported tests		1

Running target unix/-mx32

		=== libitm Summary for unix/-mx32 ===

# of expected passes		42
# of expected failures		3
# of unsupported tests		1

Running target unix

		=== libitm Summary for unix ===

# of expected passes		42
# of expected failures		3
# of unsupported tests		1

		=== libitm Summary ===

# of expected passes		126
# of expected failures		9
# of unsupported tests		3
		=== libstdc++ tests ===


Running target unix

		=== libstdc++ Summary for unix ===

# of expected passes		13299
# of expected failures		77
# of unsupported tests		273

Running target unix/-m32

		=== libstdc++ Summary for unix/-m32 ===

# of expected passes		13307
# of expected failures		77
# of unsupported tests		269

Running target unix/-mx32
FAIL: 21_strings/basic_string_view/operators/wchar_t/2.cc execution test
FAIL: experimental/string_view/operators/wchar_t/2.cc execution test

		=== libstdc++ Summary for unix/-mx32 ===

# of expected passes		13297
# of unexpected failures	2
# of expected failures		77
# of unsupported tests		273

		=== libstdc++ Summary ===

# of expected passes		39903
# of unexpected failures	2
# of expected failures		231
# of unsupported tests		815

Compiler version: 9.0.0 20180912 (experimental) [trunk revision 264226] (GCC) 
Platform: x86_64-pc-linux-gnu
configure flags: --with-arch=native --with-cpu=native --prefix=/usr/9.0.0 --enable-clocale=gnu --with-system-zlib --enable-shared --enable-cet --with-demangler-in-ld --enable-libmpx --with-multilib-list=m32,m64,mx32 --with-fpmath=sse


Index Nav: [Date Index] [Subject Index] [Author Index] [Thread Index]
Message Nav: [Date Prev] [Date Next] [Thread Prev] [Thread Next]