This is the mail archive of the gcc-testresults@gcc.gnu.org mailing list for the GCC project.


Index Nav: [Date Index] [Subject Index] [Author Index] [Thread Index]
Message Nav: [Date Prev] [Date Next] [Thread Prev] [Thread Next]
Other format: [Raw text]

Results for 9.0.0 20180908 (experimental) [trunk revision 264170] (Debian 20180908-1) testsuite on powerpc64le-unknown-linux-gnu


LAST_UPDATED: Sat Sep  8 14:39:48 UTC 2018 (revision 264170)

		=== acats tests ===

		=== acats Summary ===
# of expected passes		2320
# of unexpected failures	0
Native configuration is powerpc64le-unknown-linux-gnu

		=== g++ tests ===


Running target unix
FAIL: g++.dg/pr83239.C  -std=gnu++98 (test for excess errors)

		=== g++ Summary ===

# of expected passes		125851
# of unexpected failures	1
# of expected failures		535
# of unsupported tests		5469
/build/gcc-snapshot-zvTqlR/gcc-snapshot-20180908/build/gcc/xg++  version 9.0.0 20180908 (experimental) [trunk revision 264170] (Debian 20180908-1) 

		=== gcc tests ===


Running target unix
XPASS: gcc.dg/Wtrampolines.c standard descriptors (test for warnings, line 29)
FAIL: gcc.dg/attr-ifunc-4.c execution test
FAIL: gcc.dg/sms-1.c scan-rtl-dump-times sms "SMS succeeded" 1
XPASS: gcc.dg/guality/example.c   -O0  execution test
XPASS: gcc.dg/guality/example.c   -O1  -DPREVENT_OPTIMIZATION  execution test
XPASS: gcc.dg/guality/example.c  -Og -DPREVENT_OPTIMIZATION  execution test
XPASS: gcc.dg/guality/guality.c   -O0  execution test
XPASS: gcc.dg/guality/guality.c   -O1  -DPREVENT_OPTIMIZATION  execution test
XPASS: gcc.dg/guality/guality.c   -O2  -DPREVENT_OPTIMIZATION  execution test
XPASS: gcc.dg/guality/guality.c   -O2 -flto -fno-use-linker-plugin -flto-partition=none  -DPREVENT_OPTIMIZATION execution test
XPASS: gcc.dg/guality/guality.c   -O2 -flto -fuse-linker-plugin -fno-fat-lto-objects  -DPREVENT_OPTIMIZATION execution test
XPASS: gcc.dg/guality/guality.c   -O3 -g  -DPREVENT_OPTIMIZATION  execution test
XPASS: gcc.dg/guality/guality.c   -Os  -DPREVENT_OPTIMIZATION  execution test
XPASS: gcc.dg/guality/guality.c  -Og -DPREVENT_OPTIMIZATION  execution test
XPASS: gcc.dg/guality/inline-params.c   -O2  -DPREVENT_OPTIMIZATION  execution test
XPASS: gcc.dg/guality/inline-params.c   -O2 -flto -fno-use-linker-plugin -flto-partition=none  -DPREVENT_OPTIMIZATION execution test
XPASS: gcc.dg/guality/inline-params.c   -O2 -flto -fuse-linker-plugin -fno-fat-lto-objects  -DPREVENT_OPTIMIZATION execution test
XPASS: gcc.dg/guality/inline-params.c   -O3 -g  -DPREVENT_OPTIMIZATION  execution test
XPASS: gcc.dg/guality/inline-params.c   -Os  -DPREVENT_OPTIMIZATION  execution test
FAIL: gcc.dg/guality/pr36728-2.c   -O2 -flto -fuse-linker-plugin -fno-fat-lto-objects  -DPREVENT_OPTIMIZATION line 16 arg1 == 1
FAIL: gcc.dg/guality/pr36728-2.c   -O2 -flto -fuse-linker-plugin -fno-fat-lto-objects  -DPREVENT_OPTIMIZATION line 16 arg2 == 2
FAIL: gcc.dg/guality/pr36728-2.c   -O2 -flto -fuse-linker-plugin -fno-fat-lto-objects  -DPREVENT_OPTIMIZATION line 16 arg3 == 3
FAIL: gcc.dg/guality/pr36728-2.c   -O2 -flto -fuse-linker-plugin -fno-fat-lto-objects  -DPREVENT_OPTIMIZATION line 16 arg4 == 4
FAIL: gcc.dg/guality/pr36728-2.c   -O2 -flto -fuse-linker-plugin -fno-fat-lto-objects  -DPREVENT_OPTIMIZATION line 16 arg5 == 5
FAIL: gcc.dg/guality/pr36728-2.c   -O2 -flto -fuse-linker-plugin -fno-fat-lto-objects  -DPREVENT_OPTIMIZATION line 16 arg6 == 6
FAIL: gcc.dg/guality/pr36728-2.c   -O2 -flto -fuse-linker-plugin -fno-fat-lto-objects  -DPREVENT_OPTIMIZATION line 16 arg7 == 30
FAIL: gcc.dg/guality/pr36728-2.c   -O2 -flto -fuse-linker-plugin -fno-fat-lto-objects  -DPREVENT_OPTIMIZATION line 18 arg1 == 1
FAIL: gcc.dg/guality/pr36728-2.c   -O2 -flto -fuse-linker-plugin -fno-fat-lto-objects  -DPREVENT_OPTIMIZATION line 18 arg2 == 2
FAIL: gcc.dg/guality/pr36728-2.c   -O2 -flto -fuse-linker-plugin -fno-fat-lto-objects  -DPREVENT_OPTIMIZATION line 18 arg3 == 3
FAIL: gcc.dg/guality/pr36728-2.c   -O2 -flto -fuse-linker-plugin -fno-fat-lto-objects  -DPREVENT_OPTIMIZATION line 18 arg4 == 4
FAIL: gcc.dg/guality/pr36728-2.c   -O2 -flto -fuse-linker-plugin -fno-fat-lto-objects  -DPREVENT_OPTIMIZATION line 18 arg5 == 5
FAIL: gcc.dg/guality/pr36728-2.c   -O2 -flto -fuse-linker-plugin -fno-fat-lto-objects  -DPREVENT_OPTIMIZATION line 18 arg6 == 6
FAIL: gcc.dg/guality/pr36728-2.c   -O2 -flto -fuse-linker-plugin -fno-fat-lto-objects  -DPREVENT_OPTIMIZATION line 18 arg7 == 30
FAIL: gcc.dg/guality/pr36728-2.c   -O3 -g  -DPREVENT_OPTIMIZATION  line 16 arg1 == 1
FAIL: gcc.dg/guality/pr36728-2.c   -O3 -g  -DPREVENT_OPTIMIZATION  line 16 arg2 == 2
FAIL: gcc.dg/guality/pr36728-2.c   -O3 -g  -DPREVENT_OPTIMIZATION  line 16 arg3 == 3
FAIL: gcc.dg/guality/pr36728-2.c   -O3 -g  -DPREVENT_OPTIMIZATION  line 16 arg4 == 4
FAIL: gcc.dg/guality/pr36728-2.c   -O3 -g  -DPREVENT_OPTIMIZATION  line 16 arg5 == 5
FAIL: gcc.dg/guality/pr36728-2.c   -O3 -g  -DPREVENT_OPTIMIZATION  line 16 arg6 == 6
FAIL: gcc.dg/guality/pr36728-2.c   -O3 -g  -DPREVENT_OPTIMIZATION  line 16 arg7 == 30
FAIL: gcc.dg/guality/pr36728-2.c   -O3 -g  -DPREVENT_OPTIMIZATION  line 18 arg1 == 1
FAIL: gcc.dg/guality/pr36728-2.c   -O3 -g  -DPREVENT_OPTIMIZATION  line 18 arg2 == 2
FAIL: gcc.dg/guality/pr36728-2.c   -O3 -g  -DPREVENT_OPTIMIZATION  line 18 arg3 == 3
FAIL: gcc.dg/guality/pr36728-2.c   -O3 -g  -DPREVENT_OPTIMIZATION  line 18 arg4 == 4
FAIL: gcc.dg/guality/pr36728-2.c   -O3 -g  -DPREVENT_OPTIMIZATION  line 18 arg5 == 5
FAIL: gcc.dg/guality/pr36728-2.c   -O3 -g  -DPREVENT_OPTIMIZATION  line 18 arg6 == 6
FAIL: gcc.dg/guality/pr36728-2.c   -O3 -g  -DPREVENT_OPTIMIZATION  line 18 arg7 == 30
XPASS: gcc.dg/guality/pr41353-1.c   -O0  line 28 j == 28 + 37
FAIL: gcc.dg/guality/pr41353-1.c  -Og -DPREVENT_OPTIMIZATION  line 28 i == 37
FAIL: gcc.dg/guality/pr41353-1.c  -Og -DPREVENT_OPTIMIZATION  line 28 i1 == 2 * 37
FAIL: gcc.dg/guality/pr41353-1.c  -Og -DPREVENT_OPTIMIZATION  line 28 i2 == 3 * 37
XPASS: gcc.dg/guality/pr41353-1.c  -Og -DPREVENT_OPTIMIZATION  line 28 j == 28 + 37
FAIL: gcc.dg/guality/pr41616-1.c   -O2  -DPREVENT_OPTIMIZATION  execution test
FAIL: gcc.dg/guality/pr41616-1.c   -O2 -flto -fno-use-linker-plugin -flto-partition=none  -DPREVENT_OPTIMIZATION execution test
FAIL: gcc.dg/guality/pr41616-1.c   -O2 -flto -fuse-linker-plugin -fno-fat-lto-objects  -DPREVENT_OPTIMIZATION execution test
FAIL: gcc.dg/guality/pr41616-1.c   -O3 -g  -DPREVENT_OPTIMIZATION  execution test
FAIL: gcc.dg/guality/pr43051-1.c   -O1  -DPREVENT_OPTIMIZATION  line 35 v == 1
FAIL: gcc.dg/guality/pr43051-1.c   -O1  -DPREVENT_OPTIMIZATION  line 40 v == 1
FAIL: gcc.dg/guality/pr43051-1.c   -O2  -DPREVENT_OPTIMIZATION  line 35 v == 1
FAIL: gcc.dg/guality/pr43051-1.c   -O2  -DPREVENT_OPTIMIZATION  line 40 v == 1
FAIL: gcc.dg/guality/pr43051-1.c   -O2 -flto -fno-use-linker-plugin -flto-partition=none  -DPREVENT_OPTIMIZATION line 35 v == 1
FAIL: gcc.dg/guality/pr43051-1.c   -O2 -flto -fno-use-linker-plugin -flto-partition=none  -DPREVENT_OPTIMIZATION line 40 v == 1
FAIL: gcc.dg/guality/pr43051-1.c   -O2 -flto -fuse-linker-plugin -fno-fat-lto-objects  -DPREVENT_OPTIMIZATION line 35 v == 1
FAIL: gcc.dg/guality/pr43051-1.c   -O2 -flto -fuse-linker-plugin -fno-fat-lto-objects  -DPREVENT_OPTIMIZATION line 40 v == 1
FAIL: gcc.dg/guality/pr43051-1.c   -O3 -fomit-frame-pointer -funroll-loops -fpeel-loops -ftracer -finline-functions  -DPREVENT_OPTIMIZATION  line 35 v == 1
FAIL: gcc.dg/guality/pr43051-1.c   -O3 -fomit-frame-pointer -funroll-loops -fpeel-loops -ftracer -finline-functions  -DPREVENT_OPTIMIZATION  line 40 v == 1
FAIL: gcc.dg/guality/pr43051-1.c   -O3 -g  -DPREVENT_OPTIMIZATION  line 35 v == 1
FAIL: gcc.dg/guality/pr43051-1.c   -O3 -g  -DPREVENT_OPTIMIZATION  line 40 v == 1
FAIL: gcc.dg/guality/pr43051-1.c   -Os  -DPREVENT_OPTIMIZATION  line 35 v == 1
FAIL: gcc.dg/guality/pr43051-1.c   -Os  -DPREVENT_OPTIMIZATION  line 40 v == 1
FAIL: gcc.dg/guality/pr43051-1.c  -Og -DPREVENT_OPTIMIZATION  line 35 v == 1
FAIL: gcc.dg/guality/pr43051-1.c  -Og -DPREVENT_OPTIMIZATION  line 40 v == 1
FAIL: gcc.dg/guality/pr54200.c   -O1  -DPREVENT_OPTIMIZATION  line 20 z == 3
FAIL: gcc.dg/guality/pr54200.c   -O2  -DPREVENT_OPTIMIZATION  line 20 z == 3
FAIL: gcc.dg/guality/pr54200.c   -O2 -flto -fno-use-linker-plugin -flto-partition=none  -DPREVENT_OPTIMIZATION line 20 z == 3
FAIL: gcc.dg/guality/pr54200.c   -O3 -g  -DPREVENT_OPTIMIZATION  line 20 z == 3
FAIL: gcc.dg/guality/pr54200.c   -Os  -DPREVENT_OPTIMIZATION  line 20 z == 3
FAIL: gcc.dg/guality/pr54200.c  -Og -DPREVENT_OPTIMIZATION  line 20 z == 3
FAIL: gcc.dg/guality/pr54519-1.c   -O1  -DPREVENT_OPTIMIZATION  line 20 x == 36
FAIL: gcc.dg/guality/pr54519-1.c   -O1  -DPREVENT_OPTIMIZATION  line 20 y == 25
FAIL: gcc.dg/guality/pr54519-1.c   -O1  -DPREVENT_OPTIMIZATION  line 23 x == 98
FAIL: gcc.dg/guality/pr54519-1.c   -O1  -DPREVENT_OPTIMIZATION  line 23 y == 117
FAIL: gcc.dg/guality/pr54519-1.c   -O2  -DPREVENT_OPTIMIZATION  line 20 x == 36
FAIL: gcc.dg/guality/pr54519-1.c   -O2  -DPREVENT_OPTIMIZATION  line 23 x == 98
FAIL: gcc.dg/guality/pr54519-1.c   -O2 -flto -fno-use-linker-plugin -flto-partition=none  -DPREVENT_OPTIMIZATION line 20 x == 36
FAIL: gcc.dg/guality/pr54519-1.c   -O2 -flto -fno-use-linker-plugin -flto-partition=none  -DPREVENT_OPTIMIZATION line 20 y == 25
FAIL: gcc.dg/guality/pr54519-1.c   -O2 -flto -fno-use-linker-plugin -flto-partition=none  -DPREVENT_OPTIMIZATION line 20 z == 6
FAIL: gcc.dg/guality/pr54519-1.c   -O2 -flto -fno-use-linker-plugin -flto-partition=none  -DPREVENT_OPTIMIZATION line 23 x == 98
FAIL: gcc.dg/guality/pr54519-1.c   -O2 -flto -fno-use-linker-plugin -flto-partition=none  -DPREVENT_OPTIMIZATION line 23 y == 117
FAIL: gcc.dg/guality/pr54519-1.c   -O2 -flto -fno-use-linker-plugin -flto-partition=none  -DPREVENT_OPTIMIZATION line 23 z == 8
FAIL: gcc.dg/guality/pr54519-1.c   -Os  -DPREVENT_OPTIMIZATION  line 20 x == 36
FAIL: gcc.dg/guality/pr54519-1.c   -Os  -DPREVENT_OPTIMIZATION  line 23 x == 98
FAIL: gcc.dg/guality/pr54519-1.c  -Og -DPREVENT_OPTIMIZATION  line 20 x == 36
FAIL: gcc.dg/guality/pr54519-1.c  -Og -DPREVENT_OPTIMIZATION  line 20 y == 25
FAIL: gcc.dg/guality/pr54519-1.c  -Og -DPREVENT_OPTIMIZATION  line 23 x == 98
FAIL: gcc.dg/guality/pr54519-1.c  -Og -DPREVENT_OPTIMIZATION  line 23 y == 117
FAIL: gcc.dg/guality/pr54519-2.c   -O1  -DPREVENT_OPTIMIZATION  line 17 x == 6
FAIL: gcc.dg/guality/pr54519-2.c   -O2  -DPREVENT_OPTIMIZATION  line 17 x == 6
FAIL: gcc.dg/guality/pr54519-2.c   -O2 -flto -fno-use-linker-plugin -flto-partition=none  -DPREVENT_OPTIMIZATION line 17 x == 6
FAIL: gcc.dg/guality/pr54519-2.c   -O2 -flto -fno-use-linker-plugin -flto-partition=none  -DPREVENT_OPTIMIZATION line 17 y == 25
FAIL: gcc.dg/guality/pr54519-2.c   -O2 -flto -fuse-linker-plugin -fno-fat-lto-objects  -DPREVENT_OPTIMIZATION line 17 y == 25
FAIL: gcc.dg/guality/pr54519-2.c  -Og -DPREVENT_OPTIMIZATION  line 17 x == 6
FAIL: gcc.dg/guality/pr54519-3.c   -O1  -DPREVENT_OPTIMIZATION  line 20 x == 36
FAIL: gcc.dg/guality/pr54519-3.c   -O1  -DPREVENT_OPTIMIZATION  line 20 y == 25
FAIL: gcc.dg/guality/pr54519-3.c   -O1  -DPREVENT_OPTIMIZATION  line 20 z == 6
FAIL: gcc.dg/guality/pr54519-3.c   -O1  -DPREVENT_OPTIMIZATION  line 23 x == 98
FAIL: gcc.dg/guality/pr54519-3.c   -O1  -DPREVENT_OPTIMIZATION  line 23 y == 117
FAIL: gcc.dg/guality/pr54519-3.c   -O1  -DPREVENT_OPTIMIZATION  line 23 z == 8
FAIL: gcc.dg/guality/pr54519-3.c   -O2  -DPREVENT_OPTIMIZATION  line 20 z == 6
FAIL: gcc.dg/guality/pr54519-3.c   -O2  -DPREVENT_OPTIMIZATION  line 23 z == 8
FAIL: gcc.dg/guality/pr54519-3.c   -O2 -flto -fno-use-linker-plugin -flto-partition=none  -DPREVENT_OPTIMIZATION line 20 y == 25
FAIL: gcc.dg/guality/pr54519-3.c   -O2 -flto -fno-use-linker-plugin -flto-partition=none  -DPREVENT_OPTIMIZATION line 20 z == 6
FAIL: gcc.dg/guality/pr54519-3.c   -O2 -flto -fno-use-linker-plugin -flto-partition=none  -DPREVENT_OPTIMIZATION line 23 y == 117
FAIL: gcc.dg/guality/pr54519-3.c   -O2 -flto -fno-use-linker-plugin -flto-partition=none  -DPREVENT_OPTIMIZATION line 23 z == 8
FAIL: gcc.dg/guality/pr54519-3.c   -O2 -flto -fuse-linker-plugin -fno-fat-lto-objects  -DPREVENT_OPTIMIZATION line 20 y == 25
FAIL: gcc.dg/guality/pr54519-3.c   -O2 -flto -fuse-linker-plugin -fno-fat-lto-objects  -DPREVENT_OPTIMIZATION line 20 z == 6
FAIL: gcc.dg/guality/pr54519-3.c   -O2 -flto -fuse-linker-plugin -fno-fat-lto-objects  -DPREVENT_OPTIMIZATION line 23 y == 117
FAIL: gcc.dg/guality/pr54519-3.c   -O2 -flto -fuse-linker-plugin -fno-fat-lto-objects  -DPREVENT_OPTIMIZATION line 23 z == 8
FAIL: gcc.dg/guality/pr54519-3.c   -O3 -g  -DPREVENT_OPTIMIZATION  line 20 z == 6
FAIL: gcc.dg/guality/pr54519-3.c   -O3 -g  -DPREVENT_OPTIMIZATION  line 23 z == 8
FAIL: gcc.dg/guality/pr54519-3.c   -Os  -DPREVENT_OPTIMIZATION  line 20 z == 6
FAIL: gcc.dg/guality/pr54519-3.c   -Os  -DPREVENT_OPTIMIZATION  line 23 z == 8
FAIL: gcc.dg/guality/pr54519-3.c  -Og -DPREVENT_OPTIMIZATION  line 20 x == 36
FAIL: gcc.dg/guality/pr54519-3.c  -Og -DPREVENT_OPTIMIZATION  line 20 y == 25
FAIL: gcc.dg/guality/pr54519-3.c  -Og -DPREVENT_OPTIMIZATION  line 20 z == 6
FAIL: gcc.dg/guality/pr54519-3.c  -Og -DPREVENT_OPTIMIZATION  line 23 x == 98
FAIL: gcc.dg/guality/pr54519-3.c  -Og -DPREVENT_OPTIMIZATION  line 23 y == 117
FAIL: gcc.dg/guality/pr54519-3.c  -Og -DPREVENT_OPTIMIZATION  line 23 z == 8
FAIL: gcc.dg/guality/pr54519-4.c   -O1  -DPREVENT_OPTIMIZATION  line 17 x == 6
FAIL: gcc.dg/guality/pr54519-4.c   -O1  -DPREVENT_OPTIMIZATION  line 17 y == 25
FAIL: gcc.dg/guality/pr54519-4.c   -O2  -DPREVENT_OPTIMIZATION  line 17 y == 25
FAIL: gcc.dg/guality/pr54519-4.c   -O2 -flto -fno-use-linker-plugin -flto-partition=none  -DPREVENT_OPTIMIZATION line 17 y == 25
FAIL: gcc.dg/guality/pr54519-4.c   -O2 -flto -fuse-linker-plugin -fno-fat-lto-objects  -DPREVENT_OPTIMIZATION line 17 y == 25
FAIL: gcc.dg/guality/pr54519-4.c   -O3 -g  -DPREVENT_OPTIMIZATION  line 17 y == 25
FAIL: gcc.dg/guality/pr54519-4.c   -Os  -DPREVENT_OPTIMIZATION  line 17 y == 25
FAIL: gcc.dg/guality/pr54519-4.c  -Og -DPREVENT_OPTIMIZATION  line 17 x == 6
FAIL: gcc.dg/guality/pr54519-4.c  -Og -DPREVENT_OPTIMIZATION  line 17 y == 25
FAIL: gcc.dg/guality/pr54519-5.c   -O1  -DPREVENT_OPTIMIZATION  line 17 x == 6
FAIL: gcc.dg/guality/pr54519-5.c   -O1  -DPREVENT_OPTIMIZATION  line 17 y == 25
FAIL: gcc.dg/guality/pr54519-5.c   -O2  -DPREVENT_OPTIMIZATION  line 17 x == 6
FAIL: gcc.dg/guality/pr54519-5.c   -O2  -DPREVENT_OPTIMIZATION  line 17 y == 25
FAIL: gcc.dg/guality/pr54519-5.c   -O2 -flto -fno-use-linker-plugin -flto-partition=none  -DPREVENT_OPTIMIZATION line 17 x == 6
FAIL: gcc.dg/guality/pr54519-5.c   -O2 -flto -fno-use-linker-plugin -flto-partition=none  -DPREVENT_OPTIMIZATION line 17 y == 25
FAIL: gcc.dg/guality/pr54519-5.c   -O2 -flto -fuse-linker-plugin -fno-fat-lto-objects  -DPREVENT_OPTIMIZATION line 17 y == 25
FAIL: gcc.dg/guality/pr54519-5.c   -O3 -g  -DPREVENT_OPTIMIZATION  line 17 y == 25
FAIL: gcc.dg/guality/pr54519-5.c   -Os  -DPREVENT_OPTIMIZATION  line 17 y == 25
FAIL: gcc.dg/guality/pr54519-5.c  -Og -DPREVENT_OPTIMIZATION  line 17 x == 6
FAIL: gcc.dg/guality/pr54519-5.c  -Og -DPREVENT_OPTIMIZATION  line 17 y == 25
FAIL: gcc.dg/guality/pr54551.c   -O1  -DPREVENT_OPTIMIZATION  line 18 a == 4
FAIL: gcc.dg/guality/pr54551.c   -O2  -DPREVENT_OPTIMIZATION  line 18 a == 4
FAIL: gcc.dg/guality/pr54551.c   -O2 -flto -fno-use-linker-plugin -flto-partition=none  -DPREVENT_OPTIMIZATION line 18 a == 4
FAIL: gcc.dg/guality/pr54551.c   -O3 -g  -DPREVENT_OPTIMIZATION  line 18 a == 4
FAIL: gcc.dg/guality/pr54551.c   -Os  -DPREVENT_OPTIMIZATION  line 18 a == 4
FAIL: gcc.dg/guality/pr54551.c  -Og -DPREVENT_OPTIMIZATION  line 18 a == 4
FAIL: gcc.dg/guality/pr54693-2.c   -O1  -DPREVENT_OPTIMIZATION  line 21 x == 10 - i
FAIL: gcc.dg/guality/pr54693-2.c   -O2  -DPREVENT_OPTIMIZATION  line 21 x == 10 - i
FAIL: gcc.dg/guality/pr54693-2.c   -O2 -flto -fno-use-linker-plugin -flto-partition=none  -DPREVENT_OPTIMIZATION line 21 x == 10 - i
FAIL: gcc.dg/guality/pr54693-2.c   -O2 -flto -fuse-linker-plugin -fno-fat-lto-objects  -DPREVENT_OPTIMIZATION line 21 y == 20 - 2 * i
FAIL: gcc.dg/guality/pr54693-2.c   -O2 -flto -fuse-linker-plugin -fno-fat-lto-objects  -DPREVENT_OPTIMIZATION line 21 z == 30 - 3 * i
FAIL: gcc.dg/guality/pr54693-2.c   -O3 -fomit-frame-pointer -funroll-loops -fpeel-loops -ftracer -finline-functions  -DPREVENT_OPTIMIZATION  line 21 x == 10 - i
FAIL: gcc.dg/guality/pr54693-2.c   -O3 -g  -DPREVENT_OPTIMIZATION  line 21 x == 10 - i
FAIL: gcc.dg/guality/pr54693-2.c   -Os  -DPREVENT_OPTIMIZATION  line 21 y == 20 - 2 * i
FAIL: gcc.dg/guality/pr54693-2.c   -Os  -DPREVENT_OPTIMIZATION  line 21 z == 30 - 3 * i
FAIL: gcc.dg/guality/pr54693.c   -Os  -DPREVENT_OPTIMIZATION  line 22 i == c - 48
XPASS: gcc.dg/guality/pr54970.c   -O0  line 31 a[0] == 4
XPASS: gcc.dg/guality/pr54970.c   -O0  line 36 a[0] == 4
XPASS: gcc.dg/guality/pr54970.c   -O0  line 45 a[0] == 4
XPASS: gcc.dg/guality/pr54970.c   -O0  line 45 p[-2] == 4
XPASS: gcc.dg/guality/pr54970.c   -O0  line 45 q[-1] == 4
FAIL: gcc.dg/guality/pr54970.c  -Og -DPREVENT_OPTIMIZATION  line 15 *p == 3
FAIL: gcc.dg/guality/pr54970.c  -Og -DPREVENT_OPTIMIZATION  line 15 *q == 2
FAIL: gcc.dg/guality/pr54970.c  -Og -DPREVENT_OPTIMIZATION  line 15 a[0] == 1
FAIL: gcc.dg/guality/pr54970.c  -Og -DPREVENT_OPTIMIZATION  line 15 a[1] == 2
FAIL: gcc.dg/guality/pr54970.c  -Og -DPREVENT_OPTIMIZATION  line 15 a[2] == 3
FAIL: gcc.dg/guality/pr54970.c  -Og -DPREVENT_OPTIMIZATION  line 20 *p == 13
FAIL: gcc.dg/guality/pr54970.c  -Og -DPREVENT_OPTIMIZATION  line 20 *q == 2
FAIL: gcc.dg/guality/pr54970.c  -Og -DPREVENT_OPTIMIZATION  line 20 a[0] == 1
FAIL: gcc.dg/guality/pr54970.c  -Og -DPREVENT_OPTIMIZATION  line 20 a[1] == 2
FAIL: gcc.dg/guality/pr54970.c  -Og -DPREVENT_OPTIMIZATION  line 20 a[2] == 13
FAIL: gcc.dg/guality/pr54970.c  -Og -DPREVENT_OPTIMIZATION  line 25 *p == 13
FAIL: gcc.dg/guality/pr54970.c  -Og -DPREVENT_OPTIMIZATION  line 25 *q == 12
FAIL: gcc.dg/guality/pr54970.c  -Og -DPREVENT_OPTIMIZATION  line 25 a[0] == 1
FAIL: gcc.dg/guality/pr54970.c  -Og -DPREVENT_OPTIMIZATION  line 25 a[1] == 12
FAIL: gcc.dg/guality/pr54970.c  -Og -DPREVENT_OPTIMIZATION  line 25 a[2] == 13
FAIL: gcc.dg/guality/pr54970.c  -Og -DPREVENT_OPTIMIZATION  line 31 *p == 6
FAIL: gcc.dg/guality/pr54970.c  -Og -DPREVENT_OPTIMIZATION  line 31 *q == 5
FAIL: gcc.dg/guality/pr54970.c  -Og -DPREVENT_OPTIMIZATION  line 31 a[1] == 5
FAIL: gcc.dg/guality/pr54970.c  -Og -DPREVENT_OPTIMIZATION  line 31 a[2] == 6
FAIL: gcc.dg/guality/pr54970.c  -Og -DPREVENT_OPTIMIZATION  line 36 *p == 26
FAIL: gcc.dg/guality/pr54970.c  -Og -DPREVENT_OPTIMIZATION  line 36 *q == 5
FAIL: gcc.dg/guality/pr54970.c  -Og -DPREVENT_OPTIMIZATION  line 36 a[1] == 5
FAIL: gcc.dg/guality/pr54970.c  -Og -DPREVENT_OPTIMIZATION  line 36 a[2] == 26
FAIL: gcc.dg/guality/pr54970.c  -Og -DPREVENT_OPTIMIZATION  line 45 *p == 26
FAIL: gcc.dg/guality/pr54970.c  -Og -DPREVENT_OPTIMIZATION  line 45 *q == 25
FAIL: gcc.dg/guality/pr54970.c  -Og -DPREVENT_OPTIMIZATION  line 45 a[1] == 25
FAIL: gcc.dg/guality/pr54970.c  -Og -DPREVENT_OPTIMIZATION  line 45 a[2] == 26
FAIL: gcc.dg/guality/pr54970.c  -Og -DPREVENT_OPTIMIZATION  line 45 p[-1] == 25
FAIL: gcc.dg/guality/pr54970.c  -Og -DPREVENT_OPTIMIZATION  line 45 q[1] == 26
FAIL: gcc.dg/guality/pr56154-1.c  -Og -DPREVENT_OPTIMIZATION  line pr56154-1.c:20 x.a == 6
FAIL: gcc.dg/guality/pr59776.c  -Og -DPREVENT_OPTIMIZATION  line pr59776.c:17 s1.f == 5.0
FAIL: gcc.dg/guality/pr59776.c  -Og -DPREVENT_OPTIMIZATION  line pr59776.c:17 s1.g == 6.0
FAIL: gcc.dg/guality/pr59776.c  -Og -DPREVENT_OPTIMIZATION  line pr59776.c:17 s2.f == 0.0
FAIL: gcc.dg/guality/pr59776.c  -Og -DPREVENT_OPTIMIZATION  line pr59776.c:17 s2.g == 6.0
FAIL: gcc.dg/guality/pr59776.c  -Og -DPREVENT_OPTIMIZATION  line pr59776.c:20 s1.f == 5.0
FAIL: gcc.dg/guality/pr59776.c  -Og -DPREVENT_OPTIMIZATION  line pr59776.c:20 s1.g == 6.0
FAIL: gcc.dg/guality/pr59776.c  -Og -DPREVENT_OPTIMIZATION  line pr59776.c:20 s2.f == 5.0
FAIL: gcc.dg/guality/pr59776.c  -Og -DPREVENT_OPTIMIZATION  line pr59776.c:20 s2.g == 6.0
FAIL: gcc.dg/guality/pr68860-1.c   -O2 -flto -fno-use-linker-plugin -flto-partition=none  -DPREVENT_OPTIMIZATION line 14 arg1 == 1
FAIL: gcc.dg/guality/pr68860-1.c   -O2 -flto -fno-use-linker-plugin -flto-partition=none  -DPREVENT_OPTIMIZATION line 14 arg2 == 2
FAIL: gcc.dg/guality/pr68860-1.c   -O2 -flto -fno-use-linker-plugin -flto-partition=none  -DPREVENT_OPTIMIZATION line 14 arg3 == 3
FAIL: gcc.dg/guality/pr68860-1.c   -O2 -flto -fno-use-linker-plugin -flto-partition=none  -DPREVENT_OPTIMIZATION line 14 arg4 == 4
FAIL: gcc.dg/guality/pr68860-1.c   -O2 -flto -fno-use-linker-plugin -flto-partition=none  -DPREVENT_OPTIMIZATION line 14 arg5 == 5
FAIL: gcc.dg/guality/pr68860-1.c   -O2 -flto -fno-use-linker-plugin -flto-partition=none  -DPREVENT_OPTIMIZATION line 14 arg6 == 6
FAIL: gcc.dg/guality/pr68860-1.c   -O2 -flto -fno-use-linker-plugin -flto-partition=none  -DPREVENT_OPTIMIZATION line 16 arg1 == 1
FAIL: gcc.dg/guality/pr68860-1.c   -O2 -flto -fno-use-linker-plugin -flto-partition=none  -DPREVENT_OPTIMIZATION line 16 arg2 == 2
FAIL: gcc.dg/guality/pr68860-1.c   -O2 -flto -fno-use-linker-plugin -flto-partition=none  -DPREVENT_OPTIMIZATION line 16 arg3 == 3
FAIL: gcc.dg/guality/pr68860-1.c   -O2 -flto -fno-use-linker-plugin -flto-partition=none  -DPREVENT_OPTIMIZATION line 16 arg4 == 4
FAIL: gcc.dg/guality/pr68860-1.c   -O2 -flto -fno-use-linker-plugin -flto-partition=none  -DPREVENT_OPTIMIZATION line 16 arg5 == 5
FAIL: gcc.dg/guality/pr68860-1.c   -O2 -flto -fno-use-linker-plugin -flto-partition=none  -DPREVENT_OPTIMIZATION line 16 arg6 == 6
FAIL: gcc.dg/guality/pr68860-1.c   -O2 -flto -fuse-linker-plugin -fno-fat-lto-objects  -DPREVENT_OPTIMIZATION line 14 arg1 == 1
FAIL: gcc.dg/guality/pr68860-1.c   -O2 -flto -fuse-linker-plugin -fno-fat-lto-objects  -DPREVENT_OPTIMIZATION line 14 arg2 == 2
FAIL: gcc.dg/guality/pr68860-1.c   -O2 -flto -fuse-linker-plugin -fno-fat-lto-objects  -DPREVENT_OPTIMIZATION line 14 arg3 == 3
FAIL: gcc.dg/guality/pr68860-1.c   -O2 -flto -fuse-linker-plugin -fno-fat-lto-objects  -DPREVENT_OPTIMIZATION line 14 arg4 == 4
FAIL: gcc.dg/guality/pr68860-1.c   -O2 -flto -fuse-linker-plugin -fno-fat-lto-objects  -DPREVENT_OPTIMIZATION line 14 arg5 == 5
FAIL: gcc.dg/guality/pr68860-1.c   -O2 -flto -fuse-linker-plugin -fno-fat-lto-objects  -DPREVENT_OPTIMIZATION line 14 arg6 == 6
FAIL: gcc.dg/guality/pr68860-1.c   -O2 -flto -fuse-linker-plugin -fno-fat-lto-objects  -DPREVENT_OPTIMIZATION line 16 arg1 == 1
FAIL: gcc.dg/guality/pr68860-1.c   -O2 -flto -fuse-linker-plugin -fno-fat-lto-objects  -DPREVENT_OPTIMIZATION line 16 arg2 == 2
FAIL: gcc.dg/guality/pr68860-1.c   -O2 -flto -fuse-linker-plugin -fno-fat-lto-objects  -DPREVENT_OPTIMIZATION line 16 arg3 == 3
FAIL: gcc.dg/guality/pr68860-1.c   -O2 -flto -fuse-linker-plugin -fno-fat-lto-objects  -DPREVENT_OPTIMIZATION line 16 arg4 == 4
FAIL: gcc.dg/guality/pr68860-1.c   -O2 -flto -fuse-linker-plugin -fno-fat-lto-objects  -DPREVENT_OPTIMIZATION line 16 arg5 == 5
FAIL: gcc.dg/guality/pr68860-1.c   -O2 -flto -fuse-linker-plugin -fno-fat-lto-objects  -DPREVENT_OPTIMIZATION line 16 arg6 == 6
FAIL: gcc.dg/guality/pr78726.c   -O2  -DPREVENT_OPTIMIZATION  line 21 d1 == ~36U * 173
FAIL: gcc.dg/guality/pr78726.c   -O2  -DPREVENT_OPTIMIZATION  line 21 d2 == ~36U * 173 * 173
FAIL: gcc.dg/guality/pr78726.c   -O2  -DPREVENT_OPTIMIZATION  line 21 d4 == ~36U * 173 * 2
FAIL: gcc.dg/guality/pr78726.c   -O2  -DPREVENT_OPTIMIZATION  line 21 d5 == ~36U * 173 * 173 * 2
FAIL: gcc.dg/guality/pr78726.c   -O2 -flto -fno-use-linker-plugin -flto-partition=none  -DPREVENT_OPTIMIZATION line 21 d1 == ~36U * 173
FAIL: gcc.dg/guality/pr78726.c   -O2 -flto -fno-use-linker-plugin -flto-partition=none  -DPREVENT_OPTIMIZATION line 21 d2 == ~36U * 173 * 173
FAIL: gcc.dg/guality/pr78726.c   -O2 -flto -fno-use-linker-plugin -flto-partition=none  -DPREVENT_OPTIMIZATION line 21 d4 == ~36U * 173 * 2
FAIL: gcc.dg/guality/pr78726.c   -O2 -flto -fno-use-linker-plugin -flto-partition=none  -DPREVENT_OPTIMIZATION line 21 d5 == ~36U * 173 * 173 * 2
FAIL: gcc.dg/guality/pr78726.c   -O3 -g  -DPREVENT_OPTIMIZATION  line 21 d1 == ~36U * 173
FAIL: gcc.dg/guality/pr78726.c   -O3 -g  -DPREVENT_OPTIMIZATION  line 21 d2 == ~36U * 173 * 173
FAIL: gcc.dg/guality/pr78726.c   -O3 -g  -DPREVENT_OPTIMIZATION  line 21 d4 == ~36U * 173 * 2
FAIL: gcc.dg/guality/pr78726.c   -O3 -g  -DPREVENT_OPTIMIZATION  line 21 d5 == ~36U * 173 * 173 * 2
FAIL: gcc.dg/guality/pr78726.c   -Os  -DPREVENT_OPTIMIZATION  line 21 d1 == ~36U * 173
FAIL: gcc.dg/guality/pr78726.c   -Os  -DPREVENT_OPTIMIZATION  line 21 d2 == ~36U * 173 * 173
FAIL: gcc.dg/guality/pr78726.c   -Os  -DPREVENT_OPTIMIZATION  line 21 d4 == ~36U * 173 * 2
FAIL: gcc.dg/guality/pr78726.c   -Os  -DPREVENT_OPTIMIZATION  line 21 d5 == ~36U * 173 * 173 * 2
FAIL: gcc.dg/guality/sra-1.c  -Og -DPREVENT_OPTIMIZATION  line 21 a.i == 4
FAIL: gcc.dg/guality/sra-1.c  -Og -DPREVENT_OPTIMIZATION  line 21 a.j == 14
FAIL: gcc.dg/guality/sra-1.c  -Og -DPREVENT_OPTIMIZATION  line 32 a[0] == 4
FAIL: gcc.dg/guality/sra-1.c  -Og -DPREVENT_OPTIMIZATION  line 32 a[1] == 14
FAIL: gcc.dg/guality/sra-1.c  -Og -DPREVENT_OPTIMIZATION  line 43 a.i == 4
FAIL: gcc.dg/guality/sra-1.c  -Og -DPREVENT_OPTIMIZATION  line 43 a.j == 14
FAIL: gcc.dg/guality/vla-1.c   -O1  -DPREVENT_OPTIMIZATION  line 17 sizeof (a) == 6
FAIL: gcc.dg/guality/vla-1.c   -O2  -DPREVENT_OPTIMIZATION  line 17 sizeof (a) == 6
FAIL: gcc.dg/guality/vla-1.c   -O2 -flto -fno-use-linker-plugin -flto-partition=none  -DPREVENT_OPTIMIZATION line 17 sizeof (a) == 6
FAIL: gcc.dg/guality/vla-1.c   -O2 -flto -fuse-linker-plugin -fno-fat-lto-objects  -DPREVENT_OPTIMIZATION line 17 sizeof (a) == 6
FAIL: gcc.dg/guality/vla-1.c   -O3 -g  -DPREVENT_OPTIMIZATION  line 17 sizeof (a) == 6
FAIL: gcc.dg/guality/vla-1.c   -Os  -DPREVENT_OPTIMIZATION  line 17 sizeof (a) == 6
FAIL: gcc.dg/ipa/ipa-pta-19.c execution test
FAIL: gcc.dg/torture/pr52451.c   -O0  execution test
FAIL: gcc.dg/torture/pr52451.c   -O1  execution test
FAIL: gcc.dg/torture/pr52451.c   -O2  execution test
FAIL: gcc.dg/torture/pr52451.c   -O2 -flto -fno-use-linker-plugin -flto-partition=none  execution test
FAIL: gcc.dg/torture/pr52451.c   -O2 -flto -fuse-linker-plugin -fno-fat-lto-objects  execution test
FAIL: gcc.dg/torture/pr52451.c   -O3 -g  execution test
FAIL: gcc.dg/torture/pr52451.c   -Os  execution test
XPASS: gcc.dg/tree-ssa/ssa-dom-cse-2.c scan-tree-dump optimized "return 28;"
FAIL: gcc.dg/vect/costmodel/ppc/costmodel-vect-33.c scan-tree-dump-times vect "vectorized 1 loops" 1
XPASS: gcc.dg/vect/vect-24.c -flto -ffat-lto-objects  scan-tree-dump-times vect "vectorized 3 loops" 1
XPASS: gcc.dg/vect/vect-24.c scan-tree-dump-times vect "vectorized 3 loops" 1
XPASS: gcc.target/powerpc/20050603-3.c scan-assembler-not \\\\mrlwinm
XPASS: gcc.target/powerpc/20050603-3.c scan-assembler-times \\\\mrl[wd]imi 1
FAIL: gcc.target/powerpc/fold-vec-splat-char.c scan-assembler-times vspltb 24
FAIL: gcc.target/powerpc/fold-vec-splat-floatdouble.c scan-assembler-times vspltw|xxspltw 9
FAIL: gcc.target/powerpc/fold-vec-splat-floatdouble.c scan-assembler-times xxpermdi 9
FAIL: gcc.target/powerpc/fold-vec-splat-int.c scan-assembler-times vspltisw 6
FAIL: gcc.target/powerpc/fold-vec-splat-int.c scan-assembler-times vspltw|xxspltw 24
FAIL: gcc.target/powerpc/fold-vec-splat-pixel.c scan-assembler-times vsplth 8
FAIL: gcc.target/powerpc/fold-vec-splat-pixel.c scan-assembler-times vspltish 2
FAIL: gcc.target/powerpc/fold-vec-splat-short.c scan-assembler-times vsplth 24
FAIL: gcc.target/powerpc/fold-vec-splat-short.c scan-assembler-times vspltish 6
FAIL: gcc.target/powerpc/p8-vec-xl-xst-v2.c scan-assembler-times lvx 4
FAIL: gcc.target/powerpc/p8-vec-xl-xst-v2.c scan-assembler-times stvx 4
FAIL: gcc.target/powerpc/p8-vec-xl-xst-v2.c scan-assembler-times xxpermdi 0
FAIL: gcc.target/powerpc/vec-init-6.c scan-assembler rldicl
FAIL: gcc.target/powerpc/vec-init-6.c scan-assembler rldicr
FAIL: gcc.target/powerpc/vsx-vector-6.p7.c scan-assembler-times xvcmpeqdp 5
FAIL: gcc.target/powerpc/vsx-vector-6.p7.c scan-assembler-times xvcmpeqdp. 5
FAIL: gcc.target/powerpc/vsx-vector-6.p7.c scan-assembler-times xvcmpgedp 6
FAIL: gcc.target/powerpc/vsx-vector-6.p7.c scan-assembler-times xvcmpgedp. 6
FAIL: gcc.target/powerpc/vsx-vector-6.p7.c scan-assembler-times xvcmpgtdp 9
FAIL: gcc.target/powerpc/vsx-vector-6.p7.c scan-assembler-times xvcmpgtdp. 9
FAIL: gcc.target/powerpc/vsx-vector-6.p7.c scan-assembler-times xxlnor 8
FAIL: gcc.target/powerpc/vsx-vector-6.p8.c scan-assembler-times xvcmpeqdp 4
FAIL: gcc.target/powerpc/vsx-vector-6.p8.c scan-assembler-times xvcmpeqdp. 4
FAIL: gcc.target/powerpc/vsx-vector-6.p8.c scan-assembler-times xvcmpgedp 7
FAIL: gcc.target/powerpc/vsx-vector-6.p8.c scan-assembler-times xvcmpgedp. 7
FAIL: gcc.target/powerpc/vsx-vector-6.p8.c scan-assembler-times xvcmpgtdp 7
FAIL: gcc.target/powerpc/vsx-vector-6.p8.c scan-assembler-times xvcmpgtdp. 7
FAIL: gcc.target/powerpc/vsx-vector-6.p8.c scan-assembler-times xxlnor 8
FAIL: gcc.target/powerpc/vsx-vector-6.p9.c scan-assembler-times xxlnor 7

		=== gcc Summary ===

# of expected passes		124959
# of unexpected failures	273
# of unexpected successes	29
# of expected failures		503
# of unsupported tests		2643
/build/gcc-snapshot-zvTqlR/gcc-snapshot-20180908/build/gcc/xgcc  version 9.0.0 20180908 (experimental) [trunk revision 264170] (Debian 20180908-1) 

		=== gfortran tests ===


Running target unix
FAIL: gfortran.dg/elemental_subroutine_3.f90   -O1  (test for excess errors)
FAIL: gfortran.dg/elemental_subroutine_3.f90   -O2  (test for excess errors)
FAIL: gfortran.dg/elemental_subroutine_3.f90   -O3 -fomit-frame-pointer -funroll-loops -fpeel-loops -ftracer -finline-functions  (test for excess errors)
FAIL: gfortran.dg/elemental_subroutine_3.f90   -O3 -g  (test for excess errors)
FAIL: gfortran.dg/elemental_subroutine_3.f90   -Os  (test for excess errors)
XPASS: gfortran.dg/large_real_kind_form_io_2.f90   -O0  execution test
XPASS: gfortran.dg/large_real_kind_form_io_2.f90   -O1  execution test
XPASS: gfortran.dg/large_real_kind_form_io_2.f90   -O2  execution test
XPASS: gfortran.dg/large_real_kind_form_io_2.f90   -O3 -fomit-frame-pointer -funroll-loops -fpeel-loops -ftracer -finline-functions  execution test
XPASS: gfortran.dg/large_real_kind_form_io_2.f90   -O3 -g  execution test
XPASS: gfortran.dg/large_real_kind_form_io_2.f90   -Os  execution test
FAIL: gfortran.dg/ieee/large_2.f90   -O0  execution test
FAIL: gfortran.dg/ieee/large_2.f90   -O1  execution test
FAIL: gfortran.dg/ieee/large_2.f90   -O2  execution test
FAIL: gfortran.dg/ieee/large_2.f90   -O3 -fomit-frame-pointer -funroll-loops -fpeel-loops -ftracer -finline-functions  execution test
FAIL: gfortran.dg/ieee/large_2.f90   -O3 -g  execution test
FAIL: gfortran.dg/ieee/large_2.f90   -Os  execution test

		=== gfortran Summary ===

# of expected passes		47600
# of unexpected failures	11
# of unexpected successes	6
# of expected failures		116
# of unsupported tests		105
/build/gcc-snapshot-zvTqlR/gcc-snapshot-20180908/build/gcc/gfortran  version 9.0.0 20180908 (experimental) [trunk revision 264170] (Debian 20180908-1) 

		=== gnat tests ===


Running target unix
FAIL: gnat.dg/dinst.adb scan-assembler loc [0-9] 5 [0-9]( is_stmt [0-9])? discriminator 1\\n
FAIL: gnat.dg/dinst.adb scan-assembler loc [0-9] 5 [0-9]( is_stmt [0-9])? discriminator 3\\n
FAIL: gnat.dg/dinst.adb scan-assembler loc [0-9] 5 [0-9]( is_stmt [0-9])? discriminator 4\\n
FAIL: gnat.dg/unchecked_convert5.adb execution test
FAIL: gnat.dg/unchecked_convert6.adb execution test
FAIL: gnat.dg/sso/q2.adb   -O0  execution test
FAIL: gnat.dg/sso/q2.adb   -O1 -fno-inline  execution test
FAIL: gnat.dg/sso/q2.adb   -O2  execution test
FAIL: gnat.dg/sso/q2.adb   -O3 -finline-functions  execution test
FAIL: gnat.dg/sso/q2.adb   -Og -g  execution test
FAIL: gnat.dg/sso/q2.adb   -Os  execution test
FAIL: gnat.dg/sso/q3.adb   -O0  execution test
FAIL: gnat.dg/sso/q3.adb   -O1 -fno-inline  execution test
FAIL: gnat.dg/sso/q3.adb   -O2  execution test
FAIL: gnat.dg/sso/q3.adb   -O3 -finline-functions  execution test
FAIL: gnat.dg/sso/q3.adb   -Og -g  execution test
FAIL: gnat.dg/sso/q3.adb   -Os  execution test
FAIL: gnat.dg/sso/t2.adb   -O0  output pattern test
FAIL: gnat.dg/sso/t3.adb   -O0  output pattern test

		=== gnat Summary ===

# of expected passes		2829
# of unexpected failures	19
# of expected failures		24
# of unsupported tests		19
/build/gcc-snapshot-zvTqlR/gcc-snapshot-20180908/build/gcc/gnatmake version 9.0.0 20180908 (experimental) [trunk revision 264170]

		=== go tests ===


Running target unix
FAIL: go.test/test/ken/cplx2.go execution,  -O2 -g 

		=== go Summary ===

# of expected passes		7281
# of unexpected failures	1
# of expected failures		1
# of untested testcases		7
# of unsupported tests		3
/build/gcc-snapshot-zvTqlR/gcc-snapshot-20180908/build/gcc/gccgo  version 9.0.0 20180908 (experimental) [trunk revision 264170] (Debian 20180908-1) 

		=== obj-c++ tests ===


Running target unix

		=== obj-c++ Summary ===

# of expected passes		1456
# of expected failures		10
# of unsupported tests		77
/build/gcc-snapshot-zvTqlR/gcc-snapshot-20180908/build/gcc/xg++  version 9.0.0 20180908 (experimental) [trunk revision 264170] (Debian 20180908-1) 

		=== objc tests ===


Running target unix

		=== objc Summary ===

# of expected passes		2803
# of unsupported tests		68
/build/gcc-snapshot-zvTqlR/gcc-snapshot-20180908/build/gcc/xgcc  version 9.0.0 20180908 (experimental) [trunk revision 264170] (Debian 20180908-1) 

		=== gotools tests ===


		=== gotools Summary ===
# of expected passes		387
# of untested testcases		191
/build/gcc-snapshot-zvTqlR/gcc-snapshot-20180908/build/./gcc/gccgo version 9.0.0 20180908 (experimental) [trunk revision 264170] (Debian 20180908-1)

		=== libatomic tests ===


Running target unix

		=== libatomic Summary ===

# of expected passes		54
		=== libffi tests ===


Running target unix

		=== libffi Summary ===

# of expected passes		1934
# of unsupported tests		28
		=== libgo tests ===


Running target unix

		=== libgo Summary ===

# of expected passes		163
/build/gcc-snapshot-zvTqlR/gcc-snapshot-20180908/build/./gcc/gccgo version 9.0.0 20180908 (experimental) [trunk revision 264170] (Debian 20180908-1)

		=== libgomp tests ===


Running target unix
UNRESOLVED: libgomp.oacc-c++/non-scalar-data.C -DACC_DEVICE_TYPE_host=1 -DACC_MEM_SHARED=1  -O2  compilation failed to produce executable
FAIL: libgomp.oacc-fortran/reduction-3.f90 -DACC_DEVICE_TYPE_host=1 -DACC_MEM_SHARED=1  -O1  execution test

		=== libgomp Summary ===

# of expected passes		5987
# of unexpected failures	1
# of expected failures		3
# of unresolved testcases	1
# of unsupported tests		394
		=== libitm tests ===


Running target unix

		=== libitm Summary ===

# of expected passes		42
# of expected failures		3
# of unsupported tests		1
		=== libstdc++ tests ===


Running target unix

		=== libstdc++ Summary ===

# of expected passes		13247
# of expected failures		77
# of unsupported tests		299

Compiler version: 9.0.0 20180908 (experimental) [trunk revision 264170] (Debian 20180908-1) 
Platform: powerpc64le-unknown-linux-gnu
configure flags: -v --with-pkgversion='Debian 20180908-1' --with-bugurl=file:///usr/share/doc/gcc-snapshot/README.Bugs --enable-languages=c,ada,c++,go,fortran,objc,obj-c++ --prefix=/usr/lib/gcc-snapshot --with-gcc-major-version-only --program-prefix= --enable-shared --enable-linker-build-id --disable-nls --with-sysroot=/ --enable-clocale=gnu --enable-libstdcxx-debug --enable-libstdcxx-time=yes --with-default-libstdcxx-abi=new --enable-gnu-unique-object --enable-plugin --with-system-zlib --enable-objc-gc=auto --enable-secureplt --with-cpu=power8 --enable-targets=powerpcle-linux --disable-multilib --enable-multiarch --disable-werror --with-long-double-128 --enable-checking=yes --build=powerpc64le-linux-gnu --host=powerpc64le-linux-gnu --target=powerpc64le-linux-gnu
BOOT_CFLAGS=


Build Dependencies:
Desired=Unknown/Install/Remove/Purge/Hold
| Status=Not/Inst/Conf-files/Unpacked/halF-conf/Half-inst/trig-aWait/Trig-pend
|/ Err?=(none)/Reinst-required (Status,Err: uppercase=bad)
||/ Name                           Version        Architecture Description
+++-==============================-==============-============-===============================================================================
ii  binutils                       2.31.1-5       ppc64el      GNU assembler, linker and binary utilities
ii  binutils-common:ppc64el        2.31.1-5       ppc64el      Common files for the GNU assembler, linker and binary utilities
ii  binutils-powerpc64le-linux-gnu 2.31.1-5       ppc64el      GNU binary utilities, for powerpc64le-linux-gnu target
ii  g++-8                          8.2.0-5        ppc64el      GNU C++ compiler
ii  libc6:ppc64el                  2.27-6         ppc64el      GNU C Library: Shared libraries
ii  libgmp-dev:ppc64el             2:6.1.2+dfsg-3 ppc64el      Multiprecision arithmetic library developers tools
ii  libisl-dev:ppc64el             0.20-2         ppc64el      manipulating sets and relations of integer points bounded by linear constraints
ii  libmpc-dev:ppc64el             1.1.0-1        ppc64el      multiple precision complex floating-point library development package
ii  libmpfr-dev:ppc64el            4.0.1-1        ppc64el      multiple precision floating-point computation developers tools


sys-auxv-header:
  Check for the sys/auxv.h header file.

arm-multilib-defaults:
  Set MULTILIB_DEFAULTS for ARM multilib builds

gcc-ice-dump:
  For ICEs, dump the preprocessed source file to stderr
  when in a distro build environment.

gcc-ice-apport:
  Report an ICE to apport (if apport is available
  and the environment variable GCC_NOAPPORT is not set)

skip-bootstrap-multilib:
  Skip non-default multilib and libstdc++-v3 debug builds in bootstrap builds

libffi-ro-eh_frame_sect:
  PR libffi/47248, force a read only eh frame section.

libffi-mips:
  Backport Mips go closure support, taken from libffi issue #197.

ada-kfreebsd:

ada-drop-termio-h:

gcc-multiarch:
  - Remaining multiarch patches, not yet submitted upstream.
  - Add MULTIARCH_DIRNAME definitions for multilib configurations,
  which are used for the non-multilib builds.

config-ml:
  - Disable some biarch libraries for biarch builds.
  - Fix multilib builds on kernels which don't support all multilibs.

gcc-multilib-multiarch:
  Don't auto-detect multilib osdirnames.

libgomp-kfreebsd-testsuite:
  Disable lock-2.c test on kfreebsd-*

go-testsuite:
  Skip Go testcase on AArch64 which hangs on the buildds.

ada-749574:

Counting all warnings,
there are 0 warnings in stage3 of this bootstrap.

Number of warnings per file:

Number of warning types:


Index Nav: [Date Index] [Subject Index] [Author Index] [Thread Index]
Message Nav: [Date Prev] [Date Next] [Thread Prev] [Thread Next]