This is the mail archive of the
gcc-testresults@gcc.gnu.org
mailing list for the GCC project.
Results for 9.0.0 20180909 (experimental) [trunk revision 264176] (GCC) testsuite on ia64-suse-linux-gnu
- From: Andreas Schwab <schwab at suse dot de>
- To: gcc-testresults at gcc dot gnu dot org
- Date: Sun, 09 Sep 2018 07:36:54 +0200
- Subject: Results for 9.0.0 20180909 (experimental) [trunk revision 264176] (GCC) testsuite on ia64-suse-linux-gnu
LAST_UPDATED: Sun Sep 9 02:02:27 UTC 2018 (revision 264176)
Native configuration is ia64-suse-linux-gnu
=== g++ tests ===
Running target unix
FAIL: c-c++-common/Wattributes.c -std=gnu++11 (test for warnings, line 404)
FAIL: c-c++-common/Wattributes.c -std=gnu++11 (test for warnings, line 42)
FAIL: c-c++-common/Wattributes.c -std=gnu++11 (test for warnings, line 45)
FAIL: c-c++-common/Wattributes.c -std=gnu++11 (test for warnings, line 48)
FAIL: c-c++-common/Wattributes.c -std=gnu++11 (test for excess errors)
FAIL: c-c++-common/Wattributes.c -std=gnu++14 (test for warnings, line 404)
FAIL: c-c++-common/Wattributes.c -std=gnu++14 (test for warnings, line 42)
FAIL: c-c++-common/Wattributes.c -std=gnu++14 (test for warnings, line 45)
FAIL: c-c++-common/Wattributes.c -std=gnu++14 (test for warnings, line 48)
FAIL: c-c++-common/Wattributes.c -std=gnu++14 (test for excess errors)
FAIL: c-c++-common/Wattributes.c -std=gnu++98 (test for warnings, line 404)
FAIL: c-c++-common/Wattributes.c -std=gnu++98 (test for warnings, line 42)
FAIL: c-c++-common/Wattributes.c -std=gnu++98 (test for warnings, line 45)
FAIL: c-c++-common/Wattributes.c -std=gnu++98 (test for warnings, line 48)
FAIL: c-c++-common/Wattributes.c -std=gnu++98 (test for excess errors)
FAIL: c-c++-common/patchable_function_entry-decl.c -std=gnu++11 scan-assembler-times nop 2
FAIL: c-c++-common/patchable_function_entry-decl.c -std=gnu++14 scan-assembler-times nop 2
FAIL: c-c++-common/patchable_function_entry-decl.c -std=gnu++98 scan-assembler-times nop 2
FAIL: c-c++-common/patchable_function_entry-default.c -std=gnu++11 scan-assembler-times nop 3
FAIL: c-c++-common/patchable_function_entry-default.c -std=gnu++14 scan-assembler-times nop 3
FAIL: c-c++-common/patchable_function_entry-default.c -std=gnu++98 scan-assembler-times nop 3
FAIL: c-c++-common/patchable_function_entry-definition.c -std=gnu++11 scan-assembler-times nop 1
FAIL: c-c++-common/patchable_function_entry-definition.c -std=gnu++14 scan-assembler-times nop 1
FAIL: c-c++-common/patchable_function_entry-definition.c -std=gnu++98 scan-assembler-times nop 1
FAIL: c-c++-common/spec-barrier-1.c -std=gnu++11 (test for excess errors)
FAIL: c-c++-common/spec-barrier-1.c -std=gnu++14 (test for excess errors)
FAIL: c-c++-common/spec-barrier-1.c -std=gnu++98 (test for excess errors)
FAIL: g++.dg/inherit/covariant7.C -std=gnu++11 scan-lang-dump class "168 .*c6::_ZTv0_n32_NV2c62f2Ev"
FAIL: g++.dg/inherit/covariant7.C -std=gnu++11 scan-lang-dump class "48 .*c6::_ZTcv0_n32_v0_n24_NV2c62f2Ev"
FAIL: g++.dg/inherit/covariant7.C -std=gnu++11 scan-lang-dump class "56 .*c6::f2"
FAIL: g++.dg/inherit/covariant7.C -std=gnu++14 scan-lang-dump class "168 .*c6::_ZTv0_n32_NV2c62f2Ev"
FAIL: g++.dg/inherit/covariant7.C -std=gnu++14 scan-lang-dump class "48 .*c6::_ZTcv0_n32_v0_n24_NV2c62f2Ev"
FAIL: g++.dg/inherit/covariant7.C -std=gnu++14 scan-lang-dump class "56 .*c6::f2"
FAIL: g++.dg/inherit/covariant7.C -std=gnu++98 scan-lang-dump class "168 .*c6::_ZTv0_n32_NV2c62f2Ev"
FAIL: g++.dg/inherit/covariant7.C -std=gnu++98 scan-lang-dump class "48 .*c6::_ZTcv0_n32_v0_n24_NV2c62f2Ev"
FAIL: g++.dg/inherit/covariant7.C -std=gnu++98 scan-lang-dump class "56 .*c6::f2"
FAIL: g++.dg/ipa/pr60600.C -std=gnu++11 scan-ipa-dump cp "Type inconsistent devirtualization"
FAIL: g++.dg/ipa/pr60600.C -std=gnu++14 scan-ipa-dump cp "Type inconsistent devirtualization"
FAIL: g++.dg/ipa/pr60600.C -std=gnu++98 scan-ipa-dump cp "Type inconsistent devirtualization"
FAIL: g++.dg/pr83239.C -std=gnu++98 (test for excess errors)
FAIL: g++.dg/tree-ssa/pr45605.C -std=gnu++11 scan-tree-dump-times fre1 "D::Run \\\\(" 3
FAIL: g++.dg/tree-ssa/pr45605.C -std=gnu++14 scan-tree-dump-times fre1 "D::Run \\\\(" 3
FAIL: g++.dg/tree-ssa/pr45605.C -std=gnu++98 scan-tree-dump-times fre1 "D::Run \\\\(" 3
FAIL: g++.dg/guality/pr55541.C -O3 -g line 11 vari == 15
FAIL: g++.dg/guality/pr55665.C -O1 line 23 p == 40
FAIL: g++.dg/guality/pr55665.C -Og line 23 p == 40
FAIL: g++.dg/guality/pr67192.C -O1 line 27 cnt == 5
FAIL: g++.dg/guality/pr67192.C -O1 line 39 cnt == 10
FAIL: g++.dg/guality/pr67192.C -O1 line 48 cnt == 15
FAIL: g++.dg/guality/pr67192.C -O1 line 54 cnt == 15
FAIL: g++.dg/guality/pr67192.C -O1 line 59 cnt == 20
FAIL: g++.dg/guality/pr67192.C -O2 line 27 cnt == 5
FAIL: g++.dg/guality/pr67192.C -O2 line 39 cnt == 10
FAIL: g++.dg/guality/pr67192.C -O2 line 48 cnt == 15
FAIL: g++.dg/guality/pr67192.C -O2 line 54 cnt == 15
FAIL: g++.dg/guality/pr67192.C -O2 line 59 cnt == 20
FAIL: g++.dg/guality/pr67192.C -O2 -flto -fno-use-linker-plugin -flto-partition=none line 27 cnt == 5
FAIL: g++.dg/guality/pr67192.C -O2 -flto -fno-use-linker-plugin -flto-partition=none line 39 cnt == 10
FAIL: g++.dg/guality/pr67192.C -O2 -flto -fno-use-linker-plugin -flto-partition=none line 48 cnt == 15
FAIL: g++.dg/guality/pr67192.C -O2 -flto -fno-use-linker-plugin -flto-partition=none line 54 cnt == 15
FAIL: g++.dg/guality/pr67192.C -O2 -flto -fno-use-linker-plugin -flto-partition=none line 59 cnt == 20
FAIL: g++.dg/guality/pr67192.C -O2 -flto -fuse-linker-plugin -fno-fat-lto-objects line 27 cnt == 5
FAIL: g++.dg/guality/pr67192.C -O2 -flto -fuse-linker-plugin -fno-fat-lto-objects line 39 cnt == 10
FAIL: g++.dg/guality/pr67192.C -O2 -flto -fuse-linker-plugin -fno-fat-lto-objects line 48 cnt == 15
FAIL: g++.dg/guality/pr67192.C -O2 -flto -fuse-linker-plugin -fno-fat-lto-objects line 54 cnt == 15
FAIL: g++.dg/guality/pr67192.C -O2 -flto -fuse-linker-plugin -fno-fat-lto-objects line 59 cnt == 20
FAIL: g++.dg/guality/pr67192.C -Os line 27 cnt == 5
FAIL: g++.dg/guality/pr67192.C -Os line 39 cnt == 10
FAIL: g++.dg/guality/pr67192.C -Os line 48 cnt == 15
FAIL: g++.dg/guality/pr67192.C -Os line 59 cnt == 20
FAIL: g++.dg/guality/pr67192.C -Og line 27 cnt == 5
FAIL: g++.dg/guality/pr67192.C -Og line 39 cnt == 10
FAIL: g++.dg/guality/pr67192.C -Og line 48 cnt == 15
FAIL: g++.dg/guality/pr67192.C -Og line 54 cnt == 15
FAIL: g++.dg/guality/pr67192.C -Og line 59 cnt == 20
FAIL: g++.dg/guality/redeclaration1.C -O1 line 17 i == 24
FAIL: g++.dg/guality/redeclaration1.C -Os line 17 i == 24
FAIL: g++.dg/guality/redeclaration1.C -Og line 17 i == 24
FAIL: g++.dg/lto/20091002-1 cp_lto_20091002-1_0.o-cp_lto_20091002-1_0.o link, -fPIC -flto -Wno-return-type
FAIL: g++.dg/lto/pr64043 cp_lto_pr64043_0.o-cp_lto_pr64043_0.o link, -flto -std=c++11
FAIL: g++.dg/lto/pr65193 cp_lto_pr65193_0.o-cp_lto_pr65193_0.o link, -fPIC -r -nostdlib -flto -O2 -g -Wno-return-type
FAIL: g++.dg/lto/pr65302 cp_lto_pr65302_0.o-cp_lto_pr65302_1.o link, -flto -O2 -Wno-return-type
FAIL: g++.dg/lto/pr65316 cp_lto_pr65316_0.o-cp_lto_pr65316_1.o link, -flto -std=c++11 -g2 -fno-lto-odr-type-merging -O2 -Wno-return-type
FAIL: g++.dg/lto/pr65549 cp_lto_pr65549_0.o-cp_lto_pr65549_0.o link, -std=gnu++14 -flto -g -O2 -fno-inline -flto-partition=max -Wno-return-type
FAIL: g++.dg/lto/pr65549 cp_lto_pr65549_0.o-cp_lto_pr65549_0.o link, -std=gnu++14 -flto -g -Wno-return-type
FAIL: g++.dg/lto/pr66180 cp_lto_pr66180_0.o-cp_lto_pr66180_1.o link, -flto -std=c++14 -r -nostdlib
FAIL: g++.dg/lto/pr66705 cp_lto_pr66705_0.o-cp_lto_pr66705_0.o link, -O2 -flto -flto-partition=max -fipa-pta
FAIL: g++.dg/lto/pr68057 cp_lto_pr68057_0.o-cp_lto_pr68057_1.o link, -O0 -flto -flto-partition=none -fuse-linker-plugin
FAIL: g++.dg/lto/pr68057 cp_lto_pr68057_0.o-cp_lto_pr68057_1.o link, -O0 -flto -fuse-linker-plugin -fno-fat-lto-objects
FAIL: g++.dg/lto/pr68057 cp_lto_pr68057_0.o-cp_lto_pr68057_1.o link, -O2 -flto -flto-partition=none -fuse-linker-plugin -fno-fat-lto-objects
FAIL: g++.dg/lto/pr68057 cp_lto_pr68057_0.o-cp_lto_pr68057_1.o link, -O2 -flto -fuse-linker-plugin
FAIL: g++.dg/lto/pr69077 cp_lto_pr69077_0.o-cp_lto_pr69077_1.o link, -O3 -g -flto
FAIL: g++.dg/lto/pr69133 cp_lto_pr69133_0.o-cp_lto_pr69133_1.o link, -flto -O2
FAIL: g++.dg/lto/pr69137 cp_lto_pr69137_0.o-cp_lto_pr69137_0.o link, -std=c++11 -g -flto
FAIL: g++.dg/lto/pr79000 cp_lto_pr79000_0.o-cp_lto_pr79000_1.o link, -flto -g
FAIL: g++.dg/lto/pr81940 cp_lto_pr81940_0.o-cp_lto_pr81940_0.o link, -O -flto
FAIL: g++.dg/lto/pr85176 cp_lto_pr85176_0.o-cp_lto_pr85176_0.o link, -flto -g1
FAIL: g++.dg/tls/thread_local-order2.C -std=c++11 execution test
FAIL: g++.dg/tls/thread_local-order2.C -std=c++14 execution test
FAIL: g++.dg/torture/pr36826.C -O3 -fomit-frame-pointer -funroll-loops -fpeel-loops -ftracer -finline-functions (internal compiler error)
FAIL: g++.dg/torture/pr36826.C -O3 -fomit-frame-pointer -funroll-loops -fpeel-loops -ftracer -finline-functions (test for excess errors)
FAIL: g++.dg/torture/pr37922.C -O3 -g (internal compiler error)
FAIL: g++.dg/torture/pr37922.C -O3 -g (test for excess errors)
UNRESOLVED: g++.dg/torture/pr37922.C -O3 -g compilation failed to produce executable
FAIL: g++.dg/torture/pr56635.C -O3 -g (internal compiler error)
FAIL: g++.dg/torture/pr56635.C -O3 -g (test for excess errors)
FAIL: g++.dg/torture/pr67600.C -O2 -flto -fno-use-linker-plugin -flto-partition=none execution test
FAIL: g++.dg/torture/pr67600.C -O2 -flto -fuse-linker-plugin -fno-fat-lto-objects execution test
FAIL: g++.dg/tree-prof/pr35545.C scan-tree-dump-not optimized "OBJ_TYPE_REF"
=== g++ Summary ===
# of expected passes 115844
# of unexpected failures 108
# of expected failures 535
# of unresolved testcases 1
# of unsupported tests 5263
/usr/local/gcc/gcc-20180909/Build/gcc/xg++ version 9.0.0 20180909 (experimental) [trunk revision 264176] (GCC)
=== gcc tests ===
Running target unix
FAIL: gcc.c-torture/compile/20001226-1.c -O2 (test for excess errors)
FAIL: gcc.c-torture/compile/20001226-1.c -O2 -flto -fno-use-linker-plugin -flto-partition=none (test for excess errors)
FAIL: gcc.c-torture/compile/20001226-1.c -Os (test for excess errors)
FAIL: gcc.c-torture/compile/20010102-1.c -O3 -fomit-frame-pointer -funroll-loops -fpeel-loops -ftracer -finline-functions (internal compiler error)
FAIL: gcc.c-torture/compile/20010102-1.c -O3 -fomit-frame-pointer -funroll-loops -fpeel-loops -ftracer -finline-functions (test for excess errors)
FAIL: gcc.c-torture/compile/20060202-1.c -O3 -g (internal compiler error)
FAIL: gcc.c-torture/compile/20060202-1.c -O3 -g (test for excess errors)
FAIL: gcc.c-torture/compile/930421-1.c -O3 -fomit-frame-pointer -funroll-loops -fpeel-loops -ftracer -finline-functions (internal compiler error)
FAIL: gcc.c-torture/compile/930421-1.c -O3 -fomit-frame-pointer -funroll-loops -fpeel-loops -ftracer -finline-functions (test for excess errors)
FAIL: gcc.c-torture/compile/950922-1.c -O3 -fomit-frame-pointer -funroll-loops -fpeel-loops -ftracer -finline-functions (internal compiler error)
FAIL: gcc.c-torture/compile/950922-1.c -O3 -fomit-frame-pointer -funroll-loops -fpeel-loops -ftracer -finline-functions (test for excess errors)
FAIL: gcc.c-torture/compile/950922-1.c -O3 -g (internal compiler error)
FAIL: gcc.c-torture/compile/950922-1.c -O3 -g (test for excess errors)
FAIL: gcc.c-torture/compile/980816-1.c -O3 -fomit-frame-pointer -funroll-loops -fpeel-loops -ftracer -finline-functions (internal compiler error)
FAIL: gcc.c-torture/compile/980816-1.c -O3 -fomit-frame-pointer -funroll-loops -fpeel-loops -ftracer -finline-functions (test for excess errors)
FAIL: gcc.c-torture/compile/pr38123.c -O3 -g (internal compiler error)
FAIL: gcc.c-torture/compile/pr38123.c -O3 -g (test for excess errors)
FAIL: gcc.c-torture/compile/pr82052.c -O3 -fomit-frame-pointer -funroll-loops -fpeel-loops -ftracer -finline-functions (internal compiler error)
FAIL: gcc.c-torture/compile/pr82052.c -O3 -fomit-frame-pointer -funroll-loops -fpeel-loops -ftracer -finline-functions (test for excess errors)
FAIL: gcc.c-torture/compile/pr82052.c -O3 -g (internal compiler error)
FAIL: gcc.c-torture/compile/pr82052.c -O3 -g (test for excess errors)
WARNING: program timed out
WARNING: program timed out
WARNING: program timed out
FAIL: gcc.c-torture/execute/builtins/snprintf-chk.c compilation, -O3 -fomit-frame-pointer -funroll-loops -fpeel-loops -ftracer -finline-functions (internal compiler error)
UNRESOLVED: gcc.c-torture/execute/builtins/snprintf-chk.c execution, -O3 -fomit-frame-pointer -funroll-loops -fpeel-loops -ftracer -finline-functions
FAIL: gcc.c-torture/execute/builtins/sprintf-chk.c compilation, -O3 -fomit-frame-pointer -funroll-loops -fpeel-loops -ftracer -finline-functions (internal compiler error)
UNRESOLVED: gcc.c-torture/execute/builtins/sprintf-chk.c execution, -O3 -fomit-frame-pointer -funroll-loops -fpeel-loops -ftracer -finline-functions
FAIL: gcc.c-torture/execute/builtins/vsnprintf-chk.c compilation, -O3 -fomit-frame-pointer -funroll-loops -fpeel-loops -ftracer -finline-functions (internal compiler error)
UNRESOLVED: gcc.c-torture/execute/builtins/vsnprintf-chk.c execution, -O3 -fomit-frame-pointer -funroll-loops -fpeel-loops -ftracer -finline-functions
FAIL: gcc.c-torture/execute/builtins/vsprintf-chk.c compilation, -O3 -fomit-frame-pointer -funroll-loops -fpeel-loops -ftracer -finline-functions (internal compiler error)
UNRESOLVED: gcc.c-torture/execute/builtins/vsprintf-chk.c execution, -O3 -fomit-frame-pointer -funroll-loops -fpeel-loops -ftracer -finline-functions
FAIL: gcc.c-torture/execute/20000224-1.c -O3 -fomit-frame-pointer -funroll-loops -fpeel-loops -ftracer -finline-functions (internal compiler error)
FAIL: gcc.c-torture/execute/20000224-1.c -O3 -fomit-frame-pointer -funroll-loops -fpeel-loops -ftracer -finline-functions (test for excess errors)
UNRESOLVED: gcc.c-torture/execute/20000224-1.c -O3 -fomit-frame-pointer -funroll-loops -fpeel-loops -ftracer -finline-functions compilation failed to produce executable
FAIL: gcc.c-torture/execute/20050119-2.c -O3 -g (internal compiler error)
FAIL: gcc.c-torture/execute/20050119-2.c -O3 -g (test for excess errors)
UNRESOLVED: gcc.c-torture/execute/20050119-2.c -O3 -g compilation failed to produce executable
FAIL: gcc.c-torture/execute/20050224-1.c -O3 -fomit-frame-pointer -funroll-loops -fpeel-loops -ftracer -finline-functions (internal compiler error)
FAIL: gcc.c-torture/execute/20050224-1.c -O3 -fomit-frame-pointer -funroll-loops -fpeel-loops -ftracer -finline-functions (test for excess errors)
UNRESOLVED: gcc.c-torture/execute/20050224-1.c -O3 -fomit-frame-pointer -funroll-loops -fpeel-loops -ftracer -finline-functions compilation failed to produce executable
FAIL: gcc.c-torture/execute/20060930-2.c -O3 -g (internal compiler error)
FAIL: gcc.c-torture/execute/20060930-2.c -O3 -g (test for excess errors)
UNRESOLVED: gcc.c-torture/execute/20060930-2.c -O3 -g compilation failed to produce executable
FAIL: gcc.c-torture/execute/comp-goto-1.c -O3 -fomit-frame-pointer -funroll-loops -fpeel-loops -ftracer -finline-functions (internal compiler error)
FAIL: gcc.c-torture/execute/comp-goto-1.c -O3 -fomit-frame-pointer -funroll-loops -fpeel-loops -ftracer -finline-functions (test for excess errors)
UNRESOLVED: gcc.c-torture/execute/comp-goto-1.c -O3 -fomit-frame-pointer -funroll-loops -fpeel-loops -ftracer -finline-functions compilation failed to produce executable
FAIL: gcc.c-torture/execute/comp-goto-1.c -O3 -g (internal compiler error)
FAIL: gcc.c-torture/execute/comp-goto-1.c -O3 -g (test for excess errors)
UNRESOLVED: gcc.c-torture/execute/comp-goto-1.c -O3 -g compilation failed to produce executable
FAIL: gcc.c-torture/execute/complex-3.c -O3 -g (internal compiler error)
FAIL: gcc.c-torture/execute/complex-3.c -O3 -g (test for excess errors)
UNRESOLVED: gcc.c-torture/execute/complex-3.c -O3 -g compilation failed to produce executable
FAIL: gcc.c-torture/execute/pr38236.c -O3 -g (internal compiler error)
FAIL: gcc.c-torture/execute/pr38236.c -O3 -g (test for excess errors)
UNRESOLVED: gcc.c-torture/execute/pr38236.c -O3 -g compilation failed to produce executable
FAIL: gcc.c-torture/execute/pr51447.c -O3 -g (internal compiler error)
FAIL: gcc.c-torture/execute/pr51447.c -O3 -g (test for excess errors)
UNRESOLVED: gcc.c-torture/execute/pr51447.c -O3 -g compilation failed to produce executable
FAIL: gcc.c-torture/execute/pr69691.c -O3 -g (internal compiler error)
FAIL: gcc.c-torture/execute/pr69691.c -O3 -g (test for excess errors)
UNRESOLVED: gcc.c-torture/execute/pr69691.c -O3 -g compilation failed to produce executable
FAIL: gcc.c-torture/execute/va-arg-26.c -O3 -g (internal compiler error)
FAIL: gcc.c-torture/execute/va-arg-26.c -O3 -g (test for excess errors)
UNRESOLVED: gcc.c-torture/execute/va-arg-26.c -O3 -g compilation failed to produce executable
FAIL: gcc.c-torture/execute/ieee/pr50310.c compilation, -O3 -fomit-frame-pointer -funroll-loops -fpeel-loops -ftracer -finline-functions (internal compiler error)
FAIL: gcc.c-torture/execute/ieee/pr50310.c compilation, -O3 -g (internal compiler error)
UNRESOLVED: gcc.c-torture/execute/ieee/pr50310.c execution, -O3 -fomit-frame-pointer -funroll-loops -fpeel-loops -ftracer -finline-functions
UNRESOLVED: gcc.c-torture/execute/ieee/pr50310.c execution, -O3 -g
FAIL: gcc.dg/atomic/c11-atomic-exec-5.c -O0 execution test
FAIL: gcc.dg/atomic/c11-atomic-exec-5.c -O1 execution test
FAIL: gcc.dg/atomic/c11-atomic-exec-5.c -O2 execution test
FAIL: gcc.dg/atomic/c11-atomic-exec-5.c -O2 -flto -fno-use-linker-plugin -flto-partition=none execution test
FAIL: gcc.dg/atomic/c11-atomic-exec-5.c -O2 -flto -fuse-linker-plugin -fno-fat-lto-objects execution test
FAIL: gcc.dg/atomic/c11-atomic-exec-5.c -O3 -fomit-frame-pointer -funroll-loops -fpeel-loops -ftracer -finline-functions (internal compiler error)
FAIL: gcc.dg/atomic/c11-atomic-exec-5.c -O3 -fomit-frame-pointer -funroll-loops -fpeel-loops -ftracer -finline-functions (test for excess errors)
UNRESOLVED: gcc.dg/atomic/c11-atomic-exec-5.c -O3 -fomit-frame-pointer -funroll-loops -fpeel-loops -ftracer -finline-functions compilation failed to produce executable
FAIL: gcc.dg/atomic/c11-atomic-exec-5.c -O3 -g execution test
FAIL: gcc.dg/atomic/c11-atomic-exec-5.c -Os execution test
FAIL: c-c++-common/Wattributes.c -Wc++-compat (test for warnings, line 404)
FAIL: c-c++-common/Wattributes.c -Wc++-compat (test for warnings, line 42)
FAIL: c-c++-common/Wattributes.c -Wc++-compat (test for warnings, line 45)
FAIL: c-c++-common/Wattributes.c -Wc++-compat (test for warnings, line 48)
FAIL: c-c++-common/Wattributes.c -Wc++-compat (test for excess errors)
FAIL: c-c++-common/patchable_function_entry-decl.c -Wc++-compat scan-assembler-times nop 2
FAIL: c-c++-common/patchable_function_entry-default.c -Wc++-compat scan-assembler-times nop 3
FAIL: c-c++-common/patchable_function_entry-definition.c -Wc++-compat scan-assembler-times nop 1
FAIL: c-c++-common/spec-barrier-1.c -Wc++-compat (test for excess errors)
FAIL: gcc.dg/Wattributes-6.c (test for warnings, line 404)
FAIL: gcc.dg/Wattributes-6.c (test for warnings, line 42)
FAIL: gcc.dg/Wattributes-6.c (test for warnings, line 45)
FAIL: gcc.dg/Wattributes-6.c (test for warnings, line 48)
FAIL: gcc.dg/Wattributes-6.c (test for excess errors)
FAIL: gcc.dg/cleanup-10.c execution test
FAIL: gcc.dg/cleanup-11.c execution test
UNRESOLVED: gcc.dg/superblock.c scan-rtl-dump-times sched2 "ADVANCING TO" 2
FAIL: gcc.dg/visibility-23.c scan-hidden hidden[ \\t_]*foo
FAIL: gcc.dg/gomp/pr68128-1.c (internal compiler error)
FAIL: gcc.dg/gomp/pr68128-1.c (test for excess errors)
FAIL: gcc.dg/guality/asm-1.c -O1 -DPREVENT_OPTIMIZATION line 14 f == 14
FAIL: gcc.dg/guality/asm-1.c -O3 -g -DPREVENT_OPTIMIZATION line 14 f == 14
FAIL: gcc.dg/guality/asm-1.c -Og -DPREVENT_OPTIMIZATION line 14 f == 14
FAIL: gcc.dg/guality/csttest.c -O3 -g -DPREVENT_OPTIMIZATION line 29 a == (0x17ULL << 31)
FAIL: gcc.dg/guality/csttest.c -O3 -g -DPREVENT_OPTIMIZATION line 29 b == (0x7ULL << 33)
FAIL: gcc.dg/guality/csttest.c -O3 -g -DPREVENT_OPTIMIZATION line 29 c == (0x1ULL << 35)
FAIL: gcc.dg/guality/csttest.c -O3 -g -DPREVENT_OPTIMIZATION line 29 d == (0x17ULL << 15)
FAIL: gcc.dg/guality/csttest.c -O3 -g -DPREVENT_OPTIMIZATION line 29 e == (0x17ULL << 50)
FAIL: gcc.dg/guality/csttest.c -O3 -g -DPREVENT_OPTIMIZATION line 29 f == (0x37ULL << 31)
FAIL: gcc.dg/guality/csttest.c -O3 -g -DPREVENT_OPTIMIZATION line 29 g == (0x37ULL << 50)
FAIL: gcc.dg/guality/csttest.c -O3 -g -DPREVENT_OPTIMIZATION line 29 h == (0x1efULL << 33)
FAIL: gcc.dg/guality/csttest.c -O3 -g -DPREVENT_OPTIMIZATION line 29 i == (0x1efULL << 50)
FAIL: gcc.dg/guality/csttest.c -O3 -g -DPREVENT_OPTIMIZATION line 29 j == -(0x17ULL << 31)
FAIL: gcc.dg/guality/csttest.c -O3 -g -DPREVENT_OPTIMIZATION line 29 k == -(0x7ULL << 33)
FAIL: gcc.dg/guality/csttest.c -O3 -g -DPREVENT_OPTIMIZATION line 29 l == -(0x1ULL << 35)
FAIL: gcc.dg/guality/csttest.c -O3 -g -DPREVENT_OPTIMIZATION line 29 m == -(0x17ULL << 15)
FAIL: gcc.dg/guality/csttest.c -O3 -g -DPREVENT_OPTIMIZATION line 29 n == -(0x17ULL << 50)
FAIL: gcc.dg/guality/csttest.c -O3 -g -DPREVENT_OPTIMIZATION line 29 o == -(0x37ULL << 31)
FAIL: gcc.dg/guality/csttest.c -O3 -g -DPREVENT_OPTIMIZATION line 29 p == -(0x37ULL << 50)
FAIL: gcc.dg/guality/csttest.c -O3 -g -DPREVENT_OPTIMIZATION line 29 q == -(0x1efULL << 33)
FAIL: gcc.dg/guality/csttest.c -O3 -g -DPREVENT_OPTIMIZATION line 29 r == -(0x1efULL << 50)
FAIL: gcc.dg/guality/csttest.c -O3 -g -DPREVENT_OPTIMIZATION line 55 a == (0x17ULL << 31)
FAIL: gcc.dg/guality/csttest.c -O3 -g -DPREVENT_OPTIMIZATION line 55 b == (0x7ULL << 33)
FAIL: gcc.dg/guality/csttest.c -O3 -g -DPREVENT_OPTIMIZATION line 55 c == (0x1ULL << 35)
FAIL: gcc.dg/guality/csttest.c -O3 -g -DPREVENT_OPTIMIZATION line 55 d == (0x17ULL << 15)
FAIL: gcc.dg/guality/csttest.c -O3 -g -DPREVENT_OPTIMIZATION line 55 e == (0x17ULL << 50)
FAIL: gcc.dg/guality/csttest.c -O3 -g -DPREVENT_OPTIMIZATION line 55 f == (0x37ULL << 31)
FAIL: gcc.dg/guality/csttest.c -O3 -g -DPREVENT_OPTIMIZATION line 55 g == (0x37ULL << 50)
FAIL: gcc.dg/guality/csttest.c -O3 -g -DPREVENT_OPTIMIZATION line 55 h == (0x1efULL << 33)
FAIL: gcc.dg/guality/csttest.c -O3 -g -DPREVENT_OPTIMIZATION line 55 i == (0x1efULL << 50)
FAIL: gcc.dg/guality/csttest.c -O3 -g -DPREVENT_OPTIMIZATION line 55 j == -(0x17ULL << 31)
FAIL: gcc.dg/guality/csttest.c -O3 -g -DPREVENT_OPTIMIZATION line 55 k == -(0x7ULL << 33)
FAIL: gcc.dg/guality/csttest.c -O3 -g -DPREVENT_OPTIMIZATION line 55 l == -(0x1ULL << 35)
FAIL: gcc.dg/guality/csttest.c -O3 -g -DPREVENT_OPTIMIZATION line 55 m == -(0x17ULL << 15)
FAIL: gcc.dg/guality/csttest.c -O3 -g -DPREVENT_OPTIMIZATION line 55 n == -(0x17ULL << 50)
FAIL: gcc.dg/guality/csttest.c -O3 -g -DPREVENT_OPTIMIZATION line 55 o == -(0x37ULL << 31)
FAIL: gcc.dg/guality/csttest.c -O3 -g -DPREVENT_OPTIMIZATION line 55 p == -(0x37ULL << 50)
FAIL: gcc.dg/guality/csttest.c -O3 -g -DPREVENT_OPTIMIZATION line 55 q == -(0x1efULL << 33)
FAIL: gcc.dg/guality/csttest.c -O3 -g -DPREVENT_OPTIMIZATION line 55 r == -(0x1efULL << 50)
XPASS: gcc.dg/guality/example.c -O0 execution test
XPASS: gcc.dg/guality/guality.c -O0 execution test
FAIL: gcc.dg/guality/inline-params-2.c -O1 -DPREVENT_OPTIMIZATION execution test
FAIL: gcc.dg/guality/inline-params-2.c -O2 -DPREVENT_OPTIMIZATION execution test
FAIL: gcc.dg/guality/inline-params-2.c -O3 -g -DPREVENT_OPTIMIZATION execution test
FAIL: gcc.dg/guality/inline-params-2.c -Os -DPREVENT_OPTIMIZATION execution test
FAIL: gcc.dg/guality/inline-params-2.c -Og -DPREVENT_OPTIMIZATION execution test
FAIL: gcc.dg/guality/inline-params.c -O1 -DPREVENT_OPTIMIZATION execution test
XPASS: gcc.dg/guality/inline-params.c -O2 -flto -fno-use-linker-plugin -flto-partition=none -DPREVENT_OPTIMIZATION execution test
XPASS: gcc.dg/guality/inline-params.c -O2 -flto -fuse-linker-plugin -fno-fat-lto-objects -DPREVENT_OPTIMIZATION execution test
FAIL: gcc.dg/guality/inline-params.c -Og -DPREVENT_OPTIMIZATION execution test
FAIL: gcc.dg/guality/pr36728-1.c -O1 -DPREVENT_OPTIMIZATION line 16 arg7 == 30
FAIL: gcc.dg/guality/pr36728-1.c -O1 -DPREVENT_OPTIMIZATION line 18 arg7 == 30
FAIL: gcc.dg/guality/pr36728-1.c -O2 -DPREVENT_OPTIMIZATION line 16 arg7 == 30
FAIL: gcc.dg/guality/pr36728-1.c -O2 -DPREVENT_OPTIMIZATION line 18 arg7 == 30
FAIL: gcc.dg/guality/pr36728-1.c -O2 -flto -fno-use-linker-plugin -flto-partition=none -DPREVENT_OPTIMIZATION line 16 arg7 == 30
FAIL: gcc.dg/guality/pr36728-1.c -O2 -flto -fno-use-linker-plugin -flto-partition=none -DPREVENT_OPTIMIZATION line 18 arg7 == 30
FAIL: gcc.dg/guality/pr36728-1.c -O2 -flto -fuse-linker-plugin -fno-fat-lto-objects -DPREVENT_OPTIMIZATION line 16 y == 2
FAIL: gcc.dg/guality/pr36728-1.c -O2 -flto -fuse-linker-plugin -fno-fat-lto-objects -DPREVENT_OPTIMIZATION line 18 arg7 == 30
FAIL: gcc.dg/guality/pr36728-1.c -O3 -g -DPREVENT_OPTIMIZATION line 16 arg1 == 1
FAIL: gcc.dg/guality/pr36728-1.c -O3 -g -DPREVENT_OPTIMIZATION line 16 arg2 == 2
FAIL: gcc.dg/guality/pr36728-1.c -O3 -g -DPREVENT_OPTIMIZATION line 16 arg3 == 3
FAIL: gcc.dg/guality/pr36728-1.c -O3 -g -DPREVENT_OPTIMIZATION line 16 arg4 == 4
FAIL: gcc.dg/guality/pr36728-1.c -O3 -g -DPREVENT_OPTIMIZATION line 16 arg5 == 5
FAIL: gcc.dg/guality/pr36728-1.c -O3 -g -DPREVENT_OPTIMIZATION line 16 arg6 == 6
FAIL: gcc.dg/guality/pr36728-1.c -O3 -g -DPREVENT_OPTIMIZATION line 16 y == 2
FAIL: gcc.dg/guality/pr36728-1.c -O3 -g -DPREVENT_OPTIMIZATION line 18 arg1 == 1
FAIL: gcc.dg/guality/pr36728-1.c -O3 -g -DPREVENT_OPTIMIZATION line 18 arg2 == 2
FAIL: gcc.dg/guality/pr36728-1.c -O3 -g -DPREVENT_OPTIMIZATION line 18 arg3 == 3
FAIL: gcc.dg/guality/pr36728-1.c -O3 -g -DPREVENT_OPTIMIZATION line 18 arg4 == 4
FAIL: gcc.dg/guality/pr36728-1.c -O3 -g -DPREVENT_OPTIMIZATION line 18 arg5 == 5
FAIL: gcc.dg/guality/pr36728-1.c -O3 -g -DPREVENT_OPTIMIZATION line 18 arg6 == 6
FAIL: gcc.dg/guality/pr36728-1.c -O3 -g -DPREVENT_OPTIMIZATION line 18 arg7 == 30
FAIL: gcc.dg/guality/pr36728-1.c -Os -DPREVENT_OPTIMIZATION line 16 arg7 == 30
FAIL: gcc.dg/guality/pr36728-1.c -Os -DPREVENT_OPTIMIZATION line 18 arg7 == 30
FAIL: gcc.dg/guality/pr36728-1.c -Og -DPREVENT_OPTIMIZATION line 16 arg7 == 30
FAIL: gcc.dg/guality/pr36728-1.c -Og -DPREVENT_OPTIMIZATION line 18 arg7 == 30
FAIL: gcc.dg/guality/pr36728-2.c -O2 -flto -fuse-linker-plugin -fno-fat-lto-objects -DPREVENT_OPTIMIZATION line 16 arg1 == 1
FAIL: gcc.dg/guality/pr36728-2.c -O2 -flto -fuse-linker-plugin -fno-fat-lto-objects -DPREVENT_OPTIMIZATION line 16 arg2 == 2
FAIL: gcc.dg/guality/pr36728-2.c -O2 -flto -fuse-linker-plugin -fno-fat-lto-objects -DPREVENT_OPTIMIZATION line 16 arg3 == 3
FAIL: gcc.dg/guality/pr36728-2.c -O2 -flto -fuse-linker-plugin -fno-fat-lto-objects -DPREVENT_OPTIMIZATION line 16 arg4 == 4
FAIL: gcc.dg/guality/pr36728-2.c -O2 -flto -fuse-linker-plugin -fno-fat-lto-objects -DPREVENT_OPTIMIZATION line 16 arg5 == 5
FAIL: gcc.dg/guality/pr36728-2.c -O2 -flto -fuse-linker-plugin -fno-fat-lto-objects -DPREVENT_OPTIMIZATION line 16 arg6 == 6
FAIL: gcc.dg/guality/pr36728-2.c -O2 -flto -fuse-linker-plugin -fno-fat-lto-objects -DPREVENT_OPTIMIZATION line 16 arg7 == 30
FAIL: gcc.dg/guality/pr36728-2.c -O2 -flto -fuse-linker-plugin -fno-fat-lto-objects -DPREVENT_OPTIMIZATION line 16 y == 2
FAIL: gcc.dg/guality/pr36728-2.c -O2 -flto -fuse-linker-plugin -fno-fat-lto-objects -DPREVENT_OPTIMIZATION line 18 arg1 == 1
FAIL: gcc.dg/guality/pr36728-2.c -O2 -flto -fuse-linker-plugin -fno-fat-lto-objects -DPREVENT_OPTIMIZATION line 18 arg2 == 2
FAIL: gcc.dg/guality/pr36728-2.c -O2 -flto -fuse-linker-plugin -fno-fat-lto-objects -DPREVENT_OPTIMIZATION line 18 arg3 == 3
FAIL: gcc.dg/guality/pr36728-2.c -O2 -flto -fuse-linker-plugin -fno-fat-lto-objects -DPREVENT_OPTIMIZATION line 18 arg4 == 4
FAIL: gcc.dg/guality/pr36728-2.c -O2 -flto -fuse-linker-plugin -fno-fat-lto-objects -DPREVENT_OPTIMIZATION line 18 arg5 == 5
FAIL: gcc.dg/guality/pr36728-2.c -O2 -flto -fuse-linker-plugin -fno-fat-lto-objects -DPREVENT_OPTIMIZATION line 18 arg6 == 6
FAIL: gcc.dg/guality/pr36728-2.c -O2 -flto -fuse-linker-plugin -fno-fat-lto-objects -DPREVENT_OPTIMIZATION line 18 arg7 == 30
FAIL: gcc.dg/guality/pr36728-2.c -O3 -g -DPREVENT_OPTIMIZATION line 16 arg1 == 1
FAIL: gcc.dg/guality/pr36728-2.c -O3 -g -DPREVENT_OPTIMIZATION line 16 arg2 == 2
FAIL: gcc.dg/guality/pr36728-2.c -O3 -g -DPREVENT_OPTIMIZATION line 16 arg3 == 3
FAIL: gcc.dg/guality/pr36728-2.c -O3 -g -DPREVENT_OPTIMIZATION line 16 arg4 == 4
FAIL: gcc.dg/guality/pr36728-2.c -O3 -g -DPREVENT_OPTIMIZATION line 16 arg5 == 5
FAIL: gcc.dg/guality/pr36728-2.c -O3 -g -DPREVENT_OPTIMIZATION line 16 arg6 == 6
FAIL: gcc.dg/guality/pr36728-2.c -O3 -g -DPREVENT_OPTIMIZATION line 16 arg7 == 30
FAIL: gcc.dg/guality/pr36728-2.c -O3 -g -DPREVENT_OPTIMIZATION line 16 y == 2
FAIL: gcc.dg/guality/pr36728-2.c -O3 -g -DPREVENT_OPTIMIZATION line 18 arg1 == 1
FAIL: gcc.dg/guality/pr36728-2.c -O3 -g -DPREVENT_OPTIMIZATION line 18 arg2 == 2
FAIL: gcc.dg/guality/pr36728-2.c -O3 -g -DPREVENT_OPTIMIZATION line 18 arg3 == 3
FAIL: gcc.dg/guality/pr36728-2.c -O3 -g -DPREVENT_OPTIMIZATION line 18 arg4 == 4
FAIL: gcc.dg/guality/pr36728-2.c -O3 -g -DPREVENT_OPTIMIZATION line 18 arg5 == 5
FAIL: gcc.dg/guality/pr36728-2.c -O3 -g -DPREVENT_OPTIMIZATION line 18 arg6 == 6
FAIL: gcc.dg/guality/pr36728-2.c -O3 -g -DPREVENT_OPTIMIZATION line 18 arg7 == 30
FAIL: gcc.dg/guality/pr36728-2.c -Os -DPREVENT_OPTIMIZATION line 16 y == 2
FAIL: gcc.dg/guality/pr36728-3.c -O1 -DPREVENT_OPTIMIZATION line 14 arg7 == 30
FAIL: gcc.dg/guality/pr36728-3.c -O1 -DPREVENT_OPTIMIZATION line 16 arg7 == 30
FAIL: gcc.dg/guality/pr36728-3.c -O2 -DPREVENT_OPTIMIZATION line 14 arg7 == 30
FAIL: gcc.dg/guality/pr36728-3.c -O2 -DPREVENT_OPTIMIZATION line 16 arg7 == 30
FAIL: gcc.dg/guality/pr36728-3.c -O2 -flto -fno-use-linker-plugin -flto-partition=none -DPREVENT_OPTIMIZATION line 14 arg7 == 30
FAIL: gcc.dg/guality/pr36728-3.c -O2 -flto -fno-use-linker-plugin -flto-partition=none -DPREVENT_OPTIMIZATION line 16 arg7 == 30
FAIL: gcc.dg/guality/pr36728-3.c -O2 -flto -fuse-linker-plugin -fno-fat-lto-objects -DPREVENT_OPTIMIZATION line 14 arg7 == 30
FAIL: gcc.dg/guality/pr36728-3.c -O2 -flto -fuse-linker-plugin -fno-fat-lto-objects -DPREVENT_OPTIMIZATION line 16 arg7 == 30
FAIL: gcc.dg/guality/pr36728-3.c -O3 -g -DPREVENT_OPTIMIZATION line 14 arg1 == 1
FAIL: gcc.dg/guality/pr36728-3.c -O3 -g -DPREVENT_OPTIMIZATION line 14 arg2 == 2
FAIL: gcc.dg/guality/pr36728-3.c -O3 -g -DPREVENT_OPTIMIZATION line 14 arg3 == 3
FAIL: gcc.dg/guality/pr36728-3.c -O3 -g -DPREVENT_OPTIMIZATION line 14 arg4 == 4
FAIL: gcc.dg/guality/pr36728-3.c -O3 -g -DPREVENT_OPTIMIZATION line 14 arg5 == 5
FAIL: gcc.dg/guality/pr36728-3.c -O3 -g -DPREVENT_OPTIMIZATION line 14 arg6 == 6
FAIL: gcc.dg/guality/pr36728-3.c -O3 -g -DPREVENT_OPTIMIZATION line 14 arg7 == 30
FAIL: gcc.dg/guality/pr36728-3.c -O3 -g -DPREVENT_OPTIMIZATION line 16 arg1 == 1
FAIL: gcc.dg/guality/pr36728-3.c -O3 -g -DPREVENT_OPTIMIZATION line 16 arg2 == 2
FAIL: gcc.dg/guality/pr36728-3.c -O3 -g -DPREVENT_OPTIMIZATION line 16 arg3 == 3
FAIL: gcc.dg/guality/pr36728-3.c -O3 -g -DPREVENT_OPTIMIZATION line 16 arg4 == 4
FAIL: gcc.dg/guality/pr36728-3.c -O3 -g -DPREVENT_OPTIMIZATION line 16 arg5 == 5
FAIL: gcc.dg/guality/pr36728-3.c -O3 -g -DPREVENT_OPTIMIZATION line 16 arg6 == 6
FAIL: gcc.dg/guality/pr36728-3.c -O3 -g -DPREVENT_OPTIMIZATION line 16 arg7 == 30
FAIL: gcc.dg/guality/pr36728-3.c -Os -DPREVENT_OPTIMIZATION line 14 arg7 == 30
FAIL: gcc.dg/guality/pr36728-3.c -Os -DPREVENT_OPTIMIZATION line 16 arg7 == 30
FAIL: gcc.dg/guality/pr36728-3.c -Og -DPREVENT_OPTIMIZATION line 14 arg7 == 30
FAIL: gcc.dg/guality/pr36728-3.c -Og -DPREVENT_OPTIMIZATION line 16 arg7 == 30
FAIL: gcc.dg/guality/pr36728-4.c -O3 -g -DPREVENT_OPTIMIZATION line 14 arg1 == 1
FAIL: gcc.dg/guality/pr36728-4.c -O3 -g -DPREVENT_OPTIMIZATION line 14 arg2 == 2
FAIL: gcc.dg/guality/pr36728-4.c -O3 -g -DPREVENT_OPTIMIZATION line 14 arg3 == 3
FAIL: gcc.dg/guality/pr36728-4.c -O3 -g -DPREVENT_OPTIMIZATION line 14 arg4 == 4
FAIL: gcc.dg/guality/pr36728-4.c -O3 -g -DPREVENT_OPTIMIZATION line 14 arg5 == 5
FAIL: gcc.dg/guality/pr36728-4.c -O3 -g -DPREVENT_OPTIMIZATION line 14 arg6 == 6
FAIL: gcc.dg/guality/pr36728-4.c -O3 -g -DPREVENT_OPTIMIZATION line 14 arg7 == 30
FAIL: gcc.dg/guality/pr36728-4.c -O3 -g -DPREVENT_OPTIMIZATION line 16 arg1 == 1
FAIL: gcc.dg/guality/pr36728-4.c -O3 -g -DPREVENT_OPTIMIZATION line 16 arg2 == 2
FAIL: gcc.dg/guality/pr36728-4.c -O3 -g -DPREVENT_OPTIMIZATION line 16 arg3 == 3
FAIL: gcc.dg/guality/pr36728-4.c -O3 -g -DPREVENT_OPTIMIZATION line 16 arg4 == 4
FAIL: gcc.dg/guality/pr36728-4.c -O3 -g -DPREVENT_OPTIMIZATION line 16 arg5 == 5
FAIL: gcc.dg/guality/pr36728-4.c -O3 -g -DPREVENT_OPTIMIZATION line 16 arg6 == 6
FAIL: gcc.dg/guality/pr36728-4.c -O3 -g -DPREVENT_OPTIMIZATION line 16 arg7 == 30
FAIL: gcc.dg/guality/pr36728-4.c -Os -DPREVENT_OPTIMIZATION line 14 y == 2
XPASS: gcc.dg/guality/pr41353-1.c -O0 line 28 j == 28 + 37
FAIL: gcc.dg/guality/pr41353-1.c -O1 -DPREVENT_OPTIMIZATION line 39 i1 == 2 * 12
FAIL: gcc.dg/guality/pr41353-1.c -O1 -DPREVENT_OPTIMIZATION line 39 i2 == 2 * 12
FAIL: gcc.dg/guality/pr41353-1.c -O1 -DPREVENT_OPTIMIZATION line 39 i3 == 3 * 12
FAIL: gcc.dg/guality/pr41353-1.c -O2 -DPREVENT_OPTIMIZATION line 39 i1 == 2 * 12
FAIL: gcc.dg/guality/pr41353-1.c -O2 -DPREVENT_OPTIMIZATION line 39 i2 == 2 * 12
FAIL: gcc.dg/guality/pr41353-1.c -O2 -DPREVENT_OPTIMIZATION line 39 i3 == 3 * 12
FAIL: gcc.dg/guality/pr41353-1.c -O2 -flto -fno-use-linker-plugin -flto-partition=none -DPREVENT_OPTIMIZATION line 39 i1 == 2 * 12
FAIL: gcc.dg/guality/pr41353-1.c -O2 -flto -fno-use-linker-plugin -flto-partition=none -DPREVENT_OPTIMIZATION line 39 i2 == 2 * 12
FAIL: gcc.dg/guality/pr41353-1.c -O2 -flto -fno-use-linker-plugin -flto-partition=none -DPREVENT_OPTIMIZATION line 39 i3 == 3 * 12
FAIL: gcc.dg/guality/pr41353-1.c -O2 -flto -fuse-linker-plugin -fno-fat-lto-objects -DPREVENT_OPTIMIZATION line 39 i1 == 2 * 12
FAIL: gcc.dg/guality/pr41353-1.c -O2 -flto -fuse-linker-plugin -fno-fat-lto-objects -DPREVENT_OPTIMIZATION line 39 i2 == 2 * 12
FAIL: gcc.dg/guality/pr41353-1.c -O2 -flto -fuse-linker-plugin -fno-fat-lto-objects -DPREVENT_OPTIMIZATION line 39 i3 == 3 * 12
FAIL: gcc.dg/guality/pr41353-1.c -O3 -g -DPREVENT_OPTIMIZATION line 17 vari1 == 2 * 17
FAIL: gcc.dg/guality/pr41353-1.c -O3 -g -DPREVENT_OPTIMIZATION line 17 vari2 == 3 * 17
FAIL: gcc.dg/guality/pr41353-1.c -O3 -g -DPREVENT_OPTIMIZATION line 17 vari3 == 2 * 17
FAIL: gcc.dg/guality/pr41353-1.c -O3 -g -DPREVENT_OPTIMIZATION line 17 vari4 == 3 * 17
FAIL: gcc.dg/guality/pr41353-1.c -O3 -g -DPREVENT_OPTIMIZATION line 17 vari5 == 4 * 17
FAIL: gcc.dg/guality/pr41353-1.c -O3 -g -DPREVENT_OPTIMIZATION line 17 vari6 == 5 * 17
FAIL: gcc.dg/guality/pr41353-1.c -O3 -g -DPREVENT_OPTIMIZATION line 28 i1 == 2 * 37
FAIL: gcc.dg/guality/pr41353-1.c -O3 -g -DPREVENT_OPTIMIZATION line 28 i2 == 3 * 37
FAIL: gcc.dg/guality/pr41353-1.c -O3 -g -DPREVENT_OPTIMIZATION line 39 i == 12
FAIL: gcc.dg/guality/pr41353-1.c -O3 -g -DPREVENT_OPTIMIZATION line 39 i1 == 2 * 12
FAIL: gcc.dg/guality/pr41353-1.c -O3 -g -DPREVENT_OPTIMIZATION line 39 i2 == 2 * 12
FAIL: gcc.dg/guality/pr41353-1.c -O3 -g -DPREVENT_OPTIMIZATION line 39 i3 == 3 * 12
FAIL: gcc.dg/guality/pr41353-1.c -Os -DPREVENT_OPTIMIZATION line 39 i1 == 2 * 12
FAIL: gcc.dg/guality/pr41353-1.c -Os -DPREVENT_OPTIMIZATION line 39 i2 == 2 * 12
FAIL: gcc.dg/guality/pr41353-1.c -Os -DPREVENT_OPTIMIZATION line 39 i3 == 3 * 12
FAIL: gcc.dg/guality/pr41353-1.c -Og -DPREVENT_OPTIMIZATION line 39 i1 == 2 * 12
FAIL: gcc.dg/guality/pr41353-1.c -Og -DPREVENT_OPTIMIZATION line 39 i2 == 2 * 12
FAIL: gcc.dg/guality/pr41353-1.c -Og -DPREVENT_OPTIMIZATION line 39 i3 == 3 * 12
FAIL: gcc.dg/guality/pr41353-2.c -O3 -g -DPREVENT_OPTIMIZATION line 13 vari1 == 2 * 17
FAIL: gcc.dg/guality/pr41353-2.c -O3 -g -DPREVENT_OPTIMIZATION line 13 vari2 == 3 * 17
FAIL: gcc.dg/guality/pr41404-1.c -O1 -DPREVENT_OPTIMIZATION line 14 *foo == 'b'
FAIL: gcc.dg/guality/pr41404-1.c -O2 -DPREVENT_OPTIMIZATION line 14 *foo == 'b'
FAIL: gcc.dg/guality/pr41404-1.c -O2 -flto -fno-use-linker-plugin -flto-partition=none -DPREVENT_OPTIMIZATION line 14 *foo == 'b'
FAIL: gcc.dg/guality/pr41404-1.c -Os -DPREVENT_OPTIMIZATION line 14 *foo == 'b'
FAIL: gcc.dg/guality/pr41404-1.c -Og -DPREVENT_OPTIMIZATION line 14 *foo == 'b'
FAIL: gcc.dg/guality/pr41447-1.c -O1 -DPREVENT_OPTIMIZATION execution test
FAIL: gcc.dg/guality/pr41447-1.c -O2 -DPREVENT_OPTIMIZATION execution test
FAIL: gcc.dg/guality/pr41447-1.c -O2 -flto -fno-use-linker-plugin -flto-partition=none -DPREVENT_OPTIMIZATION execution test
FAIL: gcc.dg/guality/pr41447-1.c -O2 -flto -fuse-linker-plugin -fno-fat-lto-objects -DPREVENT_OPTIMIZATION execution test
FAIL: gcc.dg/guality/pr41447-1.c -O3 -g -DPREVENT_OPTIMIZATION execution test
FAIL: gcc.dg/guality/pr41447-1.c -Os -DPREVENT_OPTIMIZATION execution test
FAIL: gcc.dg/guality/pr41447-1.c -Og -DPREVENT_OPTIMIZATION execution test
FAIL: gcc.dg/guality/pr41616-1.c -O1 -DPREVENT_OPTIMIZATION execution test
FAIL: gcc.dg/guality/pr41616-1.c -O2 -DPREVENT_OPTIMIZATION execution test
FAIL: gcc.dg/guality/pr41616-1.c -O2 -flto -fuse-linker-plugin -fno-fat-lto-objects -DPREVENT_OPTIMIZATION execution test
FAIL: gcc.dg/guality/pr41616-1.c -O3 -g -DPREVENT_OPTIMIZATION execution test
FAIL: gcc.dg/guality/pr41616-1.c -Os -DPREVENT_OPTIMIZATION execution test
FAIL: gcc.dg/guality/pr41616-1.c -Og -DPREVENT_OPTIMIZATION execution test
FAIL: gcc.dg/guality/pr43051-1.c -O3 -fomit-frame-pointer -funroll-loops -fpeel-loops -ftracer -finline-functions -DPREVENT_OPTIMIZATION line 34 c == &a[0]
FAIL: gcc.dg/guality/pr43051-1.c -O3 -fomit-frame-pointer -funroll-loops -fpeel-loops -ftracer -finline-functions -DPREVENT_OPTIMIZATION line 39 c == &a[0]
FAIL: gcc.dg/guality/pr43077-1.c -O0 line 19 vara == 1
FAIL: gcc.dg/guality/pr43077-1.c -O1 -DPREVENT_OPTIMIZATION line 42 a == 1
FAIL: gcc.dg/guality/pr43077-1.c -O1 -DPREVENT_OPTIMIZATION line 42 b == 2
FAIL: gcc.dg/guality/pr43077-1.c -O1 -DPREVENT_OPTIMIZATION line 42 c == 3
FAIL: gcc.dg/guality/pr43077-1.c -O1 -DPREVENT_OPTIMIZATION line 42 vara == 1
FAIL: gcc.dg/guality/pr43077-1.c -O1 -DPREVENT_OPTIMIZATION line 42 varb == 2
FAIL: gcc.dg/guality/pr43077-1.c -O1 -DPREVENT_OPTIMIZATION line 42 varc == 3
FAIL: gcc.dg/guality/pr43077-1.c -O2 -DPREVENT_OPTIMIZATION line 42 a == 1
FAIL: gcc.dg/guality/pr43077-1.c -O2 -DPREVENT_OPTIMIZATION line 42 vara == 1
FAIL: gcc.dg/guality/pr43077-1.c -O2 -DPREVENT_OPTIMIZATION line 42 varc == 3
FAIL: gcc.dg/guality/pr43077-1.c -O2 -flto -fno-use-linker-plugin -flto-partition=none -DPREVENT_OPTIMIZATION line 42 a == 1
FAIL: gcc.dg/guality/pr43077-1.c -O2 -flto -fno-use-linker-plugin -flto-partition=none -DPREVENT_OPTIMIZATION line 42 vara == 1
FAIL: gcc.dg/guality/pr43077-1.c -O2 -flto -fno-use-linker-plugin -flto-partition=none -DPREVENT_OPTIMIZATION line 42 varb == 2
FAIL: gcc.dg/guality/pr43077-1.c -O2 -flto -fuse-linker-plugin -fno-fat-lto-objects -DPREVENT_OPTIMIZATION line 42 a == 1
FAIL: gcc.dg/guality/pr43077-1.c -O2 -flto -fuse-linker-plugin -fno-fat-lto-objects -DPREVENT_OPTIMIZATION line 42 vara == 1
FAIL: gcc.dg/guality/pr43077-1.c -O2 -flto -fuse-linker-plugin -fno-fat-lto-objects -DPREVENT_OPTIMIZATION line 42 varb == 2
FAIL: gcc.dg/guality/pr43077-1.c -O3 -g -DPREVENT_OPTIMIZATION line 11 vara == 0
FAIL: gcc.dg/guality/pr43077-1.c -O3 -g -DPREVENT_OPTIMIZATION line 19 vara == 1
FAIL: gcc.dg/guality/pr43077-1.c -O3 -g -DPREVENT_OPTIMIZATION line 42 vara == 1
FAIL: gcc.dg/guality/pr43077-1.c -O3 -g -DPREVENT_OPTIMIZATION line 42 varb == 2
FAIL: gcc.dg/guality/pr43077-1.c -O3 -g -DPREVENT_OPTIMIZATION line 42 varc == 3
FAIL: gcc.dg/guality/pr43077-1.c -Os -DPREVENT_OPTIMIZATION line 42 a == 1
FAIL: gcc.dg/guality/pr43077-1.c -Os -DPREVENT_OPTIMIZATION line 42 b == 2
FAIL: gcc.dg/guality/pr43077-1.c -Os -DPREVENT_OPTIMIZATION line 42 c == 3
FAIL: gcc.dg/guality/pr43077-1.c -Os -DPREVENT_OPTIMIZATION line 42 vara == 1
FAIL: gcc.dg/guality/pr43077-1.c -Os -DPREVENT_OPTIMIZATION line 42 varb == 2
FAIL: gcc.dg/guality/pr43077-1.c -Os -DPREVENT_OPTIMIZATION line 42 varc == 3
FAIL: gcc.dg/guality/pr43077-1.c -Og -DPREVENT_OPTIMIZATION line 11 vara == 0
FAIL: gcc.dg/guality/pr43077-1.c -Og -DPREVENT_OPTIMIZATION line 19 vara == 1
FAIL: gcc.dg/guality/pr43177.c -O3 -g -DPREVENT_OPTIMIZATION line 15 x == 7
FAIL: gcc.dg/guality/pr43177.c -O3 -g -DPREVENT_OPTIMIZATION line 24 x == 7
FAIL: gcc.dg/guality/pr43329-1.c -O3 -g -DPREVENT_OPTIMIZATION line 12 argx == 25
FAIL: gcc.dg/guality/pr43329-1.c -O3 -g -DPREVENT_OPTIMIZATION line 12 varx == 25
FAIL: gcc.dg/guality/pr43479.c -O3 -g -DPREVENT_OPTIMIZATION line 13 h == 9
FAIL: gcc.dg/guality/pr43479.c -O3 -g -DPREVENT_OPTIMIZATION line 13 i == 6
FAIL: gcc.dg/guality/pr43479.c -O3 -g -DPREVENT_OPTIMIZATION line 18 h == 9
FAIL: gcc.dg/guality/pr43479.c -O3 -g -DPREVENT_OPTIMIZATION line 18 j == 8
FAIL: gcc.dg/guality/pr43479.c -Og -DPREVENT_OPTIMIZATION line 13 h == 9
FAIL: gcc.dg/guality/pr43479.c -Og -DPREVENT_OPTIMIZATION line 18 h == 9
FAIL: gcc.dg/guality/pr43593.c -O3 -g -DPREVENT_OPTIMIZATION line 16 j == &i
FAIL: gcc.dg/guality/pr45882.c -O3 -g -DPREVENT_OPTIMIZATION line 18 b == 7
FAIL: gcc.dg/guality/pr45882.c -O3 -g -DPREVENT_OPTIMIZATION line 18 c == 11
FAIL: gcc.dg/guality/pr45882.c -O3 -g -DPREVENT_OPTIMIZATION line 18 d == 112
FAIL: gcc.dg/guality/pr45882.c -O3 -g -DPREVENT_OPTIMIZATION line 18 e == 142
FAIL: gcc.dg/guality/pr48437.c -O3 -fomit-frame-pointer -funroll-loops -fpeel-loops -ftracer -finline-functions -DPREVENT_OPTIMIZATION line 14 i == 0
FAIL: gcc.dg/guality/pr48437.c -O3 -g -DPREVENT_OPTIMIZATION line 14 i == 0
FAIL: gcc.dg/guality/pr54519-1.c -O2 -flto -fno-use-linker-plugin -flto-partition=none -DPREVENT_OPTIMIZATION line 20 y == 25
FAIL: gcc.dg/guality/pr54519-1.c -O2 -flto -fno-use-linker-plugin -flto-partition=none -DPREVENT_OPTIMIZATION line 20 z == 6
FAIL: gcc.dg/guality/pr54519-1.c -O2 -flto -fno-use-linker-plugin -flto-partition=none -DPREVENT_OPTIMIZATION line 23 y == 117
FAIL: gcc.dg/guality/pr54519-1.c -O2 -flto -fno-use-linker-plugin -flto-partition=none -DPREVENT_OPTIMIZATION line 23 z == 8
FAIL: gcc.dg/guality/pr54519-1.c -O2 -flto -fuse-linker-plugin -fno-fat-lto-objects -DPREVENT_OPTIMIZATION line 20 y == 25
FAIL: gcc.dg/guality/pr54519-1.c -O2 -flto -fuse-linker-plugin -fno-fat-lto-objects -DPREVENT_OPTIMIZATION line 20 z == 6
FAIL: gcc.dg/guality/pr54519-1.c -O2 -flto -fuse-linker-plugin -fno-fat-lto-objects -DPREVENT_OPTIMIZATION line 23 y == 117
FAIL: gcc.dg/guality/pr54519-1.c -O2 -flto -fuse-linker-plugin -fno-fat-lto-objects -DPREVENT_OPTIMIZATION line 23 z == 8
FAIL: gcc.dg/guality/pr54519-1.c -O3 -g -DPREVENT_OPTIMIZATION line 20 x == 36
FAIL: gcc.dg/guality/pr54519-1.c -O3 -g -DPREVENT_OPTIMIZATION line 20 y == 25
FAIL: gcc.dg/guality/pr54519-1.c -O3 -g -DPREVENT_OPTIMIZATION line 20 z == 6
FAIL: gcc.dg/guality/pr54519-1.c -O3 -g -DPREVENT_OPTIMIZATION line 23 x == 98
FAIL: gcc.dg/guality/pr54519-1.c -O3 -g -DPREVENT_OPTIMIZATION line 23 y == 117
FAIL: gcc.dg/guality/pr54519-1.c -O3 -g -DPREVENT_OPTIMIZATION line 23 z == 8
FAIL: gcc.dg/guality/pr54519-2.c -O1 -DPREVENT_OPTIMIZATION line 22 y == 68
FAIL: gcc.dg/guality/pr54519-2.c -O2 -DPREVENT_OPTIMIZATION line 22 y == 68
FAIL: gcc.dg/guality/pr54519-2.c -O2 -flto -fno-use-linker-plugin -flto-partition=none -DPREVENT_OPTIMIZATION line 17 y == 25
FAIL: gcc.dg/guality/pr54519-2.c -O2 -flto -fno-use-linker-plugin -flto-partition=none -DPREVENT_OPTIMIZATION line 22 y == 68
FAIL: gcc.dg/guality/pr54519-2.c -O2 -flto -fuse-linker-plugin -fno-fat-lto-objects -DPREVENT_OPTIMIZATION line 17 y == 25
FAIL: gcc.dg/guality/pr54519-2.c -O2 -flto -fuse-linker-plugin -fno-fat-lto-objects -DPREVENT_OPTIMIZATION line 22 y == 68
FAIL: gcc.dg/guality/pr54519-2.c -O3 -g -DPREVENT_OPTIMIZATION line 17 x == 6
FAIL: gcc.dg/guality/pr54519-2.c -O3 -g -DPREVENT_OPTIMIZATION line 17 y == 25
FAIL: gcc.dg/guality/pr54519-2.c -O3 -g -DPREVENT_OPTIMIZATION line 22 y == 68
FAIL: gcc.dg/guality/pr54519-2.c -Os -DPREVENT_OPTIMIZATION line 22 y == 68
FAIL: gcc.dg/guality/pr54519-3.c -O2 -flto -fno-use-linker-plugin -flto-partition=none -DPREVENT_OPTIMIZATION line 20 y == 25
FAIL: gcc.dg/guality/pr54519-3.c -O2 -flto -fno-use-linker-plugin -flto-partition=none -DPREVENT_OPTIMIZATION line 20 z == 6
FAIL: gcc.dg/guality/pr54519-3.c -O2 -flto -fno-use-linker-plugin -flto-partition=none -DPREVENT_OPTIMIZATION line 23 y == 117
FAIL: gcc.dg/guality/pr54519-3.c -O2 -flto -fno-use-linker-plugin -flto-partition=none -DPREVENT_OPTIMIZATION line 23 z == 8
FAIL: gcc.dg/guality/pr54519-3.c -O2 -flto -fuse-linker-plugin -fno-fat-lto-objects -DPREVENT_OPTIMIZATION line 20 y == 25
FAIL: gcc.dg/guality/pr54519-3.c -O2 -flto -fuse-linker-plugin -fno-fat-lto-objects -DPREVENT_OPTIMIZATION line 20 z == 6
FAIL: gcc.dg/guality/pr54519-3.c -O2 -flto -fuse-linker-plugin -fno-fat-lto-objects -DPREVENT_OPTIMIZATION line 23 y == 117
FAIL: gcc.dg/guality/pr54519-3.c -O2 -flto -fuse-linker-plugin -fno-fat-lto-objects -DPREVENT_OPTIMIZATION line 23 z == 8
FAIL: gcc.dg/guality/pr54519-3.c -O3 -g -DPREVENT_OPTIMIZATION line 20 x == 36
FAIL: gcc.dg/guality/pr54519-3.c -O3 -g -DPREVENT_OPTIMIZATION line 20 y == 25
FAIL: gcc.dg/guality/pr54519-3.c -O3 -g -DPREVENT_OPTIMIZATION line 20 z == 6
FAIL: gcc.dg/guality/pr54519-3.c -O3 -g -DPREVENT_OPTIMIZATION line 23 x == 98
FAIL: gcc.dg/guality/pr54519-3.c -O3 -g -DPREVENT_OPTIMIZATION line 23 y == 117
FAIL: gcc.dg/guality/pr54519-3.c -O3 -g -DPREVENT_OPTIMIZATION line 23 z == 8
FAIL: gcc.dg/guality/pr54519-4.c -O1 -DPREVENT_OPTIMIZATION line 22 y == 68
FAIL: gcc.dg/guality/pr54519-4.c -O2 -DPREVENT_OPTIMIZATION line 22 y == 68
FAIL: gcc.dg/guality/pr54519-4.c -O2 -flto -fno-use-linker-plugin -flto-partition=none -DPREVENT_OPTIMIZATION line 17 y == 25
FAIL: gcc.dg/guality/pr54519-4.c -O2 -flto -fno-use-linker-plugin -flto-partition=none -DPREVENT_OPTIMIZATION line 22 y == 68
FAIL: gcc.dg/guality/pr54519-4.c -O2 -flto -fuse-linker-plugin -fno-fat-lto-objects -DPREVENT_OPTIMIZATION line 17 y == 25
FAIL: gcc.dg/guality/pr54519-4.c -O2 -flto -fuse-linker-plugin -fno-fat-lto-objects -DPREVENT_OPTIMIZATION line 22 y == 68
FAIL: gcc.dg/guality/pr54519-4.c -O3 -g -DPREVENT_OPTIMIZATION line 17 x == 6
FAIL: gcc.dg/guality/pr54519-4.c -O3 -g -DPREVENT_OPTIMIZATION line 17 y == 25
FAIL: gcc.dg/guality/pr54519-4.c -O3 -g -DPREVENT_OPTIMIZATION line 22 y == 68
FAIL: gcc.dg/guality/pr54519-4.c -Os -DPREVENT_OPTIMIZATION line 22 y == 68
FAIL: gcc.dg/guality/pr54519-5.c -O1 -DPREVENT_OPTIMIZATION line 22 y == 68
FAIL: gcc.dg/guality/pr54519-5.c -O2 -DPREVENT_OPTIMIZATION line 22 y == 68
FAIL: gcc.dg/guality/pr54519-5.c -O2 -flto -fno-use-linker-plugin -flto-partition=none -DPREVENT_OPTIMIZATION line 17 y == 25
FAIL: gcc.dg/guality/pr54519-5.c -O2 -flto -fno-use-linker-plugin -flto-partition=none -DPREVENT_OPTIMIZATION line 22 y == 68
FAIL: gcc.dg/guality/pr54519-5.c -O2 -flto -fuse-linker-plugin -fno-fat-lto-objects -DPREVENT_OPTIMIZATION line 17 y == 25
FAIL: gcc.dg/guality/pr54519-5.c -O2 -flto -fuse-linker-plugin -fno-fat-lto-objects -DPREVENT_OPTIMIZATION line 22 y == 68
FAIL: gcc.dg/guality/pr54519-5.c -O3 -g -DPREVENT_OPTIMIZATION line 17 x == 6
FAIL: gcc.dg/guality/pr54519-5.c -O3 -g -DPREVENT_OPTIMIZATION line 17 y == 25
FAIL: gcc.dg/guality/pr54519-5.c -O3 -g -DPREVENT_OPTIMIZATION line 22 y == 68
FAIL: gcc.dg/guality/pr54519-5.c -Os -DPREVENT_OPTIMIZATION line 22 y == 68
FAIL: gcc.dg/guality/pr54519-6.c -O3 -g -DPREVENT_OPTIMIZATION line 11 x == 2
FAIL: gcc.dg/guality/pr54519-6.c -O3 -g -DPREVENT_OPTIMIZATION line 11 y == 0
FAIL: gcc.dg/guality/pr54551.c -O3 -g -DPREVENT_OPTIMIZATION line 18 a == 4
FAIL: gcc.dg/guality/pr54693-2.c -O3 -fomit-frame-pointer -funroll-loops -fpeel-loops -ftracer -finline-functions -DPREVENT_OPTIMIZATION line 21 i == v + 1
FAIL: gcc.dg/guality/pr54693-2.c -O3 -fomit-frame-pointer -funroll-loops -fpeel-loops -ftracer -finline-functions -DPREVENT_OPTIMIZATION line 21 x == 10 - i
FAIL: gcc.dg/guality/pr54693-2.c -O3 -g -DPREVENT_OPTIMIZATION line 21 i == v + 1
FAIL: gcc.dg/guality/pr54693-2.c -O3 -g -DPREVENT_OPTIMIZATION line 21 x == 10 - i
FAIL: gcc.dg/guality/pr54693.c -Os -DPREVENT_OPTIMIZATION line 22 i == c - 48
FAIL: gcc.dg/guality/pr54796.c -O1 -DPREVENT_OPTIMIZATION line 17 b == 6
FAIL: gcc.dg/guality/pr54796.c -O2 -DPREVENT_OPTIMIZATION line 17 b == 6
FAIL: gcc.dg/guality/pr54796.c -O2 -flto -fno-use-linker-plugin -flto-partition=none -DPREVENT_OPTIMIZATION line 17 b == 6
FAIL: gcc.dg/guality/pr54796.c -O2 -flto -fuse-linker-plugin -fno-fat-lto-objects -DPREVENT_OPTIMIZATION line 17 a == 5
FAIL: gcc.dg/guality/pr54796.c -O2 -flto -fuse-linker-plugin -fno-fat-lto-objects -DPREVENT_OPTIMIZATION line 17 b == 6
FAIL: gcc.dg/guality/pr54796.c -O3 -g -DPREVENT_OPTIMIZATION line 17 b == 6
FAIL: gcc.dg/guality/pr54796.c -O3 -g -DPREVENT_OPTIMIZATION line 17 c == 5
FAIL: gcc.dg/guality/pr54796.c -Os -DPREVENT_OPTIMIZATION line 17 b == 6
FAIL: gcc.dg/guality/pr54796.c -Og -DPREVENT_OPTIMIZATION line 17 b == 6
XPASS: gcc.dg/guality/pr54970.c -O0 line 31 a[0] == 4
XPASS: gcc.dg/guality/pr54970.c -O0 line 36 a[0] == 4
XPASS: gcc.dg/guality/pr54970.c -O0 line 45 a[0] == 4
XPASS: gcc.dg/guality/pr54970.c -O0 line 45 p[-2] == 4
XPASS: gcc.dg/guality/pr54970.c -O0 line 45 q[-1] == 4
FAIL: gcc.dg/guality/pr54970.c -O3 -g -DPREVENT_OPTIMIZATION line 15 a[0] == 1
FAIL: gcc.dg/guality/pr54970.c -O3 -g -DPREVENT_OPTIMIZATION line 15 a[1] == 2
FAIL: gcc.dg/guality/pr54970.c -O3 -g -DPREVENT_OPTIMIZATION line 15 a[2] == 3
FAIL: gcc.dg/guality/pr54970.c -O3 -g -DPREVENT_OPTIMIZATION line 20 a[0] == 1
FAIL: gcc.dg/guality/pr54970.c -O3 -g -DPREVENT_OPTIMIZATION line 20 a[1] == 2
FAIL: gcc.dg/guality/pr54970.c -O3 -g -DPREVENT_OPTIMIZATION line 20 a[2] == 13
FAIL: gcc.dg/guality/pr54970.c -O3 -g -DPREVENT_OPTIMIZATION line 25 a[0] == 1
FAIL: gcc.dg/guality/pr54970.c -O3 -g -DPREVENT_OPTIMIZATION line 25 a[1] == 12
FAIL: gcc.dg/guality/pr54970.c -O3 -g -DPREVENT_OPTIMIZATION line 25 a[2] == 13
FAIL: gcc.dg/guality/pr54970.c -O3 -g -DPREVENT_OPTIMIZATION line 31 a[1] == 5
FAIL: gcc.dg/guality/pr54970.c -O3 -g -DPREVENT_OPTIMIZATION line 31 a[2] == 6
FAIL: gcc.dg/guality/pr54970.c -O3 -g -DPREVENT_OPTIMIZATION line 36 a[1] == 5
FAIL: gcc.dg/guality/pr54970.c -O3 -g -DPREVENT_OPTIMIZATION line 36 a[2] == 26
FAIL: gcc.dg/guality/pr54970.c -O3 -g -DPREVENT_OPTIMIZATION line 45 a[1] == 25
FAIL: gcc.dg/guality/pr54970.c -O3 -g -DPREVENT_OPTIMIZATION line 45 a[2] == 26
FAIL: gcc.dg/guality/pr54970.c -Og -DPREVENT_OPTIMIZATION line 15 *p == 3
FAIL: gcc.dg/guality/pr54970.c -Og -DPREVENT_OPTIMIZATION line 15 *q == 2
FAIL: gcc.dg/guality/pr54970.c -Og -DPREVENT_OPTIMIZATION line 15 a[0] == 1
FAIL: gcc.dg/guality/pr54970.c -Og -DPREVENT_OPTIMIZATION line 15 a[1] == 2
FAIL: gcc.dg/guality/pr54970.c -Og -DPREVENT_OPTIMIZATION line 15 a[2] == 3
FAIL: gcc.dg/guality/pr54970.c -Og -DPREVENT_OPTIMIZATION line 20 *p == 13
FAIL: gcc.dg/guality/pr54970.c -Og -DPREVENT_OPTIMIZATION line 20 *q == 2
FAIL: gcc.dg/guality/pr54970.c -Og -DPREVENT_OPTIMIZATION line 20 a[0] == 1
FAIL: gcc.dg/guality/pr54970.c -Og -DPREVENT_OPTIMIZATION line 20 a[1] == 2
FAIL: gcc.dg/guality/pr54970.c -Og -DPREVENT_OPTIMIZATION line 20 a[2] == 13
FAIL: gcc.dg/guality/pr54970.c -Og -DPREVENT_OPTIMIZATION line 25 *p == 13
FAIL: gcc.dg/guality/pr54970.c -Og -DPREVENT_OPTIMIZATION line 25 *q == 12
FAIL: gcc.dg/guality/pr54970.c -Og -DPREVENT_OPTIMIZATION line 25 a[0] == 1
FAIL: gcc.dg/guality/pr54970.c -Og -DPREVENT_OPTIMIZATION line 25 a[1] == 12
FAIL: gcc.dg/guality/pr54970.c -Og -DPREVENT_OPTIMIZATION line 25 a[2] == 13
FAIL: gcc.dg/guality/pr54970.c -Og -DPREVENT_OPTIMIZATION line 31 *p == 6
FAIL: gcc.dg/guality/pr54970.c -Og -DPREVENT_OPTIMIZATION line 31 *q == 5
FAIL: gcc.dg/guality/pr54970.c -Og -DPREVENT_OPTIMIZATION line 31 a[1] == 5
FAIL: gcc.dg/guality/pr54970.c -Og -DPREVENT_OPTIMIZATION line 31 a[2] == 6
FAIL: gcc.dg/guality/pr54970.c -Og -DPREVENT_OPTIMIZATION line 36 *p == 26
FAIL: gcc.dg/guality/pr54970.c -Og -DPREVENT_OPTIMIZATION line 36 *q == 5
FAIL: gcc.dg/guality/pr54970.c -Og -DPREVENT_OPTIMIZATION line 36 a[1] == 5
FAIL: gcc.dg/guality/pr54970.c -Og -DPREVENT_OPTIMIZATION line 36 a[2] == 26
FAIL: gcc.dg/guality/pr54970.c -Og -DPREVENT_OPTIMIZATION line 45 *p == 26
FAIL: gcc.dg/guality/pr54970.c -Og -DPREVENT_OPTIMIZATION line 45 *q == 25
FAIL: gcc.dg/guality/pr54970.c -Og -DPREVENT_OPTIMIZATION line 45 a[1] == 25
FAIL: gcc.dg/guality/pr54970.c -Og -DPREVENT_OPTIMIZATION line 45 a[2] == 26
FAIL: gcc.dg/guality/pr54970.c -Og -DPREVENT_OPTIMIZATION line 45 p[-1] == 25
FAIL: gcc.dg/guality/pr54970.c -Og -DPREVENT_OPTIMIZATION line 45 q[1] == 26
FAIL: gcc.dg/guality/pr56154-1.c -O3 -g -DPREVENT_OPTIMIZATION line pr56154-1.c:20 x.a == 6
FAIL: gcc.dg/guality/pr56154-1.c -Og -DPREVENT_OPTIMIZATION line pr56154-1.c:20 x.a == 6
FAIL: gcc.dg/guality/pr56154-2.c -O3 -g -DPREVENT_OPTIMIZATION line pr56154-2.c:30 x == 28
FAIL: gcc.dg/guality/pr56154-3.c -O3 -g -DPREVENT_OPTIMIZATION line pr56154-3.c:22 x == 28
FAIL: gcc.dg/guality/pr56154-4.c -O3 -g -DPREVENT_OPTIMIZATION line pr56154-4.c:25 x == 28
FAIL: gcc.dg/guality/pr58791-3.c -O3 -g -DPREVENT_OPTIMIZATION line pr58791-3.c:19 f == 5
FAIL: gcc.dg/guality/pr58791-3.c -O3 -g -DPREVENT_OPTIMIZATION line pr58791-3.c:19 g == 24
FAIL: gcc.dg/guality/pr58791-3.c -O3 -g -DPREVENT_OPTIMIZATION line pr58791-3.c:19 h == 9
FAIL: gcc.dg/guality/pr58791-3.c -O3 -g -DPREVENT_OPTIMIZATION line pr58791-3.c:19 i == 15
FAIL: gcc.dg/guality/pr58791-3.c -O3 -g -DPREVENT_OPTIMIZATION line pr58791-3.c:19 j == 6
FAIL: gcc.dg/guality/pr58791-3.c -O3 -g -DPREVENT_OPTIMIZATION line pr58791-3.c:19 k == 25
FAIL: gcc.dg/guality/pr58791-3.c -O3 -g -DPREVENT_OPTIMIZATION line pr58791-3.c:19 l == 10
FAIL: gcc.dg/guality/pr58791-3.c -O3 -g -DPREVENT_OPTIMIZATION line pr58791-3.c:19 m == 16
FAIL: gcc.dg/guality/pr58791-5.c -O3 -g -DPREVENT_OPTIMIZATION line pr58791-5.c:20 b1 == 9
FAIL: gcc.dg/guality/pr58791-5.c -O3 -g -DPREVENT_OPTIMIZATION line pr58791-5.c:20 b2 == 73
FAIL: gcc.dg/guality/pr58791-5.c -O3 -g -DPREVENT_OPTIMIZATION line pr58791-5.c:20 b3 == 585
FAIL: gcc.dg/guality/pr58791-5.c -O3 -g -DPREVENT_OPTIMIZATION line pr58791-5.c:20 b4 == 4681
FAIL: gcc.dg/guality/pr58791-5.c -O3 -g -DPREVENT_OPTIMIZATION line pr58791-5.c:20 e == 0
FAIL: gcc.dg/guality/pr58791-5.c -Og -DPREVENT_OPTIMIZATION line pr58791-5.c:20 b2 == 73
FAIL: gcc.dg/guality/pr58791-5.c -Og -DPREVENT_OPTIMIZATION line pr58791-5.c:20 b3 == 585
FAIL: gcc.dg/guality/pr58791-5.c -Og -DPREVENT_OPTIMIZATION line pr58791-5.c:20 b4 == 4681
FAIL: gcc.dg/guality/pr59776.c -O3 -g -DPREVENT_OPTIMIZATION line pr59776.c:17 s1.f == 5.0
FAIL: gcc.dg/guality/pr59776.c -O3 -g -DPREVENT_OPTIMIZATION line pr59776.c:17 s1.g == 6.0
FAIL: gcc.dg/guality/pr59776.c -O3 -g -DPREVENT_OPTIMIZATION line pr59776.c:17 s2.f == 0.0
FAIL: gcc.dg/guality/pr59776.c -O3 -g -DPREVENT_OPTIMIZATION line pr59776.c:17 s2.g == 6.0
FAIL: gcc.dg/guality/pr59776.c -O3 -g -DPREVENT_OPTIMIZATION line pr59776.c:20 s1.f == 5.0
FAIL: gcc.dg/guality/pr59776.c -O3 -g -DPREVENT_OPTIMIZATION line pr59776.c:20 s1.g == 6.0
FAIL: gcc.dg/guality/pr59776.c -O3 -g -DPREVENT_OPTIMIZATION line pr59776.c:20 s2.f == 5.0
FAIL: gcc.dg/guality/pr59776.c -O3 -g -DPREVENT_OPTIMIZATION line pr59776.c:20 s2.g == 6.0
FAIL: gcc.dg/guality/pr59776.c -Og -DPREVENT_OPTIMIZATION line pr59776.c:17 s1.f == 5.0
FAIL: gcc.dg/guality/pr59776.c -Og -DPREVENT_OPTIMIZATION line pr59776.c:17 s1.g == 6.0
FAIL: gcc.dg/guality/pr59776.c -Og -DPREVENT_OPTIMIZATION line pr59776.c:17 s2.f == 0.0
FAIL: gcc.dg/guality/pr59776.c -Og -DPREVENT_OPTIMIZATION line pr59776.c:17 s2.g == 6.0
FAIL: gcc.dg/guality/pr59776.c -Og -DPREVENT_OPTIMIZATION line pr59776.c:20 s1.f == 5.0
FAIL: gcc.dg/guality/pr59776.c -Og -DPREVENT_OPTIMIZATION line pr59776.c:20 s1.g == 6.0
FAIL: gcc.dg/guality/pr59776.c -Og -DPREVENT_OPTIMIZATION line pr59776.c:20 s2.f == 5.0
FAIL: gcc.dg/guality/pr59776.c -Og -DPREVENT_OPTIMIZATION line pr59776.c:20 s2.g == 6.0
FAIL: gcc.dg/guality/pr67192.c -O1 -DPREVENT_OPTIMIZATION line 54 cnt == 15
FAIL: gcc.dg/guality/pr67192.c -O2 -DPREVENT_OPTIMIZATION line 27 cnt == 5
FAIL: gcc.dg/guality/pr67192.c -O2 -DPREVENT_OPTIMIZATION line 39 cnt == 10
FAIL: gcc.dg/guality/pr67192.c -O2 -DPREVENT_OPTIMIZATION line 48 cnt == 15
FAIL: gcc.dg/guality/pr67192.c -O2 -DPREVENT_OPTIMIZATION line 54 cnt == 15
FAIL: gcc.dg/guality/pr67192.c -O2 -DPREVENT_OPTIMIZATION line 59 cnt == 20
FAIL: gcc.dg/guality/pr67192.c -O2 -flto -fno-use-linker-plugin -flto-partition=none -DPREVENT_OPTIMIZATION line 27 cnt == 5
FAIL: gcc.dg/guality/pr67192.c -O2 -flto -fno-use-linker-plugin -flto-partition=none -DPREVENT_OPTIMIZATION line 39 cnt == 10
FAIL: gcc.dg/guality/pr67192.c -O2 -flto -fno-use-linker-plugin -flto-partition=none -DPREVENT_OPTIMIZATION line 48 cnt == 15
FAIL: gcc.dg/guality/pr67192.c -O2 -flto -fno-use-linker-plugin -flto-partition=none -DPREVENT_OPTIMIZATION line 54 cnt == 15
FAIL: gcc.dg/guality/pr67192.c -O2 -flto -fno-use-linker-plugin -flto-partition=none -DPREVENT_OPTIMIZATION line 59 cnt == 20
FAIL: gcc.dg/guality/pr67192.c -O2 -flto -fuse-linker-plugin -fno-fat-lto-objects -DPREVENT_OPTIMIZATION line 27 cnt == 5
FAIL: gcc.dg/guality/pr67192.c -O2 -flto -fuse-linker-plugin -fno-fat-lto-objects -DPREVENT_OPTIMIZATION line 39 cnt == 10
FAIL: gcc.dg/guality/pr67192.c -O2 -flto -fuse-linker-plugin -fno-fat-lto-objects -DPREVENT_OPTIMIZATION line 48 cnt == 15
FAIL: gcc.dg/guality/pr67192.c -O2 -flto -fuse-linker-plugin -fno-fat-lto-objects -DPREVENT_OPTIMIZATION line 54 cnt == 15
FAIL: gcc.dg/guality/pr67192.c -O2 -flto -fuse-linker-plugin -fno-fat-lto-objects -DPREVENT_OPTIMIZATION line 59 cnt == 20
FAIL: gcc.dg/guality/pr67192.c -Os -DPREVENT_OPTIMIZATION line 27 cnt == 5
FAIL: gcc.dg/guality/pr67192.c -Os -DPREVENT_OPTIMIZATION line 39 cnt == 10
FAIL: gcc.dg/guality/pr67192.c -Os -DPREVENT_OPTIMIZATION line 48 cnt == 15
FAIL: gcc.dg/guality/pr67192.c -Os -DPREVENT_OPTIMIZATION line 59 cnt == 20
FAIL: gcc.dg/guality/pr67192.c -Og -DPREVENT_OPTIMIZATION line 54 cnt == 15
FAIL: gcc.dg/guality/pr68860-1.c -O1 -DPREVENT_OPTIMIZATION line 14 arg7 == 30
FAIL: gcc.dg/guality/pr68860-1.c -O1 -DPREVENT_OPTIMIZATION line 16 arg7 == 30
FAIL: gcc.dg/guality/pr68860-1.c -O2 -DPREVENT_OPTIMIZATION line 14 arg7 == 30
FAIL: gcc.dg/guality/pr68860-1.c -O2 -DPREVENT_OPTIMIZATION line 16 arg7 == 30
FAIL: gcc.dg/guality/pr68860-1.c -O2 -flto -fno-use-linker-plugin -flto-partition=none -DPREVENT_OPTIMIZATION line 14 arg1 == 1
FAIL: gcc.dg/guality/pr68860-1.c -O2 -flto -fno-use-linker-plugin -flto-partition=none -DPREVENT_OPTIMIZATION line 14 arg2 == 2
FAIL: gcc.dg/guality/pr68860-1.c -O2 -flto -fno-use-linker-plugin -flto-partition=none -DPREVENT_OPTIMIZATION line 14 arg3 == 3
FAIL: gcc.dg/guality/pr68860-1.c -O2 -flto -fno-use-linker-plugin -flto-partition=none -DPREVENT_OPTIMIZATION line 14 arg4 == 4
FAIL: gcc.dg/guality/pr68860-1.c -O2 -flto -fno-use-linker-plugin -flto-partition=none -DPREVENT_OPTIMIZATION line 14 arg5 == 5
FAIL: gcc.dg/guality/pr68860-1.c -O2 -flto -fno-use-linker-plugin -flto-partition=none -DPREVENT_OPTIMIZATION line 14 arg6 == 6
FAIL: gcc.dg/guality/pr68860-1.c -O2 -flto -fno-use-linker-plugin -flto-partition=none -DPREVENT_OPTIMIZATION line 14 arg7 == 30
FAIL: gcc.dg/guality/pr68860-1.c -O2 -flto -fno-use-linker-plugin -flto-partition=none -DPREVENT_OPTIMIZATION line 16 arg1 == 1
FAIL: gcc.dg/guality/pr68860-1.c -O2 -flto -fno-use-linker-plugin -flto-partition=none -DPREVENT_OPTIMIZATION line 16 arg2 == 2
FAIL: gcc.dg/guality/pr68860-1.c -O2 -flto -fno-use-linker-plugin -flto-partition=none -DPREVENT_OPTIMIZATION line 16 arg3 == 3
FAIL: gcc.dg/guality/pr68860-1.c -O2 -flto -fno-use-linker-plugin -flto-partition=none -DPREVENT_OPTIMIZATION line 16 arg4 == 4
FAIL: gcc.dg/guality/pr68860-1.c -O2 -flto -fno-use-linker-plugin -flto-partition=none -DPREVENT_OPTIMIZATION line 16 arg5 == 5
FAIL: gcc.dg/guality/pr68860-1.c -O2 -flto -fno-use-linker-plugin -flto-partition=none -DPREVENT_OPTIMIZATION line 16 arg6 == 6
FAIL: gcc.dg/guality/pr68860-1.c -O2 -flto -fno-use-linker-plugin -flto-partition=none -DPREVENT_OPTIMIZATION line 16 arg7 == 30
FAIL: gcc.dg/guality/pr68860-1.c -O2 -flto -fuse-linker-plugin -fno-fat-lto-objects -DPREVENT_OPTIMIZATION line 14 arg1 == 1
FAIL: gcc.dg/guality/pr68860-1.c -O2 -flto -fuse-linker-plugin -fno-fat-lto-objects -DPREVENT_OPTIMIZATION line 14 arg2 == 2
FAIL: gcc.dg/guality/pr68860-1.c -O2 -flto -fuse-linker-plugin -fno-fat-lto-objects -DPREVENT_OPTIMIZATION line 14 arg3 == 3
FAIL: gcc.dg/guality/pr68860-1.c -O2 -flto -fuse-linker-plugin -fno-fat-lto-objects -DPREVENT_OPTIMIZATION line 14 arg4 == 4
FAIL: gcc.dg/guality/pr68860-1.c -O2 -flto -fuse-linker-plugin -fno-fat-lto-objects -DPREVENT_OPTIMIZATION line 14 arg5 == 5
FAIL: gcc.dg/guality/pr68860-1.c -O2 -flto -fuse-linker-plugin -fno-fat-lto-objects -DPREVENT_OPTIMIZATION line 14 arg6 == 6
FAIL: gcc.dg/guality/pr68860-1.c -O2 -flto -fuse-linker-plugin -fno-fat-lto-objects -DPREVENT_OPTIMIZATION line 14 arg7 == 30
FAIL: gcc.dg/guality/pr68860-1.c -O2 -flto -fuse-linker-plugin -fno-fat-lto-objects -DPREVENT_OPTIMIZATION line 16 arg1 == 1
FAIL: gcc.dg/guality/pr68860-1.c -O2 -flto -fuse-linker-plugin -fno-fat-lto-objects -DPREVENT_OPTIMIZATION line 16 arg2 == 2
FAIL: gcc.dg/guality/pr68860-1.c -O2 -flto -fuse-linker-plugin -fno-fat-lto-objects -DPREVENT_OPTIMIZATION line 16 arg3 == 3
FAIL: gcc.dg/guality/pr68860-1.c -O2 -flto -fuse-linker-plugin -fno-fat-lto-objects -DPREVENT_OPTIMIZATION line 16 arg4 == 4
FAIL: gcc.dg/guality/pr68860-1.c -O2 -flto -fuse-linker-plugin -fno-fat-lto-objects -DPREVENT_OPTIMIZATION line 16 arg5 == 5
FAIL: gcc.dg/guality/pr68860-1.c -O2 -flto -fuse-linker-plugin -fno-fat-lto-objects -DPREVENT_OPTIMIZATION line 16 arg6 == 6
FAIL: gcc.dg/guality/pr68860-1.c -O2 -flto -fuse-linker-plugin -fno-fat-lto-objects -DPREVENT_OPTIMIZATION line 16 arg7 == 30
FAIL: gcc.dg/guality/pr68860-1.c -O3 -g -DPREVENT_OPTIMIZATION line 14 arg1 == 1
FAIL: gcc.dg/guality/pr68860-1.c -O3 -g -DPREVENT_OPTIMIZATION line 14 arg2 == 2
FAIL: gcc.dg/guality/pr68860-1.c -O3 -g -DPREVENT_OPTIMIZATION line 14 arg3 == 3
FAIL: gcc.dg/guality/pr68860-1.c -O3 -g -DPREVENT_OPTIMIZATION line 14 arg4 == 4
FAIL: gcc.dg/guality/pr68860-1.c -O3 -g -DPREVENT_OPTIMIZATION line 14 arg5 == 5
FAIL: gcc.dg/guality/pr68860-1.c -O3 -g -DPREVENT_OPTIMIZATION line 14 arg6 == 6
FAIL: gcc.dg/guality/pr68860-1.c -O3 -g -DPREVENT_OPTIMIZATION line 14 arg7 == 30
FAIL: gcc.dg/guality/pr68860-1.c -O3 -g -DPREVENT_OPTIMIZATION line 14 arg8 == 7
FAIL: gcc.dg/guality/pr68860-1.c -O3 -g -DPREVENT_OPTIMIZATION line 16 arg1 == 1
FAIL: gcc.dg/guality/pr68860-1.c -O3 -g -DPREVENT_OPTIMIZATION line 16 arg2 == 2
FAIL: gcc.dg/guality/pr68860-1.c -O3 -g -DPREVENT_OPTIMIZATION line 16 arg3 == 3
FAIL: gcc.dg/guality/pr68860-1.c -O3 -g -DPREVENT_OPTIMIZATION line 16 arg4 == 4
FAIL: gcc.dg/guality/pr68860-1.c -O3 -g -DPREVENT_OPTIMIZATION line 16 arg5 == 5
FAIL: gcc.dg/guality/pr68860-1.c -O3 -g -DPREVENT_OPTIMIZATION line 16 arg6 == 6
FAIL: gcc.dg/guality/pr68860-1.c -O3 -g -DPREVENT_OPTIMIZATION line 16 arg7 == 30
FAIL: gcc.dg/guality/pr68860-1.c -O3 -g -DPREVENT_OPTIMIZATION line 16 arg8 == 7
FAIL: gcc.dg/guality/pr68860-1.c -Os -DPREVENT_OPTIMIZATION line 14 arg7 == 30
FAIL: gcc.dg/guality/pr68860-1.c -Os -DPREVENT_OPTIMIZATION line 16 arg7 == 30
FAIL: gcc.dg/guality/pr68860-1.c -Og -DPREVENT_OPTIMIZATION line 14 arg7 == 30
FAIL: gcc.dg/guality/pr68860-1.c -Og -DPREVENT_OPTIMIZATION line 16 arg7 == 30
FAIL: gcc.dg/guality/pr68860-2.c -O1 -DPREVENT_OPTIMIZATION line 14 arg7 == 30
FAIL: gcc.dg/guality/pr68860-2.c -O1 -DPREVENT_OPTIMIZATION line 16 arg7 == 30
FAIL: gcc.dg/guality/pr68860-2.c -O2 -DPREVENT_OPTIMIZATION line 14 arg7 == 30
FAIL: gcc.dg/guality/pr68860-2.c -O2 -DPREVENT_OPTIMIZATION line 16 arg7 == 30
FAIL: gcc.dg/guality/pr68860-2.c -O2 -flto -fno-use-linker-plugin -flto-partition=none -DPREVENT_OPTIMIZATION line 14 arg7 == 30
FAIL: gcc.dg/guality/pr68860-2.c -O2 -flto -fno-use-linker-plugin -flto-partition=none -DPREVENT_OPTIMIZATION line 16 arg7 == 30
FAIL: gcc.dg/guality/pr68860-2.c -O2 -flto -fuse-linker-plugin -fno-fat-lto-objects -DPREVENT_OPTIMIZATION line 14 arg7 == 30
FAIL: gcc.dg/guality/pr68860-2.c -O2 -flto -fuse-linker-plugin -fno-fat-lto-objects -DPREVENT_OPTIMIZATION line 16 arg7 == 30
FAIL: gcc.dg/guality/pr68860-2.c -O3 -g -DPREVENT_OPTIMIZATION line 14 arg1 == 1
FAIL: gcc.dg/guality/pr68860-2.c -O3 -g -DPREVENT_OPTIMIZATION line 14 arg2 == 2
FAIL: gcc.dg/guality/pr68860-2.c -O3 -g -DPREVENT_OPTIMIZATION line 14 arg3 == 3
FAIL: gcc.dg/guality/pr68860-2.c -O3 -g -DPREVENT_OPTIMIZATION line 14 arg4 == 4
FAIL: gcc.dg/guality/pr68860-2.c -O3 -g -DPREVENT_OPTIMIZATION line 14 arg5 == 5
FAIL: gcc.dg/guality/pr68860-2.c -O3 -g -DPREVENT_OPTIMIZATION line 14 arg6 == 6
FAIL: gcc.dg/guality/pr68860-2.c -O3 -g -DPREVENT_OPTIMIZATION line 14 arg7 == 30
FAIL: gcc.dg/guality/pr68860-2.c -O3 -g -DPREVENT_OPTIMIZATION line 14 arg8 == 7
FAIL: gcc.dg/guality/pr68860-2.c -O3 -g -DPREVENT_OPTIMIZATION line 16 arg1 == 1
FAIL: gcc.dg/guality/pr68860-2.c -O3 -g -DPREVENT_OPTIMIZATION line 16 arg2 == 2
FAIL: gcc.dg/guality/pr68860-2.c -O3 -g -DPREVENT_OPTIMIZATION line 16 arg3 == 3
FAIL: gcc.dg/guality/pr68860-2.c -O3 -g -DPREVENT_OPTIMIZATION line 16 arg4 == 4
FAIL: gcc.dg/guality/pr68860-2.c -O3 -g -DPREVENT_OPTIMIZATION line 16 arg5 == 5
FAIL: gcc.dg/guality/pr68860-2.c -O3 -g -DPREVENT_OPTIMIZATION line 16 arg6 == 6
FAIL: gcc.dg/guality/pr68860-2.c -O3 -g -DPREVENT_OPTIMIZATION line 16 arg7 == 30
FAIL: gcc.dg/guality/pr68860-2.c -O3 -g -DPREVENT_OPTIMIZATION line 16 arg8 == 7
FAIL: gcc.dg/guality/pr68860-2.c -Os -DPREVENT_OPTIMIZATION line 14 arg7 == 30
FAIL: gcc.dg/guality/pr68860-2.c -Os -DPREVENT_OPTIMIZATION line 16 arg7 == 30
FAIL: gcc.dg/guality/pr68860-2.c -Og -DPREVENT_OPTIMIZATION line 14 arg7 == 30
FAIL: gcc.dg/guality/pr68860-2.c -Og -DPREVENT_OPTIMIZATION line 16 arg7 == 30
FAIL: gcc.dg/guality/pr78726.c -O3 -g -DPREVENT_OPTIMIZATION line 21 d1 == ~36U * 173
FAIL: gcc.dg/guality/pr78726.c -O3 -g -DPREVENT_OPTIMIZATION line 21 d2 == ~36U * 173 * 173
FAIL: gcc.dg/guality/pr78726.c -O3 -g -DPREVENT_OPTIMIZATION line 21 d3 == ~36U * 1023094746
FAIL: gcc.dg/guality/pr78726.c -O3 -g -DPREVENT_OPTIMIZATION line 21 d4 == ~36U * 173 * 2
FAIL: gcc.dg/guality/pr78726.c -O3 -g -DPREVENT_OPTIMIZATION line 21 d5 == ~36U * 173 * 173 * 2
FAIL: gcc.dg/guality/pr78726.c -O3 -g -DPREVENT_OPTIMIZATION line 21 d6 == ~36U * 1023094746 * 2
FAIL: gcc.dg/guality/sra-1.c -O3 -g -DPREVENT_OPTIMIZATION line 21 a.j == 14
FAIL: gcc.dg/guality/sra-1.c -O3 -g -DPREVENT_OPTIMIZATION line 32 a[1] == 14
FAIL: gcc.dg/guality/sra-1.c -O3 -g -DPREVENT_OPTIMIZATION line 43 a.j == 14
FAIL: gcc.dg/guality/sra-1.c -Og -DPREVENT_OPTIMIZATION line 21 a.i == 4
FAIL: gcc.dg/guality/sra-1.c -Og -DPREVENT_OPTIMIZATION line 21 a.j == 14
FAIL: gcc.dg/guality/sra-1.c -Og -DPREVENT_OPTIMIZATION line 32 a[0] == 4
FAIL: gcc.dg/guality/sra-1.c -Og -DPREVENT_OPTIMIZATION line 32 a[1] == 14
FAIL: gcc.dg/guality/sra-1.c -Og -DPREVENT_OPTIMIZATION line 43 a.i == 4
FAIL: gcc.dg/guality/sra-1.c -Og -DPREVENT_OPTIMIZATION line 43 a.j == 14
FAIL: gcc.dg/guality/vla-1.c -O1 -DPREVENT_OPTIMIZATION line 17 sizeof (a) == 6
FAIL: gcc.dg/guality/vla-1.c -O2 -DPREVENT_OPTIMIZATION line 17 sizeof (a) == 6
FAIL: gcc.dg/guality/vla-1.c -O2 -DPREVENT_OPTIMIZATION line 24 i == 5
FAIL: gcc.dg/guality/vla-1.c -O2 -DPREVENT_OPTIMIZATION line 24 sizeof (a) == 17 * sizeof (short)
FAIL: gcc.dg/guality/vla-1.c -O2 -flto -fno-use-linker-plugin -flto-partition=none -DPREVENT_OPTIMIZATION line 17 sizeof (a) == 6
FAIL: gcc.dg/guality/vla-1.c -O2 -flto -fno-use-linker-plugin -flto-partition=none -DPREVENT_OPTIMIZATION line 24 i == 5
FAIL: gcc.dg/guality/vla-1.c -O2 -flto -fno-use-linker-plugin -flto-partition=none -DPREVENT_OPTIMIZATION line 24 sizeof (a) == 17 * sizeof (short)
FAIL: gcc.dg/guality/vla-1.c -O2 -flto -fuse-linker-plugin -fno-fat-lto-objects -DPREVENT_OPTIMIZATION line 17 sizeof (a) == 6
FAIL: gcc.dg/guality/vla-1.c -O2 -flto -fuse-linker-plugin -fno-fat-lto-objects -DPREVENT_OPTIMIZATION line 24 i == 5
FAIL: gcc.dg/guality/vla-1.c -O2 -flto -fuse-linker-plugin -fno-fat-lto-objects -DPREVENT_OPTIMIZATION line 24 sizeof (a) == 17 * sizeof (short)
FAIL: gcc.dg/guality/vla-1.c -O3 -g -DPREVENT_OPTIMIZATION line 17 i == 5
FAIL: gcc.dg/guality/vla-1.c -O3 -g -DPREVENT_OPTIMIZATION line 17 sizeof (a) == 6
FAIL: gcc.dg/guality/vla-1.c -O3 -g -DPREVENT_OPTIMIZATION line 24 i == 5
FAIL: gcc.dg/guality/vla-1.c -O3 -g -DPREVENT_OPTIMIZATION line 24 sizeof (a) == 17 * sizeof (short)
FAIL: gcc.dg/guality/vla-1.c -Os -DPREVENT_OPTIMIZATION line 17 sizeof (a) == 6
FAIL: gcc.dg/guality/vla-1.c -Os -DPREVENT_OPTIMIZATION line 24 i == 5
FAIL: gcc.dg/guality/vla-1.c -Os -DPREVENT_OPTIMIZATION line 24 sizeof (a) == 17 * sizeof (short)
FAIL: gcc.dg/guality/vla-1.c -Og -DPREVENT_OPTIMIZATION line 17 i == 5
FAIL: gcc.dg/guality/vla-1.c -Og -DPREVENT_OPTIMIZATION line 17 sizeof (a) == 6
FAIL: gcc.dg/guality/vla-2.c -O3 -g -DPREVENT_OPTIMIZATION line 16 sizeof (a) == 5 * sizeof (int)
FAIL: gcc.dg/guality/vla-2.c -O3 -g -DPREVENT_OPTIMIZATION line 25 sizeof (a) == 6 * sizeof (int)
FAIL: gcc.dg/torture/matrix-1.c -O3 -fomit-frame-pointer -funroll-loops -fpeel-loops -ftracer -finline-functions (internal compiler error)
FAIL: gcc.dg/torture/matrix-1.c -O3 -fomit-frame-pointer -funroll-loops -fpeel-loops -ftracer -finline-functions (test for excess errors)
UNRESOLVED: gcc.dg/torture/matrix-1.c -O3 -fomit-frame-pointer -funroll-loops -fpeel-loops -ftracer -finline-functions compilation failed to produce executable
FAIL: gcc.dg/torture/matrix-2.c -O3 -fomit-frame-pointer -funroll-loops -fpeel-loops -ftracer -finline-functions (internal compiler error)
FAIL: gcc.dg/torture/matrix-2.c -O3 -fomit-frame-pointer -funroll-loops -fpeel-loops -ftracer -finline-functions (test for excess errors)
UNRESOLVED: gcc.dg/torture/matrix-2.c -O3 -fomit-frame-pointer -funroll-loops -fpeel-loops -ftracer -finline-functions compilation failed to produce executable
FAIL: gcc.dg/torture/matrix-2.c -O3 -g (internal compiler error)
FAIL: gcc.dg/torture/matrix-2.c -O3 -g (test for excess errors)
UNRESOLVED: gcc.dg/torture/matrix-2.c -O3 -g compilation failed to produce executable
FAIL: gcc.dg/torture/matrix-5.c -O3 -fomit-frame-pointer -funroll-loops -fpeel-loops -ftracer -finline-functions (internal compiler error)
FAIL: gcc.dg/torture/matrix-5.c -O3 -fomit-frame-pointer -funroll-loops -fpeel-loops -ftracer -finline-functions (test for excess errors)
UNRESOLVED: gcc.dg/torture/matrix-5.c -O3 -fomit-frame-pointer -funroll-loops -fpeel-loops -ftracer -finline-functions compilation failed to produce executable
FAIL: gcc.dg/torture/matrix-6.c -O3 -fomit-frame-pointer -funroll-loops -fpeel-loops -ftracer -finline-functions (internal compiler error)
FAIL: gcc.dg/torture/matrix-6.c -O3 -fomit-frame-pointer -funroll-loops -fpeel-loops -ftracer -finline-functions (test for excess errors)
UNRESOLVED: gcc.dg/torture/matrix-6.c -O3 -fomit-frame-pointer -funroll-loops -fpeel-loops -ftracer -finline-functions compilation failed to produce executable
FAIL: gcc.dg/torture/matrix-6.c -O3 -g (internal compiler error)
FAIL: gcc.dg/torture/matrix-6.c -O3 -g (test for excess errors)
UNRESOLVED: gcc.dg/torture/matrix-6.c -O3 -g compilation failed to produce executable
FAIL: gcc.dg/torture/pr47677.c -O3 -g (internal compiler error)
FAIL: gcc.dg/torture/pr47677.c -O3 -g (test for excess errors)
FAIL: gcc.dg/torture/pr48493.c -O3 -g (internal compiler error)
FAIL: gcc.dg/torture/pr48493.c -O3 -g (test for excess errors)
FAIL: gcc.dg/torture/pr53366-1.c -O3 -fomit-frame-pointer -funroll-loops -fpeel-loops -ftracer -finline-functions (internal compiler error)
FAIL: gcc.dg/torture/pr53366-1.c -O3 -fomit-frame-pointer -funroll-loops -fpeel-loops -ftracer -finline-functions (test for excess errors)
UNRESOLVED: gcc.dg/torture/pr53366-1.c -O3 -fomit-frame-pointer -funroll-loops -fpeel-loops -ftracer -finline-functions compilation failed to produce executable
FAIL: gcc.dg/torture/pr56195.c -O3 -fomit-frame-pointer -funroll-loops -fpeel-loops -ftracer -finline-functions (internal compiler error)
FAIL: gcc.dg/torture/pr56195.c -O3 -fomit-frame-pointer -funroll-loops -fpeel-loops -ftracer -finline-functions (test for excess errors)
FAIL: gcc.dg/torture/pr56965-1.c -O3 -g (internal compiler error)
FAIL: gcc.dg/torture/pr56965-1.c -O3 -g (test for excess errors)
UNRESOLVED: gcc.dg/torture/pr56965-1.c -O3 -g compilation failed to produce executable
FAIL: gcc.dg/torture/pr57488.c -O3 -fomit-frame-pointer -funroll-loops -fpeel-loops -ftracer -finline-functions (internal compiler error)
FAIL: gcc.dg/torture/pr57488.c -O3 -fomit-frame-pointer -funroll-loops -fpeel-loops -ftracer -finline-functions (test for excess errors)
UNRESOLVED: gcc.dg/torture/pr57488.c -O3 -fomit-frame-pointer -funroll-loops -fpeel-loops -ftracer -finline-functions compilation failed to produce executable
FAIL: gcc.dg/torture/pr61346.c -O3 -fomit-frame-pointer -funroll-loops -fpeel-loops -ftracer -finline-functions (internal compiler error)
FAIL: gcc.dg/torture/pr61346.c -O3 -fomit-frame-pointer -funroll-loops -fpeel-loops -ftracer -finline-functions (test for excess errors)
UNRESOLVED: gcc.dg/torture/pr61346.c -O3 -fomit-frame-pointer -funroll-loops -fpeel-loops -ftracer -finline-functions compilation failed to produce executable
FAIL: gcc.dg/torture/pr61346.c -O3 -g (internal compiler error)
FAIL: gcc.dg/torture/pr61346.c -O3 -g (test for excess errors)
UNRESOLVED: gcc.dg/torture/pr61346.c -O3 -g compilation failed to produce executable
FAIL: gcc.dg/torture/pr82603.c -O3 -fomit-frame-pointer -funroll-loops -fpeel-loops -ftracer -finline-functions (internal compiler error)
FAIL: gcc.dg/torture/pr82603.c -O3 -fomit-frame-pointer -funroll-loops -fpeel-loops -ftracer -finline-functions (test for excess errors)
FAIL: gcc.dg/torture/pr82603.c -O3 -g (internal compiler error)
FAIL: gcc.dg/torture/pr82603.c -O3 -g (test for excess errors)
FAIL: gcc.dg/torture/transpose-1.c -O3 -fomit-frame-pointer -funroll-loops -fpeel-loops -ftracer -finline-functions (internal compiler error)
FAIL: gcc.dg/torture/transpose-1.c -O3 -fomit-frame-pointer -funroll-loops -fpeel-loops -ftracer -finline-functions (test for excess errors)
UNRESOLVED: gcc.dg/torture/transpose-1.c -O3 -fomit-frame-pointer -funroll-loops -fpeel-loops -ftracer -finline-functions compilation failed to produce executable
FAIL: gcc.dg/torture/transpose-1.c -O3 -g (internal compiler error)
FAIL: gcc.dg/torture/transpose-1.c -O3 -g (test for excess errors)
UNRESOLVED: gcc.dg/torture/transpose-1.c -O3 -g compilation failed to produce executable
FAIL: gcc.dg/torture/transpose-2.c -O3 -fomit-frame-pointer -funroll-loops -fpeel-loops -ftracer -finline-functions (internal compiler error)
FAIL: gcc.dg/torture/transpose-2.c -O3 -fomit-frame-pointer -funroll-loops -fpeel-loops -ftracer -finline-functions (test for excess errors)
UNRESOLVED: gcc.dg/torture/transpose-2.c -O3 -fomit-frame-pointer -funroll-loops -fpeel-loops -ftracer -finline-functions compilation failed to produce executable
FAIL: gcc.dg/torture/transpose-2.c -O3 -g (internal compiler error)
FAIL: gcc.dg/torture/transpose-2.c -O3 -g (test for excess errors)
UNRESOLVED: gcc.dg/torture/transpose-2.c -O3 -g compilation failed to produce executable
FAIL: gcc.dg/torture/vec-cvt-1.c -O3 -fomit-frame-pointer -funroll-loops -fpeel-loops -ftracer -finline-functions (internal compiler error)
FAIL: gcc.dg/torture/vec-cvt-1.c -O3 -fomit-frame-pointer -funroll-loops -fpeel-loops -ftracer -finline-functions (test for excess errors)
UNRESOLVED: gcc.dg/torture/vec-cvt-1.c -O3 -fomit-frame-pointer -funroll-loops -fpeel-loops -ftracer -finline-functions compilation failed to produce executable
XPASS: gcc.dg/tree-ssa/20040204-1.c scan-tree-dump-times optimized "link_error" 0
XPASS: gcc.dg/tree-ssa/loop-1.c scan-assembler-times foo 5
FAIL: gcc.dg/tree-ssa/pr68021.c (internal compiler error)
FAIL: gcc.dg/tree-ssa/pr68021.c (test for excess errors)
FAIL: gcc.dg/vect/O3-pr36098.c scan-tree-dump-times vect "vectorizing stmts using SLP" 0
FAIL: gcc.dg/vect/bb-slp-pow-1.c -flto -ffat-lto-objects scan-tree-dump-times slp2 "basic block vectorized" 1
FAIL: gcc.dg/vect/bb-slp-pow-1.c scan-tree-dump-times slp2 "basic block vectorized" 1
FAIL: gcc.dg/vect/bb-slp-pr69907.c -flto -ffat-lto-objects scan-tree-dump slp1 "BB vectorization with gaps at the end of a load is not supported"
FAIL: gcc.dg/vect/bb-slp-pr69907.c scan-tree-dump slp1 "BB vectorization with gaps at the end of a load is not supported"
XPASS: gcc.dg/vect/no-scevccp-outer-21.c scan-tree-dump-times vect "OUTER LOOP VECTORIZED." 1
FAIL: gcc.dg/vect/no-tree-sra-bb-slp-pr50730.c scan-tree-dump-times slp2 "basic block vectorized" 1
XPASS: gcc.dg/vect/pr33804.c -flto -ffat-lto-objects scan-tree-dump-times vect "vectorized 1 loops" 1
XPASS: gcc.dg/vect/pr33804.c -flto -ffat-lto-objects scan-tree-dump-times vect "vectorizing stmts using SLP" 1
XPASS: gcc.dg/vect/pr33804.c scan-tree-dump-times vect "vectorized 1 loops" 1
XPASS: gcc.dg/vect/pr33804.c scan-tree-dump-times vect "vectorizing stmts using SLP" 1
XPASS: gcc.dg/vect/pr33953.c -flto -ffat-lto-objects scan-tree-dump-times vect "vectorized 1 loops" 1
XPASS: gcc.dg/vect/pr33953.c -flto -ffat-lto-objects scan-tree-dump-times vect "vectorizing stmts using SLP" 1
XPASS: gcc.dg/vect/pr33953.c scan-tree-dump-times vect "vectorized 1 loops" 1
XPASS: gcc.dg/vect/pr33953.c scan-tree-dump-times vect "vectorizing stmts using SLP" 1
FAIL: gcc.dg/vect/pr53773.c -flto -ffat-lto-objects scan-tree-dump-times optimized "\\\\* 10" 2
FAIL: gcc.dg/vect/pr53773.c scan-tree-dump-times optimized "\\\\* 10" 2
FAIL: gcc.dg/vect/pr57705.c -flto -ffat-lto-objects scan-tree-dump-times vect "vectorized 1 loop" 2
FAIL: gcc.dg/vect/pr57705.c scan-tree-dump-times vect "vectorized 1 loop" 2
XPASS: gcc.dg/vect/pr58508.c -flto -ffat-lto-objects scan-tree-dump-times vect "hoist" 3
XPASS: gcc.dg/vect/pr58508.c scan-tree-dump-times vect "hoist" 3
FAIL: gcc.dg/vect/pr65494.c (internal compiler error)
FAIL: gcc.dg/vect/pr65494.c (test for excess errors)
FAIL: gcc.dg/vect/pr65494.c -flto -ffat-lto-objects (internal compiler error)
FAIL: gcc.dg/vect/pr65494.c -flto -ffat-lto-objects (test for excess errors)
FAIL: gcc.dg/vect/slp-13-big-array.c -flto -ffat-lto-objects scan-tree-dump-times vect "vectorized 2 loops" 1
FAIL: gcc.dg/vect/slp-13-big-array.c -flto -ffat-lto-objects scan-tree-dump-times vect "vectorizing stmts using SLP" 2
FAIL: gcc.dg/vect/slp-13-big-array.c scan-tree-dump-times vect "vectorized 2 loops" 1
FAIL: gcc.dg/vect/slp-13-big-array.c scan-tree-dump-times vect "vectorizing stmts using SLP" 2
FAIL: gcc.dg/vect/slp-13.c -flto -ffat-lto-objects scan-tree-dump-times vect "vectorized 2 loops" 1
FAIL: gcc.dg/vect/slp-13.c -flto -ffat-lto-objects scan-tree-dump-times vect "vectorizing stmts using SLP" 2
FAIL: gcc.dg/vect/slp-13.c scan-tree-dump-times vect "vectorized 2 loops" 1
FAIL: gcc.dg/vect/slp-13.c scan-tree-dump-times vect "vectorizing stmts using SLP" 2
FAIL: gcc.dg/vect/slp-23.c -flto -ffat-lto-objects scan-tree-dump-times vect "vectorizing stmts using SLP" 1
FAIL: gcc.dg/vect/slp-23.c scan-tree-dump-times vect "vectorizing stmts using SLP" 1
FAIL: gcc.dg/vect/slp-perm-9.c -flto -ffat-lto-objects scan-tree-dump-times vect "vectorized 0 loops" 2
FAIL: gcc.dg/vect/slp-perm-9.c -flto -ffat-lto-objects scan-tree-dump-times vect "vectorizing stmts using SLP" 0
FAIL: gcc.dg/vect/slp-perm-9.c scan-tree-dump-times vect "vectorized 0 loops" 2
FAIL: gcc.dg/vect/slp-perm-9.c scan-tree-dump-times vect "vectorizing stmts using SLP" 0
FAIL: gcc.dg/vect/vec-scal-opt.c scan-tree-dump-times veclower21 ">> _[0-9]*" 1
FAIL: gcc.dg/vect/vec-scal-opt1.c scan-tree-dump-times veclower21 ">> 2" 1
FAIL: gcc.dg/vect/vec-scal-opt2.c scan-tree-dump-times veclower21 ">> 2" 1
XPASS: gcc.dg/vect/vect-24.c -flto -ffat-lto-objects scan-tree-dump-times vect "vectorized 3 loops" 1
XPASS: gcc.dg/vect/vect-24.c scan-tree-dump-times vect "vectorized 3 loops" 1
FAIL: gcc.dg/vect/vect-33.c -flto -ffat-lto-objects scan-tree-dump-times vect "Alignment of access forced using versioning" 1
FAIL: gcc.dg/vect/vect-33.c scan-tree-dump-times vect "Alignment of access forced using versioning" 1
XPASS: gcc.dg/vect/vect-35-big-array.c -flto -ffat-lto-objects scan-tree-dump-times vect "vectorized 1 loops" 1
XPASS: gcc.dg/vect/vect-35-big-array.c scan-tree-dump-times vect "vectorized 1 loops" 1
XPASS: gcc.dg/vect/vect-35.c -flto -ffat-lto-objects scan-tree-dump-times vect "vectorized 1 loops" 1
XPASS: gcc.dg/vect/vect-35.c scan-tree-dump-times vect "vectorized 1 loops" 1
XPASS: gcc.dg/vect/vect-44.c -flto -ffat-lto-objects scan-tree-dump-times vect "Alignment of access forced using peeling" 0
XPASS: gcc.dg/vect/vect-44.c scan-tree-dump-times vect "Alignment of access forced using peeling" 0
XPASS: gcc.dg/vect/vect-50.c -flto -ffat-lto-objects scan-tree-dump-times vect "Alignment of access forced using peeling" 0
XPASS: gcc.dg/vect/vect-50.c scan-tree-dump-times vect "Alignment of access forced using peeling" 0
FAIL: gcc.dg/vect/vect-93.c -flto -ffat-lto-objects scan-tree-dump-times vect "vectorized 1 loops" 1
FAIL: gcc.dg/vect/vect-93.c scan-tree-dump-times vect "vectorized 1 loops" 1
FAIL: gcc.dg/vect/vect-cond-2.c -flto -ffat-lto-objects scan-tree-dump-times vect "vectorized 1 loops" 1
FAIL: gcc.dg/vect/vect-cond-2.c scan-tree-dump-times vect "vectorized 1 loops" 1
FAIL: gcc.dg/vect/vect-mask-loadstore-1.c (internal compiler error)
FAIL: gcc.dg/vect/vect-mask-loadstore-1.c (test for excess errors)
FAIL: gcc.dg/vect/vect-mask-loadstore-1.c -flto -ffat-lto-objects (internal compiler error)
FAIL: gcc.dg/vect/vect-mask-loadstore-1.c -flto -ffat-lto-objects (test for excess errors)
UNRESOLVED: gcc.dg/vect/vect-mask-loadstore-1.c -flto -ffat-lto-objects compilation failed to produce executable
UNRESOLVED: gcc.dg/vect/vect-mask-loadstore-1.c compilation failed to produce executable
XPASS: gcc.dg/vect/vect-outer-5.c -flto -ffat-lto-objects scan-tree-dump vect "zero step in outer loop."
XPASS: gcc.dg/vect/vect-outer-5.c scan-tree-dump vect "zero step in outer loop."
FAIL: gcc.dg/vect/vect-over-widen-1-big-array.c -flto -ffat-lto-objects scan-tree-dump-times vect "vectorized 1 loops" 1
FAIL: gcc.dg/vect/vect-over-widen-1-big-array.c scan-tree-dump-times vect "vectorized 1 loops" 1
FAIL: gcc.dg/vect/vect-over-widen-1.c -flto -ffat-lto-objects scan-tree-dump-times vect "vectorized 1 loops" 1
FAIL: gcc.dg/vect/vect-over-widen-1.c scan-tree-dump-times vect "vectorized 1 loops" 1
FAIL: gcc.dg/vect/vect-over-widen-2-big-array.c -flto -ffat-lto-objects scan-tree-dump-times vect "vectorized 1 loops" 1
FAIL: gcc.dg/vect/vect-over-widen-2-big-array.c scan-tree-dump-times vect "vectorized 1 loops" 1
FAIL: gcc.dg/vect/vect-over-widen-2.c -flto -ffat-lto-objects scan-tree-dump-times vect "vectorized 1 loops" 1
FAIL: gcc.dg/vect/vect-over-widen-2.c scan-tree-dump-times vect "vectorized 1 loops" 1
FAIL: gcc.dg/vect/vect-over-widen-3-big-array.c -flto -ffat-lto-objects scan-tree-dump-times vect "vectorized 1 loops" 1
FAIL: gcc.dg/vect/vect-over-widen-3-big-array.c scan-tree-dump-times vect "vectorized 1 loops" 1
FAIL: gcc.dg/vect/vect-over-widen-3.c -flto -ffat-lto-objects scan-tree-dump-times vect "vectorized 1 loops" 1
FAIL: gcc.dg/vect/vect-over-widen-3.c scan-tree-dump-times vect "vectorized 1 loops" 1
FAIL: gcc.dg/vect/vect-over-widen-4-big-array.c -flto -ffat-lto-objects scan-tree-dump-times vect "vectorized 1 loops" 1
FAIL: gcc.dg/vect/vect-over-widen-4-big-array.c scan-tree-dump-times vect "vectorized 1 loops" 1
FAIL: gcc.dg/vect/vect-over-widen-4.c -flto -ffat-lto-objects scan-tree-dump-times vect "vectorized 1 loops" 1
FAIL: gcc.dg/vect/vect-over-widen-4.c scan-tree-dump-times vect "vectorized 1 loops" 1
FAIL: gcc.misc-tests/gcov-pr85372.c execution test
FAIL: gcc.misc-tests/gcov-pr85372.c gcov: 3 failures in line counts, 0 in branch percentages, 0 in return percentages, 0 in intermediate format
FAIL: gcc.misc-tests/gcov-pr85372.c line 15: is #####:should be 2
FAIL: gcc.misc-tests/gcov-pr85372.c line 18: is #####:should be 1
FAIL: gcc.misc-tests/gcov-pr85372.c line 19: is #####:should be 1
=== gcc Summary ===
# of expected passes 108912
# of unexpected failures 718
# of unexpected successes 35
# of expected failures 574
# of unresolved testcases 37
# of unsupported tests 2199
/usr/local/gcc/gcc-20180909/Build/gcc/xgcc version 9.0.0 20180909 (experimental) [trunk revision 264176] (GCC)
=== gfortran tests ===
Running target unix
FAIL: gfortran.dg/alloc_comp_assign_7.f90 -O3 -fomit-frame-pointer -funroll-loops -fpeel-loops -ftracer -finline-functions (internal compiler error)
FAIL: gfortran.dg/alloc_comp_assign_7.f90 -O3 -fomit-frame-pointer -funroll-loops -fpeel-loops -ftracer -finline-functions (test for excess errors)
UNRESOLVED: gfortran.dg/alloc_comp_assign_7.f90 -O3 -fomit-frame-pointer -funroll-loops -fpeel-loops -ftracer -finline-functions compilation failed to produce executable
FAIL: gfortran.dg/alloc_comp_class_5.f03 -O3 -fomit-frame-pointer -funroll-loops -fpeel-loops -ftracer -finline-functions (internal compiler error)
FAIL: gfortran.dg/alloc_comp_class_5.f03 -O3 -fomit-frame-pointer -funroll-loops -fpeel-loops -ftracer -finline-functions (test for excess errors)
UNRESOLVED: gfortran.dg/alloc_comp_class_5.f03 -O3 -fomit-frame-pointer -funroll-loops -fpeel-loops -ftracer -finline-functions compilation failed to produce executable
FAIL: gfortran.dg/alloc_comp_class_5.f03 -O3 -g (internal compiler error)
FAIL: gfortran.dg/alloc_comp_class_5.f03 -O3 -g (test for excess errors)
UNRESOLVED: gfortran.dg/alloc_comp_class_5.f03 -O3 -g compilation failed to produce executable
FAIL: gfortran.dg/alloc_comp_deep_copy_3.f03 -O3 -g (internal compiler error)
FAIL: gfortran.dg/alloc_comp_deep_copy_3.f03 -O3 -g (test for excess errors)
UNRESOLVED: gfortran.dg/alloc_comp_deep_copy_3.f03 -O3 -g compilation failed to produce executable
FAIL: gfortran.dg/bessel_7.f90 -O3 -fomit-frame-pointer -funroll-loops -fpeel-loops -ftracer -finline-functions (internal compiler error)
FAIL: gfortran.dg/bessel_7.f90 -O3 -fomit-frame-pointer -funroll-loops -fpeel-loops -ftracer -finline-functions (test for excess errors)
UNRESOLVED: gfortran.dg/bessel_7.f90 -O3 -fomit-frame-pointer -funroll-loops -fpeel-loops -ftracer -finline-functions compilation failed to produce executable
FAIL: gfortran.dg/bessel_7.f90 -O3 -g (internal compiler error)
FAIL: gfortran.dg/bessel_7.f90 -O3 -g (test for excess errors)
UNRESOLVED: gfortran.dg/bessel_7.f90 -O3 -g compilation failed to produce executable
FAIL: gfortran.dg/char_eoshift_1.f90 -O3 -fomit-frame-pointer -funroll-loops -fpeel-loops -ftracer -finline-functions (internal compiler error)
FAIL: gfortran.dg/char_eoshift_1.f90 -O3 -fomit-frame-pointer -funroll-loops -fpeel-loops -ftracer -finline-functions (test for excess errors)
UNRESOLVED: gfortran.dg/char_eoshift_1.f90 -O3 -fomit-frame-pointer -funroll-loops -fpeel-loops -ftracer -finline-functions compilation failed to produce executable
FAIL: gfortran.dg/class_allocate_19.f03 -O3 -g (internal compiler error)
FAIL: gfortran.dg/class_allocate_19.f03 -O3 -g (test for excess errors)
UNRESOLVED: gfortran.dg/class_allocate_19.f03 -O3 -g compilation failed to produce executable
FAIL: gfortran.dg/class_allocate_22.f90 -O3 -fomit-frame-pointer -funroll-loops -fpeel-loops -ftracer -finline-functions (internal compiler error)
FAIL: gfortran.dg/class_allocate_22.f90 -O3 -fomit-frame-pointer -funroll-loops -fpeel-loops -ftracer -finline-functions (test for excess errors)
UNRESOLVED: gfortran.dg/class_allocate_22.f90 -O3 -fomit-frame-pointer -funroll-loops -fpeel-loops -ftracer -finline-functions compilation failed to produce executable
FAIL: gfortran.dg/class_array_3.f03 -O3 -fomit-frame-pointer -funroll-loops -fpeel-loops -ftracer -finline-functions (internal compiler error)
FAIL: gfortran.dg/class_array_3.f03 -O3 -fomit-frame-pointer -funroll-loops -fpeel-loops -ftracer -finline-functions (test for excess errors)
UNRESOLVED: gfortran.dg/class_array_3.f03 -O3 -fomit-frame-pointer -funroll-loops -fpeel-loops -ftracer -finline-functions compilation failed to produce executable
FAIL: gfortran.dg/class_array_3.f03 -O3 -g (internal compiler error)
FAIL: gfortran.dg/class_array_3.f03 -O3 -g (test for excess errors)
UNRESOLVED: gfortran.dg/class_array_3.f03 -O3 -g compilation failed to produce executable
FAIL: gfortran.dg/cray_pointers_2.f90 -O (internal compiler error)
FAIL: gfortran.dg/cray_pointers_2.f90 -O (test for excess errors)
UNRESOLVED: gfortran.dg/cray_pointers_2.f90 -O compilation failed to produce executable
FAIL: gfortran.dg/default_format_2.f90 -O3 -fomit-frame-pointer -funroll-loops -fpeel-loops -ftracer -finline-functions (internal compiler error)
FAIL: gfortran.dg/default_format_2.f90 -O3 -fomit-frame-pointer -funroll-loops -fpeel-loops -ftracer -finline-functions (test for excess errors)
UNRESOLVED: gfortran.dg/default_format_2.f90 -O3 -fomit-frame-pointer -funroll-loops -fpeel-loops -ftracer -finline-functions compilation failed to produce executable
FAIL: gfortran.dg/default_format_2.f90 -O3 -g (internal compiler error)
FAIL: gfortran.dg/default_format_2.f90 -O3 -g (test for excess errors)
UNRESOLVED: gfortran.dg/default_format_2.f90 -O3 -g compilation failed to produce executable
FAIL: gfortran.dg/default_format_denormal_2.f90 -O3 -fomit-frame-pointer -funroll-loops -fpeel-loops -ftracer -finline-functions (internal compiler error)
FAIL: gfortran.dg/default_format_denormal_2.f90 -O3 -fomit-frame-pointer -funroll-loops -fpeel-loops -ftracer -finline-functions (test for excess errors)
UNRESOLVED: gfortran.dg/default_format_denormal_2.f90 -O3 -fomit-frame-pointer -funroll-loops -fpeel-loops -ftracer -finline-functions compilation failed to produce executable
FAIL: gfortran.dg/default_format_denormal_2.f90 -O3 -g (internal compiler error)
FAIL: gfortran.dg/default_format_denormal_2.f90 -O3 -g (test for excess errors)
UNRESOLVED: gfortran.dg/default_format_denormal_2.f90 -O3 -g compilation failed to produce executable
FAIL: gfortran.dg/dtio_26.f03 -O3 -fomit-frame-pointer -funroll-loops -fpeel-loops -ftracer -finline-functions (internal compiler error)
FAIL: gfortran.dg/dtio_26.f03 -O3 -fomit-frame-pointer -funroll-loops -fpeel-loops -ftracer -finline-functions (test for excess errors)
UNRESOLVED: gfortran.dg/dtio_26.f03 -O3 -fomit-frame-pointer -funroll-loops -fpeel-loops -ftracer -finline-functions compilation failed to produce executable
FAIL: gfortran.dg/dtio_26.f03 -O3 -g (internal compiler error)
FAIL: gfortran.dg/dtio_26.f03 -O3 -g (test for excess errors)
UNRESOLVED: gfortran.dg/dtio_26.f03 -O3 -g compilation failed to produce executable
FAIL: gfortran.dg/elemental_subroutine_3.f90 -O1 (test for excess errors)
FAIL: gfortran.dg/elemental_subroutine_3.f90 -O2 (test for excess errors)
FAIL: gfortran.dg/elemental_subroutine_3.f90 -O3 -fomit-frame-pointer -funroll-loops -fpeel-loops -ftracer -finline-functions (test for excess errors)
FAIL: gfortran.dg/elemental_subroutine_3.f90 -O3 -g (test for excess errors)
FAIL: gfortran.dg/elemental_subroutine_3.f90 -Os (test for excess errors)
FAIL: gfortran.dg/f2c_7.f90 -O3 -fomit-frame-pointer -funroll-loops -fpeel-loops -ftracer -finline-functions (internal compiler error)
FAIL: gfortran.dg/f2c_7.f90 -O3 -fomit-frame-pointer -funroll-loops -fpeel-loops -ftracer -finline-functions (test for excess errors)
UNRESOLVED: gfortran.dg/f2c_7.f90 -O3 -fomit-frame-pointer -funroll-loops -fpeel-loops -ftracer -finline-functions compilation failed to produce executable
FAIL: gfortran.dg/finalize_15.f90 -O3 -fomit-frame-pointer -funroll-loops -fpeel-loops -ftracer -finline-functions (internal compiler error)
FAIL: gfortran.dg/finalize_15.f90 -O3 -fomit-frame-pointer -funroll-loops -fpeel-loops -ftracer -finline-functions (test for excess errors)
UNRESOLVED: gfortran.dg/finalize_15.f90 -O3 -fomit-frame-pointer -funroll-loops -fpeel-loops -ftracer -finline-functions compilation failed to produce executable
FAIL: gfortran.dg/func_result_6.f90 -O3 -g (internal compiler error)
FAIL: gfortran.dg/func_result_6.f90 -O3 -g (test for excess errors)
UNRESOLVED: gfortran.dg/func_result_6.f90 -O3 -g compilation failed to produce executable
FAIL: gfortran.dg/inline_sum_3.f90 -O3 -g (internal compiler error)
FAIL: gfortran.dg/inline_sum_3.f90 -O3 -g (test for excess errors)
UNRESOLVED: gfortran.dg/inline_sum_3.f90 -O3 -g compilation failed to produce executable
FAIL: gfortran.dg/pointer_array_component_2.f90 -O3 -fomit-frame-pointer -funroll-loops -fpeel-loops -ftracer -finline-functions (internal compiler error)
FAIL: gfortran.dg/pointer_array_component_2.f90 -O3 -fomit-frame-pointer -funroll-loops -fpeel-loops -ftracer -finline-functions (test for excess errors)
UNRESOLVED: gfortran.dg/pointer_array_component_2.f90 -O3 -fomit-frame-pointer -funroll-loops -fpeel-loops -ftracer -finline-functions compilation failed to produce executable
FAIL: gfortran.dg/pointer_array_component_2.f90 -O3 -g (internal compiler error)
FAIL: gfortran.dg/pointer_array_component_2.f90 -O3 -g (test for excess errors)
UNRESOLVED: gfortran.dg/pointer_array_component_2.f90 -O3 -g compilation failed to produce executable
FAIL: gfortran.dg/substr_4.f -O3 -fomit-frame-pointer -funroll-loops -fpeel-loops -ftracer -finline-functions (internal compiler error)
FAIL: gfortran.dg/substr_4.f -O3 -fomit-frame-pointer -funroll-loops -fpeel-loops -ftracer -finline-functions (test for excess errors)
UNRESOLVED: gfortran.dg/substr_4.f -O3 -fomit-frame-pointer -funroll-loops -fpeel-loops -ftracer -finline-functions compilation failed to produce executable
FAIL: gfortran.dg/typebound_operator_13.f03 -O3 -fomit-frame-pointer -funroll-loops -fpeel-loops -ftracer -finline-functions (internal compiler error)
FAIL: gfortran.dg/typebound_operator_13.f03 -O3 -fomit-frame-pointer -funroll-loops -fpeel-loops -ftracer -finline-functions (test for excess errors)
UNRESOLVED: gfortran.dg/typebound_operator_13.f03 -O3 -fomit-frame-pointer -funroll-loops -fpeel-loops -ftracer -finline-functions compilation failed to produce executable
FAIL: gfortran.dg/typebound_operator_13.f03 -O3 -g (internal compiler error)
FAIL: gfortran.dg/typebound_operator_13.f03 -O3 -g (test for excess errors)
UNRESOLVED: gfortran.dg/typebound_operator_13.f03 -O3 -g compilation failed to produce executable
FAIL: gfortran.dg/unlimited_polymorphic_17.f90 -O3 -g (internal compiler error)
FAIL: gfortran.dg/unlimited_polymorphic_17.f90 -O3 -g (test for excess errors)
UNRESOLVED: gfortran.dg/unlimited_polymorphic_17.f90 -O3 -g compilation failed to produce executable
FAIL: gfortran.dg/unlimited_polymorphic_19.f90 -O3 -fomit-frame-pointer -funroll-loops -fpeel-loops -ftracer -finline-functions (internal compiler error)
FAIL: gfortran.dg/unlimited_polymorphic_19.f90 -O3 -fomit-frame-pointer -funroll-loops -fpeel-loops -ftracer -finline-functions (test for excess errors)
UNRESOLVED: gfortran.dg/unlimited_polymorphic_19.f90 -O3 -fomit-frame-pointer -funroll-loops -fpeel-loops -ftracer -finline-functions compilation failed to produce executable
FAIL: gfortran.dg/unlimited_polymorphic_19.f90 -O3 -g (internal compiler error)
FAIL: gfortran.dg/unlimited_polymorphic_19.f90 -O3 -g (test for excess errors)
UNRESOLVED: gfortran.dg/unlimited_polymorphic_19.f90 -O3 -g compilation failed to produce executable
FAIL: gfortran.dg/unlimited_polymorphic_29.f90 -O3 -fomit-frame-pointer -funroll-loops -fpeel-loops -ftracer -finline-functions (internal compiler error)
FAIL: gfortran.dg/unlimited_polymorphic_29.f90 -O3 -fomit-frame-pointer -funroll-loops -fpeel-loops -ftracer -finline-functions (test for excess errors)
UNRESOLVED: gfortran.dg/unlimited_polymorphic_29.f90 -O3 -fomit-frame-pointer -funroll-loops -fpeel-loops -ftracer -finline-functions compilation failed to produce executable
FAIL: gfortran.dg/unlimited_polymorphic_29.f90 -O3 -g (internal compiler error)
FAIL: gfortran.dg/unlimited_polymorphic_29.f90 -O3 -g (test for excess errors)
UNRESOLVED: gfortran.dg/unlimited_polymorphic_29.f90 -O3 -g compilation failed to produce executable
FAIL: gfortran.dg/graphite/pr68565.f90 -O3 -fomit-frame-pointer -funroll-loops -fpeel-loops -ftracer -finline-functions (internal compiler error)
FAIL: gfortran.dg/graphite/pr68565.f90 -O3 -fomit-frame-pointer -funroll-loops -fpeel-loops -ftracer -finline-functions (test for excess errors)
UNRESOLVED: gfortran.dg/graphite/pr68565.f90 -O3 -fomit-frame-pointer -funroll-loops -fpeel-loops -ftracer -finline-functions compilation failed to produce executable
FAIL: gfortran.dg/graphite/pr68565.f90 -O3 -g (internal compiler error)
FAIL: gfortran.dg/graphite/pr68565.f90 -O3 -g (test for excess errors)
UNRESOLVED: gfortran.dg/graphite/pr68565.f90 -O3 -g compilation failed to produce executable
FAIL: gfortran.dg/lto/pr79108 f_lto_pr79108_0.o-f_lto_pr79108_0.o link, -Ofast -flto --param ggc-min-expand=0 --param ggc-min-heapsize=0
FAIL: gfortran.dg/vect/O3-pr39595.f -O (internal compiler error)
FAIL: gfortran.dg/vect/O3-pr39595.f -O (test for excess errors)
FAIL: gfortran.dg/vect/pr32380.f -O scan-tree-dump-times vect "vectorized 1 loops" 1
FAIL: gfortran.dg/vect/pr62283-2.f -O scan-tree-dump slp2 "basic block vectorized"
FAIL: gfortran.dg/vect/vect-2.f90 -O scan-tree-dump-times vect "Alignment of access forced using versioning." 3
FAIL: gfortran.fortran-torture/compile/pr32663.f, -O3 -g (internal compiler error)
FAIL: gfortran.fortran-torture/compile/pr80158.f, -O3 -g (internal compiler error)
=== gfortran Summary ===
# of expected passes 47448
# of unexpected failures 81
# of expected failures 103
# of unresolved testcases 34
# of unsupported tests 103
/usr/local/gcc/gcc-20180909/Build/gcc/gfortran version 9.0.0 20180909 (experimental) [trunk revision 264176] (GCC)
=== gnat tests ===
Running target unix
FAIL: gnat.dg/lto21.adb (internal compiler error)
FAIL: gnat.dg/lto21.adb (test for excess errors)
UNRESOLVED: gnat.dg/lto21.adb compilation failed to produce executable
FAIL: gnat.dg/opt50.adb (test for excess errors)
FAIL: gnat.dg/opt50.adb 3 blank line(s) in output
UNRESOLVED: gnat.dg/opt50.adb compilation failed to produce executable
FAIL: gnat.dg/specs/opt3.ads (test for excess errors)
FAIL: gnat.dg/specs/opt3.ads 3 blank line(s) in output
FAIL: gnat.dg/sso/q2.adb -O0 execution test
FAIL: gnat.dg/sso/q2.adb -O1 -fno-inline execution test
FAIL: gnat.dg/sso/q2.adb -O2 execution test
FAIL: gnat.dg/sso/q2.adb -O3 -finline-functions execution test
FAIL: gnat.dg/sso/q2.adb -Og -g execution test
FAIL: gnat.dg/sso/q2.adb -Os execution test
FAIL: gnat.dg/sso/q3.adb -O0 execution test
FAIL: gnat.dg/sso/q3.adb -O1 -fno-inline execution test
FAIL: gnat.dg/sso/q3.adb -O2 execution test
FAIL: gnat.dg/sso/q3.adb -O3 -finline-functions execution test
FAIL: gnat.dg/sso/q3.adb -Og -g execution test
FAIL: gnat.dg/sso/q3.adb -Os execution test
FAIL: gnat.dg/sso/t2.adb -O0 output pattern test
FAIL: gnat.dg/sso/t3.adb -O0 output pattern test
=== gnat Summary ===
# of expected passes 2822
# of unexpected failures 20
# of expected failures 24
# of unresolved testcases 2
# of unsupported tests 23
/usr/local/gcc/gcc-20180909/Build/gcc/gnatmake version 9.0.0 20180909 (experimental) [trunk revision 264176]
=== go tests ===
Running target unix
FAIL: ./index0-out.go execution, -O0 -g -fno-var-tracking-assignments
FAIL: go.test/test/64bit.go execution
FAIL: go.test/test/append.go execution, -O2 -g
FAIL: go.test/test/chan/select5.go execution
FAIL: go.test/test/fixedbugs/bug369.go
FAIL: go.test/test/fixedbugs/issue4562.go execution, -O2 -g
FAIL: go.test/test/fixedbugs/issue5162.go execution
FAIL: go.test/test/ken/cplx2.go execution, -O2 -g
FAIL: go.test/test/mallocfin.go execution, -O2 -g
FAIL: go.test/test/mapnan.go execution, -O2 -g
FAIL: go.test/test/nilptr.go execution, -O2 -g
FAIL: go.test/test/recover.go execution, -O2 -g
=== go Summary ===
# of expected passes 7258
# of unexpected failures 12
# of expected failures 1
# of untested testcases 10
# of unsupported tests 3
/usr/local/gcc/gcc-20180909/Build/gcc/gccgo version 9.0.0 20180909 (experimental) [trunk revision 264176] (GCC)
=== obj-c++ tests ===
Running target unix
=== obj-c++ Summary ===
# of expected passes 1456
# of expected failures 10
# of unsupported tests 77
/usr/local/gcc/gcc-20180909/Build/gcc/xg++ version 9.0.0 20180909 (experimental) [trunk revision 264176] (GCC)
=== objc tests ===
Running target unix
=== objc Summary ===
# of expected passes 2801
# of unsupported tests 69
/usr/local/gcc/gcc-20180909/Build/gcc/xgcc version 9.0.0 20180909 (experimental) [trunk revision 264176] (GCC)
=== gotools tests ===
FAIL: go test cmd/go
FAIL: go test runtime
FAIL: go test misc/cgo/test
FAIL: go test misc/cgo/testcarchive
FAIL: go test cmd/vet
=== gotools Summary ===
# of unexpected failures 5
/usr/local/gcc/gcc-20180909/Build/./gcc/gccgo version 9.0.0 20180909 (experimental) [trunk revision 264176] (GCC)
=== libatomic tests ===
Running target unix
=== libatomic Summary ===
# of expected passes 54
=== libffi tests ===
Running target unix
FAIL: libffi.call/cls_double_va.c -W -Wall -Wno-psabi -O0 output pattern test
FAIL: libffi.call/cls_double_va.c -W -Wall -Wno-psabi -O2 output pattern test
FAIL: libffi.call/cls_double_va.c -W -Wall -Wno-psabi -O3 output pattern test
FAIL: libffi.call/cls_double_va.c -W -Wall -Wno-psabi -Os output pattern test
FAIL: libffi.call/cls_double_va.c -W -Wall -Wno-psabi -O2 -fomit-frame-pointer output pattern test
FAIL: libffi.call/cls_longdouble_va.c -W -Wall -Wno-psabi -O0 output pattern test
FAIL: libffi.call/cls_longdouble_va.c -W -Wall -Wno-psabi -O2 output pattern test
FAIL: libffi.call/cls_longdouble_va.c -W -Wall -Wno-psabi -O3 output pattern test
FAIL: libffi.call/cls_longdouble_va.c -W -Wall -Wno-psabi -Os output pattern test
FAIL: libffi.call/cls_longdouble_va.c -W -Wall -Wno-psabi -O2 -fomit-frame-pointer output pattern test
=== libffi Summary ===
# of expected passes 1904
# of unexpected failures 10
# of unsupported tests 30
=== libgo tests ===
Running target unix
FAIL: archive/tar
FAIL: archive/zip
FAIL: bufio
FAIL: bytes
FAIL: cmd/go/internal/cache
FAIL: cmd/go/internal/get
FAIL: cmd/go/internal/work
FAIL: cmd/internal/buildid
FAIL: cmd/internal/test2json
FAIL: compress/bzip2
FAIL: compress/flate
FAIL: compress/gzip
FAIL: compress/zlib
FAIL: context
FAIL: crypto/ecdsa
FAIL: crypto/rand
FAIL: crypto/rc4
FAIL: crypto/rsa
FAIL: crypto/subtle
FAIL: crypto/tls
FAIL: crypto/x509
FAIL: database/sql
FAIL: debug/dwarf
FAIL: debug/elf
FAIL: encoding/gob
FAIL: encoding/json
FAIL: encoding/pem
FAIL: encoding/xml
FAIL: fmt
FAIL: go/build
FAIL: go/doc
FAIL: go/parser
FAIL: go/printer
FAIL: go/token
FAIL: golang_org/x/crypto/chacha20poly1305
FAIL: hash/adler32
FAIL: html/template
FAIL: image
FAIL: image/color
FAIL: image/draw
FAIL: image/jpeg
FAIL: image/png
FAIL: index/suffixarray
FAIL: internal/trace
FAIL: io
FAIL: log
FAIL: log/syslog
FAIL: math/big
FAIL: math/rand
FAIL: mime/multipart
FAIL: mime/quotedprintable
FAIL: net
FAIL: net/http
FAIL: net/http/cgi
FAIL: net/http/fcgi
FAIL: net/http/httptest
FAIL: net/http/httptrace
FAIL: net/http/httputil
FAIL: net/http/pprof
FAIL: net/rpc
FAIL: net/rpc/jsonrpc
FAIL: os
FAIL: os/exec
FAIL: os/signal
FAIL: reflect
FAIL: runtime
FAIL: runtime/debug
FAIL: runtime/pprof
FAIL: runtime/trace
FAIL: strconv
FAIL: strings
FAIL: sync
FAIL: sync/atomic
FAIL: syscall
FAIL: testing/quick
FAIL: text/template
FAIL: time
=== libgo Summary ===
# of expected passes 86
# of unexpected failures 77
/usr/local/gcc/gcc-20180909/Build/./gcc/gccgo version 9.0.0 20180909 (experimental) [trunk revision 264176] (GCC)
=== libgomp tests ===
Running target unix
FAIL: libgomp.fortran/associate3.f90 -O3 -fomit-frame-pointer -funroll-loops -fpeel-loops -ftracer -finline-functions (internal compiler error)
FAIL: libgomp.fortran/associate3.f90 -O3 -fomit-frame-pointer -funroll-loops -fpeel-loops -ftracer -finline-functions (test for excess errors)
UNRESOLVED: libgomp.fortran/associate3.f90 -O3 -fomit-frame-pointer -funroll-loops -fpeel-loops -ftracer -finline-functions compilation failed to produce executable
FAIL: libgomp.fortran/associate3.f90 -O3 -g (internal compiler error)
FAIL: libgomp.fortran/associate3.f90 -O3 -g (test for excess errors)
UNRESOLVED: libgomp.fortran/associate3.f90 -O3 -g compilation failed to produce executable
FAIL: libgomp.fortran/collapse1.f90 -O3 -fomit-frame-pointer -funroll-loops -fpeel-loops -ftracer -finline-functions (internal compiler error)
FAIL: libgomp.fortran/collapse1.f90 -O3 -fomit-frame-pointer -funroll-loops -fpeel-loops -ftracer -finline-functions (test for excess errors)
UNRESOLVED: libgomp.fortran/collapse1.f90 -O3 -fomit-frame-pointer -funroll-loops -fpeel-loops -ftracer -finline-functions compilation failed to produce executable
FAIL: libgomp.fortran/collapse2.f90 -O3 -fomit-frame-pointer -funroll-loops -fpeel-loops -ftracer -finline-functions (internal compiler error)
FAIL: libgomp.fortran/collapse2.f90 -O3 -fomit-frame-pointer -funroll-loops -fpeel-loops -ftracer -finline-functions (test for excess errors)
UNRESOLVED: libgomp.fortran/collapse2.f90 -O3 -fomit-frame-pointer -funroll-loops -fpeel-loops -ftracer -finline-functions compilation failed to produce executable
FAIL: libgomp.fortran/collapse3.f90 -O3 -g (internal compiler error)
FAIL: libgomp.fortran/collapse3.f90 -O3 -g (test for excess errors)
UNRESOLVED: libgomp.fortran/collapse3.f90 -O3 -g compilation failed to produce executable
FAIL: libgomp.fortran/crayptr3.f90 -O3 -fomit-frame-pointer -funroll-loops -fpeel-loops -ftracer -finline-functions (internal compiler error)
FAIL: libgomp.fortran/crayptr3.f90 -O3 -fomit-frame-pointer -funroll-loops -fpeel-loops -ftracer -finline-functions (test for excess errors)
UNRESOLVED: libgomp.fortran/crayptr3.f90 -O3 -fomit-frame-pointer -funroll-loops -fpeel-loops -ftracer -finline-functions compilation failed to produce executable
FAIL: libgomp.fortran/examples-4/async_target-1.f90 -O3 -g (internal compiler error)
FAIL: libgomp.fortran/examples-4/async_target-1.f90 -O3 -g (test for excess errors)
UNRESOLVED: libgomp.fortran/examples-4/async_target-1.f90 -O3 -g compilation failed to produce executable
FAIL: libgomp.fortran/examples-4/teams-4.f90 -O3 -fomit-frame-pointer -funroll-loops -fpeel-loops -ftracer -finline-functions (internal compiler error)
FAIL: libgomp.fortran/examples-4/teams-4.f90 -O3 -fomit-frame-pointer -funroll-loops -fpeel-loops -ftracer -finline-functions (test for excess errors)
UNRESOLVED: libgomp.fortran/examples-4/teams-4.f90 -O3 -fomit-frame-pointer -funroll-loops -fpeel-loops -ftracer -finline-functions compilation failed to produce executable
FAIL: libgomp.fortran/examples-4/teams-4.f90 -O3 -g (internal compiler error)
FAIL: libgomp.fortran/examples-4/teams-4.f90 -O3 -g (test for excess errors)
UNRESOLVED: libgomp.fortran/examples-4/teams-4.f90 -O3 -g compilation failed to produce executable
UNRESOLVED: libgomp.oacc-c++/non-scalar-data.C -DACC_DEVICE_TYPE_host=1 -DACC_MEM_SHARED=1 -O2 compilation failed to produce executable
FAIL: libgomp.oacc-fortran/atomic_capture-1.f90 -DACC_DEVICE_TYPE_host=1 -DACC_MEM_SHARED=1 -O3 -fomit-frame-pointer -funroll-loops -fpeel-loops -ftracer -finline-functions (internal compiler error)
FAIL: libgomp.oacc-fortran/atomic_capture-1.f90 -DACC_DEVICE_TYPE_host=1 -DACC_MEM_SHARED=1 -O3 -fomit-frame-pointer -funroll-loops -fpeel-loops -ftracer -finline-functions (test for excess errors)
UNRESOLVED: libgomp.oacc-fortran/atomic_capture-1.f90 -DACC_DEVICE_TYPE_host=1 -DACC_MEM_SHARED=1 -O3 -fomit-frame-pointer -funroll-loops -fpeel-loops -ftracer -finline-functions compilation failed to produce executable
=== libgomp Summary ===
# of expected passes 5968
# of unexpected failures 20
# of expected failures 3
# of unresolved testcases 11
# of unsupported tests 394
=== libstdc++ tests ===
Running target unix
=== libstdc++ Summary ===
# of expected passes 12370
# of expected failures 77
# of unsupported tests 299
Compiler version: 9.0.0 20180909 (experimental) [trunk revision 264176] (GCC)
Platform: ia64-suse-linux-gnu
configure flags: --prefix=/usr --build=ia64-suse-linux --enable-shared --with-system-zlib CFLAGS='-O2 -g' CXXFLAGS='-O2 -g' --enable-checking=release