This is the mail archive of the gcc-testresults@gcc.gnu.org mailing list for the GCC project.


Index Nav: [Date Index] [Subject Index] [Author Index] [Thread Index]
Message Nav: [Date Prev] [Date Next] [Thread Prev] [Thread Next]
Other format: [Raw text]

Results for 7.3.0 (Debian 7.3.0-29) testsuite on aarch64-unknown-linux-gnu


LAST_UPDATED: Tue Sep  4 10:17:20 UTC 2018 (revision 264075)

Native configuration is aarch64-unknown-linux-gnu

		=== libatomic tests ===


Running target unix

		=== libatomic Summary for unix ===

# of expected passes		54

Running target unix/-fstack-protector

		=== libatomic Summary for unix/-fstack-protector ===

# of expected passes		54

		=== libatomic Summary ===

# of expected passes		108
		=== libffi tests ===


Running target unix

		=== libffi Summary for unix ===

# of expected passes		2214

Running target unix/-fstack-protector

		=== libffi Summary for unix/-fstack-protector ===

# of expected passes		2214

		=== libffi Summary ===

# of expected passes		4428
		=== libgo tests ===


Running target unix
FAIL: runtime

		=== libgo Summary ===

# of expected passes		144
# of unexpected failures	1
/build/gcc-7-6Qixs4/gcc-7-7.3.0/build/./gcc/gccgo version 7.3.0 (Debian 7.3.0-29)

		=== libgomp tests ===


Running target unix

		=== libgomp Summary for unix ===

# of expected passes		5118
# of unsupported tests		392

Running target unix/-fstack-protector

		=== libgomp Summary for unix/-fstack-protector ===

# of expected passes		5118
# of unsupported tests		392

		=== libgomp Summary ===

# of expected passes		10236
# of unsupported tests		784
		=== libitm tests ===


Running target unix

		=== libitm Summary for unix ===

# of expected passes		42
# of expected failures		3
# of unsupported tests		1

Running target unix/-fstack-protector

		=== libitm Summary for unix/-fstack-protector ===

# of expected passes		42
# of expected failures		3
# of unsupported tests		1

		=== libitm Summary ===

# of expected passes		84
# of expected failures		6
# of unsupported tests		2
		=== libstdc++ tests ===


Running target unix
FAIL: 22_locale/time_get/get_date/wchar_t/4.cc execution test

		=== libstdc++ Summary for unix ===

# of expected passes		11983
# of unexpected failures	1
# of expected failures		66
# of unsupported tests		296

Running target unix/-fstack-protector
FAIL: 22_locale/time_get/get_date/wchar_t/4.cc execution test

		=== libstdc++ Summary for unix/-fstack-protector ===

# of expected passes		11983
# of unexpected failures	1
# of expected failures		66
# of unsupported tests		296

		=== libstdc++ Summary ===

# of expected passes		23966
# of unexpected failures	2
# of expected failures		132
# of unsupported tests		592
		=== acats tests ===

		=== acats Summary ===
# of expected passes		2320
# of unexpected failures	0

		=== g++ tests ===


Running target unix
FAIL: g++.dg/other/anon5.C  -std=gnu++11 (test for excess errors)
FAIL: g++.dg/other/anon5.C  -std=gnu++14 (test for excess errors)
FAIL: g++.dg/other/anon5.C  -std=gnu++98 (test for excess errors)
FAIL: g++.dg/guality/pr55665.C   -O2  line 23 p == 40
FAIL: g++.dg/guality/pr55665.C   -O3 -g  line 23 p == 40

		=== g++ Summary for unix ===

# of expected passes		109582
# of unexpected failures	5
# of expected failures		386
# of unsupported tests		4916

Running target unix/-fstack-protector
FAIL: g++.dg/asan/asan_test.C   -O2  AddressSanitizer_SimpleStackTest A[kSize + 31] = 0 execution test
FAIL: g++.dg/asan/asan_test.C   -O2  AddressSanitizer_SimpleStackTest A[kSize + 31] = 0 execution test
FAIL: g++.dg/asan/asan_test.C   -O2  AddressSanitizer_SimpleStackTest A[kSize + 31] = 0 execution test
FAIL: g++.dg/other/anon5.C  -std=gnu++11 (test for excess errors)
FAIL: g++.dg/other/anon5.C  -std=gnu++14 (test for excess errors)
FAIL: g++.dg/other/anon5.C  -std=gnu++98 (test for excess errors)
FAIL: g++.dg/guality/pr55665.C   -O2  line 23 p == 40
FAIL: g++.dg/guality/pr55665.C   -O3 -g  line 23 p == 40

		=== g++ Summary for unix/-fstack-protector ===

# of expected passes		109576
# of unexpected failures	8
# of expected failures		386
# of unsupported tests		4916

		=== g++ Summary ===

# of expected passes		219158
# of unexpected failures	13
# of expected failures		772
# of unsupported tests		9832
/build/gcc-7-6Qixs4/gcc-7-7.3.0/build/gcc/xg++  version 7.3.0 (Debian 7.3.0-29) 

		=== gcc tests ===


Running target unix
FAIL: gcc.dg/uninit-19.c  (test for warnings, line 23)
FAIL: gcc.dg/uninit-19.c (test for excess errors)
FAIL: gcc.dg/graphite/scop-19.c scan-tree-dump-times graphite "number of SCoPs: 0" 1
XPASS: gcc.dg/guality/example.c   -O0  execution test
XPASS: gcc.dg/guality/example.c   -O1  execution test
XPASS: gcc.dg/guality/example.c   -O2  execution test
XPASS: gcc.dg/guality/example.c   -O2 -flto -fno-use-linker-plugin -flto-partition=none  execution test
XPASS: gcc.dg/guality/guality.c   -O0  execution test
XPASS: gcc.dg/guality/guality.c   -O1  execution test
XPASS: gcc.dg/guality/guality.c   -O2  execution test
XPASS: gcc.dg/guality/guality.c   -O2 -flto -fno-use-linker-plugin -flto-partition=none  execution test
XPASS: gcc.dg/guality/guality.c   -O2 -flto -fuse-linker-plugin -fno-fat-lto-objects  execution test
XPASS: gcc.dg/guality/guality.c   -O3 -g  execution test
XPASS: gcc.dg/guality/guality.c   -Os  execution test
XPASS: gcc.dg/guality/inline-params.c   -O2  execution test
XPASS: gcc.dg/guality/inline-params.c   -O2 -flto -fno-use-linker-plugin -flto-partition=none  execution test
XPASS: gcc.dg/guality/inline-params.c   -O3 -g  execution test
XPASS: gcc.dg/guality/inline-params.c   -Os  execution test
FAIL: gcc.dg/guality/nrv-1.c   -O2 -flto -fuse-linker-plugin -fno-fat-lto-objects  line 20 a2.i[0] == 42
FAIL: gcc.dg/guality/pr36728-1.c   -O1  line 16 arg1 == 1
FAIL: gcc.dg/guality/pr36728-1.c   -O1  line 16 arg2 == 2
FAIL: gcc.dg/guality/pr36728-1.c   -O1  line 16 arg3 == 3
FAIL: gcc.dg/guality/pr36728-1.c   -O1  line 16 arg7 == 30
FAIL: gcc.dg/guality/pr36728-1.c   -O1  line 18 arg1 == 1
FAIL: gcc.dg/guality/pr36728-1.c   -O1  line 18 arg2 == 2
FAIL: gcc.dg/guality/pr36728-1.c   -O1  line 18 arg3 == 3
FAIL: gcc.dg/guality/pr36728-1.c   -O1  line 18 arg4 == 4
FAIL: gcc.dg/guality/pr36728-1.c   -O1  line 18 arg7 == 30
FAIL: gcc.dg/guality/pr36728-1.c   -O2  line 16 arg1 == 1
FAIL: gcc.dg/guality/pr36728-1.c   -O2  line 16 arg3 == 3
FAIL: gcc.dg/guality/pr36728-1.c   -O2  line 16 arg4 == 4
FAIL: gcc.dg/guality/pr36728-1.c   -O2  line 16 arg5 == 5
FAIL: gcc.dg/guality/pr36728-1.c   -O2  line 16 arg7 == 30
FAIL: gcc.dg/guality/pr36728-1.c   -O2  line 16 y == 2
FAIL: gcc.dg/guality/pr36728-1.c   -O2  line 18 *x == (char) 25
FAIL: gcc.dg/guality/pr36728-1.c   -O2  line 18 arg1 == 1
FAIL: gcc.dg/guality/pr36728-1.c   -O2  line 18 arg2 == 2
FAIL: gcc.dg/guality/pr36728-1.c   -O2  line 18 arg3 == 3
FAIL: gcc.dg/guality/pr36728-1.c   -O2  line 18 arg4 == 4
FAIL: gcc.dg/guality/pr36728-1.c   -O2  line 18 arg5 == 5
FAIL: gcc.dg/guality/pr36728-1.c   -O2  line 18 arg7 == 30
FAIL: gcc.dg/guality/pr36728-1.c   -O2 -flto -fno-use-linker-plugin -flto-partition=none  line 16 arg1 == 1
FAIL: gcc.dg/guality/pr36728-1.c   -O2 -flto -fno-use-linker-plugin -flto-partition=none  line 16 arg3 == 3
FAIL: gcc.dg/guality/pr36728-1.c   -O2 -flto -fno-use-linker-plugin -flto-partition=none  line 16 arg4 == 4
FAIL: gcc.dg/guality/pr36728-1.c   -O2 -flto -fno-use-linker-plugin -flto-partition=none  line 16 arg5 == 5
FAIL: gcc.dg/guality/pr36728-1.c   -O2 -flto -fno-use-linker-plugin -flto-partition=none  line 16 arg7 == 30
FAIL: gcc.dg/guality/pr36728-1.c   -O2 -flto -fno-use-linker-plugin -flto-partition=none  line 16 y == 2
FAIL: gcc.dg/guality/pr36728-1.c   -O2 -flto -fno-use-linker-plugin -flto-partition=none  line 18 *x == (char) 25
FAIL: gcc.dg/guality/pr36728-1.c   -O2 -flto -fno-use-linker-plugin -flto-partition=none  line 18 arg1 == 1
FAIL: gcc.dg/guality/pr36728-1.c   -O2 -flto -fno-use-linker-plugin -flto-partition=none  line 18 arg2 == 2
FAIL: gcc.dg/guality/pr36728-1.c   -O2 -flto -fno-use-linker-plugin -flto-partition=none  line 18 arg3 == 3
FAIL: gcc.dg/guality/pr36728-1.c   -O2 -flto -fno-use-linker-plugin -flto-partition=none  line 18 arg4 == 4
FAIL: gcc.dg/guality/pr36728-1.c   -O2 -flto -fno-use-linker-plugin -flto-partition=none  line 18 arg5 == 5
FAIL: gcc.dg/guality/pr36728-1.c   -O2 -flto -fno-use-linker-plugin -flto-partition=none  line 18 arg7 == 30
FAIL: gcc.dg/guality/pr36728-1.c   -O2 -flto -fuse-linker-plugin -fno-fat-lto-objects  line 16 arg1 == 1
FAIL: gcc.dg/guality/pr36728-1.c   -O2 -flto -fuse-linker-plugin -fno-fat-lto-objects  line 16 arg2 == 2
FAIL: gcc.dg/guality/pr36728-1.c   -O2 -flto -fuse-linker-plugin -fno-fat-lto-objects  line 16 arg3 == 3
FAIL: gcc.dg/guality/pr36728-1.c   -O2 -flto -fuse-linker-plugin -fno-fat-lto-objects  line 16 arg4 == 4
FAIL: gcc.dg/guality/pr36728-1.c   -O2 -flto -fuse-linker-plugin -fno-fat-lto-objects  line 16 arg5 == 5
FAIL: gcc.dg/guality/pr36728-1.c   -O2 -flto -fuse-linker-plugin -fno-fat-lto-objects  line 16 arg6 == 6
FAIL: gcc.dg/guality/pr36728-1.c   -O2 -flto -fuse-linker-plugin -fno-fat-lto-objects  line 16 arg7 == 30
FAIL: gcc.dg/guality/pr36728-1.c   -O2 -flto -fuse-linker-plugin -fno-fat-lto-objects  line 16 y == 2
FAIL: gcc.dg/guality/pr36728-1.c   -O2 -flto -fuse-linker-plugin -fno-fat-lto-objects  line 18 arg1 == 1
FAIL: gcc.dg/guality/pr36728-1.c   -O2 -flto -fuse-linker-plugin -fno-fat-lto-objects  line 18 arg2 == 2
FAIL: gcc.dg/guality/pr36728-1.c   -O2 -flto -fuse-linker-plugin -fno-fat-lto-objects  line 18 arg3 == 3
FAIL: gcc.dg/guality/pr36728-1.c   -O2 -flto -fuse-linker-plugin -fno-fat-lto-objects  line 18 arg4 == 4
FAIL: gcc.dg/guality/pr36728-1.c   -O2 -flto -fuse-linker-plugin -fno-fat-lto-objects  line 18 arg5 == 5
FAIL: gcc.dg/guality/pr36728-1.c   -O2 -flto -fuse-linker-plugin -fno-fat-lto-objects  line 18 arg6 == 6
FAIL: gcc.dg/guality/pr36728-1.c   -O2 -flto -fuse-linker-plugin -fno-fat-lto-objects  line 18 arg7 == 30
FAIL: gcc.dg/guality/pr36728-1.c   -O3 -g  line 16 arg1 == 1
FAIL: gcc.dg/guality/pr36728-1.c   -O3 -g  line 16 arg2 == 2
FAIL: gcc.dg/guality/pr36728-1.c   -O3 -g  line 16 arg3 == 3
FAIL: gcc.dg/guality/pr36728-1.c   -O3 -g  line 16 arg4 == 4
FAIL: gcc.dg/guality/pr36728-1.c   -O3 -g  line 16 arg5 == 5
FAIL: gcc.dg/guality/pr36728-1.c   -O3 -g  line 16 arg6 == 6
FAIL: gcc.dg/guality/pr36728-1.c   -O3 -g  line 16 arg7 == 30
FAIL: gcc.dg/guality/pr36728-1.c   -O3 -g  line 16 y == 2
FAIL: gcc.dg/guality/pr36728-1.c   -O3 -g  line 18 *x == (char) 25
FAIL: gcc.dg/guality/pr36728-1.c   -O3 -g  line 18 arg1 == 1
FAIL: gcc.dg/guality/pr36728-1.c   -O3 -g  line 18 arg2 == 2
FAIL: gcc.dg/guality/pr36728-1.c   -O3 -g  line 18 arg3 == 3
FAIL: gcc.dg/guality/pr36728-1.c   -O3 -g  line 18 arg4 == 4
FAIL: gcc.dg/guality/pr36728-1.c   -O3 -g  line 18 arg5 == 5
FAIL: gcc.dg/guality/pr36728-1.c   -O3 -g  line 18 arg6 == 6
FAIL: gcc.dg/guality/pr36728-1.c   -O3 -g  line 18 arg7 == 30
FAIL: gcc.dg/guality/pr36728-1.c   -Os  line 16 arg1 == 1
FAIL: gcc.dg/guality/pr36728-1.c   -Os  line 16 arg2 == 2
FAIL: gcc.dg/guality/pr36728-1.c   -Os  line 16 arg3 == 3
FAIL: gcc.dg/guality/pr36728-1.c   -Os  line 16 arg4 == 4
FAIL: gcc.dg/guality/pr36728-1.c   -Os  line 16 arg7 == 30
FAIL: gcc.dg/guality/pr36728-1.c   -Os  line 18 arg1 == 1
FAIL: gcc.dg/guality/pr36728-1.c   -Os  line 18 arg2 == 2
FAIL: gcc.dg/guality/pr36728-1.c   -Os  line 18 arg3 == 3
FAIL: gcc.dg/guality/pr36728-1.c   -Os  line 18 arg4 == 4
FAIL: gcc.dg/guality/pr36728-1.c   -Os  line 18 arg7 == 30
FAIL: gcc.dg/guality/pr36728-2.c   -O1  line 16 arg1 == 1
FAIL: gcc.dg/guality/pr36728-2.c   -O1  line 16 arg2 == 2
FAIL: gcc.dg/guality/pr36728-2.c   -O1  line 18 arg1 == 1
FAIL: gcc.dg/guality/pr36728-2.c   -O1  line 18 arg2 == 2
FAIL: gcc.dg/guality/pr36728-2.c   -O1  line 18 arg3 == 3
FAIL: gcc.dg/guality/pr36728-2.c   -O2  line 16 arg1 == 1
FAIL: gcc.dg/guality/pr36728-2.c   -O2  line 16 arg4 == 4
FAIL: gcc.dg/guality/pr36728-2.c   -O2  line 16 arg5 == 5
FAIL: gcc.dg/guality/pr36728-2.c   -O2  line 16 y == 2
FAIL: gcc.dg/guality/pr36728-2.c   -O2  line 18 arg1 == 1
FAIL: gcc.dg/guality/pr36728-2.c   -O2  line 18 arg2 == 2
FAIL: gcc.dg/guality/pr36728-2.c   -O2  line 18 arg4 == 4
FAIL: gcc.dg/guality/pr36728-2.c   -O2  line 18 arg5 == 5
FAIL: gcc.dg/guality/pr36728-2.c   -O2  line 18 y == 2
FAIL: gcc.dg/guality/pr36728-2.c   -O2 -flto -fno-use-linker-plugin -flto-partition=none  line 16 arg1 == 1
FAIL: gcc.dg/guality/pr36728-2.c   -O2 -flto -fno-use-linker-plugin -flto-partition=none  line 16 arg4 == 4
FAIL: gcc.dg/guality/pr36728-2.c   -O2 -flto -fno-use-linker-plugin -flto-partition=none  line 16 arg5 == 5
FAIL: gcc.dg/guality/pr36728-2.c   -O2 -flto -fno-use-linker-plugin -flto-partition=none  line 16 y == 2
FAIL: gcc.dg/guality/pr36728-2.c   -O2 -flto -fno-use-linker-plugin -flto-partition=none  line 18 arg1 == 1
FAIL: gcc.dg/guality/pr36728-2.c   -O2 -flto -fno-use-linker-plugin -flto-partition=none  line 18 arg2 == 2
FAIL: gcc.dg/guality/pr36728-2.c   -O2 -flto -fno-use-linker-plugin -flto-partition=none  line 18 arg4 == 4
FAIL: gcc.dg/guality/pr36728-2.c   -O2 -flto -fno-use-linker-plugin -flto-partition=none  line 18 arg5 == 5
FAIL: gcc.dg/guality/pr36728-2.c   -O2 -flto -fno-use-linker-plugin -flto-partition=none  line 18 y == 2
FAIL: gcc.dg/guality/pr36728-2.c   -O2 -flto -fuse-linker-plugin -fno-fat-lto-objects  line 16 arg1 == 1
FAIL: gcc.dg/guality/pr36728-2.c   -O2 -flto -fuse-linker-plugin -fno-fat-lto-objects  line 16 arg2 == 2
FAIL: gcc.dg/guality/pr36728-2.c   -O2 -flto -fuse-linker-plugin -fno-fat-lto-objects  line 16 arg3 == 3
FAIL: gcc.dg/guality/pr36728-2.c   -O2 -flto -fuse-linker-plugin -fno-fat-lto-objects  line 16 arg4 == 4
FAIL: gcc.dg/guality/pr36728-2.c   -O2 -flto -fuse-linker-plugin -fno-fat-lto-objects  line 16 arg5 == 5
FAIL: gcc.dg/guality/pr36728-2.c   -O2 -flto -fuse-linker-plugin -fno-fat-lto-objects  line 16 arg6 == 6
FAIL: gcc.dg/guality/pr36728-2.c   -O2 -flto -fuse-linker-plugin -fno-fat-lto-objects  line 16 arg7 == 30
FAIL: gcc.dg/guality/pr36728-2.c   -O2 -flto -fuse-linker-plugin -fno-fat-lto-objects  line 16 y == 2
FAIL: gcc.dg/guality/pr36728-2.c   -O2 -flto -fuse-linker-plugin -fno-fat-lto-objects  line 18 arg1 == 1
FAIL: gcc.dg/guality/pr36728-2.c   -O2 -flto -fuse-linker-plugin -fno-fat-lto-objects  line 18 arg2 == 2
FAIL: gcc.dg/guality/pr36728-2.c   -O2 -flto -fuse-linker-plugin -fno-fat-lto-objects  line 18 arg3 == 3
FAIL: gcc.dg/guality/pr36728-2.c   -O2 -flto -fuse-linker-plugin -fno-fat-lto-objects  line 18 arg4 == 4
FAIL: gcc.dg/guality/pr36728-2.c   -O2 -flto -fuse-linker-plugin -fno-fat-lto-objects  line 18 arg5 == 5
FAIL: gcc.dg/guality/pr36728-2.c   -O2 -flto -fuse-linker-plugin -fno-fat-lto-objects  line 18 arg6 == 6
FAIL: gcc.dg/guality/pr36728-2.c   -O2 -flto -fuse-linker-plugin -fno-fat-lto-objects  line 18 arg7 == 30
FAIL: gcc.dg/guality/pr36728-2.c   -O3 -g  line 16 arg1 == 1
FAIL: gcc.dg/guality/pr36728-2.c   -O3 -g  line 16 arg2 == 2
FAIL: gcc.dg/guality/pr36728-2.c   -O3 -g  line 16 arg3 == 3
FAIL: gcc.dg/guality/pr36728-2.c   -O3 -g  line 16 arg4 == 4
FAIL: gcc.dg/guality/pr36728-2.c   -O3 -g  line 16 arg5 == 5
FAIL: gcc.dg/guality/pr36728-2.c   -O3 -g  line 16 arg6 == 6
FAIL: gcc.dg/guality/pr36728-2.c   -O3 -g  line 16 arg7 == 30
FAIL: gcc.dg/guality/pr36728-2.c   -O3 -g  line 16 y == 2
FAIL: gcc.dg/guality/pr36728-2.c   -O3 -g  line 18 arg1 == 1
FAIL: gcc.dg/guality/pr36728-2.c   -O3 -g  line 18 arg2 == 2
FAIL: gcc.dg/guality/pr36728-2.c   -O3 -g  line 18 arg3 == 3
FAIL: gcc.dg/guality/pr36728-2.c   -O3 -g  line 18 arg4 == 4
FAIL: gcc.dg/guality/pr36728-2.c   -O3 -g  line 18 arg5 == 5
FAIL: gcc.dg/guality/pr36728-2.c   -O3 -g  line 18 arg6 == 6
FAIL: gcc.dg/guality/pr36728-2.c   -O3 -g  line 18 arg7 == 30
FAIL: gcc.dg/guality/pr36728-2.c   -O3 -g  line 18 y == 2
FAIL: gcc.dg/guality/pr36728-2.c   -Os  line 16 arg1 == 1
FAIL: gcc.dg/guality/pr36728-2.c   -Os  line 16 arg2 == 2
FAIL: gcc.dg/guality/pr36728-2.c   -Os  line 16 arg3 == 3
FAIL: gcc.dg/guality/pr36728-2.c   -Os  line 18 arg1 == 1
FAIL: gcc.dg/guality/pr36728-2.c   -Os  line 18 arg2 == 2
FAIL: gcc.dg/guality/pr36728-2.c   -Os  line 18 arg3 == 3
FAIL: gcc.dg/guality/pr36728-2.c   -Os  line 18 y == 2
FAIL: gcc.dg/guality/pr36728-3.c   -O1  line 14 arg1 == 1
FAIL: gcc.dg/guality/pr36728-3.c   -O1  line 14 arg2 == 2
FAIL: gcc.dg/guality/pr36728-3.c   -O1  line 14 arg3 == 3
FAIL: gcc.dg/guality/pr36728-3.c   -O1  line 14 arg7 == 30
FAIL: gcc.dg/guality/pr36728-3.c   -O1  line 16 arg1 == 1
FAIL: gcc.dg/guality/pr36728-3.c   -O1  line 16 arg2 == 2
FAIL: gcc.dg/guality/pr36728-3.c   -O1  line 16 arg3 == 3
FAIL: gcc.dg/guality/pr36728-3.c   -O1  line 16 arg7 == 30
FAIL: gcc.dg/guality/pr36728-3.c   -O2  line 14 arg1 == 1
FAIL: gcc.dg/guality/pr36728-3.c   -O2  line 14 arg2 == 2
FAIL: gcc.dg/guality/pr36728-3.c   -O2  line 14 arg3 == 3
FAIL: gcc.dg/guality/pr36728-3.c   -O2  line 14 arg4 == 4
FAIL: gcc.dg/guality/pr36728-3.c   -O2  line 14 arg7 == 30
FAIL: gcc.dg/guality/pr36728-3.c   -O2  line 16 arg1 == 1
FAIL: gcc.dg/guality/pr36728-3.c   -O2  line 16 arg2 == 2
FAIL: gcc.dg/guality/pr36728-3.c   -O2  line 16 arg3 == 3
FAIL: gcc.dg/guality/pr36728-3.c   -O2  line 16 arg4 == 4
FAIL: gcc.dg/guality/pr36728-3.c   -O2  line 16 arg7 == 30
FAIL: gcc.dg/guality/pr36728-3.c   -O2 -flto -fno-use-linker-plugin -flto-partition=none  line 14 arg1 == 1
FAIL: gcc.dg/guality/pr36728-3.c   -O2 -flto -fno-use-linker-plugin -flto-partition=none  line 14 arg2 == 2
FAIL: gcc.dg/guality/pr36728-3.c   -O2 -flto -fno-use-linker-plugin -flto-partition=none  line 14 arg3 == 3
FAIL: gcc.dg/guality/pr36728-3.c   -O2 -flto -fno-use-linker-plugin -flto-partition=none  line 14 arg4 == 4
FAIL: gcc.dg/guality/pr36728-3.c   -O2 -flto -fno-use-linker-plugin -flto-partition=none  line 14 arg7 == 30
FAIL: gcc.dg/guality/pr36728-3.c   -O2 -flto -fno-use-linker-plugin -flto-partition=none  line 16 arg1 == 1
FAIL: gcc.dg/guality/pr36728-3.c   -O2 -flto -fno-use-linker-plugin -flto-partition=none  line 16 arg2 == 2
FAIL: gcc.dg/guality/pr36728-3.c   -O2 -flto -fno-use-linker-plugin -flto-partition=none  line 16 arg3 == 3
FAIL: gcc.dg/guality/pr36728-3.c   -O2 -flto -fno-use-linker-plugin -flto-partition=none  line 16 arg4 == 4
FAIL: gcc.dg/guality/pr36728-3.c   -O2 -flto -fno-use-linker-plugin -flto-partition=none  line 16 arg7 == 30
FAIL: gcc.dg/guality/pr36728-3.c   -O2 -flto -fuse-linker-plugin -fno-fat-lto-objects  line 14 arg1 == 1
FAIL: gcc.dg/guality/pr36728-3.c   -O2 -flto -fuse-linker-plugin -fno-fat-lto-objects  line 14 arg2 == 2
FAIL: gcc.dg/guality/pr36728-3.c   -O2 -flto -fuse-linker-plugin -fno-fat-lto-objects  line 14 arg3 == 3
FAIL: gcc.dg/guality/pr36728-3.c   -O2 -flto -fuse-linker-plugin -fno-fat-lto-objects  line 14 arg4 == 4
FAIL: gcc.dg/guality/pr36728-3.c   -O2 -flto -fuse-linker-plugin -fno-fat-lto-objects  line 14 arg5 == 5
FAIL: gcc.dg/guality/pr36728-3.c   -O2 -flto -fuse-linker-plugin -fno-fat-lto-objects  line 14 arg6 == 6
FAIL: gcc.dg/guality/pr36728-3.c   -O2 -flto -fuse-linker-plugin -fno-fat-lto-objects  line 14 arg7 == 30
FAIL: gcc.dg/guality/pr36728-3.c   -O2 -flto -fuse-linker-plugin -fno-fat-lto-objects  line 16 arg1 == 1
FAIL: gcc.dg/guality/pr36728-3.c   -O2 -flto -fuse-linker-plugin -fno-fat-lto-objects  line 16 arg2 == 2
FAIL: gcc.dg/guality/pr36728-3.c   -O2 -flto -fuse-linker-plugin -fno-fat-lto-objects  line 16 arg3 == 3
FAIL: gcc.dg/guality/pr36728-3.c   -O2 -flto -fuse-linker-plugin -fno-fat-lto-objects  line 16 arg4 == 4
FAIL: gcc.dg/guality/pr36728-3.c   -O2 -flto -fuse-linker-plugin -fno-fat-lto-objects  line 16 arg5 == 5
FAIL: gcc.dg/guality/pr36728-3.c   -O2 -flto -fuse-linker-plugin -fno-fat-lto-objects  line 16 arg6 == 6
FAIL: gcc.dg/guality/pr36728-3.c   -O2 -flto -fuse-linker-plugin -fno-fat-lto-objects  line 16 arg7 == 30
FAIL: gcc.dg/guality/pr36728-3.c   -O3 -g  line 14 arg1 == 1
FAIL: gcc.dg/guality/pr36728-3.c   -O3 -g  line 14 arg2 == 2
FAIL: gcc.dg/guality/pr36728-3.c   -O3 -g  line 14 arg3 == 3
FAIL: gcc.dg/guality/pr36728-3.c   -O3 -g  line 14 arg4 == 4
FAIL: gcc.dg/guality/pr36728-3.c   -O3 -g  line 14 arg5 == 5
FAIL: gcc.dg/guality/pr36728-3.c   -O3 -g  line 14 arg6 == 6
FAIL: gcc.dg/guality/pr36728-3.c   -O3 -g  line 14 arg7 == 30
FAIL: gcc.dg/guality/pr36728-3.c   -O3 -g  line 16 arg1 == 1
FAIL: gcc.dg/guality/pr36728-3.c   -O3 -g  line 16 arg2 == 2
FAIL: gcc.dg/guality/pr36728-3.c   -O3 -g  line 16 arg3 == 3
FAIL: gcc.dg/guality/pr36728-3.c   -O3 -g  line 16 arg4 == 4
FAIL: gcc.dg/guality/pr36728-3.c   -O3 -g  line 16 arg5 == 5
FAIL: gcc.dg/guality/pr36728-3.c   -O3 -g  line 16 arg6 == 6
FAIL: gcc.dg/guality/pr36728-3.c   -O3 -g  line 16 arg7 == 30
FAIL: gcc.dg/guality/pr36728-3.c   -Os  line 14 arg1 == 1
FAIL: gcc.dg/guality/pr36728-3.c   -Os  line 14 arg2 == 2
FAIL: gcc.dg/guality/pr36728-3.c   -Os  line 14 arg3 == 3
FAIL: gcc.dg/guality/pr36728-3.c   -Os  line 14 arg7 == 30
FAIL: gcc.dg/guality/pr36728-3.c   -Os  line 16 arg1 == 1
FAIL: gcc.dg/guality/pr36728-3.c   -Os  line 16 arg2 == 2
FAIL: gcc.dg/guality/pr36728-3.c   -Os  line 16 arg3 == 3
FAIL: gcc.dg/guality/pr36728-3.c   -Os  line 16 arg7 == 30
FAIL: gcc.dg/guality/pr36728-4.c   -O1  line 14 arg1 == 1
FAIL: gcc.dg/guality/pr36728-4.c   -O1  line 14 arg2 == 2
FAIL: gcc.dg/guality/pr36728-4.c   -O1  line 16 arg1 == 1
FAIL: gcc.dg/guality/pr36728-4.c   -O1  line 16 arg2 == 2
FAIL: gcc.dg/guality/pr36728-4.c   -O2  line 14 arg1 == 1
FAIL: gcc.dg/guality/pr36728-4.c   -O2  line 14 arg2 == 2
FAIL: gcc.dg/guality/pr36728-4.c   -O2  line 14 arg3 == 3
FAIL: gcc.dg/guality/pr36728-4.c   -O2  line 16 arg1 == 1
FAIL: gcc.dg/guality/pr36728-4.c   -O2  line 16 arg2 == 2
FAIL: gcc.dg/guality/pr36728-4.c   -O2  line 16 arg3 == 3
FAIL: gcc.dg/guality/pr36728-4.c   -O2 -flto -fno-use-linker-plugin -flto-partition=none  line 14 arg1 == 1
FAIL: gcc.dg/guality/pr36728-4.c   -O2 -flto -fno-use-linker-plugin -flto-partition=none  line 14 arg2 == 2
FAIL: gcc.dg/guality/pr36728-4.c   -O2 -flto -fno-use-linker-plugin -flto-partition=none  line 14 arg3 == 3
FAIL: gcc.dg/guality/pr36728-4.c   -O2 -flto -fno-use-linker-plugin -flto-partition=none  line 16 arg1 == 1
FAIL: gcc.dg/guality/pr36728-4.c   -O2 -flto -fno-use-linker-plugin -flto-partition=none  line 16 arg2 == 2
FAIL: gcc.dg/guality/pr36728-4.c   -O2 -flto -fno-use-linker-plugin -flto-partition=none  line 16 arg3 == 3
FAIL: gcc.dg/guality/pr36728-4.c   -O2 -flto -fuse-linker-plugin -fno-fat-lto-objects  line 14 arg1 == 1
FAIL: gcc.dg/guality/pr36728-4.c   -O2 -flto -fuse-linker-plugin -fno-fat-lto-objects  line 14 arg2 == 2
FAIL: gcc.dg/guality/pr36728-4.c   -O2 -flto -fuse-linker-plugin -fno-fat-lto-objects  line 14 arg3 == 3
FAIL: gcc.dg/guality/pr36728-4.c   -O2 -flto -fuse-linker-plugin -fno-fat-lto-objects  line 14 arg4 == 4
FAIL: gcc.dg/guality/pr36728-4.c   -O2 -flto -fuse-linker-plugin -fno-fat-lto-objects  line 14 arg5 == 5
FAIL: gcc.dg/guality/pr36728-4.c   -O2 -flto -fuse-linker-plugin -fno-fat-lto-objects  line 14 arg6 == 6
FAIL: gcc.dg/guality/pr36728-4.c   -O2 -flto -fuse-linker-plugin -fno-fat-lto-objects  line 14 arg7 == 30
FAIL: gcc.dg/guality/pr36728-4.c   -O2 -flto -fuse-linker-plugin -fno-fat-lto-objects  line 16 arg1 == 1
FAIL: gcc.dg/guality/pr36728-4.c   -O2 -flto -fuse-linker-plugin -fno-fat-lto-objects  line 16 arg2 == 2
FAIL: gcc.dg/guality/pr36728-4.c   -O2 -flto -fuse-linker-plugin -fno-fat-lto-objects  line 16 arg3 == 3
FAIL: gcc.dg/guality/pr36728-4.c   -O2 -flto -fuse-linker-plugin -fno-fat-lto-objects  line 16 arg4 == 4
FAIL: gcc.dg/guality/pr36728-4.c   -O2 -flto -fuse-linker-plugin -fno-fat-lto-objects  line 16 arg5 == 5
FAIL: gcc.dg/guality/pr36728-4.c   -O2 -flto -fuse-linker-plugin -fno-fat-lto-objects  line 16 arg6 == 6
FAIL: gcc.dg/guality/pr36728-4.c   -O2 -flto -fuse-linker-plugin -fno-fat-lto-objects  line 16 arg7 == 30
FAIL: gcc.dg/guality/pr36728-4.c   -O3 -g  line 14 arg1 == 1
FAIL: gcc.dg/guality/pr36728-4.c   -O3 -g  line 14 arg2 == 2
FAIL: gcc.dg/guality/pr36728-4.c   -O3 -g  line 14 arg3 == 3
FAIL: gcc.dg/guality/pr36728-4.c   -O3 -g  line 14 arg4 == 4
FAIL: gcc.dg/guality/pr36728-4.c   -O3 -g  line 14 arg5 == 5
FAIL: gcc.dg/guality/pr36728-4.c   -O3 -g  line 14 arg6 == 6
FAIL: gcc.dg/guality/pr36728-4.c   -O3 -g  line 14 arg7 == 30
FAIL: gcc.dg/guality/pr36728-4.c   -O3 -g  line 16 arg1 == 1
FAIL: gcc.dg/guality/pr36728-4.c   -O3 -g  line 16 arg2 == 2
FAIL: gcc.dg/guality/pr36728-4.c   -O3 -g  line 16 arg3 == 3
FAIL: gcc.dg/guality/pr36728-4.c   -O3 -g  line 16 arg4 == 4
FAIL: gcc.dg/guality/pr36728-4.c   -O3 -g  line 16 arg5 == 5
FAIL: gcc.dg/guality/pr36728-4.c   -O3 -g  line 16 arg6 == 6
FAIL: gcc.dg/guality/pr36728-4.c   -O3 -g  line 16 arg7 == 30
FAIL: gcc.dg/guality/pr36728-4.c   -Os  line 14 arg1 == 1
FAIL: gcc.dg/guality/pr36728-4.c   -Os  line 14 arg2 == 2
FAIL: gcc.dg/guality/pr36728-4.c   -Os  line 16 arg1 == 1
FAIL: gcc.dg/guality/pr36728-4.c   -Os  line 16 arg2 == 2
XPASS: gcc.dg/guality/pr41353-1.c   -O0  line 28 j == 28 + 37
FAIL: gcc.dg/guality/pr41447-1.c   -O2  execution test
FAIL: gcc.dg/guality/pr41447-1.c   -O2 -flto -fno-use-linker-plugin -flto-partition=none  execution test
FAIL: gcc.dg/guality/pr41447-1.c   -O3 -g  execution test
FAIL: gcc.dg/guality/pr41447-1.c   -Os  execution test
FAIL: gcc.dg/guality/pr41616-1.c   -O2 -flto -fuse-linker-plugin -fno-fat-lto-objects  execution test
FAIL: gcc.dg/guality/pr45882.c   -O2 -flto -fuse-linker-plugin -fno-fat-lto-objects  line 16 d == 112
FAIL: gcc.dg/guality/pr45882.c   -O2 -flto -fuse-linker-plugin -fno-fat-lto-objects  line 16 e == 142
FAIL: gcc.dg/guality/pr54200.c   -O1  line 20 z == 3
FAIL: gcc.dg/guality/pr54200.c   -O2  line 20 z == 3
FAIL: gcc.dg/guality/pr54200.c   -O2 -flto -fno-use-linker-plugin -flto-partition=none  line 20 z == 3
FAIL: gcc.dg/guality/pr54200.c   -O3 -g  line 20 z == 3
FAIL: gcc.dg/guality/pr54200.c   -Os  line 20 z == 3
FAIL: gcc.dg/guality/pr54519-1.c   -O1  line 20 z == 6
FAIL: gcc.dg/guality/pr54519-1.c   -O1  line 23 z == 8
FAIL: gcc.dg/guality/pr54519-1.c   -O2  line 20 y == 25
FAIL: gcc.dg/guality/pr54519-1.c   -O2  line 20 z == 6
FAIL: gcc.dg/guality/pr54519-1.c   -O2  line 23 y == 117
FAIL: gcc.dg/guality/pr54519-1.c   -O2  line 23 z == 8
FAIL: gcc.dg/guality/pr54519-1.c   -O2 -flto -fno-use-linker-plugin -flto-partition=none  line 20 y == 25
FAIL: gcc.dg/guality/pr54519-1.c   -O2 -flto -fno-use-linker-plugin -flto-partition=none  line 20 z == 6
FAIL: gcc.dg/guality/pr54519-1.c   -O2 -flto -fno-use-linker-plugin -flto-partition=none  line 23 y == 117
FAIL: gcc.dg/guality/pr54519-1.c   -O2 -flto -fno-use-linker-plugin -flto-partition=none  line 23 z == 8
FAIL: gcc.dg/guality/pr54519-1.c   -Os  line 20 y == 25
FAIL: gcc.dg/guality/pr54519-1.c   -Os  line 20 z == 6
FAIL: gcc.dg/guality/pr54519-1.c   -Os  line 23 y == 117
FAIL: gcc.dg/guality/pr54519-1.c   -Os  line 23 z == 8
FAIL: gcc.dg/guality/pr54519-2.c   -O1  line 17 y == 25
FAIL: gcc.dg/guality/pr54519-2.c   -O2  line 17 y == 25
FAIL: gcc.dg/guality/pr54519-2.c   -O2 -flto -fno-use-linker-plugin -flto-partition=none  line 17 y == 25
FAIL: gcc.dg/guality/pr54519-2.c   -O2 -flto -fuse-linker-plugin -fno-fat-lto-objects  line 17 y == 25
FAIL: gcc.dg/guality/pr54519-2.c   -Os  line 17 y == 25
FAIL: gcc.dg/guality/pr54519-3.c   -O1  line 20 z == 6
FAIL: gcc.dg/guality/pr54519-3.c   -O1  line 23 z == 8
FAIL: gcc.dg/guality/pr54519-3.c   -O2 -flto -fno-use-linker-plugin -flto-partition=none  line 20 y == 25
FAIL: gcc.dg/guality/pr54519-3.c   -O2 -flto -fno-use-linker-plugin -flto-partition=none  line 20 z == 6
FAIL: gcc.dg/guality/pr54519-3.c   -O2 -flto -fno-use-linker-plugin -flto-partition=none  line 23 y == 117
FAIL: gcc.dg/guality/pr54519-3.c   -O2 -flto -fno-use-linker-plugin -flto-partition=none  line 23 z == 8
FAIL: gcc.dg/guality/pr54519-3.c   -O2 -flto -fuse-linker-plugin -fno-fat-lto-objects  line 20 y == 25
FAIL: gcc.dg/guality/pr54519-3.c   -O2 -flto -fuse-linker-plugin -fno-fat-lto-objects  line 20 z == 6
FAIL: gcc.dg/guality/pr54519-3.c   -O2 -flto -fuse-linker-plugin -fno-fat-lto-objects  line 23 y == 117
FAIL: gcc.dg/guality/pr54519-3.c   -O2 -flto -fuse-linker-plugin -fno-fat-lto-objects  line 23 z == 8
FAIL: gcc.dg/guality/pr54519-4.c   -O1  line 17 y == 25
FAIL: gcc.dg/guality/pr54519-4.c   -O2 -flto -fno-use-linker-plugin -flto-partition=none  line 17 y == 25
FAIL: gcc.dg/guality/pr54519-4.c   -O2 -flto -fuse-linker-plugin -fno-fat-lto-objects  line 17 y == 25
FAIL: gcc.dg/guality/pr54519-5.c   -O1  line 17 y == 25
FAIL: gcc.dg/guality/pr54519-5.c   -O2  line 17 y == 25
FAIL: gcc.dg/guality/pr54519-5.c   -O2 -flto -fno-use-linker-plugin -flto-partition=none  line 17 y == 25
FAIL: gcc.dg/guality/pr54519-5.c   -O2 -flto -fuse-linker-plugin -fno-fat-lto-objects  line 17 y == 25
FAIL: gcc.dg/guality/pr54519-5.c   -Os  line 17 y == 25
FAIL: gcc.dg/guality/pr54551.c   -O1  line 18 a == 4
FAIL: gcc.dg/guality/pr54551.c   -O1  line 18 z == 3
FAIL: gcc.dg/guality/pr54693-2.c   -Os  line 21 z == 30 - 3 * i
FAIL: gcc.dg/guality/pr54796.c   -O1  line 17 a == 5
FAIL: gcc.dg/guality/pr54796.c   -O1  line 17 b == 6
FAIL: gcc.dg/guality/pr54796.c   -O1  line 17 c == 5
FAIL: gcc.dg/guality/pr54796.c   -O2  line 17 a == 5
FAIL: gcc.dg/guality/pr54796.c   -O2  line 17 b == 6
FAIL: gcc.dg/guality/pr54796.c   -O2  line 17 c == 5
FAIL: gcc.dg/guality/pr54796.c   -O2 -flto -fno-use-linker-plugin -flto-partition=none  line 17 a == 5
FAIL: gcc.dg/guality/pr54796.c   -O2 -flto -fno-use-linker-plugin -flto-partition=none  line 17 b == 6
FAIL: gcc.dg/guality/pr54796.c   -O2 -flto -fno-use-linker-plugin -flto-partition=none  line 17 c == 5
FAIL: gcc.dg/guality/pr54796.c   -O2 -flto -fuse-linker-plugin -fno-fat-lto-objects  line 17 a == 5
FAIL: gcc.dg/guality/pr54796.c   -O2 -flto -fuse-linker-plugin -fno-fat-lto-objects  line 17 b == 6
FAIL: gcc.dg/guality/pr54796.c   -O2 -flto -fuse-linker-plugin -fno-fat-lto-objects  line 17 c == 5
FAIL: gcc.dg/guality/pr54796.c   -O3 -g  line 17 a == 5
FAIL: gcc.dg/guality/pr54796.c   -O3 -g  line 17 b == 6
FAIL: gcc.dg/guality/pr54796.c   -O3 -g  line 17 c == 5
FAIL: gcc.dg/guality/pr54796.c   -Os  line 17 a == 5
FAIL: gcc.dg/guality/pr54796.c   -Os  line 17 b == 6
FAIL: gcc.dg/guality/pr54796.c   -Os  line 17 c == 5
FAIL: gcc.dg/guality/pr68860-1.c   -O1  line 14 arg1 == 1
FAIL: gcc.dg/guality/pr68860-1.c   -O1  line 14 arg2 == 2
FAIL: gcc.dg/guality/pr68860-1.c   -O1  line 14 arg3 == 3
FAIL: gcc.dg/guality/pr68860-1.c   -O1  line 14 arg7 == 30
FAIL: gcc.dg/guality/pr68860-1.c   -O1  line 16 arg1 == 1
FAIL: gcc.dg/guality/pr68860-1.c   -O1  line 16 arg2 == 2
FAIL: gcc.dg/guality/pr68860-1.c   -O1  line 16 arg3 == 3
FAIL: gcc.dg/guality/pr68860-1.c   -O1  line 16 arg7 == 30
FAIL: gcc.dg/guality/pr68860-1.c   -O2  line 14 arg1 == 1
FAIL: gcc.dg/guality/pr68860-1.c   -O2  line 14 arg2 == 2
FAIL: gcc.dg/guality/pr68860-1.c   -O2  line 14 arg3 == 3
FAIL: gcc.dg/guality/pr68860-1.c   -O2  line 14 arg4 == 4
FAIL: gcc.dg/guality/pr68860-1.c   -O2  line 14 arg5 == 5
FAIL: gcc.dg/guality/pr68860-1.c   -O2  line 14 arg6 == 6
FAIL: gcc.dg/guality/pr68860-1.c   -O2  line 14 arg7 == 30
FAIL: gcc.dg/guality/pr68860-1.c   -O2  line 16 arg1 == 1
FAIL: gcc.dg/guality/pr68860-1.c   -O2  line 16 arg2 == 2
FAIL: gcc.dg/guality/pr68860-1.c   -O2  line 16 arg3 == 3
FAIL: gcc.dg/guality/pr68860-1.c   -O2  line 16 arg4 == 4
FAIL: gcc.dg/guality/pr68860-1.c   -O2  line 16 arg5 == 5
FAIL: gcc.dg/guality/pr68860-1.c   -O2  line 16 arg6 == 6
FAIL: gcc.dg/guality/pr68860-1.c   -O2  line 16 arg7 == 30
FAIL: gcc.dg/guality/pr68860-1.c   -O2 -flto -fno-use-linker-plugin -flto-partition=none  line 14 arg1 == 1
FAIL: gcc.dg/guality/pr68860-1.c   -O2 -flto -fno-use-linker-plugin -flto-partition=none  line 14 arg2 == 2
FAIL: gcc.dg/guality/pr68860-1.c   -O2 -flto -fno-use-linker-plugin -flto-partition=none  line 14 arg3 == 3
FAIL: gcc.dg/guality/pr68860-1.c   -O2 -flto -fno-use-linker-plugin -flto-partition=none  line 14 arg4 == 4
FAIL: gcc.dg/guality/pr68860-1.c   -O2 -flto -fno-use-linker-plugin -flto-partition=none  line 14 arg5 == 5
FAIL: gcc.dg/guality/pr68860-1.c   -O2 -flto -fno-use-linker-plugin -flto-partition=none  line 14 arg6 == 6
FAIL: gcc.dg/guality/pr68860-1.c   -O2 -flto -fno-use-linker-plugin -flto-partition=none  line 14 arg7 == 30
FAIL: gcc.dg/guality/pr68860-1.c   -O2 -flto -fno-use-linker-plugin -flto-partition=none  line 16 arg1 == 1
FAIL: gcc.dg/guality/pr68860-1.c   -O2 -flto -fno-use-linker-plugin -flto-partition=none  line 16 arg2 == 2
FAIL: gcc.dg/guality/pr68860-1.c   -O2 -flto -fno-use-linker-plugin -flto-partition=none  line 16 arg3 == 3
FAIL: gcc.dg/guality/pr68860-1.c   -O2 -flto -fno-use-linker-plugin -flto-partition=none  line 16 arg4 == 4
FAIL: gcc.dg/guality/pr68860-1.c   -O2 -flto -fno-use-linker-plugin -flto-partition=none  line 16 arg5 == 5
FAIL: gcc.dg/guality/pr68860-1.c   -O2 -flto -fno-use-linker-plugin -flto-partition=none  line 16 arg6 == 6
FAIL: gcc.dg/guality/pr68860-1.c   -O2 -flto -fno-use-linker-plugin -flto-partition=none  line 16 arg7 == 30
FAIL: gcc.dg/guality/pr68860-1.c   -O2 -flto -fuse-linker-plugin -fno-fat-lto-objects  line 14 arg1 == 1
FAIL: gcc.dg/guality/pr68860-1.c   -O2 -flto -fuse-linker-plugin -fno-fat-lto-objects  line 14 arg2 == 2
FAIL: gcc.dg/guality/pr68860-1.c   -O2 -flto -fuse-linker-plugin -fno-fat-lto-objects  line 14 arg3 == 3
FAIL: gcc.dg/guality/pr68860-1.c   -O2 -flto -fuse-linker-plugin -fno-fat-lto-objects  line 14 arg4 == 4
FAIL: gcc.dg/guality/pr68860-1.c   -O2 -flto -fuse-linker-plugin -fno-fat-lto-objects  line 14 arg5 == 5
FAIL: gcc.dg/guality/pr68860-1.c   -O2 -flto -fuse-linker-plugin -fno-fat-lto-objects  line 14 arg6 == 6
FAIL: gcc.dg/guality/pr68860-1.c   -O2 -flto -fuse-linker-plugin -fno-fat-lto-objects  line 14 arg7 == 30
FAIL: gcc.dg/guality/pr68860-1.c   -O2 -flto -fuse-linker-plugin -fno-fat-lto-objects  line 16 arg1 == 1
FAIL: gcc.dg/guality/pr68860-1.c   -O2 -flto -fuse-linker-plugin -fno-fat-lto-objects  line 16 arg2 == 2
FAIL: gcc.dg/guality/pr68860-1.c   -O2 -flto -fuse-linker-plugin -fno-fat-lto-objects  line 16 arg3 == 3
FAIL: gcc.dg/guality/pr68860-1.c   -O2 -flto -fuse-linker-plugin -fno-fat-lto-objects  line 16 arg4 == 4
FAIL: gcc.dg/guality/pr68860-1.c   -O2 -flto -fuse-linker-plugin -fno-fat-lto-objects  line 16 arg5 == 5
FAIL: gcc.dg/guality/pr68860-1.c   -O2 -flto -fuse-linker-plugin -fno-fat-lto-objects  line 16 arg6 == 6
FAIL: gcc.dg/guality/pr68860-1.c   -O2 -flto -fuse-linker-plugin -fno-fat-lto-objects  line 16 arg7 == 30
FAIL: gcc.dg/guality/pr68860-1.c   -O3 -g  line 14 arg1 == 1
FAIL: gcc.dg/guality/pr68860-1.c   -O3 -g  line 14 arg2 == 2
FAIL: gcc.dg/guality/pr68860-1.c   -O3 -g  line 14 arg3 == 3
FAIL: gcc.dg/guality/pr68860-1.c   -O3 -g  line 14 arg4 == 4
FAIL: gcc.dg/guality/pr68860-1.c   -O3 -g  line 14 arg5 == 5
FAIL: gcc.dg/guality/pr68860-1.c   -O3 -g  line 14 arg6 == 6
FAIL: gcc.dg/guality/pr68860-1.c   -O3 -g  line 14 arg7 == 30
FAIL: gcc.dg/guality/pr68860-1.c   -O3 -g  line 16 arg1 == 1
FAIL: gcc.dg/guality/pr68860-1.c   -O3 -g  line 16 arg2 == 2
FAIL: gcc.dg/guality/pr68860-1.c   -O3 -g  line 16 arg3 == 3
FAIL: gcc.dg/guality/pr68860-1.c   -O3 -g  line 16 arg4 == 4
FAIL: gcc.dg/guality/pr68860-1.c   -O3 -g  line 16 arg5 == 5
FAIL: gcc.dg/guality/pr68860-1.c   -O3 -g  line 16 arg6 == 6
FAIL: gcc.dg/guality/pr68860-1.c   -O3 -g  line 16 arg7 == 30
FAIL: gcc.dg/guality/pr68860-1.c   -Os  line 14 arg1 == 1
FAIL: gcc.dg/guality/pr68860-1.c   -Os  line 14 arg2 == 2
FAIL: gcc.dg/guality/pr68860-1.c   -Os  line 14 arg3 == 3
FAIL: gcc.dg/guality/pr68860-1.c   -Os  line 14 arg4 == 4
FAIL: gcc.dg/guality/pr68860-1.c   -Os  line 14 arg5 == 5
FAIL: gcc.dg/guality/pr68860-1.c   -Os  line 14 arg6 == 6
FAIL: gcc.dg/guality/pr68860-1.c   -Os  line 14 arg7 == 30
FAIL: gcc.dg/guality/pr68860-1.c   -Os  line 16 arg1 == 1
FAIL: gcc.dg/guality/pr68860-1.c   -Os  line 16 arg2 == 2
FAIL: gcc.dg/guality/pr68860-1.c   -Os  line 16 arg3 == 3
FAIL: gcc.dg/guality/pr68860-1.c   -Os  line 16 arg4 == 4
FAIL: gcc.dg/guality/pr68860-1.c   -Os  line 16 arg5 == 5
FAIL: gcc.dg/guality/pr68860-1.c   -Os  line 16 arg6 == 6
FAIL: gcc.dg/guality/pr68860-1.c   -Os  line 16 arg7 == 30
FAIL: gcc.dg/guality/pr68860-2.c   -O1  line 14 arg1 == 1
FAIL: gcc.dg/guality/pr68860-2.c   -O1  line 14 arg2 == 2
FAIL: gcc.dg/guality/pr68860-2.c   -O1  line 14 arg3 == 3
FAIL: gcc.dg/guality/pr68860-2.c   -O1  line 14 arg7 == 30
FAIL: gcc.dg/guality/pr68860-2.c   -O1  line 16 arg1 == 1
FAIL: gcc.dg/guality/pr68860-2.c   -O1  line 16 arg2 == 2
FAIL: gcc.dg/guality/pr68860-2.c   -O1  line 16 arg3 == 3
FAIL: gcc.dg/guality/pr68860-2.c   -O1  line 16 arg7 == 30
FAIL: gcc.dg/guality/pr68860-2.c   -O2  line 14 arg1 == 1
FAIL: gcc.dg/guality/pr68860-2.c   -O2  line 14 arg2 == 2
FAIL: gcc.dg/guality/pr68860-2.c   -O2  line 14 arg3 == 3
FAIL: gcc.dg/guality/pr68860-2.c   -O2  line 14 arg7 == 30
FAIL: gcc.dg/guality/pr68860-2.c   -O2  line 16 arg1 == 1
FAIL: gcc.dg/guality/pr68860-2.c   -O2  line 16 arg2 == 2
FAIL: gcc.dg/guality/pr68860-2.c   -O2  line 16 arg3 == 3
FAIL: gcc.dg/guality/pr68860-2.c   -O2  line 16 arg7 == 30
FAIL: gcc.dg/guality/pr68860-2.c   -O2 -flto -fno-use-linker-plugin -flto-partition=none  line 14 arg1 == 1
FAIL: gcc.dg/guality/pr68860-2.c   -O2 -flto -fno-use-linker-plugin -flto-partition=none  line 14 arg2 == 2
FAIL: gcc.dg/guality/pr68860-2.c   -O2 -flto -fno-use-linker-plugin -flto-partition=none  line 14 arg3 == 3
FAIL: gcc.dg/guality/pr68860-2.c   -O2 -flto -fno-use-linker-plugin -flto-partition=none  line 14 arg7 == 30
FAIL: gcc.dg/guality/pr68860-2.c   -O2 -flto -fno-use-linker-plugin -flto-partition=none  line 16 arg1 == 1
FAIL: gcc.dg/guality/pr68860-2.c   -O2 -flto -fno-use-linker-plugin -flto-partition=none  line 16 arg2 == 2
FAIL: gcc.dg/guality/pr68860-2.c   -O2 -flto -fno-use-linker-plugin -flto-partition=none  line 16 arg3 == 3
FAIL: gcc.dg/guality/pr68860-2.c   -O2 -flto -fno-use-linker-plugin -flto-partition=none  line 16 arg7 == 30
FAIL: gcc.dg/guality/pr68860-2.c   -O2 -flto -fuse-linker-plugin -fno-fat-lto-objects  line 14 arg1 == 1
FAIL: gcc.dg/guality/pr68860-2.c   -O2 -flto -fuse-linker-plugin -fno-fat-lto-objects  line 14 arg2 == 2
FAIL: gcc.dg/guality/pr68860-2.c   -O2 -flto -fuse-linker-plugin -fno-fat-lto-objects  line 14 arg3 == 3
FAIL: gcc.dg/guality/pr68860-2.c   -O2 -flto -fuse-linker-plugin -fno-fat-lto-objects  line 14 arg4 == 4
FAIL: gcc.dg/guality/pr68860-2.c   -O2 -flto -fuse-linker-plugin -fno-fat-lto-objects  line 14 arg5 == 5
FAIL: gcc.dg/guality/pr68860-2.c   -O2 -flto -fuse-linker-plugin -fno-fat-lto-objects  line 14 arg6 == 6
FAIL: gcc.dg/guality/pr68860-2.c   -O2 -flto -fuse-linker-plugin -fno-fat-lto-objects  line 14 arg7 == 30
FAIL: gcc.dg/guality/pr68860-2.c   -O2 -flto -fuse-linker-plugin -fno-fat-lto-objects  line 16 arg1 == 1
FAIL: gcc.dg/guality/pr68860-2.c   -O2 -flto -fuse-linker-plugin -fno-fat-lto-objects  line 16 arg2 == 2
FAIL: gcc.dg/guality/pr68860-2.c   -O2 -flto -fuse-linker-plugin -fno-fat-lto-objects  line 16 arg3 == 3
FAIL: gcc.dg/guality/pr68860-2.c   -O2 -flto -fuse-linker-plugin -fno-fat-lto-objects  line 16 arg4 == 4
FAIL: gcc.dg/guality/pr68860-2.c   -O2 -flto -fuse-linker-plugin -fno-fat-lto-objects  line 16 arg5 == 5
FAIL: gcc.dg/guality/pr68860-2.c   -O2 -flto -fuse-linker-plugin -fno-fat-lto-objects  line 16 arg6 == 6
FAIL: gcc.dg/guality/pr68860-2.c   -O2 -flto -fuse-linker-plugin -fno-fat-lto-objects  line 16 arg7 == 30
FAIL: gcc.dg/guality/pr68860-2.c   -O3 -g  line 14 arg1 == 1
FAIL: gcc.dg/guality/pr68860-2.c   -O3 -g  line 14 arg2 == 2
FAIL: gcc.dg/guality/pr68860-2.c   -O3 -g  line 14 arg3 == 3
FAIL: gcc.dg/guality/pr68860-2.c   -O3 -g  line 14 arg4 == 4
FAIL: gcc.dg/guality/pr68860-2.c   -O3 -g  line 14 arg5 == 5
FAIL: gcc.dg/guality/pr68860-2.c   -O3 -g  line 14 arg6 == 6
FAIL: gcc.dg/guality/pr68860-2.c   -O3 -g  line 14 arg7 == 30
FAIL: gcc.dg/guality/pr68860-2.c   -O3 -g  line 16 arg1 == 1
FAIL: gcc.dg/guality/pr68860-2.c   -O3 -g  line 16 arg2 == 2
FAIL: gcc.dg/guality/pr68860-2.c   -O3 -g  line 16 arg3 == 3
FAIL: gcc.dg/guality/pr68860-2.c   -O3 -g  line 16 arg4 == 4
FAIL: gcc.dg/guality/pr68860-2.c   -O3 -g  line 16 arg5 == 5
FAIL: gcc.dg/guality/pr68860-2.c   -O3 -g  line 16 arg6 == 6
FAIL: gcc.dg/guality/pr68860-2.c   -O3 -g  line 16 arg7 == 30
FAIL: gcc.dg/guality/pr68860-2.c   -Os  line 14 arg1 == 1
FAIL: gcc.dg/guality/pr68860-2.c   -Os  line 14 arg2 == 2
FAIL: gcc.dg/guality/pr68860-2.c   -Os  line 14 arg3 == 3
FAIL: gcc.dg/guality/pr68860-2.c   -Os  line 14 arg7 == 30
FAIL: gcc.dg/guality/pr68860-2.c   -Os  line 16 arg1 == 1
FAIL: gcc.dg/guality/pr68860-2.c   -Os  line 16 arg2 == 2
FAIL: gcc.dg/guality/pr68860-2.c   -Os  line 16 arg3 == 3
FAIL: gcc.dg/guality/pr68860-2.c   -Os  line 16 arg7 == 30
FAIL: gcc.dg/guality/pr69947.c   -O2 -flto -fno-use-linker-plugin -flto-partition=none  line 14 c[2] == 'o'
FAIL: gcc.dg/guality/pr69947.c   -O2 -flto -fuse-linker-plugin -fno-fat-lto-objects  line 14 c[2] == 'o'
FAIL: gcc.dg/guality/sra-1.c   -O1  line 43 a.i == 4
FAIL: gcc.dg/guality/sra-1.c   -O1  line 43 a.j == 14
FAIL: gcc.dg/guality/sra-1.c   -O2  line 43 a.i == 4
FAIL: gcc.dg/guality/sra-1.c   -O2  line 43 a.j == 14
FAIL: gcc.dg/guality/sra-1.c   -O2 -flto -fno-use-linker-plugin -flto-partition=none  line 43 a.i == 4
FAIL: gcc.dg/guality/sra-1.c   -O2 -flto -fno-use-linker-plugin -flto-partition=none  line 43 a.j == 14
FAIL: gcc.dg/guality/sra-1.c   -O2 -flto -fuse-linker-plugin -fno-fat-lto-objects  line 43 a.i == 4
FAIL: gcc.dg/guality/sra-1.c   -O2 -flto -fuse-linker-plugin -fno-fat-lto-objects  line 43 a.j == 14
FAIL: gcc.dg/guality/sra-1.c   -O3 -g  line 43 a.i == 4
FAIL: gcc.dg/guality/sra-1.c   -O3 -g  line 43 a.j == 14
FAIL: gcc.dg/guality/sra-1.c   -Os  line 43 a.i == 4
FAIL: gcc.dg/guality/sra-1.c   -Os  line 43 a.j == 14
FAIL: gcc.dg/guality/vla-1.c   -O1  line 17 sizeof (a) == 6
FAIL: gcc.dg/guality/vla-1.c   -O2  line 17 sizeof (a) == 6
FAIL: gcc.dg/guality/vla-1.c   -O2 -flto -fno-use-linker-plugin -flto-partition=none  line 17 sizeof (a) == 6
FAIL: gcc.dg/guality/vla-1.c   -O2 -flto -fuse-linker-plugin -fno-fat-lto-objects  line 17 i == 5
FAIL: gcc.dg/guality/vla-1.c   -O2 -flto -fuse-linker-plugin -fno-fat-lto-objects  line 17 sizeof (a) == 6
FAIL: gcc.dg/guality/vla-1.c   -O3 -g  line 17 i == 5
FAIL: gcc.dg/guality/vla-1.c   -O3 -g  line 17 sizeof (a) == 6
FAIL: gcc.dg/guality/vla-1.c   -Os  line 17 sizeof (a) == 6
FAIL: gcc.dg/tls/pr78796.c (test for excess errors)
UNRESOLVED: gcc.dg/tls/pr78796.c compilation failed to produce executable
FAIL: gcc.target/aarch64/aapcs64/test_1.c compilation,  -O0 
FAIL: gcc.target/aarch64/aapcs64/test_1.c compilation,  -O1 
FAIL: gcc.target/aarch64/aapcs64/test_1.c compilation,  -O2 
FAIL: gcc.target/aarch64/aapcs64/test_1.c compilation,  -O3 -g 
FAIL: gcc.target/aarch64/aapcs64/test_1.c compilation,  -Og -g 
FAIL: gcc.target/aarch64/aapcs64/test_1.c compilation,  -Os 
UNRESOLVED: gcc.target/aarch64/aapcs64/test_1.c execution,  -O0 
UNRESOLVED: gcc.target/aarch64/aapcs64/test_1.c execution,  -O1 
UNRESOLVED: gcc.target/aarch64/aapcs64/test_1.c execution,  -O2 
UNRESOLVED: gcc.target/aarch64/aapcs64/test_1.c execution,  -O3 -g 
UNRESOLVED: gcc.target/aarch64/aapcs64/test_1.c execution,  -Og -g 
UNRESOLVED: gcc.target/aarch64/aapcs64/test_1.c execution,  -Os 
FAIL: gcc.target/aarch64/aapcs64/test_10.c compilation,  -O0 
FAIL: gcc.target/aarch64/aapcs64/test_10.c compilation,  -O1 
FAIL: gcc.target/aarch64/aapcs64/test_10.c compilation,  -O2 
FAIL: gcc.target/aarch64/aapcs64/test_10.c compilation,  -O3 -g 
FAIL: gcc.target/aarch64/aapcs64/test_10.c compilation,  -Og -g 
FAIL: gcc.target/aarch64/aapcs64/test_10.c compilation,  -Os 
UNRESOLVED: gcc.target/aarch64/aapcs64/test_10.c execution,  -O0 
UNRESOLVED: gcc.target/aarch64/aapcs64/test_10.c execution,  -O1 
UNRESOLVED: gcc.target/aarch64/aapcs64/test_10.c execution,  -O2 
UNRESOLVED: gcc.target/aarch64/aapcs64/test_10.c execution,  -O3 -g 
UNRESOLVED: gcc.target/aarch64/aapcs64/test_10.c execution,  -Og -g 
UNRESOLVED: gcc.target/aarch64/aapcs64/test_10.c execution,  -Os 
FAIL: gcc.target/aarch64/aapcs64/test_11.c compilation,  -O0 
FAIL: gcc.target/aarch64/aapcs64/test_11.c compilation,  -O1 
FAIL: gcc.target/aarch64/aapcs64/test_11.c compilation,  -O2 
FAIL: gcc.target/aarch64/aapcs64/test_11.c compilation,  -O3 -g 
FAIL: gcc.target/aarch64/aapcs64/test_11.c compilation,  -Og -g 
FAIL: gcc.target/aarch64/aapcs64/test_11.c compilation,  -Os 
UNRESOLVED: gcc.target/aarch64/aapcs64/test_11.c execution,  -O0 
UNRESOLVED: gcc.target/aarch64/aapcs64/test_11.c execution,  -O1 
UNRESOLVED: gcc.target/aarch64/aapcs64/test_11.c execution,  -O2 
UNRESOLVED: gcc.target/aarch64/aapcs64/test_11.c execution,  -O3 -g 
UNRESOLVED: gcc.target/aarch64/aapcs64/test_11.c execution,  -Og -g 
UNRESOLVED: gcc.target/aarch64/aapcs64/test_11.c execution,  -Os 
FAIL: gcc.target/aarch64/aapcs64/test_12.c compilation,  -O0 
FAIL: gcc.target/aarch64/aapcs64/test_12.c compilation,  -O1 
FAIL: gcc.target/aarch64/aapcs64/test_12.c compilation,  -O2 
FAIL: gcc.target/aarch64/aapcs64/test_12.c compilation,  -O3 -g 
FAIL: gcc.target/aarch64/aapcs64/test_12.c compilation,  -Og -g 
FAIL: gcc.target/aarch64/aapcs64/test_12.c compilation,  -Os 
UNRESOLVED: gcc.target/aarch64/aapcs64/test_12.c execution,  -O0 
UNRESOLVED: gcc.target/aarch64/aapcs64/test_12.c execution,  -O1 
UNRESOLVED: gcc.target/aarch64/aapcs64/test_12.c execution,  -O2 
UNRESOLVED: gcc.target/aarch64/aapcs64/test_12.c execution,  -O3 -g 
UNRESOLVED: gcc.target/aarch64/aapcs64/test_12.c execution,  -Og -g 
UNRESOLVED: gcc.target/aarch64/aapcs64/test_12.c execution,  -Os 
FAIL: gcc.target/aarch64/aapcs64/test_13.c compilation,  -O0 
FAIL: gcc.target/aarch64/aapcs64/test_13.c compilation,  -O1 
FAIL: gcc.target/aarch64/aapcs64/test_13.c compilation,  -O2 
FAIL: gcc.target/aarch64/aapcs64/test_13.c compilation,  -O3 -g 
FAIL: gcc.target/aarch64/aapcs64/test_13.c compilation,  -Og -g 
FAIL: gcc.target/aarch64/aapcs64/test_13.c compilation,  -Os 
UNRESOLVED: gcc.target/aarch64/aapcs64/test_13.c execution,  -O0 
UNRESOLVED: gcc.target/aarch64/aapcs64/test_13.c execution,  -O1 
UNRESOLVED: gcc.target/aarch64/aapcs64/test_13.c execution,  -O2 
UNRESOLVED: gcc.target/aarch64/aapcs64/test_13.c execution,  -O3 -g 
UNRESOLVED: gcc.target/aarch64/aapcs64/test_13.c execution,  -Og -g 
UNRESOLVED: gcc.target/aarch64/aapcs64/test_13.c execution,  -Os 
FAIL: gcc.target/aarch64/aapcs64/test_14.c compilation,  -O0 
FAIL: gcc.target/aarch64/aapcs64/test_14.c compilation,  -O1 
FAIL: gcc.target/aarch64/aapcs64/test_14.c compilation,  -O2 
FAIL: gcc.target/aarch64/aapcs64/test_14.c compilation,  -O3 -g 
FAIL: gcc.target/aarch64/aapcs64/test_14.c compilation,  -Og -g 
FAIL: gcc.target/aarch64/aapcs64/test_14.c compilation,  -Os 
UNRESOLVED: gcc.target/aarch64/aapcs64/test_14.c execution,  -O0 
UNRESOLVED: gcc.target/aarch64/aapcs64/test_14.c execution,  -O1 
UNRESOLVED: gcc.target/aarch64/aapcs64/test_14.c execution,  -O2 
UNRESOLVED: gcc.target/aarch64/aapcs64/test_14.c execution,  -O3 -g 
UNRESOLVED: gcc.target/aarch64/aapcs64/test_14.c execution,  -Og -g 
UNRESOLVED: gcc.target/aarch64/aapcs64/test_14.c execution,  -Os 
FAIL: gcc.target/aarch64/aapcs64/test_15.c compilation,  -O0 
FAIL: gcc.target/aarch64/aapcs64/test_15.c compilation,  -O1 
FAIL: gcc.target/aarch64/aapcs64/test_15.c compilation,  -O2 
FAIL: gcc.target/aarch64/aapcs64/test_15.c compilation,  -O3 -g 
FAIL: gcc.target/aarch64/aapcs64/test_15.c compilation,  -Og -g 
FAIL: gcc.target/aarch64/aapcs64/test_15.c compilation,  -Os 
UNRESOLVED: gcc.target/aarch64/aapcs64/test_15.c execution,  -O0 
UNRESOLVED: gcc.target/aarch64/aapcs64/test_15.c execution,  -O1 
UNRESOLVED: gcc.target/aarch64/aapcs64/test_15.c execution,  -O2 
UNRESOLVED: gcc.target/aarch64/aapcs64/test_15.c execution,  -O3 -g 
UNRESOLVED: gcc.target/aarch64/aapcs64/test_15.c execution,  -Og -g 
UNRESOLVED: gcc.target/aarch64/aapcs64/test_15.c execution,  -Os 
FAIL: gcc.target/aarch64/aapcs64/test_16.c compilation,  -O0 
FAIL: gcc.target/aarch64/aapcs64/test_16.c compilation,  -O1 
FAIL: gcc.target/aarch64/aapcs64/test_16.c compilation,  -O2 
FAIL: gcc.target/aarch64/aapcs64/test_16.c compilation,  -O3 -g 
FAIL: gcc.target/aarch64/aapcs64/test_16.c compilation,  -Og -g 
FAIL: gcc.target/aarch64/aapcs64/test_16.c compilation,  -Os 
UNRESOLVED: gcc.target/aarch64/aapcs64/test_16.c execution,  -O0 
UNRESOLVED: gcc.target/aarch64/aapcs64/test_16.c execution,  -O1 
UNRESOLVED: gcc.target/aarch64/aapcs64/test_16.c execution,  -O2 
UNRESOLVED: gcc.target/aarch64/aapcs64/test_16.c execution,  -O3 -g 
UNRESOLVED: gcc.target/aarch64/aapcs64/test_16.c execution,  -Og -g 
UNRESOLVED: gcc.target/aarch64/aapcs64/test_16.c execution,  -Os 
FAIL: gcc.target/aarch64/aapcs64/test_17.c compilation,  -O0 
FAIL: gcc.target/aarch64/aapcs64/test_17.c compilation,  -O1 
FAIL: gcc.target/aarch64/aapcs64/test_17.c compilation,  -O2 
FAIL: gcc.target/aarch64/aapcs64/test_17.c compilation,  -O3 -g 
FAIL: gcc.target/aarch64/aapcs64/test_17.c compilation,  -Og -g 
FAIL: gcc.target/aarch64/aapcs64/test_17.c compilation,  -Os 
UNRESOLVED: gcc.target/aarch64/aapcs64/test_17.c execution,  -O0 
UNRESOLVED: gcc.target/aarch64/aapcs64/test_17.c execution,  -O1 
UNRESOLVED: gcc.target/aarch64/aapcs64/test_17.c execution,  -O2 
UNRESOLVED: gcc.target/aarch64/aapcs64/test_17.c execution,  -O3 -g 
UNRESOLVED: gcc.target/aarch64/aapcs64/test_17.c execution,  -Og -g 
UNRESOLVED: gcc.target/aarch64/aapcs64/test_17.c execution,  -Os 
FAIL: gcc.target/aarch64/aapcs64/test_18.c compilation,  -O0 
FAIL: gcc.target/aarch64/aapcs64/test_18.c compilation,  -O1 
FAIL: gcc.target/aarch64/aapcs64/test_18.c compilation,  -O2 
FAIL: gcc.target/aarch64/aapcs64/test_18.c compilation,  -O3 -g 
FAIL: gcc.target/aarch64/aapcs64/test_18.c compilation,  -Og -g 
FAIL: gcc.target/aarch64/aapcs64/test_18.c compilation,  -Os 
UNRESOLVED: gcc.target/aarch64/aapcs64/test_18.c execution,  -O0 
UNRESOLVED: gcc.target/aarch64/aapcs64/test_18.c execution,  -O1 
UNRESOLVED: gcc.target/aarch64/aapcs64/test_18.c execution,  -O2 
UNRESOLVED: gcc.target/aarch64/aapcs64/test_18.c execution,  -O3 -g 
UNRESOLVED: gcc.target/aarch64/aapcs64/test_18.c execution,  -Og -g 
UNRESOLVED: gcc.target/aarch64/aapcs64/test_18.c execution,  -Os 
FAIL: gcc.target/aarch64/aapcs64/test_19.c compilation,  -O0 
FAIL: gcc.target/aarch64/aapcs64/test_19.c compilation,  -O1 
FAIL: gcc.target/aarch64/aapcs64/test_19.c compilation,  -O2 
FAIL: gcc.target/aarch64/aapcs64/test_19.c compilation,  -O3 -g 
FAIL: gcc.target/aarch64/aapcs64/test_19.c compilation,  -Og -g 
FAIL: gcc.target/aarch64/aapcs64/test_19.c compilation,  -Os 
UNRESOLVED: gcc.target/aarch64/aapcs64/test_19.c execution,  -O0 
UNRESOLVED: gcc.target/aarch64/aapcs64/test_19.c execution,  -O1 
UNRESOLVED: gcc.target/aarch64/aapcs64/test_19.c execution,  -O2 
UNRESOLVED: gcc.target/aarch64/aapcs64/test_19.c execution,  -O3 -g 
UNRESOLVED: gcc.target/aarch64/aapcs64/test_19.c execution,  -Og -g 
UNRESOLVED: gcc.target/aarch64/aapcs64/test_19.c execution,  -Os 
FAIL: gcc.target/aarch64/aapcs64/test_2.c compilation,  -O0 
FAIL: gcc.target/aarch64/aapcs64/test_2.c compilation,  -O1 
FAIL: gcc.target/aarch64/aapcs64/test_2.c compilation,  -O2 
FAIL: gcc.target/aarch64/aapcs64/test_2.c compilation,  -O3 -g 
FAIL: gcc.target/aarch64/aapcs64/test_2.c compilation,  -Og -g 
FAIL: gcc.target/aarch64/aapcs64/test_2.c compilation,  -Os 
UNRESOLVED: gcc.target/aarch64/aapcs64/test_2.c execution,  -O0 
UNRESOLVED: gcc.target/aarch64/aapcs64/test_2.c execution,  -O1 
UNRESOLVED: gcc.target/aarch64/aapcs64/test_2.c execution,  -O2 
UNRESOLVED: gcc.target/aarch64/aapcs64/test_2.c execution,  -O3 -g 
UNRESOLVED: gcc.target/aarch64/aapcs64/test_2.c execution,  -Og -g 
UNRESOLVED: gcc.target/aarch64/aapcs64/test_2.c execution,  -Os 
FAIL: gcc.target/aarch64/aapcs64/test_20.c compilation,  -O0 
FAIL: gcc.target/aarch64/aapcs64/test_20.c compilation,  -O1 
FAIL: gcc.target/aarch64/aapcs64/test_20.c compilation,  -O2 
FAIL: gcc.target/aarch64/aapcs64/test_20.c compilation,  -O3 -g 
FAIL: gcc.target/aarch64/aapcs64/test_20.c compilation,  -Og -g 
FAIL: gcc.target/aarch64/aapcs64/test_20.c compilation,  -Os 
UNRESOLVED: gcc.target/aarch64/aapcs64/test_20.c execution,  -O0 
UNRESOLVED: gcc.target/aarch64/aapcs64/test_20.c execution,  -O1 
UNRESOLVED: gcc.target/aarch64/aapcs64/test_20.c execution,  -O2 
UNRESOLVED: gcc.target/aarch64/aapcs64/test_20.c execution,  -O3 -g 
UNRESOLVED: gcc.target/aarch64/aapcs64/test_20.c execution,  -Og -g 
UNRESOLVED: gcc.target/aarch64/aapcs64/test_20.c execution,  -Os 
FAIL: gcc.target/aarch64/aapcs64/test_21.c compilation,  -O0 
FAIL: gcc.target/aarch64/aapcs64/test_21.c compilation,  -O1 
FAIL: gcc.target/aarch64/aapcs64/test_21.c compilation,  -O2 
FAIL: gcc.target/aarch64/aapcs64/test_21.c compilation,  -O3 -g 
FAIL: gcc.target/aarch64/aapcs64/test_21.c compilation,  -Og -g 
FAIL: gcc.target/aarch64/aapcs64/test_21.c compilation,  -Os 
UNRESOLVED: gcc.target/aarch64/aapcs64/test_21.c execution,  -O0 
UNRESOLVED: gcc.target/aarch64/aapcs64/test_21.c execution,  -O1 
UNRESOLVED: gcc.target/aarch64/aapcs64/test_21.c execution,  -O2 
UNRESOLVED: gcc.target/aarch64/aapcs64/test_21.c execution,  -O3 -g 
UNRESOLVED: gcc.target/aarch64/aapcs64/test_21.c execution,  -Og -g 
UNRESOLVED: gcc.target/aarch64/aapcs64/test_21.c execution,  -Os 
FAIL: gcc.target/aarch64/aapcs64/test_22.c compilation,  -O0 
FAIL: gcc.target/aarch64/aapcs64/test_22.c compilation,  -O1 
FAIL: gcc.target/aarch64/aapcs64/test_22.c compilation,  -O2 
FAIL: gcc.target/aarch64/aapcs64/test_22.c compilation,  -O3 -g 
FAIL: gcc.target/aarch64/aapcs64/test_22.c compilation,  -Og -g 
FAIL: gcc.target/aarch64/aapcs64/test_22.c compilation,  -Os 
UNRESOLVED: gcc.target/aarch64/aapcs64/test_22.c execution,  -O0 
UNRESOLVED: gcc.target/aarch64/aapcs64/test_22.c execution,  -O1 
UNRESOLVED: gcc.target/aarch64/aapcs64/test_22.c execution,  -O2 
UNRESOLVED: gcc.target/aarch64/aapcs64/test_22.c execution,  -O3 -g 
UNRESOLVED: gcc.target/aarch64/aapcs64/test_22.c execution,  -Og -g 
UNRESOLVED: gcc.target/aarch64/aapcs64/test_22.c execution,  -Os 
FAIL: gcc.target/aarch64/aapcs64/test_23.c compilation,  -O0 
FAIL: gcc.target/aarch64/aapcs64/test_23.c compilation,  -O1 
FAIL: gcc.target/aarch64/aapcs64/test_23.c compilation,  -O2 
FAIL: gcc.target/aarch64/aapcs64/test_23.c compilation,  -O3 -g 
FAIL: gcc.target/aarch64/aapcs64/test_23.c compilation,  -Og -g 
FAIL: gcc.target/aarch64/aapcs64/test_23.c compilation,  -Os 
UNRESOLVED: gcc.target/aarch64/aapcs64/test_23.c execution,  -O0 
UNRESOLVED: gcc.target/aarch64/aapcs64/test_23.c execution,  -O1 
UNRESOLVED: gcc.target/aarch64/aapcs64/test_23.c execution,  -O2 
UNRESOLVED: gcc.target/aarch64/aapcs64/test_23.c execution,  -O3 -g 
UNRESOLVED: gcc.target/aarch64/aapcs64/test_23.c execution,  -Og -g 
UNRESOLVED: gcc.target/aarch64/aapcs64/test_23.c execution,  -Os 
FAIL: gcc.target/aarch64/aapcs64/test_24.c compilation,  -O0 
FAIL: gcc.target/aarch64/aapcs64/test_24.c compilation,  -O1 
FAIL: gcc.target/aarch64/aapcs64/test_24.c compilation,  -O2 
FAIL: gcc.target/aarch64/aapcs64/test_24.c compilation,  -O3 -g 
FAIL: gcc.target/aarch64/aapcs64/test_24.c compilation,  -Og -g 
FAIL: gcc.target/aarch64/aapcs64/test_24.c compilation,  -Os 
UNRESOLVED: gcc.target/aarch64/aapcs64/test_24.c execution,  -O0 
UNRESOLVED: gcc.target/aarch64/aapcs64/test_24.c execution,  -O1 
UNRESOLVED: gcc.target/aarch64/aapcs64/test_24.c execution,  -O2 
UNRESOLVED: gcc.target/aarch64/aapcs64/test_24.c execution,  -O3 -g 
UNRESOLVED: gcc.target/aarch64/aapcs64/test_24.c execution,  -Og -g 
UNRESOLVED: gcc.target/aarch64/aapcs64/test_24.c execution,  -Os 
FAIL: gcc.target/aarch64/aapcs64/test_25.c compilation,  -O0 
FAIL: gcc.target/aarch64/aapcs64/test_25.c compilation,  -O1 
FAIL: gcc.target/aarch64/aapcs64/test_25.c compilation,  -O2 
FAIL: gcc.target/aarch64/aapcs64/test_25.c compilation,  -O3 -g 
FAIL: gcc.target/aarch64/aapcs64/test_25.c compilation,  -Og -g 
FAIL: gcc.target/aarch64/aapcs64/test_25.c compilation,  -Os 
UNRESOLVED: gcc.target/aarch64/aapcs64/test_25.c execution,  -O0 
UNRESOLVED: gcc.target/aarch64/aapcs64/test_25.c execution,  -O1 
UNRESOLVED: gcc.target/aarch64/aapcs64/test_25.c execution,  -O2 
UNRESOLVED: gcc.target/aarch64/aapcs64/test_25.c execution,  -O3 -g 
UNRESOLVED: gcc.target/aarch64/aapcs64/test_25.c execution,  -Og -g 
UNRESOLVED: gcc.target/aarch64/aapcs64/test_25.c execution,  -Os 
FAIL: gcc.target/aarch64/aapcs64/test_26.c compilation,  -O0 
FAIL: gcc.target/aarch64/aapcs64/test_26.c compilation,  -O1 
FAIL: gcc.target/aarch64/aapcs64/test_26.c compilation,  -O2 
FAIL: gcc.target/aarch64/aapcs64/test_26.c compilation,  -O3 -g 
FAIL: gcc.target/aarch64/aapcs64/test_26.c compilation,  -Og -g 
FAIL: gcc.target/aarch64/aapcs64/test_26.c compilation,  -Os 
UNRESOLVED: gcc.target/aarch64/aapcs64/test_26.c execution,  -O0 
UNRESOLVED: gcc.target/aarch64/aapcs64/test_26.c execution,  -O1 
UNRESOLVED: gcc.target/aarch64/aapcs64/test_26.c execution,  -O2 
UNRESOLVED: gcc.target/aarch64/aapcs64/test_26.c execution,  -O3 -g 
UNRESOLVED: gcc.target/aarch64/aapcs64/test_26.c execution,  -Og -g 
UNRESOLVED: gcc.target/aarch64/aapcs64/test_26.c execution,  -Os 
FAIL: gcc.target/aarch64/aapcs64/test_27.c compilation,  -O0 
FAIL: gcc.target/aarch64/aapcs64/test_27.c compilation,  -O1 
FAIL: gcc.target/aarch64/aapcs64/test_27.c compilation,  -O2 
FAIL: gcc.target/aarch64/aapcs64/test_27.c compilation,  -O3 -g 
FAIL: gcc.target/aarch64/aapcs64/test_27.c compilation,  -Og -g 
FAIL: gcc.target/aarch64/aapcs64/test_27.c compilation,  -Os 
UNRESOLVED: gcc.target/aarch64/aapcs64/test_27.c execution,  -O0 
UNRESOLVED: gcc.target/aarch64/aapcs64/test_27.c execution,  -O1 
UNRESOLVED: gcc.target/aarch64/aapcs64/test_27.c execution,  -O2 
UNRESOLVED: gcc.target/aarch64/aapcs64/test_27.c execution,  -O3 -g 
UNRESOLVED: gcc.target/aarch64/aapcs64/test_27.c execution,  -Og -g 
UNRESOLVED: gcc.target/aarch64/aapcs64/test_27.c execution,  -Os 
FAIL: gcc.target/aarch64/aapcs64/test_3.c compilation,  -O0 
FAIL: gcc.target/aarch64/aapcs64/test_3.c compilation,  -O1 
FAIL: gcc.target/aarch64/aapcs64/test_3.c compilation,  -O2 
FAIL: gcc.target/aarch64/aapcs64/test_3.c compilation,  -O3 -g 
FAIL: gcc.target/aarch64/aapcs64/test_3.c compilation,  -Og -g 
FAIL: gcc.target/aarch64/aapcs64/test_3.c compilation,  -Os 
UNRESOLVED: gcc.target/aarch64/aapcs64/test_3.c execution,  -O0 
UNRESOLVED: gcc.target/aarch64/aapcs64/test_3.c execution,  -O1 
UNRESOLVED: gcc.target/aarch64/aapcs64/test_3.c execution,  -O2 
UNRESOLVED: gcc.target/aarch64/aapcs64/test_3.c execution,  -O3 -g 
UNRESOLVED: gcc.target/aarch64/aapcs64/test_3.c execution,  -Og -g 
UNRESOLVED: gcc.target/aarch64/aapcs64/test_3.c execution,  -Os 
FAIL: gcc.target/aarch64/aapcs64/test_4.c compilation,  -O0 
FAIL: gcc.target/aarch64/aapcs64/test_4.c compilation,  -O1 
FAIL: gcc.target/aarch64/aapcs64/test_4.c compilation,  -O2 
FAIL: gcc.target/aarch64/aapcs64/test_4.c compilation,  -O3 -g 
FAIL: gcc.target/aarch64/aapcs64/test_4.c compilation,  -Og -g 
FAIL: gcc.target/aarch64/aapcs64/test_4.c compilation,  -Os 
UNRESOLVED: gcc.target/aarch64/aapcs64/test_4.c execution,  -O0 
UNRESOLVED: gcc.target/aarch64/aapcs64/test_4.c execution,  -O1 
UNRESOLVED: gcc.target/aarch64/aapcs64/test_4.c execution,  -O2 
UNRESOLVED: gcc.target/aarch64/aapcs64/test_4.c execution,  -O3 -g 
UNRESOLVED: gcc.target/aarch64/aapcs64/test_4.c execution,  -Og -g 
UNRESOLVED: gcc.target/aarch64/aapcs64/test_4.c execution,  -Os 
FAIL: gcc.target/aarch64/aapcs64/test_5.c compilation,  -O0 
FAIL: gcc.target/aarch64/aapcs64/test_5.c compilation,  -O1 
FAIL: gcc.target/aarch64/aapcs64/test_5.c compilation,  -O2 
FAIL: gcc.target/aarch64/aapcs64/test_5.c compilation,  -O3 -g 
FAIL: gcc.target/aarch64/aapcs64/test_5.c compilation,  -Og -g 
FAIL: gcc.target/aarch64/aapcs64/test_5.c compilation,  -Os 
UNRESOLVED: gcc.target/aarch64/aapcs64/test_5.c execution,  -O0 
UNRESOLVED: gcc.target/aarch64/aapcs64/test_5.c execution,  -O1 
UNRESOLVED: gcc.target/aarch64/aapcs64/test_5.c execution,  -O2 
UNRESOLVED: gcc.target/aarch64/aapcs64/test_5.c execution,  -O3 -g 
UNRESOLVED: gcc.target/aarch64/aapcs64/test_5.c execution,  -Og -g 
UNRESOLVED: gcc.target/aarch64/aapcs64/test_5.c execution,  -Os 
FAIL: gcc.target/aarch64/aapcs64/test_6.c compilation,  -O0 
FAIL: gcc.target/aarch64/aapcs64/test_6.c compilation,  -O1 
FAIL: gcc.target/aarch64/aapcs64/test_6.c compilation,  -O2 
FAIL: gcc.target/aarch64/aapcs64/test_6.c compilation,  -O3 -g 
FAIL: gcc.target/aarch64/aapcs64/test_6.c compilation,  -Og -g 
FAIL: gcc.target/aarch64/aapcs64/test_6.c compilation,  -Os 
UNRESOLVED: gcc.target/aarch64/aapcs64/test_6.c execution,  -O0 
UNRESOLVED: gcc.target/aarch64/aapcs64/test_6.c execution,  -O1 
UNRESOLVED: gcc.target/aarch64/aapcs64/test_6.c execution,  -O2 
UNRESOLVED: gcc.target/aarch64/aapcs64/test_6.c execution,  -O3 -g 
UNRESOLVED: gcc.target/aarch64/aapcs64/test_6.c execution,  -Og -g 
UNRESOLVED: gcc.target/aarch64/aapcs64/test_6.c execution,  -Os 
FAIL: gcc.target/aarch64/aapcs64/test_64x1_1.c compilation,  -O0 
FAIL: gcc.target/aarch64/aapcs64/test_64x1_1.c compilation,  -O1 
FAIL: gcc.target/aarch64/aapcs64/test_64x1_1.c compilation,  -O2 
FAIL: gcc.target/aarch64/aapcs64/test_64x1_1.c compilation,  -O3 -g 
FAIL: gcc.target/aarch64/aapcs64/test_64x1_1.c compilation,  -Og -g 
FAIL: gcc.target/aarch64/aapcs64/test_64x1_1.c compilation,  -Os 
UNRESOLVED: gcc.target/aarch64/aapcs64/test_64x1_1.c execution,  -O0 
UNRESOLVED: gcc.target/aarch64/aapcs64/test_64x1_1.c execution,  -O1 
UNRESOLVED: gcc.target/aarch64/aapcs64/test_64x1_1.c execution,  -O2 
UNRESOLVED: gcc.target/aarch64/aapcs64/test_64x1_1.c execution,  -O3 -g 
UNRESOLVED: gcc.target/aarch64/aapcs64/test_64x1_1.c execution,  -Og -g 
UNRESOLVED: gcc.target/aarch64/aapcs64/test_64x1_1.c execution,  -Os 
FAIL: gcc.target/aarch64/aapcs64/test_7.c compilation,  -O0 
FAIL: gcc.target/aarch64/aapcs64/test_7.c compilation,  -O1 
FAIL: gcc.target/aarch64/aapcs64/test_7.c compilation,  -O2 
FAIL: gcc.target/aarch64/aapcs64/test_7.c compilation,  -O3 -g 
FAIL: gcc.target/aarch64/aapcs64/test_7.c compilation,  -Og -g 
FAIL: gcc.target/aarch64/aapcs64/test_7.c compilation,  -Os 
UNRESOLVED: gcc.target/aarch64/aapcs64/test_7.c execution,  -O0 
UNRESOLVED: gcc.target/aarch64/aapcs64/test_7.c execution,  -O1 
UNRESOLVED: gcc.target/aarch64/aapcs64/test_7.c execution,  -O2 
UNRESOLVED: gcc.target/aarch64/aapcs64/test_7.c execution,  -O3 -g 
UNRESOLVED: gcc.target/aarch64/aapcs64/test_7.c execution,  -Og -g 
UNRESOLVED: gcc.target/aarch64/aapcs64/test_7.c execution,  -Os 
FAIL: gcc.target/aarch64/aapcs64/test_8.c compilation,  -O0 
FAIL: gcc.target/aarch64/aapcs64/test_8.c compilation,  -O1 
FAIL: gcc.target/aarch64/aapcs64/test_8.c compilation,  -O2 
FAIL: gcc.target/aarch64/aapcs64/test_8.c compilation,  -O3 -g 
FAIL: gcc.target/aarch64/aapcs64/test_8.c compilation,  -Og -g 
FAIL: gcc.target/aarch64/aapcs64/test_8.c compilation,  -Os 
UNRESOLVED: gcc.target/aarch64/aapcs64/test_8.c execution,  -O0 
UNRESOLVED: gcc.target/aarch64/aapcs64/test_8.c execution,  -O1 
UNRESOLVED: gcc.target/aarch64/aapcs64/test_8.c execution,  -O2 
UNRESOLVED: gcc.target/aarch64/aapcs64/test_8.c execution,  -O3 -g 
UNRESOLVED: gcc.target/aarch64/aapcs64/test_8.c execution,  -Og -g 
UNRESOLVED: gcc.target/aarch64/aapcs64/test_8.c execution,  -Os 
FAIL: gcc.target/aarch64/aapcs64/test_9.c compilation,  -O0 
FAIL: gcc.target/aarch64/aapcs64/test_9.c compilation,  -O1 
FAIL: gcc.target/aarch64/aapcs64/test_9.c compilation,  -O2 
FAIL: gcc.target/aarch64/aapcs64/test_9.c compilation,  -O3 -g 
FAIL: gcc.target/aarch64/aapcs64/test_9.c compilation,  -Og -g 
FAIL: gcc.target/aarch64/aapcs64/test_9.c compilation,  -Os 
UNRESOLVED: gcc.target/aarch64/aapcs64/test_9.c execution,  -O0 
UNRESOLVED: gcc.target/aarch64/aapcs64/test_9.c execution,  -O1 
UNRESOLVED: gcc.target/aarch64/aapcs64/test_9.c execution,  -O2 
UNRESOLVED: gcc.target/aarch64/aapcs64/test_9.c execution,  -O3 -g 
UNRESOLVED: gcc.target/aarch64/aapcs64/test_9.c execution,  -Og -g 
UNRESOLVED: gcc.target/aarch64/aapcs64/test_9.c execution,  -Os 
FAIL: gcc.target/aarch64/aapcs64/test_align-1.c compilation,  -O0 
FAIL: gcc.target/aarch64/aapcs64/test_align-1.c compilation,  -O1 
FAIL: gcc.target/aarch64/aapcs64/test_align-1.c compilation,  -O2 
FAIL: gcc.target/aarch64/aapcs64/test_align-1.c compilation,  -O3 -g 
FAIL: gcc.target/aarch64/aapcs64/test_align-1.c compilation,  -Og -g 
FAIL: gcc.target/aarch64/aapcs64/test_align-1.c compilation,  -Os 
UNRESOLVED: gcc.target/aarch64/aapcs64/test_align-1.c execution,  -O0 
UNRESOLVED: gcc.target/aarch64/aapcs64/test_align-1.c execution,  -O1 
UNRESOLVED: gcc.target/aarch64/aapcs64/test_align-1.c execution,  -O2 
UNRESOLVED: gcc.target/aarch64/aapcs64/test_align-1.c execution,  -O3 -g 
UNRESOLVED: gcc.target/aarch64/aapcs64/test_align-1.c execution,  -Og -g 
UNRESOLVED: gcc.target/aarch64/aapcs64/test_align-1.c execution,  -Os 
FAIL: gcc.target/aarch64/aapcs64/test_align-2.c compilation,  -O0 
FAIL: gcc.target/aarch64/aapcs64/test_align-2.c compilation,  -O1 
FAIL: gcc.target/aarch64/aapcs64/test_align-2.c compilation,  -O2 
FAIL: gcc.target/aarch64/aapcs64/test_align-2.c compilation,  -O3 -g 
FAIL: gcc.target/aarch64/aapcs64/test_align-2.c compilation,  -Og -g 
FAIL: gcc.target/aarch64/aapcs64/test_align-2.c compilation,  -Os 
UNRESOLVED: gcc.target/aarch64/aapcs64/test_align-2.c execution,  -O0 
UNRESOLVED: gcc.target/aarch64/aapcs64/test_align-2.c execution,  -O1 
UNRESOLVED: gcc.target/aarch64/aapcs64/test_align-2.c execution,  -O2 
UNRESOLVED: gcc.target/aarch64/aapcs64/test_align-2.c execution,  -O3 -g 
UNRESOLVED: gcc.target/aarch64/aapcs64/test_align-2.c execution,  -Og -g 
UNRESOLVED: gcc.target/aarch64/aapcs64/test_align-2.c execution,  -Os 
FAIL: gcc.target/aarch64/aapcs64/test_align-3.c compilation,  -O0 
FAIL: gcc.target/aarch64/aapcs64/test_align-3.c compilation,  -O1 
FAIL: gcc.target/aarch64/aapcs64/test_align-3.c compilation,  -O2 
FAIL: gcc.target/aarch64/aapcs64/test_align-3.c compilation,  -O3 -g 
FAIL: gcc.target/aarch64/aapcs64/test_align-3.c compilation,  -Og -g 
FAIL: gcc.target/aarch64/aapcs64/test_align-3.c compilation,  -Os 
UNRESOLVED: gcc.target/aarch64/aapcs64/test_align-3.c execution,  -O0 
UNRESOLVED: gcc.target/aarch64/aapcs64/test_align-3.c execution,  -O1 
UNRESOLVED: gcc.target/aarch64/aapcs64/test_align-3.c execution,  -O2 
UNRESOLVED: gcc.target/aarch64/aapcs64/test_align-3.c execution,  -O3 -g 
UNRESOLVED: gcc.target/aarch64/aapcs64/test_align-3.c execution,  -Og -g 
UNRESOLVED: gcc.target/aarch64/aapcs64/test_align-3.c execution,  -Os 
FAIL: gcc.target/aarch64/aapcs64/test_align-4.c compilation,  -O0 
FAIL: gcc.target/aarch64/aapcs64/test_align-4.c compilation,  -O1 
FAIL: gcc.target/aarch64/aapcs64/test_align-4.c compilation,  -O2 
FAIL: gcc.target/aarch64/aapcs64/test_align-4.c compilation,  -O3 -g 
FAIL: gcc.target/aarch64/aapcs64/test_align-4.c compilation,  -Og -g 
FAIL: gcc.target/aarch64/aapcs64/test_align-4.c compilation,  -Os 
UNRESOLVED: gcc.target/aarch64/aapcs64/test_align-4.c execution,  -O0 
UNRESOLVED: gcc.target/aarch64/aapcs64/test_align-4.c execution,  -O1 
UNRESOLVED: gcc.target/aarch64/aapcs64/test_align-4.c execution,  -O2 
UNRESOLVED: gcc.target/aarch64/aapcs64/test_align-4.c execution,  -O3 -g 
UNRESOLVED: gcc.target/aarch64/aapcs64/test_align-4.c execution,  -Og -g 
UNRESOLVED: gcc.target/aarch64/aapcs64/test_align-4.c execution,  -Os 
FAIL: gcc.target/aarch64/aapcs64/test_align-5.c compilation,  -O0 
FAIL: gcc.target/aarch64/aapcs64/test_align-5.c compilation,  -O1 
FAIL: gcc.target/aarch64/aapcs64/test_align-5.c compilation,  -O2 
FAIL: gcc.target/aarch64/aapcs64/test_align-5.c compilation,  -O3 -g 
FAIL: gcc.target/aarch64/aapcs64/test_align-5.c compilation,  -Og -g 
FAIL: gcc.target/aarch64/aapcs64/test_align-5.c compilation,  -Os 
UNRESOLVED: gcc.target/aarch64/aapcs64/test_align-5.c execution,  -O0 
UNRESOLVED: gcc.target/aarch64/aapcs64/test_align-5.c execution,  -O1 
UNRESOLVED: gcc.target/aarch64/aapcs64/test_align-5.c execution,  -O2 
UNRESOLVED: gcc.target/aarch64/aapcs64/test_align-5.c execution,  -O3 -g 
UNRESOLVED: gcc.target/aarch64/aapcs64/test_align-5.c execution,  -Og -g 
UNRESOLVED: gcc.target/aarch64/aapcs64/test_align-5.c execution,  -Os 
FAIL: gcc.target/aarch64/aapcs64/test_align-6.c compilation,  -O0 
FAIL: gcc.target/aarch64/aapcs64/test_align-6.c compilation,  -O1 
FAIL: gcc.target/aarch64/aapcs64/test_align-6.c compilation,  -O2 
FAIL: gcc.target/aarch64/aapcs64/test_align-6.c compilation,  -O3 -g 
FAIL: gcc.target/aarch64/aapcs64/test_align-6.c compilation,  -Og -g 
FAIL: gcc.target/aarch64/aapcs64/test_align-6.c compilation,  -Os 
UNRESOLVED: gcc.target/aarch64/aapcs64/test_align-6.c execution,  -O0 
UNRESOLVED: gcc.target/aarch64/aapcs64/test_align-6.c execution,  -O1 
UNRESOLVED: gcc.target/aarch64/aapcs64/test_align-6.c execution,  -O2 
UNRESOLVED: gcc.target/aarch64/aapcs64/test_align-6.c execution,  -O3 -g 
UNRESOLVED: gcc.target/aarch64/aapcs64/test_align-6.c execution,  -Og -g 
UNRESOLVED: gcc.target/aarch64/aapcs64/test_align-6.c execution,  -Os 
FAIL: gcc.target/aarch64/aapcs64/test_align-7.c compilation,  -O0 
FAIL: gcc.target/aarch64/aapcs64/test_align-7.c compilation,  -O1 
FAIL: gcc.target/aarch64/aapcs64/test_align-7.c compilation,  -O2 
FAIL: gcc.target/aarch64/aapcs64/test_align-7.c compilation,  -O3 -g 
FAIL: gcc.target/aarch64/aapcs64/test_align-7.c compilation,  -Og -g 
FAIL: gcc.target/aarch64/aapcs64/test_align-7.c compilation,  -Os 
UNRESOLVED: gcc.target/aarch64/aapcs64/test_align-7.c execution,  -O0 
UNRESOLVED: gcc.target/aarch64/aapcs64/test_align-7.c execution,  -O1 
UNRESOLVED: gcc.target/aarch64/aapcs64/test_align-7.c execution,  -O2 
UNRESOLVED: gcc.target/aarch64/aapcs64/test_align-7.c execution,  -O3 -g 
UNRESOLVED: gcc.target/aarch64/aapcs64/test_align-7.c execution,  -Og -g 
UNRESOLVED: gcc.target/aarch64/aapcs64/test_align-7.c execution,  -Os 
FAIL: gcc.target/aarch64/aapcs64/test_align-8.c compilation,  -O0 
FAIL: gcc.target/aarch64/aapcs64/test_align-8.c compilation,  -O1 
FAIL: gcc.target/aarch64/aapcs64/test_align-8.c compilation,  -O2 
FAIL: gcc.target/aarch64/aapcs64/test_align-8.c compilation,  -O3 -g 
FAIL: gcc.target/aarch64/aapcs64/test_align-8.c compilation,  -Og -g 
FAIL: gcc.target/aarch64/aapcs64/test_align-8.c compilation,  -Os 
UNRESOLVED: gcc.target/aarch64/aapcs64/test_align-8.c execution,  -O0 
UNRESOLVED: gcc.target/aarch64/aapcs64/test_align-8.c execution,  -O1 
UNRESOLVED: gcc.target/aarch64/aapcs64/test_align-8.c execution,  -O2 
UNRESOLVED: gcc.target/aarch64/aapcs64/test_align-8.c execution,  -O3 -g 
UNRESOLVED: gcc.target/aarch64/aapcs64/test_align-8.c execution,  -Og -g 
UNRESOLVED: gcc.target/aarch64/aapcs64/test_align-8.c execution,  -Os 
FAIL: gcc.target/aarch64/aapcs64/test_align-9.c compilation,  -O0 
FAIL: gcc.target/aarch64/aapcs64/test_align-9.c compilation,  -O1 
FAIL: gcc.target/aarch64/aapcs64/test_align-9.c compilation,  -O2 
FAIL: gcc.target/aarch64/aapcs64/test_align-9.c compilation,  -O3 -g 
FAIL: gcc.target/aarch64/aapcs64/test_align-9.c compilation,  -Og -g 
FAIL: gcc.target/aarch64/aapcs64/test_align-9.c compilation,  -Os 
UNRESOLVED: gcc.target/aarch64/aapcs64/test_align-9.c execution,  -O0 
UNRESOLVED: gcc.target/aarch64/aapcs64/test_align-9.c execution,  -O1 
UNRESOLVED: gcc.target/aarch64/aapcs64/test_align-9.c execution,  -O2 
UNRESOLVED: gcc.target/aarch64/aapcs64/test_align-9.c execution,  -O3 -g 
UNRESOLVED: gcc.target/aarch64/aapcs64/test_align-9.c execution,  -Og -g 
UNRESOLVED: gcc.target/aarch64/aapcs64/test_align-9.c execution,  -Os 
FAIL: gcc.target/aarch64/aapcs64/test_complex.c compilation,  -O0 
FAIL: gcc.target/aarch64/aapcs64/test_complex.c compilation,  -O1 
FAIL: gcc.target/aarch64/aapcs64/test_complex.c compilation,  -O2 
FAIL: gcc.target/aarch64/aapcs64/test_complex.c compilation,  -O3 -g 
FAIL: gcc.target/aarch64/aapcs64/test_complex.c compilation,  -Og -g 
FAIL: gcc.target/aarch64/aapcs64/test_complex.c compilation,  -Os 
UNRESOLVED: gcc.target/aarch64/aapcs64/test_complex.c execution,  -O0 
UNRESOLVED: gcc.target/aarch64/aapcs64/test_complex.c execution,  -O1 
UNRESOLVED: gcc.target/aarch64/aapcs64/test_complex.c execution,  -O2 
UNRESOLVED: gcc.target/aarch64/aapcs64/test_complex.c execution,  -O3 -g 
UNRESOLVED: gcc.target/aarch64/aapcs64/test_complex.c execution,  -Og -g 
UNRESOLVED: gcc.target/aarch64/aapcs64/test_complex.c execution,  -Os 
FAIL: gcc.target/aarch64/aapcs64/test_int128.c compilation,  -O0 
FAIL: gcc.target/aarch64/aapcs64/test_int128.c compilation,  -O1 
FAIL: gcc.target/aarch64/aapcs64/test_int128.c compilation,  -O2 
FAIL: gcc.target/aarch64/aapcs64/test_int128.c compilation,  -O3 -g 
FAIL: gcc.target/aarch64/aapcs64/test_int128.c compilation,  -Og -g 
FAIL: gcc.target/aarch64/aapcs64/test_int128.c compilation,  -Os 
UNRESOLVED: gcc.target/aarch64/aapcs64/test_int128.c execution,  -O0 
UNRESOLVED: gcc.target/aarch64/aapcs64/test_int128.c execution,  -O1 
UNRESOLVED: gcc.target/aarch64/aapcs64/test_int128.c execution,  -O2 
UNRESOLVED: gcc.target/aarch64/aapcs64/test_int128.c execution,  -O3 -g 
UNRESOLVED: gcc.target/aarch64/aapcs64/test_int128.c execution,  -Og -g 
UNRESOLVED: gcc.target/aarch64/aapcs64/test_int128.c execution,  -Os 
FAIL: gcc.target/aarch64/aapcs64/test_quad_double.c compilation,  -O0 
FAIL: gcc.target/aarch64/aapcs64/test_quad_double.c compilation,  -O1 
FAIL: gcc.target/aarch64/aapcs64/test_quad_double.c compilation,  -O2 
FAIL: gcc.target/aarch64/aapcs64/test_quad_double.c compilation,  -O3 -g 
FAIL: gcc.target/aarch64/aapcs64/test_quad_double.c compilation,  -Og -g 
FAIL: gcc.target/aarch64/aapcs64/test_quad_double.c compilation,  -Os 
UNRESOLVED: gcc.target/aarch64/aapcs64/test_quad_double.c execution,  -O0 
UNRESOLVED: gcc.target/aarch64/aapcs64/test_quad_double.c execution,  -O1 
UNRESOLVED: gcc.target/aarch64/aapcs64/test_quad_double.c execution,  -O2 
UNRESOLVED: gcc.target/aarch64/aapcs64/test_quad_double.c execution,  -O3 -g 
UNRESOLVED: gcc.target/aarch64/aapcs64/test_quad_double.c execution,  -Og -g 
UNRESOLVED: gcc.target/aarch64/aapcs64/test_quad_double.c execution,  -Os 
FAIL: gcc.target/aarch64/aapcs64/va_arg-1.c compilation,  -O0 
FAIL: gcc.target/aarch64/aapcs64/va_arg-1.c compilation,  -O1 
FAIL: gcc.target/aarch64/aapcs64/va_arg-1.c compilation,  -O2 
FAIL: gcc.target/aarch64/aapcs64/va_arg-1.c compilation,  -O3 -g 
FAIL: gcc.target/aarch64/aapcs64/va_arg-1.c compilation,  -Og -g 
FAIL: gcc.target/aarch64/aapcs64/va_arg-1.c compilation,  -Os 
UNRESOLVED: gcc.target/aarch64/aapcs64/va_arg-1.c execution,  -O0 
UNRESOLVED: gcc.target/aarch64/aapcs64/va_arg-1.c execution,  -O1 
UNRESOLVED: gcc.target/aarch64/aapcs64/va_arg-1.c execution,  -O2 
UNRESOLVED: gcc.target/aarch64/aapcs64/va_arg-1.c execution,  -O3 -g 
UNRESOLVED: gcc.target/aarch64/aapcs64/va_arg-1.c execution,  -Og -g 
UNRESOLVED: gcc.target/aarch64/aapcs64/va_arg-1.c execution,  -Os 
FAIL: gcc.target/aarch64/aapcs64/va_arg-10.c compilation,  -O0 
FAIL: gcc.target/aarch64/aapcs64/va_arg-10.c compilation,  -O1 
FAIL: gcc.target/aarch64/aapcs64/va_arg-10.c compilation,  -O2 
FAIL: gcc.target/aarch64/aapcs64/va_arg-10.c compilation,  -O3 -g 
FAIL: gcc.target/aarch64/aapcs64/va_arg-10.c compilation,  -Og -g 
FAIL: gcc.target/aarch64/aapcs64/va_arg-10.c compilation,  -Os 
UNRESOLVED: gcc.target/aarch64/aapcs64/va_arg-10.c execution,  -O0 
UNRESOLVED: gcc.target/aarch64/aapcs64/va_arg-10.c execution,  -O1 
UNRESOLVED: gcc.target/aarch64/aapcs64/va_arg-10.c execution,  -O2 
UNRESOLVED: gcc.target/aarch64/aapcs64/va_arg-10.c execution,  -O3 -g 
UNRESOLVED: gcc.target/aarch64/aapcs64/va_arg-10.c execution,  -Og -g 
UNRESOLVED: gcc.target/aarch64/aapcs64/va_arg-10.c execution,  -Os 
FAIL: gcc.target/aarch64/aapcs64/va_arg-11.c compilation,  -O0 
FAIL: gcc.target/aarch64/aapcs64/va_arg-11.c compilation,  -O1 
FAIL: gcc.target/aarch64/aapcs64/va_arg-11.c compilation,  -O2 
FAIL: gcc.target/aarch64/aapcs64/va_arg-11.c compilation,  -O3 -g 
FAIL: gcc.target/aarch64/aapcs64/va_arg-11.c compilation,  -Og -g 
FAIL: gcc.target/aarch64/aapcs64/va_arg-11.c compilation,  -Os 
UNRESOLVED: gcc.target/aarch64/aapcs64/va_arg-11.c execution,  -O0 
UNRESOLVED: gcc.target/aarch64/aapcs64/va_arg-11.c execution,  -O1 
UNRESOLVED: gcc.target/aarch64/aapcs64/va_arg-11.c execution,  -O2 
UNRESOLVED: gcc.target/aarch64/aapcs64/va_arg-11.c execution,  -O3 -g 
UNRESOLVED: gcc.target/aarch64/aapcs64/va_arg-11.c execution,  -Og -g 
UNRESOLVED: gcc.target/aarch64/aapcs64/va_arg-11.c execution,  -Os 
FAIL: gcc.target/aarch64/aapcs64/va_arg-12.c compilation,  -O0 
FAIL: gcc.target/aarch64/aapcs64/va_arg-12.c compilation,  -O1 
FAIL: gcc.target/aarch64/aapcs64/va_arg-12.c compilation,  -O2 
FAIL: gcc.target/aarch64/aapcs64/va_arg-12.c compilation,  -O3 -g 
FAIL: gcc.target/aarch64/aapcs64/va_arg-12.c compilation,  -Og -g 
FAIL: gcc.target/aarch64/aapcs64/va_arg-12.c compilation,  -Os 
UNRESOLVED: gcc.target/aarch64/aapcs64/va_arg-12.c execution,  -O0 
UNRESOLVED: gcc.target/aarch64/aapcs64/va_arg-12.c execution,  -O1 
UNRESOLVED: gcc.target/aarch64/aapcs64/va_arg-12.c execution,  -O2 
UNRESOLVED: gcc.target/aarch64/aapcs64/va_arg-12.c execution,  -O3 -g 
UNRESOLVED: gcc.target/aarch64/aapcs64/va_arg-12.c execution,  -Og -g 
UNRESOLVED: gcc.target/aarch64/aapcs64/va_arg-12.c execution,  -Os 
FAIL: gcc.target/aarch64/aapcs64/va_arg-13.c compilation,  -O0 
FAIL: gcc.target/aarch64/aapcs64/va_arg-13.c compilation,  -O1 
FAIL: gcc.target/aarch64/aapcs64/va_arg-13.c compilation,  -O2 
FAIL: gcc.target/aarch64/aapcs64/va_arg-13.c compilation,  -O3 -g 
FAIL: gcc.target/aarch64/aapcs64/va_arg-13.c compilation,  -Og -g 
FAIL: gcc.target/aarch64/aapcs64/va_arg-13.c compilation,  -Os 
UNRESOLVED: gcc.target/aarch64/aapcs64/va_arg-13.c execution,  -O0 
UNRESOLVED: gcc.target/aarch64/aapcs64/va_arg-13.c execution,  -O1 
UNRESOLVED: gcc.target/aarch64/aapcs64/va_arg-13.c execution,  -O2 
UNRESOLVED: gcc.target/aarch64/aapcs64/va_arg-13.c execution,  -O3 -g 
UNRESOLVED: gcc.target/aarch64/aapcs64/va_arg-13.c execution,  -Og -g 
UNRESOLVED: gcc.target/aarch64/aapcs64/va_arg-13.c execution,  -Os 
FAIL: gcc.target/aarch64/aapcs64/va_arg-14.c compilation,  -O0 
FAIL: gcc.target/aarch64/aapcs64/va_arg-14.c compilation,  -O1 
FAIL: gcc.target/aarch64/aapcs64/va_arg-14.c compilation,  -O2 
FAIL: gcc.target/aarch64/aapcs64/va_arg-14.c compilation,  -O3 -g 
FAIL: gcc.target/aarch64/aapcs64/va_arg-14.c compilation,  -Og -g 
FAIL: gcc.target/aarch64/aapcs64/va_arg-14.c compilation,  -Os 
UNRESOLVED: gcc.target/aarch64/aapcs64/va_arg-14.c execution,  -O0 
UNRESOLVED: gcc.target/aarch64/aapcs64/va_arg-14.c execution,  -O1 
UNRESOLVED: gcc.target/aarch64/aapcs64/va_arg-14.c execution,  -O2 
UNRESOLVED: gcc.target/aarch64/aapcs64/va_arg-14.c execution,  -O3 -g 
UNRESOLVED: gcc.target/aarch64/aapcs64/va_arg-14.c execution,  -Og -g 
UNRESOLVED: gcc.target/aarch64/aapcs64/va_arg-14.c execution,  -Os 
FAIL: gcc.target/aarch64/aapcs64/va_arg-15.c compilation,  -O0 
FAIL: gcc.target/aarch64/aapcs64/va_arg-15.c compilation,  -O1 
FAIL: gcc.target/aarch64/aapcs64/va_arg-15.c compilation,  -O2 
FAIL: gcc.target/aarch64/aapcs64/va_arg-15.c compilation,  -O3 -g 
FAIL: gcc.target/aarch64/aapcs64/va_arg-15.c compilation,  -Og -g 
FAIL: gcc.target/aarch64/aapcs64/va_arg-15.c compilation,  -Os 
UNRESOLVED: gcc.target/aarch64/aapcs64/va_arg-15.c execution,  -O0 
UNRESOLVED: gcc.target/aarch64/aapcs64/va_arg-15.c execution,  -O1 
UNRESOLVED: gcc.target/aarch64/aapcs64/va_arg-15.c execution,  -O2 
UNRESOLVED: gcc.target/aarch64/aapcs64/va_arg-15.c execution,  -O3 -g 
UNRESOLVED: gcc.target/aarch64/aapcs64/va_arg-15.c execution,  -Og -g 
UNRESOLVED: gcc.target/aarch64/aapcs64/va_arg-15.c execution,  -Os 
FAIL: gcc.target/aarch64/aapcs64/va_arg-16.c compilation,  -O0 
FAIL: gcc.target/aarch64/aapcs64/va_arg-16.c compilation,  -O1 
FAIL: gcc.target/aarch64/aapcs64/va_arg-16.c compilation,  -O2 
FAIL: gcc.target/aarch64/aapcs64/va_arg-16.c compilation,  -O3 -g 
FAIL: gcc.target/aarch64/aapcs64/va_arg-16.c compilation,  -Og -g 
FAIL: gcc.target/aarch64/aapcs64/va_arg-16.c compilation,  -Os 
UNRESOLVED: gcc.target/aarch64/aapcs64/va_arg-16.c execution,  -O0 
UNRESOLVED: gcc.target/aarch64/aapcs64/va_arg-16.c execution,  -O1 
UNRESOLVED: gcc.target/aarch64/aapcs64/va_arg-16.c execution,  -O2 
UNRESOLVED: gcc.target/aarch64/aapcs64/va_arg-16.c execution,  -O3 -g 
UNRESOLVED: gcc.target/aarch64/aapcs64/va_arg-16.c execution,  -Og -g 
UNRESOLVED: gcc.target/aarch64/aapcs64/va_arg-16.c execution,  -Os 
FAIL: gcc.target/aarch64/aapcs64/va_arg-2.c compilation,  -O0 
FAIL: gcc.target/aarch64/aapcs64/va_arg-2.c compilation,  -O1 
FAIL: gcc.target/aarch64/aapcs64/va_arg-2.c compilation,  -O2 
FAIL: gcc.target/aarch64/aapcs64/va_arg-2.c compilation,  -O3 -g 
FAIL: gcc.target/aarch64/aapcs64/va_arg-2.c compilation,  -Og -g 
FAIL: gcc.target/aarch64/aapcs64/va_arg-2.c compilation,  -Os 
UNRESOLVED: gcc.target/aarch64/aapcs64/va_arg-2.c execution,  -O0 
UNRESOLVED: gcc.target/aarch64/aapcs64/va_arg-2.c execution,  -O1 
UNRESOLVED: gcc.target/aarch64/aapcs64/va_arg-2.c execution,  -O2 
UNRESOLVED: gcc.target/aarch64/aapcs64/va_arg-2.c execution,  -O3 -g 
UNRESOLVED: gcc.target/aarch64/aapcs64/va_arg-2.c execution,  -Og -g 
UNRESOLVED: gcc.target/aarch64/aapcs64/va_arg-2.c execution,  -Os 
FAIL: gcc.target/aarch64/aapcs64/va_arg-3.c compilation,  -O0 
FAIL: gcc.target/aarch64/aapcs64/va_arg-3.c compilation,  -O1 
FAIL: gcc.target/aarch64/aapcs64/va_arg-3.c compilation,  -O2 
FAIL: gcc.target/aarch64/aapcs64/va_arg-3.c compilation,  -O3 -g 
FAIL: gcc.target/aarch64/aapcs64/va_arg-3.c compilation,  -Og -g 
FAIL: gcc.target/aarch64/aapcs64/va_arg-3.c compilation,  -Os 
UNRESOLVED: gcc.target/aarch64/aapcs64/va_arg-3.c execution,  -O0 
UNRESOLVED: gcc.target/aarch64/aapcs64/va_arg-3.c execution,  -O1 
UNRESOLVED: gcc.target/aarch64/aapcs64/va_arg-3.c execution,  -O2 
UNRESOLVED: gcc.target/aarch64/aapcs64/va_arg-3.c execution,  -O3 -g 
UNRESOLVED: gcc.target/aarch64/aapcs64/va_arg-3.c execution,  -Og -g 
UNRESOLVED: gcc.target/aarch64/aapcs64/va_arg-3.c execution,  -Os 
FAIL: gcc.target/aarch64/aapcs64/va_arg-4.c compilation,  -O0 
FAIL: gcc.target/aarch64/aapcs64/va_arg-4.c compilation,  -O1 
FAIL: gcc.target/aarch64/aapcs64/va_arg-4.c compilation,  -O2 
FAIL: gcc.target/aarch64/aapcs64/va_arg-4.c compilation,  -O3 -g 
FAIL: gcc.target/aarch64/aapcs64/va_arg-4.c compilation,  -Og -g 
FAIL: gcc.target/aarch64/aapcs64/va_arg-4.c compilation,  -Os 
UNRESOLVED: gcc.target/aarch64/aapcs64/va_arg-4.c execution,  -O0 
UNRESOLVED: gcc.target/aarch64/aapcs64/va_arg-4.c execution,  -O1 
UNRESOLVED: gcc.target/aarch64/aapcs64/va_arg-4.c execution,  -O2 
UNRESOLVED: gcc.target/aarch64/aapcs64/va_arg-4.c execution,  -O3 -g 
UNRESOLVED: gcc.target/aarch64/aapcs64/va_arg-4.c execution,  -Og -g 
UNRESOLVED: gcc.target/aarch64/aapcs64/va_arg-4.c execution,  -Os 
FAIL: gcc.target/aarch64/aapcs64/va_arg-5.c compilation,  -O0 
FAIL: gcc.target/aarch64/aapcs64/va_arg-5.c compilation,  -O1 
FAIL: gcc.target/aarch64/aapcs64/va_arg-5.c compilation,  -O2 
FAIL: gcc.target/aarch64/aapcs64/va_arg-5.c compilation,  -O3 -g 
FAIL: gcc.target/aarch64/aapcs64/va_arg-5.c compilation,  -Og -g 
FAIL: gcc.target/aarch64/aapcs64/va_arg-5.c compilation,  -Os 
UNRESOLVED: gcc.target/aarch64/aapcs64/va_arg-5.c execution,  -O0 
UNRESOLVED: gcc.target/aarch64/aapcs64/va_arg-5.c execution,  -O1 
UNRESOLVED: gcc.target/aarch64/aapcs64/va_arg-5.c execution,  -O2 
UNRESOLVED: gcc.target/aarch64/aapcs64/va_arg-5.c execution,  -O3 -g 
UNRESOLVED: gcc.target/aarch64/aapcs64/va_arg-5.c execution,  -Og -g 
UNRESOLVED: gcc.target/aarch64/aapcs64/va_arg-5.c execution,  -Os 
FAIL: gcc.target/aarch64/aapcs64/va_arg-6.c compilation,  -O0 
FAIL: gcc.target/aarch64/aapcs64/va_arg-6.c compilation,  -O1 
FAIL: gcc.target/aarch64/aapcs64/va_arg-6.c compilation,  -O2 
FAIL: gcc.target/aarch64/aapcs64/va_arg-6.c compilation,  -O3 -g 
FAIL: gcc.target/aarch64/aapcs64/va_arg-6.c compilation,  -Og -g 
FAIL: gcc.target/aarch64/aapcs64/va_arg-6.c compilation,  -Os 
UNRESOLVED: gcc.target/aarch64/aapcs64/va_arg-6.c execution,  -O0 
UNRESOLVED: gcc.target/aarch64/aapcs64/va_arg-6.c execution,  -O1 
UNRESOLVED: gcc.target/aarch64/aapcs64/va_arg-6.c execution,  -O2 
UNRESOLVED: gcc.target/aarch64/aapcs64/va_arg-6.c execution,  -O3 -g 
UNRESOLVED: gcc.target/aarch64/aapcs64/va_arg-6.c execution,  -Og -g 
UNRESOLVED: gcc.target/aarch64/aapcs64/va_arg-6.c execution,  -Os 
FAIL: gcc.target/aarch64/aapcs64/va_arg-7.c compilation,  -O0 
FAIL: gcc.target/aarch64/aapcs64/va_arg-7.c compilation,  -O1 
FAIL: gcc.target/aarch64/aapcs64/va_arg-7.c compilation,  -O2 
FAIL: gcc.target/aarch64/aapcs64/va_arg-7.c compilation,  -O3 -g 
FAIL: gcc.target/aarch64/aapcs64/va_arg-7.c compilation,  -Og -g 
FAIL: gcc.target/aarch64/aapcs64/va_arg-7.c compilation,  -Os 
UNRESOLVED: gcc.target/aarch64/aapcs64/va_arg-7.c execution,  -O0 
UNRESOLVED: gcc.target/aarch64/aapcs64/va_arg-7.c execution,  -O1 
UNRESOLVED: gcc.target/aarch64/aapcs64/va_arg-7.c execution,  -O2 
UNRESOLVED: gcc.target/aarch64/aapcs64/va_arg-7.c execution,  -O3 -g 
UNRESOLVED: gcc.target/aarch64/aapcs64/va_arg-7.c execution,  -Og -g 
UNRESOLVED: gcc.target/aarch64/aapcs64/va_arg-7.c execution,  -Os 
FAIL: gcc.target/aarch64/aapcs64/va_arg-8.c compilation,  -O0 
FAIL: gcc.target/aarch64/aapcs64/va_arg-8.c compilation,  -O1 
FAIL: gcc.target/aarch64/aapcs64/va_arg-8.c compilation,  -O2 
FAIL: gcc.target/aarch64/aapcs64/va_arg-8.c compilation,  -O3 -g 
FAIL: gcc.target/aarch64/aapcs64/va_arg-8.c compilation,  -Og -g 
FAIL: gcc.target/aarch64/aapcs64/va_arg-8.c compilation,  -Os 
UNRESOLVED: gcc.target/aarch64/aapcs64/va_arg-8.c execution,  -O0 
UNRESOLVED: gcc.target/aarch64/aapcs64/va_arg-8.c execution,  -O1 
UNRESOLVED: gcc.target/aarch64/aapcs64/va_arg-8.c execution,  -O2 
UNRESOLVED: gcc.target/aarch64/aapcs64/va_arg-8.c execution,  -O3 -g 
UNRESOLVED: gcc.target/aarch64/aapcs64/va_arg-8.c execution,  -Og -g 
UNRESOLVED: gcc.target/aarch64/aapcs64/va_arg-8.c execution,  -Os 
FAIL: gcc.target/aarch64/aapcs64/va_arg-9.c compilation,  -O0 
FAIL: gcc.target/aarch64/aapcs64/va_arg-9.c compilation,  -O1 
FAIL: gcc.target/aarch64/aapcs64/va_arg-9.c compilation,  -O2 
FAIL: gcc.target/aarch64/aapcs64/va_arg-9.c compilation,  -O3 -g 
FAIL: gcc.target/aarch64/aapcs64/va_arg-9.c compilation,  -Og -g 
FAIL: gcc.target/aarch64/aapcs64/va_arg-9.c compilation,  -Os 
UNRESOLVED: gcc.target/aarch64/aapcs64/va_arg-9.c execution,  -O0 
UNRESOLVED: gcc.target/aarch64/aapcs64/va_arg-9.c execution,  -O1 
UNRESOLVED: gcc.target/aarch64/aapcs64/va_arg-9.c execution,  -O2 
UNRESOLVED: gcc.target/aarch64/aapcs64/va_arg-9.c execution,  -O3 -g 
UNRESOLVED: gcc.target/aarch64/aapcs64/va_arg-9.c execution,  -Og -g 
UNRESOLVED: gcc.target/aarch64/aapcs64/va_arg-9.c execution,  -Os 
FAIL: gcc.target/aarch64/fuse_adrp_add_1.c scan-assembler adrp\\tx.*, fixed_regs\\n\\tadd\\tx.*, x.*fixed_regs
FAIL: gcc.target/aarch64/pr63304_1.c (test for excess errors)
FAIL: gcc.target/aarch64/pr63304_1.c scan-assembler-times adrp 6
FAIL: gcc.target/aarch64/pr70120-2.c (test for excess errors)
FAIL: gcc.target/aarch64/pr79041-2.c (test for excess errors)
UNRESOLVED: gcc.target/aarch64/pr79041-2.c scan-assembler adr
UNRESOLVED: gcc.target/aarch64/pr79041-2.c scan-assembler-not adrp
FAIL: gcc.target/aarch64/reload-valid-spoff.c (test for excess errors)
FAIL: gcc.target/aarch64/vect-abs-compile.c scan-assembler abs\\\\tv[0-9]+.16b
FAIL: gcc.target/aarch64/vect-abs-compile.c scan-assembler abs\\\\tv[0-9]+.8h
FAIL: gcc.target/aarch64/vect-add-sub-cond.c scan-assembler-not \\tld[^\\t]*\\t[wx]

		=== gcc Summary for unix ===

# of expected passes		115916
# of unexpected failures	829
# of unexpected successes	16
# of expected failures		329
# of unresolved testcases	339
# of unsupported tests		3398

Running target unix/-fstack-protector
FAIL: gcc.dg/stack-usage-1.c scan-file foo\\t(256|264)\\tstatic
FAIL: gcc.dg/superblock.c scan-rtl-dump-times sched2 "ADVANCING TO" 2
FAIL: gcc.dg/uninit-19.c  (test for warnings, line 23)
FAIL: gcc.dg/uninit-19.c (test for excess errors)
FAIL: gcc.dg/graphite/scop-19.c scan-tree-dump-times graphite "number of SCoPs: 0" 1
XPASS: gcc.dg/guality/example.c   -O0  execution test
XPASS: gcc.dg/guality/example.c   -O1  execution test
XPASS: gcc.dg/guality/example.c   -O2  execution test
XPASS: gcc.dg/guality/example.c   -O2 -flto -fno-use-linker-plugin -flto-partition=none  execution test
XPASS: gcc.dg/guality/guality.c   -O0  execution test
XPASS: gcc.dg/guality/guality.c   -O1  execution test
XPASS: gcc.dg/guality/guality.c   -O2  execution test
XPASS: gcc.dg/guality/guality.c   -O2 -flto -fno-use-linker-plugin -flto-partition=none  execution test
XPASS: gcc.dg/guality/guality.c   -O2 -flto -fuse-linker-plugin -fno-fat-lto-objects  execution test
XPASS: gcc.dg/guality/guality.c   -O3 -g  execution test
XPASS: gcc.dg/guality/guality.c   -Os  execution test
XPASS: gcc.dg/guality/inline-params.c   -O2  execution test
XPASS: gcc.dg/guality/inline-params.c   -O2 -flto -fno-use-linker-plugin -flto-partition=none  execution test
XPASS: gcc.dg/guality/inline-params.c   -O3 -g  execution test
XPASS: gcc.dg/guality/inline-params.c   -Os  execution test
FAIL: gcc.dg/guality/nrv-1.c   -O2 -flto -fuse-linker-plugin -fno-fat-lto-objects  line 20 a2.i[0] == 42
FAIL: gcc.dg/guality/pr36728-1.c   -O1  line 16 arg1 == 1
FAIL: gcc.dg/guality/pr36728-1.c   -O1  line 16 arg2 == 2
FAIL: gcc.dg/guality/pr36728-1.c   -O1  line 16 arg3 == 3
FAIL: gcc.dg/guality/pr36728-1.c   -O1  line 16 arg4 == 4
FAIL: gcc.dg/guality/pr36728-1.c   -O1  line 16 arg7 == 30
FAIL: gcc.dg/guality/pr36728-1.c   -O1  line 18 arg1 == 1
FAIL: gcc.dg/guality/pr36728-1.c   -O1  line 18 arg2 == 2
FAIL: gcc.dg/guality/pr36728-1.c   -O1  line 18 arg3 == 3
FAIL: gcc.dg/guality/pr36728-1.c   -O1  line 18 arg4 == 4
FAIL: gcc.dg/guality/pr36728-1.c   -O1  line 18 arg5 == 5
FAIL: gcc.dg/guality/pr36728-1.c   -O1  line 18 arg7 == 30
FAIL: gcc.dg/guality/pr36728-1.c   -O2  line 16 arg1 == 1
FAIL: gcc.dg/guality/pr36728-1.c   -O2  line 16 arg2 == 2
FAIL: gcc.dg/guality/pr36728-1.c   -O2  line 16 arg3 == 3
FAIL: gcc.dg/guality/pr36728-1.c   -O2  line 16 arg4 == 4
FAIL: gcc.dg/guality/pr36728-1.c   -O2  line 16 arg5 == 5
FAIL: gcc.dg/guality/pr36728-1.c   -O2  line 16 arg6 == 6
FAIL: gcc.dg/guality/pr36728-1.c   -O2  line 16 arg7 == 30
FAIL: gcc.dg/guality/pr36728-1.c   -O2  line 18 arg1 == 1
FAIL: gcc.dg/guality/pr36728-1.c   -O2  line 18 arg2 == 2
FAIL: gcc.dg/guality/pr36728-1.c   -O2  line 18 arg3 == 3
FAIL: gcc.dg/guality/pr36728-1.c   -O2  line 18 arg4 == 4
FAIL: gcc.dg/guality/pr36728-1.c   -O2  line 18 arg5 == 5
FAIL: gcc.dg/guality/pr36728-1.c   -O2  line 18 arg6 == 6
FAIL: gcc.dg/guality/pr36728-1.c   -O2  line 18 arg7 == 30
FAIL: gcc.dg/guality/pr36728-1.c   -O2 -flto -fno-use-linker-plugin -flto-partition=none  line 16 arg1 == 1
FAIL: gcc.dg/guality/pr36728-1.c   -O2 -flto -fno-use-linker-plugin -flto-partition=none  line 16 arg2 == 2
FAIL: gcc.dg/guality/pr36728-1.c   -O2 -flto -fno-use-linker-plugin -flto-partition=none  line 16 arg3 == 3
FAIL: gcc.dg/guality/pr36728-1.c   -O2 -flto -fno-use-linker-plugin -flto-partition=none  line 16 arg4 == 4
FAIL: gcc.dg/guality/pr36728-1.c   -O2 -flto -fno-use-linker-plugin -flto-partition=none  line 16 arg5 == 5
FAIL: gcc.dg/guality/pr36728-1.c   -O2 -flto -fno-use-linker-plugin -flto-partition=none  line 16 arg6 == 6
FAIL: gcc.dg/guality/pr36728-1.c   -O2 -flto -fno-use-linker-plugin -flto-partition=none  line 16 arg7 == 30
FAIL: gcc.dg/guality/pr36728-1.c   -O2 -flto -fno-use-linker-plugin -flto-partition=none  line 18 arg1 == 1
FAIL: gcc.dg/guality/pr36728-1.c   -O2 -flto -fno-use-linker-plugin -flto-partition=none  line 18 arg2 == 2
FAIL: gcc.dg/guality/pr36728-1.c   -O2 -flto -fno-use-linker-plugin -flto-partition=none  line 18 arg3 == 3
FAIL: gcc.dg/guality/pr36728-1.c   -O2 -flto -fno-use-linker-plugin -flto-partition=none  line 18 arg4 == 4
FAIL: gcc.dg/guality/pr36728-1.c   -O2 -flto -fno-use-linker-plugin -flto-partition=none  line 18 arg5 == 5
FAIL: gcc.dg/guality/pr36728-1.c   -O2 -flto -fno-use-linker-plugin -flto-partition=none  line 18 arg6 == 6
FAIL: gcc.dg/guality/pr36728-1.c   -O2 -flto -fno-use-linker-plugin -flto-partition=none  line 18 arg7 == 30
FAIL: gcc.dg/guality/pr36728-1.c   -O2 -flto -fuse-linker-plugin -fno-fat-lto-objects  line 16 arg1 == 1
FAIL: gcc.dg/guality/pr36728-1.c   -O2 -flto -fuse-linker-plugin -fno-fat-lto-objects  line 16 arg2 == 2
FAIL: gcc.dg/guality/pr36728-1.c   -O2 -flto -fuse-linker-plugin -fno-fat-lto-objects  line 16 arg3 == 3
FAIL: gcc.dg/guality/pr36728-1.c   -O2 -flto -fuse-linker-plugin -fno-fat-lto-objects  line 16 arg4 == 4
FAIL: gcc.dg/guality/pr36728-1.c   -O2 -flto -fuse-linker-plugin -fno-fat-lto-objects  line 16 arg5 == 5
FAIL: gcc.dg/guality/pr36728-1.c   -O2 -flto -fuse-linker-plugin -fno-fat-lto-objects  line 16 arg6 == 6
FAIL: gcc.dg/guality/pr36728-1.c   -O2 -flto -fuse-linker-plugin -fno-fat-lto-objects  line 16 arg7 == 30
FAIL: gcc.dg/guality/pr36728-1.c   -O2 -flto -fuse-linker-plugin -fno-fat-lto-objects  line 18 arg1 == 1
FAIL: gcc.dg/guality/pr36728-1.c   -O2 -flto -fuse-linker-plugin -fno-fat-lto-objects  line 18 arg2 == 2
FAIL: gcc.dg/guality/pr36728-1.c   -O2 -flto -fuse-linker-plugin -fno-fat-lto-objects  line 18 arg3 == 3
FAIL: gcc.dg/guality/pr36728-1.c   -O2 -flto -fuse-linker-plugin -fno-fat-lto-objects  line 18 arg4 == 4
FAIL: gcc.dg/guality/pr36728-1.c   -O2 -flto -fuse-linker-plugin -fno-fat-lto-objects  line 18 arg5 == 5
FAIL: gcc.dg/guality/pr36728-1.c   -O2 -flto -fuse-linker-plugin -fno-fat-lto-objects  line 18 arg6 == 6
FAIL: gcc.dg/guality/pr36728-1.c   -O2 -flto -fuse-linker-plugin -fno-fat-lto-objects  line 18 arg7 == 30
FAIL: gcc.dg/guality/pr36728-1.c   -O3 -g  line 16 arg1 == 1
FAIL: gcc.dg/guality/pr36728-1.c   -O3 -g  line 16 arg2 == 2
FAIL: gcc.dg/guality/pr36728-1.c   -O3 -g  line 16 arg3 == 3
FAIL: gcc.dg/guality/pr36728-1.c   -O3 -g  line 16 arg4 == 4
FAIL: gcc.dg/guality/pr36728-1.c   -O3 -g  line 16 arg5 == 5
FAIL: gcc.dg/guality/pr36728-1.c   -O3 -g  line 16 arg6 == 6
FAIL: gcc.dg/guality/pr36728-1.c   -O3 -g  line 16 arg7 == 30
FAIL: gcc.dg/guality/pr36728-1.c   -O3 -g  line 18 arg1 == 1
FAIL: gcc.dg/guality/pr36728-1.c   -O3 -g  line 18 arg2 == 2
FAIL: gcc.dg/guality/pr36728-1.c   -O3 -g  line 18 arg3 == 3
FAIL: gcc.dg/guality/pr36728-1.c   -O3 -g  line 18 arg4 == 4
FAIL: gcc.dg/guality/pr36728-1.c   -O3 -g  line 18 arg5 == 5
FAIL: gcc.dg/guality/pr36728-1.c   -O3 -g  line 18 arg6 == 6
FAIL: gcc.dg/guality/pr36728-1.c   -O3 -g  line 18 arg7 == 30
FAIL: gcc.dg/guality/pr36728-1.c   -Os  line 16 arg1 == 1
FAIL: gcc.dg/guality/pr36728-1.c   -Os  line 16 arg2 == 2
FAIL: gcc.dg/guality/pr36728-1.c   -Os  line 16 arg3 == 3
FAIL: gcc.dg/guality/pr36728-1.c   -Os  line 16 arg4 == 4
FAIL: gcc.dg/guality/pr36728-1.c   -Os  line 16 arg5 == 5
FAIL: gcc.dg/guality/pr36728-1.c   -Os  line 16 arg7 == 30
FAIL: gcc.dg/guality/pr36728-1.c   -Os  line 18 arg1 == 1
FAIL: gcc.dg/guality/pr36728-1.c   -Os  line 18 arg2 == 2
FAIL: gcc.dg/guality/pr36728-1.c   -Os  line 18 arg3 == 3
FAIL: gcc.dg/guality/pr36728-1.c   -Os  line 18 arg4 == 4
FAIL: gcc.dg/guality/pr36728-1.c   -Os  line 18 arg5 == 5
FAIL: gcc.dg/guality/pr36728-1.c   -Os  line 18 arg7 == 30
FAIL: gcc.dg/guality/pr36728-2.c   -O1  line 16 arg1 == 1
FAIL: gcc.dg/guality/pr36728-2.c   -O1  line 16 arg2 == 2
FAIL: gcc.dg/guality/pr36728-2.c   -O1  line 16 arg3 == 3
FAIL: gcc.dg/guality/pr36728-2.c   -O1  line 18 arg1 == 1
FAIL: gcc.dg/guality/pr36728-2.c   -O1  line 18 arg2 == 2
FAIL: gcc.dg/guality/pr36728-2.c   -O1  line 18 arg3 == 3
FAIL: gcc.dg/guality/pr36728-2.c   -O1  line 18 arg4 == 4
FAIL: gcc.dg/guality/pr36728-2.c   -O2  line 16 arg1 == 1
FAIL: gcc.dg/guality/pr36728-2.c   -O2  line 16 arg3 == 3
FAIL: gcc.dg/guality/pr36728-2.c   -O2  line 16 arg5 == 5
FAIL: gcc.dg/guality/pr36728-2.c   -O2  line 16 arg6 == 6
FAIL: gcc.dg/guality/pr36728-2.c   -O2  line 16 y == 2
FAIL: gcc.dg/guality/pr36728-2.c   -O2  line 18 arg1 == 1
FAIL: gcc.dg/guality/pr36728-2.c   -O2  line 18 arg2 == 2
FAIL: gcc.dg/guality/pr36728-2.c   -O2  line 18 arg3 == 3
FAIL: gcc.dg/guality/pr36728-2.c   -O2  line 18 arg5 == 5
FAIL: gcc.dg/guality/pr36728-2.c   -O2  line 18 arg6 == 6
FAIL: gcc.dg/guality/pr36728-2.c   -O2  line 18 arg7 == 30
FAIL: gcc.dg/guality/pr36728-2.c   -O2  line 18 y == 2
FAIL: gcc.dg/guality/pr36728-2.c   -O2 -flto -fno-use-linker-plugin -flto-partition=none  line 16 arg1 == 1
FAIL: gcc.dg/guality/pr36728-2.c   -O2 -flto -fno-use-linker-plugin -flto-partition=none  line 16 arg4 == 4
FAIL: gcc.dg/guality/pr36728-2.c   -O2 -flto -fno-use-linker-plugin -flto-partition=none  line 16 arg5 == 5
FAIL: gcc.dg/guality/pr36728-2.c   -O2 -flto -fno-use-linker-plugin -flto-partition=none  line 16 y == 2
FAIL: gcc.dg/guality/pr36728-2.c   -O2 -flto -fno-use-linker-plugin -flto-partition=none  line 18 arg1 == 1
FAIL: gcc.dg/guality/pr36728-2.c   -O2 -flto -fno-use-linker-plugin -flto-partition=none  line 18 arg2 == 2
FAIL: gcc.dg/guality/pr36728-2.c   -O2 -flto -fno-use-linker-plugin -flto-partition=none  line 18 arg4 == 4
FAIL: gcc.dg/guality/pr36728-2.c   -O2 -flto -fno-use-linker-plugin -flto-partition=none  line 18 arg5 == 5
FAIL: gcc.dg/guality/pr36728-2.c   -O2 -flto -fno-use-linker-plugin -flto-partition=none  line 18 y == 2
FAIL: gcc.dg/guality/pr36728-2.c   -O2 -flto -fuse-linker-plugin -fno-fat-lto-objects  line 16 arg1 == 1
FAIL: gcc.dg/guality/pr36728-2.c   -O2 -flto -fuse-linker-plugin -fno-fat-lto-objects  line 16 arg2 == 2
FAIL: gcc.dg/guality/pr36728-2.c   -O2 -flto -fuse-linker-plugin -fno-fat-lto-objects  line 16 arg3 == 3
FAIL: gcc.dg/guality/pr36728-2.c   -O2 -flto -fuse-linker-plugin -fno-fat-lto-objects  line 16 arg4 == 4
FAIL: gcc.dg/guality/pr36728-2.c   -O2 -flto -fuse-linker-plugin -fno-fat-lto-objects  line 16 arg5 == 5
FAIL: gcc.dg/guality/pr36728-2.c   -O2 -flto -fuse-linker-plugin -fno-fat-lto-objects  line 16 arg6 == 6
FAIL: gcc.dg/guality/pr36728-2.c   -O2 -flto -fuse-linker-plugin -fno-fat-lto-objects  line 16 arg7 == 30
FAIL: gcc.dg/guality/pr36728-2.c   -O2 -flto -fuse-linker-plugin -fno-fat-lto-objects  line 16 y == 2
FAIL: gcc.dg/guality/pr36728-2.c   -O2 -flto -fuse-linker-plugin -fno-fat-lto-objects  line 18 arg1 == 1
FAIL: gcc.dg/guality/pr36728-2.c   -O2 -flto -fuse-linker-plugin -fno-fat-lto-objects  line 18 arg2 == 2
FAIL: gcc.dg/guality/pr36728-2.c   -O2 -flto -fuse-linker-plugin -fno-fat-lto-objects  line 18 arg3 == 3
FAIL: gcc.dg/guality/pr36728-2.c   -O2 -flto -fuse-linker-plugin -fno-fat-lto-objects  line 18 arg4 == 4
FAIL: gcc.dg/guality/pr36728-2.c   -O2 -flto -fuse-linker-plugin -fno-fat-lto-objects  line 18 arg5 == 5
FAIL: gcc.dg/guality/pr36728-2.c   -O2 -flto -fuse-linker-plugin -fno-fat-lto-objects  line 18 arg6 == 6
FAIL: gcc.dg/guality/pr36728-2.c   -O2 -flto -fuse-linker-plugin -fno-fat-lto-objects  line 18 arg7 == 30
FAIL: gcc.dg/guality/pr36728-2.c   -O3 -g  line 16 arg1 == 1
FAIL: gcc.dg/guality/pr36728-2.c   -O3 -g  line 16 arg2 == 2
FAIL: gcc.dg/guality/pr36728-2.c   -O3 -g  line 16 arg3 == 3
FAIL: gcc.dg/guality/pr36728-2.c   -O3 -g  line 16 arg4 == 4
FAIL: gcc.dg/guality/pr36728-2.c   -O3 -g  line 16 arg5 == 5
FAIL: gcc.dg/guality/pr36728-2.c   -O3 -g  line 16 arg6 == 6
FAIL: gcc.dg/guality/pr36728-2.c   -O3 -g  line 16 arg7 == 30
FAIL: gcc.dg/guality/pr36728-2.c   -O3 -g  line 16 y == 2
FAIL: gcc.dg/guality/pr36728-2.c   -O3 -g  line 18 arg1 == 1
FAIL: gcc.dg/guality/pr36728-2.c   -O3 -g  line 18 arg2 == 2
FAIL: gcc.dg/guality/pr36728-2.c   -O3 -g  line 18 arg3 == 3
FAIL: gcc.dg/guality/pr36728-2.c   -O3 -g  line 18 arg4 == 4
FAIL: gcc.dg/guality/pr36728-2.c   -O3 -g  line 18 arg5 == 5
FAIL: gcc.dg/guality/pr36728-2.c   -O3 -g  line 18 arg6 == 6
FAIL: gcc.dg/guality/pr36728-2.c   -O3 -g  line 18 arg7 == 30
FAIL: gcc.dg/guality/pr36728-2.c   -O3 -g  line 18 y == 2
FAIL: gcc.dg/guality/pr36728-2.c   -Os  line 16 arg1 == 1
FAIL: gcc.dg/guality/pr36728-2.c   -Os  line 16 arg2 == 2
FAIL: gcc.dg/guality/pr36728-2.c   -Os  line 16 arg3 == 3
FAIL: gcc.dg/guality/pr36728-2.c   -Os  line 16 arg4 == 4
FAIL: gcc.dg/guality/pr36728-2.c   -Os  line 18 arg1 == 1
FAIL: gcc.dg/guality/pr36728-2.c   -Os  line 18 arg2 == 2
FAIL: gcc.dg/guality/pr36728-2.c   -Os  line 18 arg3 == 3
FAIL: gcc.dg/guality/pr36728-2.c   -Os  line 18 arg4 == 4
FAIL: gcc.dg/guality/pr36728-2.c   -Os  line 18 y == 2
FAIL: gcc.dg/guality/pr36728-3.c   -O1  line 14 arg1 == 1
FAIL: gcc.dg/guality/pr36728-3.c   -O1  line 14 arg2 == 2
FAIL: gcc.dg/guality/pr36728-3.c   -O1  line 14 arg3 == 3
FAIL: gcc.dg/guality/pr36728-3.c   -O1  line 14 arg4 == 4
FAIL: gcc.dg/guality/pr36728-3.c   -O1  line 14 arg7 == 30
FAIL: gcc.dg/guality/pr36728-3.c   -O1  line 16 arg1 == 1
FAIL: gcc.dg/guality/pr36728-3.c   -O1  line 16 arg2 == 2
FAIL: gcc.dg/guality/pr36728-3.c   -O1  line 16 arg3 == 3
FAIL: gcc.dg/guality/pr36728-3.c   -O1  line 16 arg4 == 4
FAIL: gcc.dg/guality/pr36728-3.c   -O1  line 16 arg7 == 30
FAIL: gcc.dg/guality/pr36728-3.c   -O2  line 14 arg1 == 1
FAIL: gcc.dg/guality/pr36728-3.c   -O2  line 14 arg2 == 2
FAIL: gcc.dg/guality/pr36728-3.c   -O2  line 14 arg3 == 3
FAIL: gcc.dg/guality/pr36728-3.c   -O2  line 14 arg4 == 4
FAIL: gcc.dg/guality/pr36728-3.c   -O2  line 14 arg5 == 5
FAIL: gcc.dg/guality/pr36728-3.c   -O2  line 14 arg7 == 30
FAIL: gcc.dg/guality/pr36728-3.c   -O2  line 16 arg1 == 1
FAIL: gcc.dg/guality/pr36728-3.c   -O2  line 16 arg2 == 2
FAIL: gcc.dg/guality/pr36728-3.c   -O2  line 16 arg3 == 3
FAIL: gcc.dg/guality/pr36728-3.c   -O2  line 16 arg4 == 4
FAIL: gcc.dg/guality/pr36728-3.c   -O2  line 16 arg5 == 5
FAIL: gcc.dg/guality/pr36728-3.c   -O2  line 16 arg7 == 30
FAIL: gcc.dg/guality/pr36728-3.c   -O2 -flto -fno-use-linker-plugin -flto-partition=none  line 14 arg1 == 1
FAIL: gcc.dg/guality/pr36728-3.c   -O2 -flto -fno-use-linker-plugin -flto-partition=none  line 14 arg2 == 2
FAIL: gcc.dg/guality/pr36728-3.c   -O2 -flto -fno-use-linker-plugin -flto-partition=none  line 14 arg3 == 3
FAIL: gcc.dg/guality/pr36728-3.c   -O2 -flto -fno-use-linker-plugin -flto-partition=none  line 14 arg4 == 4
FAIL: gcc.dg/guality/pr36728-3.c   -O2 -flto -fno-use-linker-plugin -flto-partition=none  line 14 arg5 == 5
FAIL: gcc.dg/guality/pr36728-3.c   -O2 -flto -fno-use-linker-plugin -flto-partition=none  line 14 arg7 == 30
FAIL: gcc.dg/guality/pr36728-3.c   -O2 -flto -fno-use-linker-plugin -flto-partition=none  line 16 arg1 == 1
FAIL: gcc.dg/guality/pr36728-3.c   -O2 -flto -fno-use-linker-plugin -flto-partition=none  line 16 arg2 == 2
FAIL: gcc.dg/guality/pr36728-3.c   -O2 -flto -fno-use-linker-plugin -flto-partition=none  line 16 arg3 == 3
FAIL: gcc.dg/guality/pr36728-3.c   -O2 -flto -fno-use-linker-plugin -flto-partition=none  line 16 arg4 == 4
FAIL: gcc.dg/guality/pr36728-3.c   -O2 -flto -fno-use-linker-plugin -flto-partition=none  line 16 arg5 == 5
FAIL: gcc.dg/guality/pr36728-3.c   -O2 -flto -fno-use-linker-plugin -flto-partition=none  line 16 arg7 == 30
FAIL: gcc.dg/guality/pr36728-3.c   -O2 -flto -fuse-linker-plugin -fno-fat-lto-objects  line 14 arg1 == 1
FAIL: gcc.dg/guality/pr36728-3.c   -O2 -flto -fuse-linker-plugin -fno-fat-lto-objects  line 14 arg2 == 2
FAIL: gcc.dg/guality/pr36728-3.c   -O2 -flto -fuse-linker-plugin -fno-fat-lto-objects  line 14 arg3 == 3
FAIL: gcc.dg/guality/pr36728-3.c   -O2 -flto -fuse-linker-plugin -fno-fat-lto-objects  line 14 arg4 == 4
FAIL: gcc.dg/guality/pr36728-3.c   -O2 -flto -fuse-linker-plugin -fno-fat-lto-objects  line 14 arg5 == 5
FAIL: gcc.dg/guality/pr36728-3.c   -O2 -flto -fuse-linker-plugin -fno-fat-lto-objects  line 14 arg6 == 6
FAIL: gcc.dg/guality/pr36728-3.c   -O2 -flto -fuse-linker-plugin -fno-fat-lto-objects  line 14 arg7 == 30
FAIL: gcc.dg/guality/pr36728-3.c   -O2 -flto -fuse-linker-plugin -fno-fat-lto-objects  line 16 arg1 == 1
FAIL: gcc.dg/guality/pr36728-3.c   -O2 -flto -fuse-linker-plugin -fno-fat-lto-objects  line 16 arg2 == 2
FAIL: gcc.dg/guality/pr36728-3.c   -O2 -flto -fuse-linker-plugin -fno-fat-lto-objects  line 16 arg3 == 3
FAIL: gcc.dg/guality/pr36728-3.c   -O2 -flto -fuse-linker-plugin -fno-fat-lto-objects  line 16 arg4 == 4
FAIL: gcc.dg/guality/pr36728-3.c   -O2 -flto -fuse-linker-plugin -fno-fat-lto-objects  line 16 arg5 == 5
FAIL: gcc.dg/guality/pr36728-3.c   -O2 -flto -fuse-linker-plugin -fno-fat-lto-objects  line 16 arg6 == 6
FAIL: gcc.dg/guality/pr36728-3.c   -O2 -flto -fuse-linker-plugin -fno-fat-lto-objects  line 16 arg7 == 30
FAIL: gcc.dg/guality/pr36728-3.c   -O3 -g  line 14 arg1 == 1
FAIL: gcc.dg/guality/pr36728-3.c   -O3 -g  line 14 arg2 == 2
FAIL: gcc.dg/guality/pr36728-3.c   -O3 -g  line 14 arg3 == 3
FAIL: gcc.dg/guality/pr36728-3.c   -O3 -g  line 14 arg4 == 4
FAIL: gcc.dg/guality/pr36728-3.c   -O3 -g  line 14 arg5 == 5
FAIL: gcc.dg/guality/pr36728-3.c   -O3 -g  line 14 arg6 == 6
FAIL: gcc.dg/guality/pr36728-3.c   -O3 -g  line 14 arg7 == 30
FAIL: gcc.dg/guality/pr36728-3.c   -O3 -g  line 16 arg1 == 1
FAIL: gcc.dg/guality/pr36728-3.c   -O3 -g  line 16 arg2 == 2
FAIL: gcc.dg/guality/pr36728-3.c   -O3 -g  line 16 arg3 == 3
FAIL: gcc.dg/guality/pr36728-3.c   -O3 -g  line 16 arg4 == 4
FAIL: gcc.dg/guality/pr36728-3.c   -O3 -g  line 16 arg5 == 5
FAIL: gcc.dg/guality/pr36728-3.c   -O3 -g  line 16 arg6 == 6
FAIL: gcc.dg/guality/pr36728-3.c   -O3 -g  line 16 arg7 == 30
FAIL: gcc.dg/guality/pr36728-3.c   -Os  line 14 arg1 == 1
FAIL: gcc.dg/guality/pr36728-3.c   -Os  line 14 arg2 == 2
FAIL: gcc.dg/guality/pr36728-3.c   -Os  line 14 arg3 == 3
FAIL: gcc.dg/guality/pr36728-3.c   -Os  line 14 arg4 == 4
FAIL: gcc.dg/guality/pr36728-3.c   -Os  line 14 arg7 == 30
FAIL: gcc.dg/guality/pr36728-3.c   -Os  line 16 arg1 == 1
FAIL: gcc.dg/guality/pr36728-3.c   -Os  line 16 arg2 == 2
FAIL: gcc.dg/guality/pr36728-3.c   -Os  line 16 arg3 == 3
FAIL: gcc.dg/guality/pr36728-3.c   -Os  line 16 arg4 == 4
FAIL: gcc.dg/guality/pr36728-3.c   -Os  line 16 arg7 == 30
FAIL: gcc.dg/guality/pr36728-4.c   -O1  line 14 arg1 == 1
FAIL: gcc.dg/guality/pr36728-4.c   -O1  line 14 arg2 == 2
FAIL: gcc.dg/guality/pr36728-4.c   -O1  line 14 arg3 == 3
FAIL: gcc.dg/guality/pr36728-4.c   -O1  line 16 arg1 == 1
FAIL: gcc.dg/guality/pr36728-4.c   -O1  line 16 arg2 == 2
FAIL: gcc.dg/guality/pr36728-4.c   -O1  line 16 arg3 == 3
FAIL: gcc.dg/guality/pr36728-4.c   -O2  line 14 arg1 == 1
FAIL: gcc.dg/guality/pr36728-4.c   -O2  line 14 arg2 == 2
FAIL: gcc.dg/guality/pr36728-4.c   -O2  line 14 arg3 == 3
FAIL: gcc.dg/guality/pr36728-4.c   -O2  line 14 arg4 == 4
FAIL: gcc.dg/guality/pr36728-4.c   -O2  line 16 arg1 == 1
FAIL: gcc.dg/guality/pr36728-4.c   -O2  line 16 arg2 == 2
FAIL: gcc.dg/guality/pr36728-4.c   -O2  line 16 arg3 == 3
FAIL: gcc.dg/guality/pr36728-4.c   -O2  line 16 arg4 == 4
FAIL: gcc.dg/guality/pr36728-4.c   -O2 -flto -fno-use-linker-plugin -flto-partition=none  line 14 arg1 == 1
FAIL: gcc.dg/guality/pr36728-4.c   -O2 -flto -fno-use-linker-plugin -flto-partition=none  line 14 arg2 == 2
FAIL: gcc.dg/guality/pr36728-4.c   -O2 -flto -fno-use-linker-plugin -flto-partition=none  line 14 arg3 == 3
FAIL: gcc.dg/guality/pr36728-4.c   -O2 -flto -fno-use-linker-plugin -flto-partition=none  line 16 arg1 == 1
FAIL: gcc.dg/guality/pr36728-4.c   -O2 -flto -fno-use-linker-plugin -flto-partition=none  line 16 arg2 == 2
FAIL: gcc.dg/guality/pr36728-4.c   -O2 -flto -fno-use-linker-plugin -flto-partition=none  line 16 arg3 == 3
FAIL: gcc.dg/guality/pr36728-4.c   -O2 -flto -fuse-linker-plugin -fno-fat-lto-objects  line 14 arg1 == 1
FAIL: gcc.dg/guality/pr36728-4.c   -O2 -flto -fuse-linker-plugin -fno-fat-lto-objects  line 14 arg2 == 2
FAIL: gcc.dg/guality/pr36728-4.c   -O2 -flto -fuse-linker-plugin -fno-fat-lto-objects  line 14 arg3 == 3
FAIL: gcc.dg/guality/pr36728-4.c   -O2 -flto -fuse-linker-plugin -fno-fat-lto-objects  line 14 arg4 == 4
FAIL: gcc.dg/guality/pr36728-4.c   -O2 -flto -fuse-linker-plugin -fno-fat-lto-objects  line 14 arg5 == 5
FAIL: gcc.dg/guality/pr36728-4.c   -O2 -flto -fuse-linker-plugin -fno-fat-lto-objects  line 14 arg6 == 6
FAIL: gcc.dg/guality/pr36728-4.c   -O2 -flto -fuse-linker-plugin -fno-fat-lto-objects  line 14 arg7 == 30
FAIL: gcc.dg/guality/pr36728-4.c   -O2 -flto -fuse-linker-plugin -fno-fat-lto-objects  line 16 arg1 == 1
FAIL: gcc.dg/guality/pr36728-4.c   -O2 -flto -fuse-linker-plugin -fno-fat-lto-objects  line 16 arg2 == 2
FAIL: gcc.dg/guality/pr36728-4.c   -O2 -flto -fuse-linker-plugin -fno-fat-lto-objects  line 16 arg3 == 3
FAIL: gcc.dg/guality/pr36728-4.c   -O2 -flto -fuse-linker-plugin -fno-fat-lto-objects  line 16 arg4 == 4
FAIL: gcc.dg/guality/pr36728-4.c   -O2 -flto -fuse-linker-plugin -fno-fat-lto-objects  line 16 arg5 == 5
FAIL: gcc.dg/guality/pr36728-4.c   -O2 -flto -fuse-linker-plugin -fno-fat-lto-objects  line 16 arg6 == 6
FAIL: gcc.dg/guality/pr36728-4.c   -O2 -flto -fuse-linker-plugin -fno-fat-lto-objects  line 16 arg7 == 30
FAIL: gcc.dg/guality/pr36728-4.c   -O3 -g  line 14 arg1 == 1
FAIL: gcc.dg/guality/pr36728-4.c   -O3 -g  line 14 arg2 == 2
FAIL: gcc.dg/guality/pr36728-4.c   -O3 -g  line 14 arg3 == 3
FAIL: gcc.dg/guality/pr36728-4.c   -O3 -g  line 14 arg4 == 4
FAIL: gcc.dg/guality/pr36728-4.c   -O3 -g  line 14 arg5 == 5
FAIL: gcc.dg/guality/pr36728-4.c   -O3 -g  line 14 arg6 == 6
FAIL: gcc.dg/guality/pr36728-4.c   -O3 -g  line 14 arg7 == 30
FAIL: gcc.dg/guality/pr36728-4.c   -O3 -g  line 16 arg1 == 1
FAIL: gcc.dg/guality/pr36728-4.c   -O3 -g  line 16 arg2 == 2
FAIL: gcc.dg/guality/pr36728-4.c   -O3 -g  line 16 arg3 == 3
FAIL: gcc.dg/guality/pr36728-4.c   -O3 -g  line 16 arg4 == 4
FAIL: gcc.dg/guality/pr36728-4.c   -O3 -g  line 16 arg5 == 5
FAIL: gcc.dg/guality/pr36728-4.c   -O3 -g  line 16 arg6 == 6
FAIL: gcc.dg/guality/pr36728-4.c   -O3 -g  line 16 arg7 == 30
FAIL: gcc.dg/guality/pr36728-4.c   -Os  line 14 arg1 == 1
FAIL: gcc.dg/guality/pr36728-4.c   -Os  line 14 arg2 == 2
FAIL: gcc.dg/guality/pr36728-4.c   -Os  line 14 arg3 == 3
FAIL: gcc.dg/guality/pr36728-4.c   -Os  line 16 arg1 == 1
FAIL: gcc.dg/guality/pr36728-4.c   -Os  line 16 arg2 == 2
FAIL: gcc.dg/guality/pr36728-4.c   -Os  line 16 arg3 == 3
XPASS: gcc.dg/guality/pr41353-1.c   -O0  line 28 j == 28 + 37
FAIL: gcc.dg/guality/pr41447-1.c   -O2  execution test
FAIL: gcc.dg/guality/pr41447-1.c   -O2 -flto -fno-use-linker-plugin -flto-partition=none  execution test
FAIL: gcc.dg/guality/pr41447-1.c   -O3 -g  execution test
FAIL: gcc.dg/guality/pr41447-1.c   -Os  execution test
FAIL: gcc.dg/guality/pr41616-1.c   -O2 -flto -fuse-linker-plugin -fno-fat-lto-objects  execution test
FAIL: gcc.dg/guality/pr45882.c   -O2 -flto -fuse-linker-plugin -fno-fat-lto-objects  line 16 d == 112
FAIL: gcc.dg/guality/pr45882.c   -O2 -flto -fuse-linker-plugin -fno-fat-lto-objects  line 16 e == 142
FAIL: gcc.dg/guality/pr54200.c   -O1  line 20 z == 3
FAIL: gcc.dg/guality/pr54200.c   -O2  line 20 z == 3
FAIL: gcc.dg/guality/pr54200.c   -O2 -flto -fno-use-linker-plugin -flto-partition=none  line 20 z == 3
FAIL: gcc.dg/guality/pr54200.c   -O3 -g  line 20 z == 3
FAIL: gcc.dg/guality/pr54200.c   -Os  line 20 z == 3
FAIL: gcc.dg/guality/pr54519-1.c   -O1  line 20 z == 6
FAIL: gcc.dg/guality/pr54519-1.c   -O1  line 23 z == 8
FAIL: gcc.dg/guality/pr54519-1.c   -O2  line 20 y == 25
FAIL: gcc.dg/guality/pr54519-1.c   -O2  line 20 z == 6
FAIL: gcc.dg/guality/pr54519-1.c   -O2  line 23 y == 117
FAIL: gcc.dg/guality/pr54519-1.c   -O2  line 23 z == 8
FAIL: gcc.dg/guality/pr54519-1.c   -O2 -flto -fno-use-linker-plugin -flto-partition=none  line 20 y == 25
FAIL: gcc.dg/guality/pr54519-1.c   -O2 -flto -fno-use-linker-plugin -flto-partition=none  line 20 z == 6
FAIL: gcc.dg/guality/pr54519-1.c   -O2 -flto -fno-use-linker-plugin -flto-partition=none  line 23 y == 117
FAIL: gcc.dg/guality/pr54519-1.c   -O2 -flto -fno-use-linker-plugin -flto-partition=none  line 23 z == 8
FAIL: gcc.dg/guality/pr54519-1.c   -Os  line 20 y == 25
FAIL: gcc.dg/guality/pr54519-1.c   -Os  line 20 z == 6
FAIL: gcc.dg/guality/pr54519-1.c   -Os  line 23 y == 117
FAIL: gcc.dg/guality/pr54519-1.c   -Os  line 23 z == 8
FAIL: gcc.dg/guality/pr54519-2.c   -O1  line 17 y == 25
FAIL: gcc.dg/guality/pr54519-2.c   -O2  line 17 y == 25
FAIL: gcc.dg/guality/pr54519-2.c   -O2 -flto -fno-use-linker-plugin -flto-partition=none  line 17 y == 25
FAIL: gcc.dg/guality/pr54519-2.c   -O2 -flto -fuse-linker-plugin -fno-fat-lto-objects  line 17 y == 25
FAIL: gcc.dg/guality/pr54519-2.c   -Os  line 17 y == 25
FAIL: gcc.dg/guality/pr54519-3.c   -O1  line 20 z == 6
FAIL: gcc.dg/guality/pr54519-3.c   -O1  line 23 z == 8
FAIL: gcc.dg/guality/pr54519-3.c   -O2 -flto -fno-use-linker-plugin -flto-partition=none  line 20 y == 25
FAIL: gcc.dg/guality/pr54519-3.c   -O2 -flto -fno-use-linker-plugin -flto-partition=none  line 20 z == 6
FAIL: gcc.dg/guality/pr54519-3.c   -O2 -flto -fno-use-linker-plugin -flto-partition=none  line 23 y == 117
FAIL: gcc.dg/guality/pr54519-3.c   -O2 -flto -fno-use-linker-plugin -flto-partition=none  line 23 z == 8
FAIL: gcc.dg/guality/pr54519-3.c   -O2 -flto -fuse-linker-plugin -fno-fat-lto-objects  line 20 y == 25
FAIL: gcc.dg/guality/pr54519-3.c   -O2 -flto -fuse-linker-plugin -fno-fat-lto-objects  line 20 z == 6
FAIL: gcc.dg/guality/pr54519-3.c   -O2 -flto -fuse-linker-plugin -fno-fat-lto-objects  line 23 y == 117
FAIL: gcc.dg/guality/pr54519-3.c   -O2 -flto -fuse-linker-plugin -fno-fat-lto-objects  line 23 z == 8
FAIL: gcc.dg/guality/pr54519-4.c   -O1  line 17 y == 25
FAIL: gcc.dg/guality/pr54519-4.c   -O2 -flto -fno-use-linker-plugin -flto-partition=none  line 17 y == 25
FAIL: gcc.dg/guality/pr54519-4.c   -O2 -flto -fuse-linker-plugin -fno-fat-lto-objects  line 17 y == 25
FAIL: gcc.dg/guality/pr54519-5.c   -O1  line 17 y == 25
FAIL: gcc.dg/guality/pr54519-5.c   -O2  line 17 y == 25
FAIL: gcc.dg/guality/pr54519-5.c   -O2 -flto -fno-use-linker-plugin -flto-partition=none  line 17 y == 25
FAIL: gcc.dg/guality/pr54519-5.c   -O2 -flto -fuse-linker-plugin -fno-fat-lto-objects  line 17 y == 25
FAIL: gcc.dg/guality/pr54519-5.c   -Os  line 17 y == 25
FAIL: gcc.dg/guality/pr54551.c   -O1  line 18 a == 4
FAIL: gcc.dg/guality/pr54551.c   -O1  line 18 z == 3
FAIL: gcc.dg/guality/pr54693-2.c   -Os  line 21 z == 30 - 3 * i
FAIL: gcc.dg/guality/pr54796.c   -O1  line 17 a == 5
FAIL: gcc.dg/guality/pr54796.c   -O1  line 17 b == 6
FAIL: gcc.dg/guality/pr54796.c   -O1  line 17 c == 5
FAIL: gcc.dg/guality/pr54796.c   -O2  line 17 a == 5
FAIL: gcc.dg/guality/pr54796.c   -O2  line 17 b == 6
FAIL: gcc.dg/guality/pr54796.c   -O2  line 17 c == 5
FAIL: gcc.dg/guality/pr54796.c   -O2 -flto -fno-use-linker-plugin -flto-partition=none  line 17 a == 5
FAIL: gcc.dg/guality/pr54796.c   -O2 -flto -fno-use-linker-plugin -flto-partition=none  line 17 b == 6
FAIL: gcc.dg/guality/pr54796.c   -O2 -flto -fno-use-linker-plugin -flto-partition=none  line 17 c == 5
FAIL: gcc.dg/guality/pr54796.c   -O2 -flto -fuse-linker-plugin -fno-fat-lto-objects  line 17 a == 5
FAIL: gcc.dg/guality/pr54796.c   -O2 -flto -fuse-linker-plugin -fno-fat-lto-objects  line 17 b == 6
FAIL: gcc.dg/guality/pr54796.c   -O2 -flto -fuse-linker-plugin -fno-fat-lto-objects  line 17 c == 5
FAIL: gcc.dg/guality/pr54796.c   -O3 -g  line 17 a == 5
FAIL: gcc.dg/guality/pr54796.c   -O3 -g  line 17 b == 6
FAIL: gcc.dg/guality/pr54796.c   -O3 -g  line 17 c == 5
FAIL: gcc.dg/guality/pr54796.c   -Os  line 17 a == 5
FAIL: gcc.dg/guality/pr54796.c   -Os  line 17 b == 6
FAIL: gcc.dg/guality/pr54796.c   -Os  line 17 c == 5
FAIL: gcc.dg/guality/pr68860-1.c   -O1  line 14 arg1 == 1
FAIL: gcc.dg/guality/pr68860-1.c   -O1  line 14 arg2 == 2
FAIL: gcc.dg/guality/pr68860-1.c   -O1  line 14 arg3 == 3
FAIL: gcc.dg/guality/pr68860-1.c   -O1  line 14 arg4 == 4
FAIL: gcc.dg/guality/pr68860-1.c   -O1  line 14 arg7 == 30
FAIL: gcc.dg/guality/pr68860-1.c   -O1  line 16 arg1 == 1
FAIL: gcc.dg/guality/pr68860-1.c   -O1  line 16 arg2 == 2
FAIL: gcc.dg/guality/pr68860-1.c   -O1  line 16 arg3 == 3
FAIL: gcc.dg/guality/pr68860-1.c   -O1  line 16 arg4 == 4
FAIL: gcc.dg/guality/pr68860-1.c   -O1  line 16 arg7 == 30
FAIL: gcc.dg/guality/pr68860-1.c   -O2  line 14 arg1 == 1
FAIL: gcc.dg/guality/pr68860-1.c   -O2  line 14 arg2 == 2
FAIL: gcc.dg/guality/pr68860-1.c   -O2  line 14 arg3 == 3
FAIL: gcc.dg/guality/pr68860-1.c   -O2  line 14 arg4 == 4
FAIL: gcc.dg/guality/pr68860-1.c   -O2  line 14 arg5 == 5
FAIL: gcc.dg/guality/pr68860-1.c   -O2  line 14 arg6 == 6
FAIL: gcc.dg/guality/pr68860-1.c   -O2  line 14 arg7 == 30
FAIL: gcc.dg/guality/pr68860-1.c   -O2  line 16 arg1 == 1
FAIL: gcc.dg/guality/pr68860-1.c   -O2  line 16 arg2 == 2
FAIL: gcc.dg/guality/pr68860-1.c   -O2  line 16 arg3 == 3
FAIL: gcc.dg/guality/pr68860-1.c   -O2  line 16 arg4 == 4
FAIL: gcc.dg/guality/pr68860-1.c   -O2  line 16 arg5 == 5
FAIL: gcc.dg/guality/pr68860-1.c   -O2  line 16 arg6 == 6
FAIL: gcc.dg/guality/pr68860-1.c   -O2  line 16 arg7 == 30
FAIL: gcc.dg/guality/pr68860-1.c   -O2 -flto -fno-use-linker-plugin -flto-partition=none  line 14 arg1 == 1
FAIL: gcc.dg/guality/pr68860-1.c   -O2 -flto -fno-use-linker-plugin -flto-partition=none  line 14 arg2 == 2
FAIL: gcc.dg/guality/pr68860-1.c   -O2 -flto -fno-use-linker-plugin -flto-partition=none  line 14 arg3 == 3
FAIL: gcc.dg/guality/pr68860-1.c   -O2 -flto -fno-use-linker-plugin -flto-partition=none  line 14 arg4 == 4
FAIL: gcc.dg/guality/pr68860-1.c   -O2 -flto -fno-use-linker-plugin -flto-partition=none  line 14 arg5 == 5
FAIL: gcc.dg/guality/pr68860-1.c   -O2 -flto -fno-use-linker-plugin -flto-partition=none  line 14 arg6 == 6
FAIL: gcc.dg/guality/pr68860-1.c   -O2 -flto -fno-use-linker-plugin -flto-partition=none  line 14 arg7 == 30
FAIL: gcc.dg/guality/pr68860-1.c   -O2 -flto -fno-use-linker-plugin -flto-partition=none  line 16 arg1 == 1
FAIL: gcc.dg/guality/pr68860-1.c   -O2 -flto -fno-use-linker-plugin -flto-partition=none  line 16 arg2 == 2
FAIL: gcc.dg/guality/pr68860-1.c   -O2 -flto -fno-use-linker-plugin -flto-partition=none  line 16 arg3 == 3
FAIL: gcc.dg/guality/pr68860-1.c   -O2 -flto -fno-use-linker-plugin -flto-partition=none  line 16 arg4 == 4
FAIL: gcc.dg/guality/pr68860-1.c   -O2 -flto -fno-use-linker-plugin -flto-partition=none  line 16 arg5 == 5
FAIL: gcc.dg/guality/pr68860-1.c   -O2 -flto -fno-use-linker-plugin -flto-partition=none  line 16 arg6 == 6
FAIL: gcc.dg/guality/pr68860-1.c   -O2 -flto -fno-use-linker-plugin -flto-partition=none  line 16 arg7 == 30
FAIL: gcc.dg/guality/pr68860-1.c   -O2 -flto -fuse-linker-plugin -fno-fat-lto-objects  line 14 arg1 == 1
FAIL: gcc.dg/guality/pr68860-1.c   -O2 -flto -fuse-linker-plugin -fno-fat-lto-objects  line 14 arg2 == 2
FAIL: gcc.dg/guality/pr68860-1.c   -O2 -flto -fuse-linker-plugin -fno-fat-lto-objects  line 14 arg3 == 3
FAIL: gcc.dg/guality/pr68860-1.c   -O2 -flto -fuse-linker-plugin -fno-fat-lto-objects  line 14 arg4 == 4
FAIL: gcc.dg/guality/pr68860-1.c   -O2 -flto -fuse-linker-plugin -fno-fat-lto-objects  line 14 arg5 == 5
FAIL: gcc.dg/guality/pr68860-1.c   -O2 -flto -fuse-linker-plugin -fno-fat-lto-objects  line 14 arg6 == 6
FAIL: gcc.dg/guality/pr68860-1.c   -O2 -flto -fuse-linker-plugin -fno-fat-lto-objects  line 14 arg7 == 30
FAIL: gcc.dg/guality/pr68860-1.c   -O2 -flto -fuse-linker-plugin -fno-fat-lto-objects  line 16 arg1 == 1
FAIL: gcc.dg/guality/pr68860-1.c   -O2 -flto -fuse-linker-plugin -fno-fat-lto-objects  line 16 arg2 == 2
FAIL: gcc.dg/guality/pr68860-1.c   -O2 -flto -fuse-linker-plugin -fno-fat-lto-objects  line 16 arg3 == 3
FAIL: gcc.dg/guality/pr68860-1.c   -O2 -flto -fuse-linker-plugin -fno-fat-lto-objects  line 16 arg4 == 4
FAIL: gcc.dg/guality/pr68860-1.c   -O2 -flto -fuse-linker-plugin -fno-fat-lto-objects  line 16 arg5 == 5
FAIL: gcc.dg/guality/pr68860-1.c   -O2 -flto -fuse-linker-plugin -fno-fat-lto-objects  line 16 arg6 == 6
FAIL: gcc.dg/guality/pr68860-1.c   -O2 -flto -fuse-linker-plugin -fno-fat-lto-objects  line 16 arg7 == 30
FAIL: gcc.dg/guality/pr68860-1.c   -O3 -g  line 14 arg1 == 1
FAIL: gcc.dg/guality/pr68860-1.c   -O3 -g  line 14 arg2 == 2
FAIL: gcc.dg/guality/pr68860-1.c   -O3 -g  line 14 arg3 == 3
FAIL: gcc.dg/guality/pr68860-1.c   -O3 -g  line 14 arg4 == 4
FAIL: gcc.dg/guality/pr68860-1.c   -O3 -g  line 14 arg5 == 5
FAIL: gcc.dg/guality/pr68860-1.c   -O3 -g  line 14 arg6 == 6
FAIL: gcc.dg/guality/pr68860-1.c   -O3 -g  line 14 arg7 == 30
FAIL: gcc.dg/guality/pr68860-1.c   -O3 -g  line 16 arg1 == 1
FAIL: gcc.dg/guality/pr68860-1.c   -O3 -g  line 16 arg2 == 2
FAIL: gcc.dg/guality/pr68860-1.c   -O3 -g  line 16 arg3 == 3
FAIL: gcc.dg/guality/pr68860-1.c   -O3 -g  line 16 arg4 == 4
FAIL: gcc.dg/guality/pr68860-1.c   -O3 -g  line 16 arg5 == 5
FAIL: gcc.dg/guality/pr68860-1.c   -O3 -g  line 16 arg6 == 6
FAIL: gcc.dg/guality/pr68860-1.c   -O3 -g  line 16 arg7 == 30
FAIL: gcc.dg/guality/pr68860-1.c   -Os  line 14 arg1 == 1
FAIL: gcc.dg/guality/pr68860-1.c   -Os  line 14 arg2 == 2
FAIL: gcc.dg/guality/pr68860-1.c   -Os  line 14 arg3 == 3
FAIL: gcc.dg/guality/pr68860-1.c   -Os  line 14 arg4 == 4
FAIL: gcc.dg/guality/pr68860-1.c   -Os  line 14 arg5 == 5
FAIL: gcc.dg/guality/pr68860-1.c   -Os  line 14 arg6 == 6
FAIL: gcc.dg/guality/pr68860-1.c   -Os  line 14 arg7 == 30
FAIL: gcc.dg/guality/pr68860-1.c   -Os  line 16 arg1 == 1
FAIL: gcc.dg/guality/pr68860-1.c   -Os  line 16 arg2 == 2
FAIL: gcc.dg/guality/pr68860-1.c   -Os  line 16 arg3 == 3
FAIL: gcc.dg/guality/pr68860-1.c   -Os  line 16 arg4 == 4
FAIL: gcc.dg/guality/pr68860-1.c   -Os  line 16 arg5 == 5
FAIL: gcc.dg/guality/pr68860-1.c   -Os  line 16 arg6 == 6
FAIL: gcc.dg/guality/pr68860-1.c   -Os  line 16 arg7 == 30
FAIL: gcc.dg/guality/pr68860-2.c   -O1  line 14 arg1 == 1
FAIL: gcc.dg/guality/pr68860-2.c   -O1  line 14 arg2 == 2
FAIL: gcc.dg/guality/pr68860-2.c   -O1  line 14 arg3 == 3
FAIL: gcc.dg/guality/pr68860-2.c   -O1  line 14 arg4 == 4
FAIL: gcc.dg/guality/pr68860-2.c   -O1  line 14 arg7 == 30
FAIL: gcc.dg/guality/pr68860-2.c   -O1  line 16 arg1 == 1
FAIL: gcc.dg/guality/pr68860-2.c   -O1  line 16 arg2 == 2
FAIL: gcc.dg/guality/pr68860-2.c   -O1  line 16 arg3 == 3
FAIL: gcc.dg/guality/pr68860-2.c   -O1  line 16 arg4 == 4
FAIL: gcc.dg/guality/pr68860-2.c   -O1  line 16 arg7 == 30
FAIL: gcc.dg/guality/pr68860-2.c   -O2  line 14 arg1 == 1
FAIL: gcc.dg/guality/pr68860-2.c   -O2  line 14 arg2 == 2
FAIL: gcc.dg/guality/pr68860-2.c   -O2  line 14 arg3 == 3
FAIL: gcc.dg/guality/pr68860-2.c   -O2  line 14 arg4 == 4
FAIL: gcc.dg/guality/pr68860-2.c   -O2  line 14 arg7 == 30
FAIL: gcc.dg/guality/pr68860-2.c   -O2  line 16 arg1 == 1
FAIL: gcc.dg/guality/pr68860-2.c   -O2  line 16 arg2 == 2
FAIL: gcc.dg/guality/pr68860-2.c   -O2  line 16 arg3 == 3
FAIL: gcc.dg/guality/pr68860-2.c   -O2  line 16 arg4 == 4
FAIL: gcc.dg/guality/pr68860-2.c   -O2  line 16 arg7 == 30
FAIL: gcc.dg/guality/pr68860-2.c   -O2 -flto -fno-use-linker-plugin -flto-partition=none  line 14 arg1 == 1
FAIL: gcc.dg/guality/pr68860-2.c   -O2 -flto -fno-use-linker-plugin -flto-partition=none  line 14 arg2 == 2
FAIL: gcc.dg/guality/pr68860-2.c   -O2 -flto -fno-use-linker-plugin -flto-partition=none  line 14 arg3 == 3
FAIL: gcc.dg/guality/pr68860-2.c   -O2 -flto -fno-use-linker-plugin -flto-partition=none  line 14 arg4 == 4
FAIL: gcc.dg/guality/pr68860-2.c   -O2 -flto -fno-use-linker-plugin -flto-partition=none  line 14 arg7 == 30
FAIL: gcc.dg/guality/pr68860-2.c   -O2 -flto -fno-use-linker-plugin -flto-partition=none  line 16 arg1 == 1
FAIL: gcc.dg/guality/pr68860-2.c   -O2 -flto -fno-use-linker-plugin -flto-partition=none  line 16 arg2 == 2
FAIL: gcc.dg/guality/pr68860-2.c   -O2 -flto -fno-use-linker-plugin -flto-partition=none  line 16 arg3 == 3
FAIL: gcc.dg/guality/pr68860-2.c   -O2 -flto -fno-use-linker-plugin -flto-partition=none  line 16 arg4 == 4
FAIL: gcc.dg/guality/pr68860-2.c   -O2 -flto -fno-use-linker-plugin -flto-partition=none  line 16 arg7 == 30
FAIL: gcc.dg/guality/pr68860-2.c   -O2 -flto -fuse-linker-plugin -fno-fat-lto-objects  line 14 arg1 == 1
FAIL: gcc.dg/guality/pr68860-2.c   -O2 -flto -fuse-linker-plugin -fno-fat-lto-objects  line 14 arg2 == 2
FAIL: gcc.dg/guality/pr68860-2.c   -O2 -flto -fuse-linker-plugin -fno-fat-lto-objects  line 14 arg3 == 3
FAIL: gcc.dg/guality/pr68860-2.c   -O2 -flto -fuse-linker-plugin -fno-fat-lto-objects  line 14 arg4 == 4
FAIL: gcc.dg/guality/pr68860-2.c   -O2 -flto -fuse-linker-plugin -fno-fat-lto-objects  line 14 arg5 == 5
FAIL: gcc.dg/guality/pr68860-2.c   -O2 -flto -fuse-linker-plugin -fno-fat-lto-objects  line 14 arg6 == 6
FAIL: gcc.dg/guality/pr68860-2.c   -O2 -flto -fuse-linker-plugin -fno-fat-lto-objects  line 14 arg7 == 30
FAIL: gcc.dg/guality/pr68860-2.c   -O2 -flto -fuse-linker-plugin -fno-fat-lto-objects  line 16 arg1 == 1
FAIL: gcc.dg/guality/pr68860-2.c   -O2 -flto -fuse-linker-plugin -fno-fat-lto-objects  line 16 arg2 == 2
FAIL: gcc.dg/guality/pr68860-2.c   -O2 -flto -fuse-linker-plugin -fno-fat-lto-objects  line 16 arg3 == 3
FAIL: gcc.dg/guality/pr68860-2.c   -O2 -flto -fuse-linker-plugin -fno-fat-lto-objects  line 16 arg4 == 4
FAIL: gcc.dg/guality/pr68860-2.c   -O2 -flto -fuse-linker-plugin -fno-fat-lto-objects  line 16 arg5 == 5
FAIL: gcc.dg/guality/pr68860-2.c   -O2 -flto -fuse-linker-plugin -fno-fat-lto-objects  line 16 arg6 == 6
FAIL: gcc.dg/guality/pr68860-2.c   -O2 -flto -fuse-linker-plugin -fno-fat-lto-objects  line 16 arg7 == 30
FAIL: gcc.dg/guality/pr68860-2.c   -O3 -g  line 14 arg1 == 1
FAIL: gcc.dg/guality/pr68860-2.c   -O3 -g  line 14 arg2 == 2
FAIL: gcc.dg/guality/pr68860-2.c   -O3 -g  line 14 arg3 == 3
FAIL: gcc.dg/guality/pr68860-2.c   -O3 -g  line 14 arg4 == 4
FAIL: gcc.dg/guality/pr68860-2.c   -O3 -g  line 14 arg5 == 5
FAIL: gcc.dg/guality/pr68860-2.c   -O3 -g  line 14 arg6 == 6
FAIL: gcc.dg/guality/pr68860-2.c   -O3 -g  line 14 arg7 == 30
FAIL: gcc.dg/guality/pr68860-2.c   -O3 -g  line 16 arg1 == 1
FAIL: gcc.dg/guality/pr68860-2.c   -O3 -g  line 16 arg2 == 2
FAIL: gcc.dg/guality/pr68860-2.c   -O3 -g  line 16 arg3 == 3
FAIL: gcc.dg/guality/pr68860-2.c   -O3 -g  line 16 arg4 == 4
FAIL: gcc.dg/guality/pr68860-2.c   -O3 -g  line 16 arg5 == 5
FAIL: gcc.dg/guality/pr68860-2.c   -O3 -g  line 16 arg6 == 6
FAIL: gcc.dg/guality/pr68860-2.c   -O3 -g  line 16 arg7 == 30
FAIL: gcc.dg/guality/pr68860-2.c   -Os  line 14 arg1 == 1
FAIL: gcc.dg/guality/pr68860-2.c   -Os  line 14 arg2 == 2
FAIL: gcc.dg/guality/pr68860-2.c   -Os  line 14 arg3 == 3
FAIL: gcc.dg/guality/pr68860-2.c   -Os  line 14 arg4 == 4
FAIL: gcc.dg/guality/pr68860-2.c   -Os  line 14 arg7 == 30
FAIL: gcc.dg/guality/pr68860-2.c   -Os  line 16 arg1 == 1
FAIL: gcc.dg/guality/pr68860-2.c   -Os  line 16 arg2 == 2
FAIL: gcc.dg/guality/pr68860-2.c   -Os  line 16 arg3 == 3
FAIL: gcc.dg/guality/pr68860-2.c   -Os  line 16 arg4 == 4
FAIL: gcc.dg/guality/pr68860-2.c   -Os  line 16 arg7 == 30
FAIL: gcc.dg/guality/pr69947.c   -O2 -flto -fno-use-linker-plugin -flto-partition=none  line 14 c[2] == 'o'
FAIL: gcc.dg/guality/pr69947.c   -O2 -flto -fuse-linker-plugin -fno-fat-lto-objects  line 14 c[2] == 'o'
FAIL: gcc.dg/guality/sra-1.c   -O1  line 43 a.i == 4
FAIL: gcc.dg/guality/sra-1.c   -O1  line 43 a.j == 14
FAIL: gcc.dg/guality/sra-1.c   -O2  line 43 a.i == 4
FAIL: gcc.dg/guality/sra-1.c   -O2  line 43 a.j == 14
FAIL: gcc.dg/guality/sra-1.c   -O2 -flto -fno-use-linker-plugin -flto-partition=none  line 43 a.i == 4
FAIL: gcc.dg/guality/sra-1.c   -O2 -flto -fno-use-linker-plugin -flto-partition=none  line 43 a.j == 14
FAIL: gcc.dg/guality/sra-1.c   -O2 -flto -fuse-linker-plugin -fno-fat-lto-objects  line 43 a.i == 4
FAIL: gcc.dg/guality/sra-1.c   -O2 -flto -fuse-linker-plugin -fno-fat-lto-objects  line 43 a.j == 14
FAIL: gcc.dg/guality/sra-1.c   -O3 -g  line 43 a.i == 4
FAIL: gcc.dg/guality/sra-1.c   -O3 -g  line 43 a.j == 14
FAIL: gcc.dg/guality/sra-1.c   -Os  line 43 a.i == 4
FAIL: gcc.dg/guality/sra-1.c   -Os  line 43 a.j == 14
FAIL: gcc.dg/guality/vla-1.c   -O1  line 17 sizeof (a) == 6
FAIL: gcc.dg/guality/vla-1.c   -O2  line 17 sizeof (a) == 6
FAIL: gcc.dg/guality/vla-1.c   -O2 -flto -fno-use-linker-plugin -flto-partition=none  line 17 sizeof (a) == 6
FAIL: gcc.dg/guality/vla-1.c   -O2 -flto -fuse-linker-plugin -fno-fat-lto-objects  line 17 i == 5
FAIL: gcc.dg/guality/vla-1.c   -O2 -flto -fuse-linker-plugin -fno-fat-lto-objects  line 17 sizeof (a) == 6
FAIL: gcc.dg/guality/vla-1.c   -O3 -g  line 17 i == 5
FAIL: gcc.dg/guality/vla-1.c   -O3 -g  line 17 sizeof (a) == 6
FAIL: gcc.dg/guality/vla-1.c   -Os  line 17 sizeof (a) == 6
FAIL: gcc.dg/tls/pr78796.c (test for excess errors)
UNRESOLVED: gcc.dg/tls/pr78796.c compilation failed to produce executable
FAIL: gcc.target/aarch64/aapcs64/test_1.c compilation,  -O0 
FAIL: gcc.target/aarch64/aapcs64/test_1.c compilation,  -O1 
FAIL: gcc.target/aarch64/aapcs64/test_1.c compilation,  -O2 
FAIL: gcc.target/aarch64/aapcs64/test_1.c compilation,  -O3 -g 
FAIL: gcc.target/aarch64/aapcs64/test_1.c compilation,  -Og -g 
FAIL: gcc.target/aarch64/aapcs64/test_1.c compilation,  -Os 
UNRESOLVED: gcc.target/aarch64/aapcs64/test_1.c execution,  -O0 
UNRESOLVED: gcc.target/aarch64/aapcs64/test_1.c execution,  -O1 
UNRESOLVED: gcc.target/aarch64/aapcs64/test_1.c execution,  -O2 
UNRESOLVED: gcc.target/aarch64/aapcs64/test_1.c execution,  -O3 -g 
UNRESOLVED: gcc.target/aarch64/aapcs64/test_1.c execution,  -Og -g 
UNRESOLVED: gcc.target/aarch64/aapcs64/test_1.c execution,  -Os 
FAIL: gcc.target/aarch64/aapcs64/test_10.c compilation,  -O0 
FAIL: gcc.target/aarch64/aapcs64/test_10.c compilation,  -O1 
FAIL: gcc.target/aarch64/aapcs64/test_10.c compilation,  -O2 
FAIL: gcc.target/aarch64/aapcs64/test_10.c compilation,  -O3 -g 
FAIL: gcc.target/aarch64/aapcs64/test_10.c compilation,  -Og -g 
FAIL: gcc.target/aarch64/aapcs64/test_10.c compilation,  -Os 
UNRESOLVED: gcc.target/aarch64/aapcs64/test_10.c execution,  -O0 
UNRESOLVED: gcc.target/aarch64/aapcs64/test_10.c execution,  -O1 
UNRESOLVED: gcc.target/aarch64/aapcs64/test_10.c execution,  -O2 
UNRESOLVED: gcc.target/aarch64/aapcs64/test_10.c execution,  -O3 -g 
UNRESOLVED: gcc.target/aarch64/aapcs64/test_10.c execution,  -Og -g 
UNRESOLVED: gcc.target/aarch64/aapcs64/test_10.c execution,  -Os 
FAIL: gcc.target/aarch64/aapcs64/test_11.c compilation,  -O0 
FAIL: gcc.target/aarch64/aapcs64/test_11.c compilation,  -O1 
FAIL: gcc.target/aarch64/aapcs64/test_11.c compilation,  -O2 
FAIL: gcc.target/aarch64/aapcs64/test_11.c compilation,  -O3 -g 
FAIL: gcc.target/aarch64/aapcs64/test_11.c compilation,  -Og -g 
FAIL: gcc.target/aarch64/aapcs64/test_11.c compilation,  -Os 
UNRESOLVED: gcc.target/aarch64/aapcs64/test_11.c execution,  -O0 
UNRESOLVED: gcc.target/aarch64/aapcs64/test_11.c execution,  -O1 
UNRESOLVED: gcc.target/aarch64/aapcs64/test_11.c execution,  -O2 
UNRESOLVED: gcc.target/aarch64/aapcs64/test_11.c execution,  -O3 -g 
UNRESOLVED: gcc.target/aarch64/aapcs64/test_11.c execution,  -Og -g 
UNRESOLVED: gcc.target/aarch64/aapcs64/test_11.c execution,  -Os 
FAIL: gcc.target/aarch64/aapcs64/test_12.c compilation,  -O0 
FAIL: gcc.target/aarch64/aapcs64/test_12.c compilation,  -O1 
FAIL: gcc.target/aarch64/aapcs64/test_12.c compilation,  -O2 
FAIL: gcc.target/aarch64/aapcs64/test_12.c compilation,  -O3 -g 
FAIL: gcc.target/aarch64/aapcs64/test_12.c compilation,  -Og -g 
FAIL: gcc.target/aarch64/aapcs64/test_12.c compilation,  -Os 
UNRESOLVED: gcc.target/aarch64/aapcs64/test_12.c execution,  -O0 
UNRESOLVED: gcc.target/aarch64/aapcs64/test_12.c execution,  -O1 
UNRESOLVED: gcc.target/aarch64/aapcs64/test_12.c execution,  -O2 
UNRESOLVED: gcc.target/aarch64/aapcs64/test_12.c execution,  -O3 -g 
UNRESOLVED: gcc.target/aarch64/aapcs64/test_12.c execution,  -Og -g 
UNRESOLVED: gcc.target/aarch64/aapcs64/test_12.c execution,  -Os 
FAIL: gcc.target/aarch64/aapcs64/test_13.c compilation,  -O0 
FAIL: gcc.target/aarch64/aapcs64/test_13.c compilation,  -O1 
FAIL: gcc.target/aarch64/aapcs64/test_13.c compilation,  -O2 
FAIL: gcc.target/aarch64/aapcs64/test_13.c compilation,  -O3 -g 
FAIL: gcc.target/aarch64/aapcs64/test_13.c compilation,  -Og -g 
FAIL: gcc.target/aarch64/aapcs64/test_13.c compilation,  -Os 
UNRESOLVED: gcc.target/aarch64/aapcs64/test_13.c execution,  -O0 
UNRESOLVED: gcc.target/aarch64/aapcs64/test_13.c execution,  -O1 
UNRESOLVED: gcc.target/aarch64/aapcs64/test_13.c execution,  -O2 
UNRESOLVED: gcc.target/aarch64/aapcs64/test_13.c execution,  -O3 -g 
UNRESOLVED: gcc.target/aarch64/aapcs64/test_13.c execution,  -Og -g 
UNRESOLVED: gcc.target/aarch64/aapcs64/test_13.c execution,  -Os 
FAIL: gcc.target/aarch64/aapcs64/test_14.c compilation,  -O0 
FAIL: gcc.target/aarch64/aapcs64/test_14.c compilation,  -O1 
FAIL: gcc.target/aarch64/aapcs64/test_14.c compilation,  -O2 
FAIL: gcc.target/aarch64/aapcs64/test_14.c compilation,  -O3 -g 
FAIL: gcc.target/aarch64/aapcs64/test_14.c compilation,  -Og -g 
FAIL: gcc.target/aarch64/aapcs64/test_14.c compilation,  -Os 
UNRESOLVED: gcc.target/aarch64/aapcs64/test_14.c execution,  -O0 
UNRESOLVED: gcc.target/aarch64/aapcs64/test_14.c execution,  -O1 
UNRESOLVED: gcc.target/aarch64/aapcs64/test_14.c execution,  -O2 
UNRESOLVED: gcc.target/aarch64/aapcs64/test_14.c execution,  -O3 -g 
UNRESOLVED: gcc.target/aarch64/aapcs64/test_14.c execution,  -Og -g 
UNRESOLVED: gcc.target/aarch64/aapcs64/test_14.c execution,  -Os 
FAIL: gcc.target/aarch64/aapcs64/test_15.c compilation,  -O0 
FAIL: gcc.target/aarch64/aapcs64/test_15.c compilation,  -O1 
FAIL: gcc.target/aarch64/aapcs64/test_15.c compilation,  -O2 
FAIL: gcc.target/aarch64/aapcs64/test_15.c compilation,  -O3 -g 
FAIL: gcc.target/aarch64/aapcs64/test_15.c compilation,  -Og -g 
FAIL: gcc.target/aarch64/aapcs64/test_15.c compilation,  -Os 
UNRESOLVED: gcc.target/aarch64/aapcs64/test_15.c execution,  -O0 
UNRESOLVED: gcc.target/aarch64/aapcs64/test_15.c execution,  -O1 
UNRESOLVED: gcc.target/aarch64/aapcs64/test_15.c execution,  -O2 
UNRESOLVED: gcc.target/aarch64/aapcs64/test_15.c execution,  -O3 -g 
UNRESOLVED: gcc.target/aarch64/aapcs64/test_15.c execution,  -Og -g 
UNRESOLVED: gcc.target/aarch64/aapcs64/test_15.c execution,  -Os 
FAIL: gcc.target/aarch64/aapcs64/test_16.c compilation,  -O0 
FAIL: gcc.target/aarch64/aapcs64/test_16.c compilation,  -O1 
FAIL: gcc.target/aarch64/aapcs64/test_16.c compilation,  -O2 
FAIL: gcc.target/aarch64/aapcs64/test_16.c compilation,  -O3 -g 
FAIL: gcc.target/aarch64/aapcs64/test_16.c compilation,  -Og -g 
FAIL: gcc.target/aarch64/aapcs64/test_16.c compilation,  -Os 
UNRESOLVED: gcc.target/aarch64/aapcs64/test_16.c execution,  -O0 
UNRESOLVED: gcc.target/aarch64/aapcs64/test_16.c execution,  -O1 
UNRESOLVED: gcc.target/aarch64/aapcs64/test_16.c execution,  -O2 
UNRESOLVED: gcc.target/aarch64/aapcs64/test_16.c execution,  -O3 -g 
UNRESOLVED: gcc.target/aarch64/aapcs64/test_16.c execution,  -Og -g 
UNRESOLVED: gcc.target/aarch64/aapcs64/test_16.c execution,  -Os 
FAIL: gcc.target/aarch64/aapcs64/test_17.c compilation,  -O0 
FAIL: gcc.target/aarch64/aapcs64/test_17.c compilation,  -O1 
FAIL: gcc.target/aarch64/aapcs64/test_17.c compilation,  -O2 
FAIL: gcc.target/aarch64/aapcs64/test_17.c compilation,  -O3 -g 
FAIL: gcc.target/aarch64/aapcs64/test_17.c compilation,  -Og -g 
FAIL: gcc.target/aarch64/aapcs64/test_17.c compilation,  -Os 
UNRESOLVED: gcc.target/aarch64/aapcs64/test_17.c execution,  -O0 
UNRESOLVED: gcc.target/aarch64/aapcs64/test_17.c execution,  -O1 
UNRESOLVED: gcc.target/aarch64/aapcs64/test_17.c execution,  -O2 
UNRESOLVED: gcc.target/aarch64/aapcs64/test_17.c execution,  -O3 -g 
UNRESOLVED: gcc.target/aarch64/aapcs64/test_17.c execution,  -Og -g 
UNRESOLVED: gcc.target/aarch64/aapcs64/test_17.c execution,  -Os 
FAIL: gcc.target/aarch64/aapcs64/test_18.c compilation,  -O0 
FAIL: gcc.target/aarch64/aapcs64/test_18.c compilation,  -O1 
FAIL: gcc.target/aarch64/aapcs64/test_18.c compilation,  -O2 
FAIL: gcc.target/aarch64/aapcs64/test_18.c compilation,  -O3 -g 
FAIL: gcc.target/aarch64/aapcs64/test_18.c compilation,  -Og -g 
FAIL: gcc.target/aarch64/aapcs64/test_18.c compilation,  -Os 
UNRESOLVED: gcc.target/aarch64/aapcs64/test_18.c execution,  -O0 
UNRESOLVED: gcc.target/aarch64/aapcs64/test_18.c execution,  -O1 
UNRESOLVED: gcc.target/aarch64/aapcs64/test_18.c execution,  -O2 
UNRESOLVED: gcc.target/aarch64/aapcs64/test_18.c execution,  -O3 -g 
UNRESOLVED: gcc.target/aarch64/aapcs64/test_18.c execution,  -Og -g 
UNRESOLVED: gcc.target/aarch64/aapcs64/test_18.c execution,  -Os 
FAIL: gcc.target/aarch64/aapcs64/test_19.c compilation,  -O0 
FAIL: gcc.target/aarch64/aapcs64/test_19.c compilation,  -O1 
FAIL: gcc.target/aarch64/aapcs64/test_19.c compilation,  -O2 
FAIL: gcc.target/aarch64/aapcs64/test_19.c compilation,  -O3 -g 
FAIL: gcc.target/aarch64/aapcs64/test_19.c compilation,  -Og -g 
FAIL: gcc.target/aarch64/aapcs64/test_19.c compilation,  -Os 
UNRESOLVED: gcc.target/aarch64/aapcs64/test_19.c execution,  -O0 
UNRESOLVED: gcc.target/aarch64/aapcs64/test_19.c execution,  -O1 
UNRESOLVED: gcc.target/aarch64/aapcs64/test_19.c execution,  -O2 
UNRESOLVED: gcc.target/aarch64/aapcs64/test_19.c execution,  -O3 -g 
UNRESOLVED: gcc.target/aarch64/aapcs64/test_19.c execution,  -Og -g 
UNRESOLVED: gcc.target/aarch64/aapcs64/test_19.c execution,  -Os 
FAIL: gcc.target/aarch64/aapcs64/test_2.c compilation,  -O0 
FAIL: gcc.target/aarch64/aapcs64/test_2.c compilation,  -O1 
FAIL: gcc.target/aarch64/aapcs64/test_2.c compilation,  -O2 
FAIL: gcc.target/aarch64/aapcs64/test_2.c compilation,  -O3 -g 
FAIL: gcc.target/aarch64/aapcs64/test_2.c compilation,  -Og -g 
FAIL: gcc.target/aarch64/aapcs64/test_2.c compilation,  -Os 
UNRESOLVED: gcc.target/aarch64/aapcs64/test_2.c execution,  -O0 
UNRESOLVED: gcc.target/aarch64/aapcs64/test_2.c execution,  -O1 
UNRESOLVED: gcc.target/aarch64/aapcs64/test_2.c execution,  -O2 
UNRESOLVED: gcc.target/aarch64/aapcs64/test_2.c execution,  -O3 -g 
UNRESOLVED: gcc.target/aarch64/aapcs64/test_2.c execution,  -Og -g 
UNRESOLVED: gcc.target/aarch64/aapcs64/test_2.c execution,  -Os 
FAIL: gcc.target/aarch64/aapcs64/test_20.c compilation,  -O0 
FAIL: gcc.target/aarch64/aapcs64/test_20.c compilation,  -O1 
FAIL: gcc.target/aarch64/aapcs64/test_20.c compilation,  -O2 
FAIL: gcc.target/aarch64/aapcs64/test_20.c compilation,  -O3 -g 
FAIL: gcc.target/aarch64/aapcs64/test_20.c compilation,  -Og -g 
FAIL: gcc.target/aarch64/aapcs64/test_20.c compilation,  -Os 
UNRESOLVED: gcc.target/aarch64/aapcs64/test_20.c execution,  -O0 
UNRESOLVED: gcc.target/aarch64/aapcs64/test_20.c execution,  -O1 
UNRESOLVED: gcc.target/aarch64/aapcs64/test_20.c execution,  -O2 
UNRESOLVED: gcc.target/aarch64/aapcs64/test_20.c execution,  -O3 -g 
UNRESOLVED: gcc.target/aarch64/aapcs64/test_20.c execution,  -Og -g 
UNRESOLVED: gcc.target/aarch64/aapcs64/test_20.c execution,  -Os 
FAIL: gcc.target/aarch64/aapcs64/test_21.c compilation,  -O0 
FAIL: gcc.target/aarch64/aapcs64/test_21.c compilation,  -O1 
FAIL: gcc.target/aarch64/aapcs64/test_21.c compilation,  -O2 
FAIL: gcc.target/aarch64/aapcs64/test_21.c compilation,  -O3 -g 
FAIL: gcc.target/aarch64/aapcs64/test_21.c compilation,  -Og -g 
FAIL: gcc.target/aarch64/aapcs64/test_21.c compilation,  -Os 
UNRESOLVED: gcc.target/aarch64/aapcs64/test_21.c execution,  -O0 
UNRESOLVED: gcc.target/aarch64/aapcs64/test_21.c execution,  -O1 
UNRESOLVED: gcc.target/aarch64/aapcs64/test_21.c execution,  -O2 
UNRESOLVED: gcc.target/aarch64/aapcs64/test_21.c execution,  -O3 -g 
UNRESOLVED: gcc.target/aarch64/aapcs64/test_21.c execution,  -Og -g 
UNRESOLVED: gcc.target/aarch64/aapcs64/test_21.c execution,  -Os 
FAIL: gcc.target/aarch64/aapcs64/test_22.c compilation,  -O0 
FAIL: gcc.target/aarch64/aapcs64/test_22.c compilation,  -O1 
FAIL: gcc.target/aarch64/aapcs64/test_22.c compilation,  -O2 
FAIL: gcc.target/aarch64/aapcs64/test_22.c compilation,  -O3 -g 
FAIL: gcc.target/aarch64/aapcs64/test_22.c compilation,  -Og -g 
FAIL: gcc.target/aarch64/aapcs64/test_22.c compilation,  -Os 
UNRESOLVED: gcc.target/aarch64/aapcs64/test_22.c execution,  -O0 
UNRESOLVED: gcc.target/aarch64/aapcs64/test_22.c execution,  -O1 
UNRESOLVED: gcc.target/aarch64/aapcs64/test_22.c execution,  -O2 
UNRESOLVED: gcc.target/aarch64/aapcs64/test_22.c execution,  -O3 -g 
UNRESOLVED: gcc.target/aarch64/aapcs64/test_22.c execution,  -Og -g 
UNRESOLVED: gcc.target/aarch64/aapcs64/test_22.c execution,  -Os 
FAIL: gcc.target/aarch64/aapcs64/test_23.c compilation,  -O0 
FAIL: gcc.target/aarch64/aapcs64/test_23.c compilation,  -O1 
FAIL: gcc.target/aarch64/aapcs64/test_23.c compilation,  -O2 
FAIL: gcc.target/aarch64/aapcs64/test_23.c compilation,  -O3 -g 
FAIL: gcc.target/aarch64/aapcs64/test_23.c compilation,  -Og -g 
FAIL: gcc.target/aarch64/aapcs64/test_23.c compilation,  -Os 
UNRESOLVED: gcc.target/aarch64/aapcs64/test_23.c execution,  -O0 
UNRESOLVED: gcc.target/aarch64/aapcs64/test_23.c execution,  -O1 
UNRESOLVED: gcc.target/aarch64/aapcs64/test_23.c execution,  -O2 
UNRESOLVED: gcc.target/aarch64/aapcs64/test_23.c execution,  -O3 -g 
UNRESOLVED: gcc.target/aarch64/aapcs64/test_23.c execution,  -Og -g 
UNRESOLVED: gcc.target/aarch64/aapcs64/test_23.c execution,  -Os 
FAIL: gcc.target/aarch64/aapcs64/test_24.c compilation,  -O0 
FAIL: gcc.target/aarch64/aapcs64/test_24.c compilation,  -O1 
FAIL: gcc.target/aarch64/aapcs64/test_24.c compilation,  -O2 
FAIL: gcc.target/aarch64/aapcs64/test_24.c compilation,  -O3 -g 
FAIL: gcc.target/aarch64/aapcs64/test_24.c compilation,  -Og -g 
FAIL: gcc.target/aarch64/aapcs64/test_24.c compilation,  -Os 
UNRESOLVED: gcc.target/aarch64/aapcs64/test_24.c execution,  -O0 
UNRESOLVED: gcc.target/aarch64/aapcs64/test_24.c execution,  -O1 
UNRESOLVED: gcc.target/aarch64/aapcs64/test_24.c execution,  -O2 
UNRESOLVED: gcc.target/aarch64/aapcs64/test_24.c execution,  -O3 -g 
UNRESOLVED: gcc.target/aarch64/aapcs64/test_24.c execution,  -Og -g 
UNRESOLVED: gcc.target/aarch64/aapcs64/test_24.c execution,  -Os 
FAIL: gcc.target/aarch64/aapcs64/test_25.c compilation,  -O0 
FAIL: gcc.target/aarch64/aapcs64/test_25.c compilation,  -O1 
FAIL: gcc.target/aarch64/aapcs64/test_25.c compilation,  -O2 
FAIL: gcc.target/aarch64/aapcs64/test_25.c compilation,  -O3 -g 
FAIL: gcc.target/aarch64/aapcs64/test_25.c compilation,  -Og -g 
FAIL: gcc.target/aarch64/aapcs64/test_25.c compilation,  -Os 
UNRESOLVED: gcc.target/aarch64/aapcs64/test_25.c execution,  -O0 
UNRESOLVED: gcc.target/aarch64/aapcs64/test_25.c execution,  -O1 
UNRESOLVED: gcc.target/aarch64/aapcs64/test_25.c execution,  -O2 
UNRESOLVED: gcc.target/aarch64/aapcs64/test_25.c execution,  -O3 -g 
UNRESOLVED: gcc.target/aarch64/aapcs64/test_25.c execution,  -Og -g 
UNRESOLVED: gcc.target/aarch64/aapcs64/test_25.c execution,  -Os 
FAIL: gcc.target/aarch64/aapcs64/test_26.c compilation,  -O0 
FAIL: gcc.target/aarch64/aapcs64/test_26.c compilation,  -O1 
FAIL: gcc.target/aarch64/aapcs64/test_26.c compilation,  -O2 
FAIL: gcc.target/aarch64/aapcs64/test_26.c compilation,  -O3 -g 
FAIL: gcc.target/aarch64/aapcs64/test_26.c compilation,  -Og -g 
FAIL: gcc.target/aarch64/aapcs64/test_26.c compilation,  -Os 
UNRESOLVED: gcc.target/aarch64/aapcs64/test_26.c execution,  -O0 
UNRESOLVED: gcc.target/aarch64/aapcs64/test_26.c execution,  -O1 
UNRESOLVED: gcc.target/aarch64/aapcs64/test_26.c execution,  -O2 
UNRESOLVED: gcc.target/aarch64/aapcs64/test_26.c execution,  -O3 -g 
UNRESOLVED: gcc.target/aarch64/aapcs64/test_26.c execution,  -Og -g 
UNRESOLVED: gcc.target/aarch64/aapcs64/test_26.c execution,  -Os 
FAIL: gcc.target/aarch64/aapcs64/test_27.c compilation,  -O0 
FAIL: gcc.target/aarch64/aapcs64/test_27.c compilation,  -O1 
FAIL: gcc.target/aarch64/aapcs64/test_27.c compilation,  -O2 
FAIL: gcc.target/aarch64/aapcs64/test_27.c compilation,  -O3 -g 
FAIL: gcc.target/aarch64/aapcs64/test_27.c compilation,  -Og -g 
FAIL: gcc.target/aarch64/aapcs64/test_27.c compilation,  -Os 
UNRESOLVED: gcc.target/aarch64/aapcs64/test_27.c execution,  -O0 
UNRESOLVED: gcc.target/aarch64/aapcs64/test_27.c execution,  -O1 
UNRESOLVED: gcc.target/aarch64/aapcs64/test_27.c execution,  -O2 
UNRESOLVED: gcc.target/aarch64/aapcs64/test_27.c execution,  -O3 -g 
UNRESOLVED: gcc.target/aarch64/aapcs64/test_27.c execution,  -Og -g 
UNRESOLVED: gcc.target/aarch64/aapcs64/test_27.c execution,  -Os 
FAIL: gcc.target/aarch64/aapcs64/test_3.c compilation,  -O0 
FAIL: gcc.target/aarch64/aapcs64/test_3.c compilation,  -O1 
FAIL: gcc.target/aarch64/aapcs64/test_3.c compilation,  -O2 
FAIL: gcc.target/aarch64/aapcs64/test_3.c compilation,  -O3 -g 
FAIL: gcc.target/aarch64/aapcs64/test_3.c compilation,  -Og -g 
FAIL: gcc.target/aarch64/aapcs64/test_3.c compilation,  -Os 
UNRESOLVED: gcc.target/aarch64/aapcs64/test_3.c execution,  -O0 
UNRESOLVED: gcc.target/aarch64/aapcs64/test_3.c execution,  -O1 
UNRESOLVED: gcc.target/aarch64/aapcs64/test_3.c execution,  -O2 
UNRESOLVED: gcc.target/aarch64/aapcs64/test_3.c execution,  -O3 -g 
UNRESOLVED: gcc.target/aarch64/aapcs64/test_3.c execution,  -Og -g 
UNRESOLVED: gcc.target/aarch64/aapcs64/test_3.c execution,  -Os 
FAIL: gcc.target/aarch64/aapcs64/test_4.c compilation,  -O0 
FAIL: gcc.target/aarch64/aapcs64/test_4.c compilation,  -O1 
FAIL: gcc.target/aarch64/aapcs64/test_4.c compilation,  -O2 
FAIL: gcc.target/aarch64/aapcs64/test_4.c compilation,  -O3 -g 
FAIL: gcc.target/aarch64/aapcs64/test_4.c compilation,  -Og -g 
FAIL: gcc.target/aarch64/aapcs64/test_4.c compilation,  -Os 
UNRESOLVED: gcc.target/aarch64/aapcs64/test_4.c execution,  -O0 
UNRESOLVED: gcc.target/aarch64/aapcs64/test_4.c execution,  -O1 
UNRESOLVED: gcc.target/aarch64/aapcs64/test_4.c execution,  -O2 
UNRESOLVED: gcc.target/aarch64/aapcs64/test_4.c execution,  -O3 -g 
UNRESOLVED: gcc.target/aarch64/aapcs64/test_4.c execution,  -Og -g 
UNRESOLVED: gcc.target/aarch64/aapcs64/test_4.c execution,  -Os 
FAIL: gcc.target/aarch64/aapcs64/test_5.c compilation,  -O0 
FAIL: gcc.target/aarch64/aapcs64/test_5.c compilation,  -O1 
FAIL: gcc.target/aarch64/aapcs64/test_5.c compilation,  -O2 
FAIL: gcc.target/aarch64/aapcs64/test_5.c compilation,  -O3 -g 
FAIL: gcc.target/aarch64/aapcs64/test_5.c compilation,  -Og -g 
FAIL: gcc.target/aarch64/aapcs64/test_5.c compilation,  -Os 
UNRESOLVED: gcc.target/aarch64/aapcs64/test_5.c execution,  -O0 
UNRESOLVED: gcc.target/aarch64/aapcs64/test_5.c execution,  -O1 
UNRESOLVED: gcc.target/aarch64/aapcs64/test_5.c execution,  -O2 
UNRESOLVED: gcc.target/aarch64/aapcs64/test_5.c execution,  -O3 -g 
UNRESOLVED: gcc.target/aarch64/aapcs64/test_5.c execution,  -Og -g 
UNRESOLVED: gcc.target/aarch64/aapcs64/test_5.c execution,  -Os 
FAIL: gcc.target/aarch64/aapcs64/test_6.c compilation,  -O0 
FAIL: gcc.target/aarch64/aapcs64/test_6.c compilation,  -O1 
FAIL: gcc.target/aarch64/aapcs64/test_6.c compilation,  -O2 
FAIL: gcc.target/aarch64/aapcs64/test_6.c compilation,  -O3 -g 
FAIL: gcc.target/aarch64/aapcs64/test_6.c compilation,  -Og -g 
FAIL: gcc.target/aarch64/aapcs64/test_6.c compilation,  -Os 
UNRESOLVED: gcc.target/aarch64/aapcs64/test_6.c execution,  -O0 
UNRESOLVED: gcc.target/aarch64/aapcs64/test_6.c execution,  -O1 
UNRESOLVED: gcc.target/aarch64/aapcs64/test_6.c execution,  -O2 
UNRESOLVED: gcc.target/aarch64/aapcs64/test_6.c execution,  -O3 -g 
UNRESOLVED: gcc.target/aarch64/aapcs64/test_6.c execution,  -Og -g 
UNRESOLVED: gcc.target/aarch64/aapcs64/test_6.c execution,  -Os 
FAIL: gcc.target/aarch64/aapcs64/test_64x1_1.c compilation,  -O0 
FAIL: gcc.target/aarch64/aapcs64/test_64x1_1.c compilation,  -O1 
FAIL: gcc.target/aarch64/aapcs64/test_64x1_1.c compilation,  -O2 
FAIL: gcc.target/aarch64/aapcs64/test_64x1_1.c compilation,  -O3 -g 
FAIL: gcc.target/aarch64/aapcs64/test_64x1_1.c compilation,  -Og -g 
FAIL: gcc.target/aarch64/aapcs64/test_64x1_1.c compilation,  -Os 
UNRESOLVED: gcc.target/aarch64/aapcs64/test_64x1_1.c execution,  -O0 
UNRESOLVED: gcc.target/aarch64/aapcs64/test_64x1_1.c execution,  -O1 
UNRESOLVED: gcc.target/aarch64/aapcs64/test_64x1_1.c execution,  -O2 
UNRESOLVED: gcc.target/aarch64/aapcs64/test_64x1_1.c execution,  -O3 -g 
UNRESOLVED: gcc.target/aarch64/aapcs64/test_64x1_1.c execution,  -Og -g 
UNRESOLVED: gcc.target/aarch64/aapcs64/test_64x1_1.c execution,  -Os 
FAIL: gcc.target/aarch64/aapcs64/test_7.c compilation,  -O0 
FAIL: gcc.target/aarch64/aapcs64/test_7.c compilation,  -O1 
FAIL: gcc.target/aarch64/aapcs64/test_7.c compilation,  -O2 
FAIL: gcc.target/aarch64/aapcs64/test_7.c compilation,  -O3 -g 
FAIL: gcc.target/aarch64/aapcs64/test_7.c compilation,  -Og -g 
FAIL: gcc.target/aarch64/aapcs64/test_7.c compilation,  -Os 
UNRESOLVED: gcc.target/aarch64/aapcs64/test_7.c execution,  -O0 
UNRESOLVED: gcc.target/aarch64/aapcs64/test_7.c execution,  -O1 
UNRESOLVED: gcc.target/aarch64/aapcs64/test_7.c execution,  -O2 
UNRESOLVED: gcc.target/aarch64/aapcs64/test_7.c execution,  -O3 -g 
UNRESOLVED: gcc.target/aarch64/aapcs64/test_7.c execution,  -Og -g 
UNRESOLVED: gcc.target/aarch64/aapcs64/test_7.c execution,  -Os 
FAIL: gcc.target/aarch64/aapcs64/test_8.c compilation,  -O0 
FAIL: gcc.target/aarch64/aapcs64/test_8.c compilation,  -O1 
FAIL: gcc.target/aarch64/aapcs64/test_8.c compilation,  -O2 
FAIL: gcc.target/aarch64/aapcs64/test_8.c compilation,  -O3 -g 
FAIL: gcc.target/aarch64/aapcs64/test_8.c compilation,  -Og -g 
FAIL: gcc.target/aarch64/aapcs64/test_8.c compilation,  -Os 
UNRESOLVED: gcc.target/aarch64/aapcs64/test_8.c execution,  -O0 
UNRESOLVED: gcc.target/aarch64/aapcs64/test_8.c execution,  -O1 
UNRESOLVED: gcc.target/aarch64/aapcs64/test_8.c execution,  -O2 
UNRESOLVED: gcc.target/aarch64/aapcs64/test_8.c execution,  -O3 -g 
UNRESOLVED: gcc.target/aarch64/aapcs64/test_8.c execution,  -Og -g 
UNRESOLVED: gcc.target/aarch64/aapcs64/test_8.c execution,  -Os 
FAIL: gcc.target/aarch64/aapcs64/test_9.c compilation,  -O0 
FAIL: gcc.target/aarch64/aapcs64/test_9.c compilation,  -O1 
FAIL: gcc.target/aarch64/aapcs64/test_9.c compilation,  -O2 
FAIL: gcc.target/aarch64/aapcs64/test_9.c compilation,  -O3 -g 
FAIL: gcc.target/aarch64/aapcs64/test_9.c compilation,  -Og -g 
FAIL: gcc.target/aarch64/aapcs64/test_9.c compilation,  -Os 
UNRESOLVED: gcc.target/aarch64/aapcs64/test_9.c execution,  -O0 
UNRESOLVED: gcc.target/aarch64/aapcs64/test_9.c execution,  -O1 
UNRESOLVED: gcc.target/aarch64/aapcs64/test_9.c execution,  -O2 
UNRESOLVED: gcc.target/aarch64/aapcs64/test_9.c execution,  -O3 -g 
UNRESOLVED: gcc.target/aarch64/aapcs64/test_9.c execution,  -Og -g 
UNRESOLVED: gcc.target/aarch64/aapcs64/test_9.c execution,  -Os 
FAIL: gcc.target/aarch64/aapcs64/test_align-1.c compilation,  -O0 
FAIL: gcc.target/aarch64/aapcs64/test_align-1.c compilation,  -O1 
FAIL: gcc.target/aarch64/aapcs64/test_align-1.c compilation,  -O2 
FAIL: gcc.target/aarch64/aapcs64/test_align-1.c compilation,  -O3 -g 
FAIL: gcc.target/aarch64/aapcs64/test_align-1.c compilation,  -Og -g 
FAIL: gcc.target/aarch64/aapcs64/test_align-1.c compilation,  -Os 
UNRESOLVED: gcc.target/aarch64/aapcs64/test_align-1.c execution,  -O0 
UNRESOLVED: gcc.target/aarch64/aapcs64/test_align-1.c execution,  -O1 
UNRESOLVED: gcc.target/aarch64/aapcs64/test_align-1.c execution,  -O2 
UNRESOLVED: gcc.target/aarch64/aapcs64/test_align-1.c execution,  -O3 -g 
UNRESOLVED: gcc.target/aarch64/aapcs64/test_align-1.c execution,  -Og -g 
UNRESOLVED: gcc.target/aarch64/aapcs64/test_align-1.c execution,  -Os 
FAIL: gcc.target/aarch64/aapcs64/test_align-2.c compilation,  -O0 
FAIL: gcc.target/aarch64/aapcs64/test_align-2.c compilation,  -O1 
FAIL: gcc.target/aarch64/aapcs64/test_align-2.c compilation,  -O2 
FAIL: gcc.target/aarch64/aapcs64/test_align-2.c compilation,  -O3 -g 
FAIL: gcc.target/aarch64/aapcs64/test_align-2.c compilation,  -Og -g 
FAIL: gcc.target/aarch64/aapcs64/test_align-2.c compilation,  -Os 
UNRESOLVED: gcc.target/aarch64/aapcs64/test_align-2.c execution,  -O0 
UNRESOLVED: gcc.target/aarch64/aapcs64/test_align-2.c execution,  -O1 
UNRESOLVED: gcc.target/aarch64/aapcs64/test_align-2.c execution,  -O2 
UNRESOLVED: gcc.target/aarch64/aapcs64/test_align-2.c execution,  -O3 -g 
UNRESOLVED: gcc.target/aarch64/aapcs64/test_align-2.c execution,  -Og -g 
UNRESOLVED: gcc.target/aarch64/aapcs64/test_align-2.c execution,  -Os 
FAIL: gcc.target/aarch64/aapcs64/test_align-3.c compilation,  -O0 
FAIL: gcc.target/aarch64/aapcs64/test_align-3.c compilation,  -O1 
FAIL: gcc.target/aarch64/aapcs64/test_align-3.c compilation,  -O2 
FAIL: gcc.target/aarch64/aapcs64/test_align-3.c compilation,  -O3 -g 
FAIL: gcc.target/aarch64/aapcs64/test_align-3.c compilation,  -Og -g 
FAIL: gcc.target/aarch64/aapcs64/test_align-3.c compilation,  -Os 
UNRESOLVED: gcc.target/aarch64/aapcs64/test_align-3.c execution,  -O0 
UNRESOLVED: gcc.target/aarch64/aapcs64/test_align-3.c execution,  -O1 
UNRESOLVED: gcc.target/aarch64/aapcs64/test_align-3.c execution,  -O2 
UNRESOLVED: gcc.target/aarch64/aapcs64/test_align-3.c execution,  -O3 -g 
UNRESOLVED: gcc.target/aarch64/aapcs64/test_align-3.c execution,  -Og -g 
UNRESOLVED: gcc.target/aarch64/aapcs64/test_align-3.c execution,  -Os 
FAIL: gcc.target/aarch64/aapcs64/test_align-4.c compilation,  -O0 
FAIL: gcc.target/aarch64/aapcs64/test_align-4.c compilation,  -O1 
FAIL: gcc.target/aarch64/aapcs64/test_align-4.c compilation,  -O2 
FAIL: gcc.target/aarch64/aapcs64/test_align-4.c compilation,  -O3 -g 
FAIL: gcc.target/aarch64/aapcs64/test_align-4.c compilation,  -Og -g 
FAIL: gcc.target/aarch64/aapcs64/test_align-4.c compilation,  -Os 
UNRESOLVED: gcc.target/aarch64/aapcs64/test_align-4.c execution,  -O0 
UNRESOLVED: gcc.target/aarch64/aapcs64/test_align-4.c execution,  -O1 
UNRESOLVED: gcc.target/aarch64/aapcs64/test_align-4.c execution,  -O2 
UNRESOLVED: gcc.target/aarch64/aapcs64/test_align-4.c execution,  -O3 -g 
UNRESOLVED: gcc.target/aarch64/aapcs64/test_align-4.c execution,  -Og -g 
UNRESOLVED: gcc.target/aarch64/aapcs64/test_align-4.c execution,  -Os 
FAIL: gcc.target/aarch64/aapcs64/test_align-5.c compilation,  -O0 
FAIL: gcc.target/aarch64/aapcs64/test_align-5.c compilation,  -O1 
FAIL: gcc.target/aarch64/aapcs64/test_align-5.c compilation,  -O2 
FAIL: gcc.target/aarch64/aapcs64/test_align-5.c compilation,  -O3 -g 
FAIL: gcc.target/aarch64/aapcs64/test_align-5.c compilation,  -Og -g 
FAIL: gcc.target/aarch64/aapcs64/test_align-5.c compilation,  -Os 
UNRESOLVED: gcc.target/aarch64/aapcs64/test_align-5.c execution,  -O0 
UNRESOLVED: gcc.target/aarch64/aapcs64/test_align-5.c execution,  -O1 
UNRESOLVED: gcc.target/aarch64/aapcs64/test_align-5.c execution,  -O2 
UNRESOLVED: gcc.target/aarch64/aapcs64/test_align-5.c execution,  -O3 -g 
UNRESOLVED: gcc.target/aarch64/aapcs64/test_align-5.c execution,  -Og -g 
UNRESOLVED: gcc.target/aarch64/aapcs64/test_align-5.c execution,  -Os 
FAIL: gcc.target/aarch64/aapcs64/test_align-6.c compilation,  -O0 
FAIL: gcc.target/aarch64/aapcs64/test_align-6.c compilation,  -O1 
FAIL: gcc.target/aarch64/aapcs64/test_align-6.c compilation,  -O2 
FAIL: gcc.target/aarch64/aapcs64/test_align-6.c compilation,  -O3 -g 
FAIL: gcc.target/aarch64/aapcs64/test_align-6.c compilation,  -Og -g 
FAIL: gcc.target/aarch64/aapcs64/test_align-6.c compilation,  -Os 
UNRESOLVED: gcc.target/aarch64/aapcs64/test_align-6.c execution,  -O0 
UNRESOLVED: gcc.target/aarch64/aapcs64/test_align-6.c execution,  -O1 
UNRESOLVED: gcc.target/aarch64/aapcs64/test_align-6.c execution,  -O2 
UNRESOLVED: gcc.target/aarch64/aapcs64/test_align-6.c execution,  -O3 -g 
UNRESOLVED: gcc.target/aarch64/aapcs64/test_align-6.c execution,  -Og -g 
UNRESOLVED: gcc.target/aarch64/aapcs64/test_align-6.c execution,  -Os 
FAIL: gcc.target/aarch64/aapcs64/test_align-7.c compilation,  -O0 
FAIL: gcc.target/aarch64/aapcs64/test_align-7.c compilation,  -O1 
FAIL: gcc.target/aarch64/aapcs64/test_align-7.c compilation,  -O2 
FAIL: gcc.target/aarch64/aapcs64/test_align-7.c compilation,  -O3 -g 
FAIL: gcc.target/aarch64/aapcs64/test_align-7.c compilation,  -Og -g 
FAIL: gcc.target/aarch64/aapcs64/test_align-7.c compilation,  -Os 
UNRESOLVED: gcc.target/aarch64/aapcs64/test_align-7.c execution,  -O0 
UNRESOLVED: gcc.target/aarch64/aapcs64/test_align-7.c execution,  -O1 
UNRESOLVED: gcc.target/aarch64/aapcs64/test_align-7.c execution,  -O2 
UNRESOLVED: gcc.target/aarch64/aapcs64/test_align-7.c execution,  -O3 -g 
UNRESOLVED: gcc.target/aarch64/aapcs64/test_align-7.c execution,  -Og -g 
UNRESOLVED: gcc.target/aarch64/aapcs64/test_align-7.c execution,  -Os 
FAIL: gcc.target/aarch64/aapcs64/test_align-8.c compilation,  -O0 
FAIL: gcc.target/aarch64/aapcs64/test_align-8.c compilation,  -O1 
FAIL: gcc.target/aarch64/aapcs64/test_align-8.c compilation,  -O2 
FAIL: gcc.target/aarch64/aapcs64/test_align-8.c compilation,  -O3 -g 
FAIL: gcc.target/aarch64/aapcs64/test_align-8.c compilation,  -Og -g 
FAIL: gcc.target/aarch64/aapcs64/test_align-8.c compilation,  -Os 
UNRESOLVED: gcc.target/aarch64/aapcs64/test_align-8.c execution,  -O0 
UNRESOLVED: gcc.target/aarch64/aapcs64/test_align-8.c execution,  -O1 
UNRESOLVED: gcc.target/aarch64/aapcs64/test_align-8.c execution,  -O2 
UNRESOLVED: gcc.target/aarch64/aapcs64/test_align-8.c execution,  -O3 -g 
UNRESOLVED: gcc.target/aarch64/aapcs64/test_align-8.c execution,  -Og -g 
UNRESOLVED: gcc.target/aarch64/aapcs64/test_align-8.c execution,  -Os 
FAIL: gcc.target/aarch64/aapcs64/test_align-9.c compilation,  -O0 
FAIL: gcc.target/aarch64/aapcs64/test_align-9.c compilation,  -O1 
FAIL: gcc.target/aarch64/aapcs64/test_align-9.c compilation,  -O2 
FAIL: gcc.target/aarch64/aapcs64/test_align-9.c compilation,  -O3 -g 
FAIL: gcc.target/aarch64/aapcs64/test_align-9.c compilation,  -Og -g 
FAIL: gcc.target/aarch64/aapcs64/test_align-9.c compilation,  -Os 
UNRESOLVED: gcc.target/aarch64/aapcs64/test_align-9.c execution,  -O0 
UNRESOLVED: gcc.target/aarch64/aapcs64/test_align-9.c execution,  -O1 
UNRESOLVED: gcc.target/aarch64/aapcs64/test_align-9.c execution,  -O2 
UNRESOLVED: gcc.target/aarch64/aapcs64/test_align-9.c execution,  -O3 -g 
UNRESOLVED: gcc.target/aarch64/aapcs64/test_align-9.c execution,  -Og -g 
UNRESOLVED: gcc.target/aarch64/aapcs64/test_align-9.c execution,  -Os 
FAIL: gcc.target/aarch64/aapcs64/test_complex.c compilation,  -O0 
FAIL: gcc.target/aarch64/aapcs64/test_complex.c compilation,  -O1 
FAIL: gcc.target/aarch64/aapcs64/test_complex.c compilation,  -O2 
FAIL: gcc.target/aarch64/aapcs64/test_complex.c compilation,  -O3 -g 
FAIL: gcc.target/aarch64/aapcs64/test_complex.c compilation,  -Og -g 
FAIL: gcc.target/aarch64/aapcs64/test_complex.c compilation,  -Os 
UNRESOLVED: gcc.target/aarch64/aapcs64/test_complex.c execution,  -O0 
UNRESOLVED: gcc.target/aarch64/aapcs64/test_complex.c execution,  -O1 
UNRESOLVED: gcc.target/aarch64/aapcs64/test_complex.c execution,  -O2 
UNRESOLVED: gcc.target/aarch64/aapcs64/test_complex.c execution,  -O3 -g 
UNRESOLVED: gcc.target/aarch64/aapcs64/test_complex.c execution,  -Og -g 
UNRESOLVED: gcc.target/aarch64/aapcs64/test_complex.c execution,  -Os 
FAIL: gcc.target/aarch64/aapcs64/test_int128.c compilation,  -O0 
FAIL: gcc.target/aarch64/aapcs64/test_int128.c compilation,  -O1 
FAIL: gcc.target/aarch64/aapcs64/test_int128.c compilation,  -O2 
FAIL: gcc.target/aarch64/aapcs64/test_int128.c compilation,  -O3 -g 
FAIL: gcc.target/aarch64/aapcs64/test_int128.c compilation,  -Og -g 
FAIL: gcc.target/aarch64/aapcs64/test_int128.c compilation,  -Os 
UNRESOLVED: gcc.target/aarch64/aapcs64/test_int128.c execution,  -O0 
UNRESOLVED: gcc.target/aarch64/aapcs64/test_int128.c execution,  -O1 
UNRESOLVED: gcc.target/aarch64/aapcs64/test_int128.c execution,  -O2 
UNRESOLVED: gcc.target/aarch64/aapcs64/test_int128.c execution,  -O3 -g 
UNRESOLVED: gcc.target/aarch64/aapcs64/test_int128.c execution,  -Og -g 
UNRESOLVED: gcc.target/aarch64/aapcs64/test_int128.c execution,  -Os 
FAIL: gcc.target/aarch64/aapcs64/test_quad_double.c compilation,  -O0 
FAIL: gcc.target/aarch64/aapcs64/test_quad_double.c compilation,  -O1 
FAIL: gcc.target/aarch64/aapcs64/test_quad_double.c compilation,  -O2 
FAIL: gcc.target/aarch64/aapcs64/test_quad_double.c compilation,  -O3 -g 
FAIL: gcc.target/aarch64/aapcs64/test_quad_double.c compilation,  -Og -g 
FAIL: gcc.target/aarch64/aapcs64/test_quad_double.c compilation,  -Os 
UNRESOLVED: gcc.target/aarch64/aapcs64/test_quad_double.c execution,  -O0 
UNRESOLVED: gcc.target/aarch64/aapcs64/test_quad_double.c execution,  -O1 
UNRESOLVED: gcc.target/aarch64/aapcs64/test_quad_double.c execution,  -O2 
UNRESOLVED: gcc.target/aarch64/aapcs64/test_quad_double.c execution,  -O3 -g 
UNRESOLVED: gcc.target/aarch64/aapcs64/test_quad_double.c execution,  -Og -g 
UNRESOLVED: gcc.target/aarch64/aapcs64/test_quad_double.c execution,  -Os 
FAIL: gcc.target/aarch64/aapcs64/va_arg-1.c compilation,  -O0 
FAIL: gcc.target/aarch64/aapcs64/va_arg-1.c compilation,  -O1 
FAIL: gcc.target/aarch64/aapcs64/va_arg-1.c compilation,  -O2 
FAIL: gcc.target/aarch64/aapcs64/va_arg-1.c compilation,  -O3 -g 
FAIL: gcc.target/aarch64/aapcs64/va_arg-1.c compilation,  -Og -g 
FAIL: gcc.target/aarch64/aapcs64/va_arg-1.c compilation,  -Os 
UNRESOLVED: gcc.target/aarch64/aapcs64/va_arg-1.c execution,  -O0 
UNRESOLVED: gcc.target/aarch64/aapcs64/va_arg-1.c execution,  -O1 
UNRESOLVED: gcc.target/aarch64/aapcs64/va_arg-1.c execution,  -O2 
UNRESOLVED: gcc.target/aarch64/aapcs64/va_arg-1.c execution,  -O3 -g 
UNRESOLVED: gcc.target/aarch64/aapcs64/va_arg-1.c execution,  -Og -g 
UNRESOLVED: gcc.target/aarch64/aapcs64/va_arg-1.c execution,  -Os 
FAIL: gcc.target/aarch64/aapcs64/va_arg-10.c compilation,  -O0 
FAIL: gcc.target/aarch64/aapcs64/va_arg-10.c compilation,  -O1 
FAIL: gcc.target/aarch64/aapcs64/va_arg-10.c compilation,  -O2 
FAIL: gcc.target/aarch64/aapcs64/va_arg-10.c compilation,  -O3 -g 
FAIL: gcc.target/aarch64/aapcs64/va_arg-10.c compilation,  -Og -g 
FAIL: gcc.target/aarch64/aapcs64/va_arg-10.c compilation,  -Os 
UNRESOLVED: gcc.target/aarch64/aapcs64/va_arg-10.c execution,  -O0 
UNRESOLVED: gcc.target/aarch64/aapcs64/va_arg-10.c execution,  -O1 
UNRESOLVED: gcc.target/aarch64/aapcs64/va_arg-10.c execution,  -O2 
UNRESOLVED: gcc.target/aarch64/aapcs64/va_arg-10.c execution,  -O3 -g 
UNRESOLVED: gcc.target/aarch64/aapcs64/va_arg-10.c execution,  -Og -g 
UNRESOLVED: gcc.target/aarch64/aapcs64/va_arg-10.c execution,  -Os 
FAIL: gcc.target/aarch64/aapcs64/va_arg-11.c compilation,  -O0 
FAIL: gcc.target/aarch64/aapcs64/va_arg-11.c compilation,  -O1 
FAIL: gcc.target/aarch64/aapcs64/va_arg-11.c compilation,  -O2 
FAIL: gcc.target/aarch64/aapcs64/va_arg-11.c compilation,  -O3 -g 
FAIL: gcc.target/aarch64/aapcs64/va_arg-11.c compilation,  -Og -g 
FAIL: gcc.target/aarch64/aapcs64/va_arg-11.c compilation,  -Os 
UNRESOLVED: gcc.target/aarch64/aapcs64/va_arg-11.c execution,  -O0 
UNRESOLVED: gcc.target/aarch64/aapcs64/va_arg-11.c execution,  -O1 
UNRESOLVED: gcc.target/aarch64/aapcs64/va_arg-11.c execution,  -O2 
UNRESOLVED: gcc.target/aarch64/aapcs64/va_arg-11.c execution,  -O3 -g 
UNRESOLVED: gcc.target/aarch64/aapcs64/va_arg-11.c execution,  -Og -g 
UNRESOLVED: gcc.target/aarch64/aapcs64/va_arg-11.c execution,  -Os 
FAIL: gcc.target/aarch64/aapcs64/va_arg-12.c compilation,  -O0 
FAIL: gcc.target/aarch64/aapcs64/va_arg-12.c compilation,  -O1 
FAIL: gcc.target/aarch64/aapcs64/va_arg-12.c compilation,  -O2 
FAIL: gcc.target/aarch64/aapcs64/va_arg-12.c compilation,  -O3 -g 
FAIL: gcc.target/aarch64/aapcs64/va_arg-12.c compilation,  -Og -g 
FAIL: gcc.target/aarch64/aapcs64/va_arg-12.c compilation,  -Os 
UNRESOLVED: gcc.target/aarch64/aapcs64/va_arg-12.c execution,  -O0 
UNRESOLVED: gcc.target/aarch64/aapcs64/va_arg-12.c execution,  -O1 
UNRESOLVED: gcc.target/aarch64/aapcs64/va_arg-12.c execution,  -O2 
UNRESOLVED: gcc.target/aarch64/aapcs64/va_arg-12.c execution,  -O3 -g 
UNRESOLVED: gcc.target/aarch64/aapcs64/va_arg-12.c execution,  -Og -g 
UNRESOLVED: gcc.target/aarch64/aapcs64/va_arg-12.c execution,  -Os 
FAIL: gcc.target/aarch64/aapcs64/va_arg-13.c compilation,  -O0 
FAIL: gcc.target/aarch64/aapcs64/va_arg-13.c compilation,  -O1 
FAIL: gcc.target/aarch64/aapcs64/va_arg-13.c compilation,  -O2 
FAIL: gcc.target/aarch64/aapcs64/va_arg-13.c compilation,  -O3 -g 
FAIL: gcc.target/aarch64/aapcs64/va_arg-13.c compilation,  -Og -g 
FAIL: gcc.target/aarch64/aapcs64/va_arg-13.c compilation,  -Os 
UNRESOLVED: gcc.target/aarch64/aapcs64/va_arg-13.c execution,  -O0 
UNRESOLVED: gcc.target/aarch64/aapcs64/va_arg-13.c execution,  -O1 
UNRESOLVED: gcc.target/aarch64/aapcs64/va_arg-13.c execution,  -O2 
UNRESOLVED: gcc.target/aarch64/aapcs64/va_arg-13.c execution,  -O3 -g 
UNRESOLVED: gcc.target/aarch64/aapcs64/va_arg-13.c execution,  -Og -g 
UNRESOLVED: gcc.target/aarch64/aapcs64/va_arg-13.c execution,  -Os 
FAIL: gcc.target/aarch64/aapcs64/va_arg-14.c compilation,  -O0 
FAIL: gcc.target/aarch64/aapcs64/va_arg-14.c compilation,  -O1 
FAIL: gcc.target/aarch64/aapcs64/va_arg-14.c compilation,  -O2 
FAIL: gcc.target/aarch64/aapcs64/va_arg-14.c compilation,  -O3 -g 
FAIL: gcc.target/aarch64/aapcs64/va_arg-14.c compilation,  -Og -g 
FAIL: gcc.target/aarch64/aapcs64/va_arg-14.c compilation,  -Os 
UNRESOLVED: gcc.target/aarch64/aapcs64/va_arg-14.c execution,  -O0 
UNRESOLVED: gcc.target/aarch64/aapcs64/va_arg-14.c execution,  -O1 
UNRESOLVED: gcc.target/aarch64/aapcs64/va_arg-14.c execution,  -O2 
UNRESOLVED: gcc.target/aarch64/aapcs64/va_arg-14.c execution,  -O3 -g 
UNRESOLVED: gcc.target/aarch64/aapcs64/va_arg-14.c execution,  -Og -g 
UNRESOLVED: gcc.target/aarch64/aapcs64/va_arg-14.c execution,  -Os 
FAIL: gcc.target/aarch64/aapcs64/va_arg-15.c compilation,  -O0 
FAIL: gcc.target/aarch64/aapcs64/va_arg-15.c compilation,  -O1 
FAIL: gcc.target/aarch64/aapcs64/va_arg-15.c compilation,  -O2 
FAIL: gcc.target/aarch64/aapcs64/va_arg-15.c compilation,  -O3 -g 
FAIL: gcc.target/aarch64/aapcs64/va_arg-15.c compilation,  -Og -g 
FAIL: gcc.target/aarch64/aapcs64/va_arg-15.c compilation,  -Os 
UNRESOLVED: gcc.target/aarch64/aapcs64/va_arg-15.c execution,  -O0 
UNRESOLVED: gcc.target/aarch64/aapcs64/va_arg-15.c execution,  -O1 
UNRESOLVED: gcc.target/aarch64/aapcs64/va_arg-15.c execution,  -O2 
UNRESOLVED: gcc.target/aarch64/aapcs64/va_arg-15.c execution,  -O3 -g 
UNRESOLVED: gcc.target/aarch64/aapcs64/va_arg-15.c execution,  -Og -g 
UNRESOLVED: gcc.target/aarch64/aapcs64/va_arg-15.c execution,  -Os 
FAIL: gcc.target/aarch64/aapcs64/va_arg-16.c compilation,  -O0 
FAIL: gcc.target/aarch64/aapcs64/va_arg-16.c compilation,  -O1 
FAIL: gcc.target/aarch64/aapcs64/va_arg-16.c compilation,  -O2 
FAIL: gcc.target/aarch64/aapcs64/va_arg-16.c compilation,  -O3 -g 
FAIL: gcc.target/aarch64/aapcs64/va_arg-16.c compilation,  -Og -g 
FAIL: gcc.target/aarch64/aapcs64/va_arg-16.c compilation,  -Os 
UNRESOLVED: gcc.target/aarch64/aapcs64/va_arg-16.c execution,  -O0 
UNRESOLVED: gcc.target/aarch64/aapcs64/va_arg-16.c execution,  -O1 
UNRESOLVED: gcc.target/aarch64/aapcs64/va_arg-16.c execution,  -O2 
UNRESOLVED: gcc.target/aarch64/aapcs64/va_arg-16.c execution,  -O3 -g 
UNRESOLVED: gcc.target/aarch64/aapcs64/va_arg-16.c execution,  -Og -g 
UNRESOLVED: gcc.target/aarch64/aapcs64/va_arg-16.c execution,  -Os 
FAIL: gcc.target/aarch64/aapcs64/va_arg-2.c compilation,  -O0 
FAIL: gcc.target/aarch64/aapcs64/va_arg-2.c compilation,  -O1 
FAIL: gcc.target/aarch64/aapcs64/va_arg-2.c compilation,  -O2 
FAIL: gcc.target/aarch64/aapcs64/va_arg-2.c compilation,  -O3 -g 
FAIL: gcc.target/aarch64/aapcs64/va_arg-2.c compilation,  -Og -g 
FAIL: gcc.target/aarch64/aapcs64/va_arg-2.c compilation,  -Os 
UNRESOLVED: gcc.target/aarch64/aapcs64/va_arg-2.c execution,  -O0 
UNRESOLVED: gcc.target/aarch64/aapcs64/va_arg-2.c execution,  -O1 
UNRESOLVED: gcc.target/aarch64/aapcs64/va_arg-2.c execution,  -O2 
UNRESOLVED: gcc.target/aarch64/aapcs64/va_arg-2.c execution,  -O3 -g 
UNRESOLVED: gcc.target/aarch64/aapcs64/va_arg-2.c execution,  -Og -g 
UNRESOLVED: gcc.target/aarch64/aapcs64/va_arg-2.c execution,  -Os 
FAIL: gcc.target/aarch64/aapcs64/va_arg-3.c compilation,  -O0 
FAIL: gcc.target/aarch64/aapcs64/va_arg-3.c compilation,  -O1 
FAIL: gcc.target/aarch64/aapcs64/va_arg-3.c compilation,  -O2 
FAIL: gcc.target/aarch64/aapcs64/va_arg-3.c compilation,  -O3 -g 
FAIL: gcc.target/aarch64/aapcs64/va_arg-3.c compilation,  -Og -g 
FAIL: gcc.target/aarch64/aapcs64/va_arg-3.c compilation,  -Os 
UNRESOLVED: gcc.target/aarch64/aapcs64/va_arg-3.c execution,  -O0 
UNRESOLVED: gcc.target/aarch64/aapcs64/va_arg-3.c execution,  -O1 
UNRESOLVED: gcc.target/aarch64/aapcs64/va_arg-3.c execution,  -O2 
UNRESOLVED: gcc.target/aarch64/aapcs64/va_arg-3.c execution,  -O3 -g 
UNRESOLVED: gcc.target/aarch64/aapcs64/va_arg-3.c execution,  -Og -g 
UNRESOLVED: gcc.target/aarch64/aapcs64/va_arg-3.c execution,  -Os 
FAIL: gcc.target/aarch64/aapcs64/va_arg-4.c compilation,  -O0 
FAIL: gcc.target/aarch64/aapcs64/va_arg-4.c compilation,  -O1 
FAIL: gcc.target/aarch64/aapcs64/va_arg-4.c compilation,  -O2 
FAIL: gcc.target/aarch64/aapcs64/va_arg-4.c compilation,  -O3 -g 
FAIL: gcc.target/aarch64/aapcs64/va_arg-4.c compilation,  -Og -g 
FAIL: gcc.target/aarch64/aapcs64/va_arg-4.c compilation,  -Os 
UNRESOLVED: gcc.target/aarch64/aapcs64/va_arg-4.c execution,  -O0 
UNRESOLVED: gcc.target/aarch64/aapcs64/va_arg-4.c execution,  -O1 
UNRESOLVED: gcc.target/aarch64/aapcs64/va_arg-4.c execution,  -O2 
UNRESOLVED: gcc.target/aarch64/aapcs64/va_arg-4.c execution,  -O3 -g 
UNRESOLVED: gcc.target/aarch64/aapcs64/va_arg-4.c execution,  -Og -g 
UNRESOLVED: gcc.target/aarch64/aapcs64/va_arg-4.c execution,  -Os 
FAIL: gcc.target/aarch64/aapcs64/va_arg-5.c compilation,  -O0 
FAIL: gcc.target/aarch64/aapcs64/va_arg-5.c compilation,  -O1 
FAIL: gcc.target/aarch64/aapcs64/va_arg-5.c compilation,  -O2 
FAIL: gcc.target/aarch64/aapcs64/va_arg-5.c compilation,  -O3 -g 
FAIL: gcc.target/aarch64/aapcs64/va_arg-5.c compilation,  -Og -g 
FAIL: gcc.target/aarch64/aapcs64/va_arg-5.c compilation,  -Os 
UNRESOLVED: gcc.target/aarch64/aapcs64/va_arg-5.c execution,  -O0 
UNRESOLVED: gcc.target/aarch64/aapcs64/va_arg-5.c execution,  -O1 
UNRESOLVED: gcc.target/aarch64/aapcs64/va_arg-5.c execution,  -O2 
UNRESOLVED: gcc.target/aarch64/aapcs64/va_arg-5.c execution,  -O3 -g 
UNRESOLVED: gcc.target/aarch64/aapcs64/va_arg-5.c execution,  -Og -g 
UNRESOLVED: gcc.target/aarch64/aapcs64/va_arg-5.c execution,  -Os 
FAIL: gcc.target/aarch64/aapcs64/va_arg-6.c compilation,  -O0 
FAIL: gcc.target/aarch64/aapcs64/va_arg-6.c compilation,  -O1 
FAIL: gcc.target/aarch64/aapcs64/va_arg-6.c compilation,  -O2 
FAIL: gcc.target/aarch64/aapcs64/va_arg-6.c compilation,  -O3 -g 
FAIL: gcc.target/aarch64/aapcs64/va_arg-6.c compilation,  -Og -g 
FAIL: gcc.target/aarch64/aapcs64/va_arg-6.c compilation,  -Os 
UNRESOLVED: gcc.target/aarch64/aapcs64/va_arg-6.c execution,  -O0 
UNRESOLVED: gcc.target/aarch64/aapcs64/va_arg-6.c execution,  -O1 
UNRESOLVED: gcc.target/aarch64/aapcs64/va_arg-6.c execution,  -O2 
UNRESOLVED: gcc.target/aarch64/aapcs64/va_arg-6.c execution,  -O3 -g 
UNRESOLVED: gcc.target/aarch64/aapcs64/va_arg-6.c execution,  -Og -g 
UNRESOLVED: gcc.target/aarch64/aapcs64/va_arg-6.c execution,  -Os 
FAIL: gcc.target/aarch64/aapcs64/va_arg-7.c compilation,  -O0 
FAIL: gcc.target/aarch64/aapcs64/va_arg-7.c compilation,  -O1 
FAIL: gcc.target/aarch64/aapcs64/va_arg-7.c compilation,  -O2 
FAIL: gcc.target/aarch64/aapcs64/va_arg-7.c compilation,  -O3 -g 
FAIL: gcc.target/aarch64/aapcs64/va_arg-7.c compilation,  -Og -g 
FAIL: gcc.target/aarch64/aapcs64/va_arg-7.c compilation,  -Os 
UNRESOLVED: gcc.target/aarch64/aapcs64/va_arg-7.c execution,  -O0 
UNRESOLVED: gcc.target/aarch64/aapcs64/va_arg-7.c execution,  -O1 
UNRESOLVED: gcc.target/aarch64/aapcs64/va_arg-7.c execution,  -O2 
UNRESOLVED: gcc.target/aarch64/aapcs64/va_arg-7.c execution,  -O3 -g 
UNRESOLVED: gcc.target/aarch64/aapcs64/va_arg-7.c execution,  -Og -g 
UNRESOLVED: gcc.target/aarch64/aapcs64/va_arg-7.c execution,  -Os 
FAIL: gcc.target/aarch64/aapcs64/va_arg-8.c compilation,  -O0 
FAIL: gcc.target/aarch64/aapcs64/va_arg-8.c compilation,  -O1 
FAIL: gcc.target/aarch64/aapcs64/va_arg-8.c compilation,  -O2 
FAIL: gcc.target/aarch64/aapcs64/va_arg-8.c compilation,  -O3 -g 
FAIL: gcc.target/aarch64/aapcs64/va_arg-8.c compilation,  -Og -g 
FAIL: gcc.target/aarch64/aapcs64/va_arg-8.c compilation,  -Os 
UNRESOLVED: gcc.target/aarch64/aapcs64/va_arg-8.c execution,  -O0 
UNRESOLVED: gcc.target/aarch64/aapcs64/va_arg-8.c execution,  -O1 
UNRESOLVED: gcc.target/aarch64/aapcs64/va_arg-8.c execution,  -O2 
UNRESOLVED: gcc.target/aarch64/aapcs64/va_arg-8.c execution,  -O3 -g 
UNRESOLVED: gcc.target/aarch64/aapcs64/va_arg-8.c execution,  -Og -g 
UNRESOLVED: gcc.target/aarch64/aapcs64/va_arg-8.c execution,  -Os 
FAIL: gcc.target/aarch64/aapcs64/va_arg-9.c compilation,  -O0 
FAIL: gcc.target/aarch64/aapcs64/va_arg-9.c compilation,  -O1 
FAIL: gcc.target/aarch64/aapcs64/va_arg-9.c compilation,  -O2 
FAIL: gcc.target/aarch64/aapcs64/va_arg-9.c compilation,  -O3 -g 
FAIL: gcc.target/aarch64/aapcs64/va_arg-9.c compilation,  -Og -g 
FAIL: gcc.target/aarch64/aapcs64/va_arg-9.c compilation,  -Os 
UNRESOLVED: gcc.target/aarch64/aapcs64/va_arg-9.c execution,  -O0 
UNRESOLVED: gcc.target/aarch64/aapcs64/va_arg-9.c execution,  -O1 
UNRESOLVED: gcc.target/aarch64/aapcs64/va_arg-9.c execution,  -O2 
UNRESOLVED: gcc.target/aarch64/aapcs64/va_arg-9.c execution,  -O3 -g 
UNRESOLVED: gcc.target/aarch64/aapcs64/va_arg-9.c execution,  -Og -g 
UNRESOLVED: gcc.target/aarch64/aapcs64/va_arg-9.c execution,  -Os 
FAIL: gcc.target/aarch64/fuse_adrp_add_1.c scan-assembler adrp\\tx.*, fixed_regs\\n\\tadd\\tx.*, x.*fixed_regs
FAIL: gcc.target/aarch64/pr63304_1.c (test for excess errors)
FAIL: gcc.target/aarch64/pr63304_1.c scan-assembler-times adrp 6
FAIL: gcc.target/aarch64/pr70120-2.c (test for excess errors)
FAIL: gcc.target/aarch64/pr79041-2.c (test for excess errors)
UNRESOLVED: gcc.target/aarch64/pr79041-2.c scan-assembler adr
UNRESOLVED: gcc.target/aarch64/pr79041-2.c scan-assembler-not adrp
FAIL: gcc.target/aarch64/reload-valid-spoff.c (test for excess errors)
FAIL: gcc.target/aarch64/test_frame_10.c scan-assembler ldp\\tx19, x30, \\\\[sp, [0-9]+\\\\]
FAIL: gcc.target/aarch64/test_frame_10.c scan-assembler-times stp\\tx19, x30, \\\\[sp, [0-9]+\\\\] 1
FAIL: gcc.target/aarch64/test_frame_8.c scan-assembler ldr\\tx30, \\\\[sp, [0-9]+\\\\]
FAIL: gcc.target/aarch64/test_frame_8.c scan-assembler-times str\\tx30, \\\\[sp, [0-9]+\\\\] 1
FAIL: gcc.target/aarch64/vect-abs-compile.c scan-assembler abs\\\\tv[0-9]+.16b
FAIL: gcc.target/aarch64/vect-abs-compile.c scan-assembler abs\\\\tv[0-9]+.8h
FAIL: gcc.target/aarch64/vect-add-sub-cond.c scan-assembler-not \\tld[^\\t]*\\t[wx]

		=== gcc Summary for unix/-fstack-protector ===

# of expected passes		115876
# of unexpected failures	869
# of unexpected successes	16
# of expected failures		329
# of unresolved testcases	339
# of unsupported tests		3398

		=== gcc Summary ===

# of expected passes		231792
# of unexpected failures	1698
# of unexpected successes	32
# of expected failures		658
# of unresolved testcases	678
# of unsupported tests		6796
/build/gcc-7-6Qixs4/gcc-7-7.3.0/build/gcc/xgcc  version 7.3.0 (Debian 7.3.0-29) 

		=== gfortran tests ===


Running target unix

		=== gfortran Summary for unix ===

# of expected passes		45132
# of expected failures		93
# of unsupported tests		77

Running target unix/-fstack-protector

		=== gfortran Summary for unix/-fstack-protector ===

# of expected passes		45132
# of expected failures		93
# of unsupported tests		77

		=== gfortran Summary ===

# of expected passes		90264
# of expected failures		186
# of unsupported tests		154
/build/gcc-7-6Qixs4/gcc-7-7.3.0/build/gcc/gfortran  version 7.3.0 (Debian 7.3.0-29) 

		=== gnat tests ===


Running target unix

		=== gnat Summary for unix ===

# of expected passes		2558
# of expected failures		25
# of unsupported tests		21

Running target unix/-fstack-protector

		=== gnat Summary for unix/-fstack-protector ===

# of expected passes		2558
# of expected failures		25
# of unsupported tests		21

		=== gnat Summary ===

# of expected passes		5116
# of expected failures		50
# of unsupported tests		42
/build/gcc-7-6Qixs4/gcc-7-7.3.0/build/gcc/gnatmake version 7.3.0

		=== go tests ===


Running target unix

		=== go Summary for unix ===

# of expected passes		487
# of untested testcases		834

Running target unix/-fstack-protector

		=== go Summary for unix/-fstack-protector ===

# of expected passes		487
# of untested testcases		834

		=== go Summary ===

# of expected passes		974
# of untested testcases		1668
/build/gcc-7-6Qixs4/gcc-7-7.3.0/build/gcc/gccgo  version 7.3.0 (Debian 7.3.0-29) 

		=== obj-c++ tests ===


Running target unix

		=== obj-c++ Summary for unix ===

# of expected passes		1451
# of expected failures		10
# of unsupported tests		77

Running target unix/-fstack-protector

		=== obj-c++ Summary for unix/-fstack-protector ===

# of expected passes		1451
# of expected failures		10
# of unsupported tests		77

		=== obj-c++ Summary ===

# of expected passes		2902
# of expected failures		20
# of unsupported tests		154
/build/gcc-7-6Qixs4/gcc-7-7.3.0/build/gcc/xg++  version 7.3.0 (Debian 7.3.0-29) 

		=== objc tests ===


Running target unix

		=== objc Summary for unix ===

# of expected passes		2801
# of unsupported tests		69

Running target unix/-fstack-protector

		=== objc Summary for unix/-fstack-protector ===

# of expected passes		2801
# of unsupported tests		69

		=== objc Summary ===

# of expected passes		5602
# of unsupported tests		138
/build/gcc-7-6Qixs4/gcc-7-7.3.0/build/gcc/xgcc  version 7.3.0 (Debian 7.3.0-29) 


Compiler version: 7.3.0 (Debian 7.3.0-29) 
Platform: aarch64-unknown-linux-gnu
configure flags: -v --with-pkgversion='Debian 7.3.0-29' --with-bugurl=file:///usr/share/doc/gcc-7/README.Bugs --enable-languages=c,ada,c++,go,d,fortran,objc,obj-c++ --prefix=/usr --with-gcc-major-version-only --program-suffix=-7 --program-prefix=aarch64-linux-gnu- --enable-shared --enable-linker-build-id --libexecdir=/usr/lib --without-included-gettext --enable-threads=posix --libdir=/usr/lib --enable-nls --with-sysroot=/ --enable-clocale=gnu --enable-libstdcxx-debug --enable-libstdcxx-time=yes --with-default-libstdcxx-abi=new --enable-gnu-unique-object --disable-libquadmath --disable-libquadmath-support --enable-plugin --enable-default-pie --with-system-zlib --enable-multiarch --enable-fix-cortex-a53-843419 --disable-werror --enable-checking=release --build=aarch64-linux-gnu --host=aarch64-linux-gnu --target=aarch64-linux-gnu
BOOT_CFLAGS=


Build Dependencies:
Desired=Unknown/Install/Remove/Purge/Hold
| Status=Not/Inst/Conf-files/Unpacked/halF-conf/Half-inst/trig-aWait/Trig-pend
|/ Err?=(none)/Reinst-required (Status,Err: uppercase=bad)
||/ Name                       Version        Architecture Description
+++-==========================-==============-============-===============================================================================
ii  binutils                   2.31.1-5       arm64        GNU assembler, linker and binary utilities
ii  binutils-aarch64-linux-gnu 2.31.1-5       arm64        GNU binary utilities, for aarch64-linux-gnu target
ii  binutils-common:arm64      2.31.1-5       arm64        Common files for the GNU assembler, linker and binary utilities
ii  g++-7                      7.3.0-28       arm64        GNU C++ compiler
ii  g++-8                      8.2.0-4        arm64        GNU C++ compiler
ii  libc6:arm64                2.27-5         arm64        GNU C Library: Shared libraries
ii  libgmp-dev:arm64           2:6.1.2+dfsg-3 arm64        Multiprecision arithmetic library developers tools
ii  libisl-dev:arm64           0.20-2         arm64        manipulating sets and relations of integer points bounded by linear constraints
ii  libmpc-dev:arm64           1.1.0-1        arm64        multiple precision complex floating-point library development package
ii  libmpfr-dev:arm64          4.0.1-1        arm64        multiple precision floating-point computation developers tools


svn-updates:
  updates from the 7 branch upto 20180904 (r264075).

gcc-gfdl-build:
  Build a dummy s-tm-texi without access to the texinfo sources

gcc-textdomain:
  Set gettext's domain and textdomain to the versioned package name.

gcc-driver-extra-langs:
  Add options and specs for languages that are not built from a source
  (but built from separate sources).

gcc-hash-style-gnu:
  Link using --hash-style=gnu (aarch64, alpha, amd64, armel, armhf, ia64,
  i386, powerpc, ppc64, riscv64, s390, sparc)

libstdc++-pic:
  Build and install libstdc++_pic.a library.

libstdc++-doclink:
  adjust hrefs to point to the local documentation

libstdc++-man-3cxx:
  Install libstdc++ man pages with suffix .3cxx instead of .3

libstdc++-test-installed:
  Add support to run the libstdc++-v3 testsuite using the
  installed shared libraries.

alpha-no-ev4-directive:
  never emit .ev4 directive.

note-gnu-stack:
  Add .note.GNU-stack sections for gcc's crt files, libffi and boehm-gc
  Taken from FC.

libgomp-omp_h-multilib:
  Fix up omp.h for multilibs.

pr47818:

libgo-testsuite:
  Only run the libgo testsuite for flags configured in RUNTESTFLAGS

libgo-cleanfiles:

gcc-target-include-asm:
  Search \$(builddir)/sys-include for the asm header files

libgo-revert-timeout-exp:

libgo-setcontext-config:
  libgo: Overwrite the setcontext_clobbers_tls check on mips*

gcc-auto-build:
  Fix cross building a native compiler.

kfreebsd-unwind:
  DWARF2 EH unwinding support for AMD x86-64 and x86 KFreeBSD.

libitm-no-fortify-source:
  Build libitm with -U_FORTIFY_SOURCE on x86 and x86_64.

sparc64-biarch-long-double-128:
  Fix --with-long-double-128 for sparc32 when defaulting to 64-bit.

gotools-configury:
  Fix gotools cross build.

pr66368:
  PR go/66368, build libgo with -fno-stack-protector

pr67590:
  Fix PR67590, setting objdump macro.

libjit-ldflags:

libffi-pax:

libffi-race-condition:

gcc-foffload-default:
  Allow setting offload targets by OFFLOAD_TARGET_DEFAULT

gcc-fuse-ld-lld:
  Allow to use lld with -fuse-ld=ld.lld

pr77631:
  Fix PR sanitizer/77631, support separate debug info in libbacktrace.

pr67165:
  Fix PR other/67165, libbacktrace support for compressed debug sections

cuda-float128:

libgo-sparc64:

libgo-ia64:

libcc1-compiler-name:
  libcc1: Fix setting the compiler name, taken from the trunk

sh-builtin-trap:
  Proposed patch for PR target/70216, __builtin_trap() on SH

libffi-mipsen-r6:
  libffi: mips/n32.S: disable .set mips4 on mips r6

gcc-alpha-bs-ignore:
  Ignore bootstrap comparison failures in gcc/d on alpha

pr83204:
  Fix PR c++/83204, taken from the trunk

pr81356:
  Fix PR target/81356 (AArch64)
  Avoid memory access w/ __builtin_strcpy of empty string.

aarch64-simd-fnma-fix:
  aarch64-simd: Avoid emitting dup insn by using canonical form for fnma.

thunderx2t99-pipe-sched:
  aarch64-thunderx2: Add pipeline/scheduling info for missing insn types.

pr84475:
  Fix PR target/84475, taken from the trunk

libffi-riscv:
  Backport RISC-V support, taken from libffi commit 3840d49aaa

gcc-force-cross-layout:
  Add FORCE_CROSS_LAYOUT env var to force a cross directory layout.

gcc-search-prefixed-as-ld:
  Search for the <triplet>-as / -ld before serching for as / ld.

kfreebsd-decimal-float:
  Enable decimal float support on kfreebsd-amd64

pr86139:
  Fix PR middle-end/86139, taken from the gcc-8-branch

gcc-as-needed-push-pop:

gcc-hppa-caller-copies-ABI:
  Switch hppa-linux to caller copies ABI (as done in GCC 8).

ada-arm:

ada-gcc-name:

ada-verbose:

ada-library-project-files-soname:

ada-link-lib:

ada-libgnatvsn:
  - Introduce a new shared library named libgnatvsn, containing
  common components of GNAT under the GNAT-Modified GPL, for
  use in GNAT tools, ASIS, GLADE and GPS.   Link the gnat tools
  against this new library.

ada-gnattools-cross:
  - When building a cross gnat, link against the libgnatvsnBV-dev
  package.
  This link will be done by /usr/bin/\$(host_alias)-gnat*, thus
  the native gnat with the same major version will be required.

ada-tools-move-ldflags:

ada-acats:
  remove blanks from target_bit, see https://bugs.debian.org/814978

ada-sjlj:

ada-link-shlib:

ada-lib-info-source-date-epoch:

ada-armel-libatomic:

gdc-7:
  This implements D language support in the GCC back end, and adds
  relevant documentation about the GDC front end (code part).

gdc-updates:
  gdc updates up to 20160115.

libphobos-zlib:
  Build zlib in any case to have a fall back for missing libz multilibs

gdc-versym-cpu:
  Implements D CPU version conditions.

gdc-versym-os:
  Implements D OS version conditions.

gdc-frontend-posix:
  Fix build of the D frontend on the Hurd and KFreeBSD.

gdc-profiledbuild:
  Don't build gdc build tools idgen and impcnvgen with profiling flags

gdc-sparc-fix:
  Fix gdc build on sparc.

gdc-texinfo:
  Add macros for the gdc texinfo documentation.

gdc-driver-nophobos:
  Modify gdc driver to have no libphobos by default.

disable-gdc-tests:
  Disable D tests, hang on many buildds

sys-auxv-header:
  Check for the sys/auxv.h header file.

libcilkrts-targets:
  Disable libcilkrts on KFreeBSD and the Hurd. See #734973.

t-libunwind-elf-Wl-z-defs:
  strip -z,defs from linker options for internal libunwind.

arm-multilib-defaults:
  Set MULTILIB_DEFAULTS for ARM multilib builds

gcc-ice-dump:
  For ICEs, dump the preprocessed source file to stderr
  when in a distro build environment.

gcc-ice-apport:
  Report an ICE to apport (if apport is available
  and the environment variable GCC_NOAPPORT is not set)

skip-bootstrap-multilib:
  Skip non-default multilib and libstdc++-v3 debug builds in bootstrap builds

libffi-ro-eh_frame_sect:
  PR libffi/47248, force a read only eh frame section.

libffi-mips:
  Backport Mips go closure support, taken from libffi issue #197.

ada-kfreebsd:

ada-drop-termio-h:

gcc-multiarch:
  - Remaining multiarch patches, not yet submitted upstream.
  - Add MULTIARCH_DIRNAME definitions for multilib configurations,
  which are used for the non-multilib builds.

config-ml:
  - Disable some biarch libraries for biarch builds.
  - Fix multilib builds on kernels which don't support all multilibs.

g++-multiarch-incdir:
  Use /usr/include/<multiarch>/c++/4.x as the include directory
  for host dependent c++ header files.

canonical-cpppath:
  Don't use any relative path names for the standard include paths.

gcc-multilib-multiarch:
  Don't auto-detect multilib osdirnames.

libgomp-kfreebsd-testsuite:
  Disable lock-2.c test on kfreebsd-*

go-testsuite:
  Skip Go testcase on AArch64 which hangs on the buildds.

ada-749574:

ada-changes-in-autogen-output:

Counting all warnings,
there are 0 warnings in stage3 of this bootstrap.

Number of warnings per file:

Number of warning types:


Index Nav: [Date Index] [Subject Index] [Author Index] [Thread Index]
Message Nav: [Date Prev] [Date Next] [Thread Prev] [Thread Next]