This is the mail archive of the gcc-testresults@gcc.gnu.org mailing list for the GCC project.


Index Nav: [Date Index] [Subject Index] [Author Index] [Thread Index]
Message Nav: [Date Prev] [Date Next] [Thread Prev] [Thread Next]
Other format: [Raw text]

Results for 9.0.0 20180827 (experimental) (GCC) testsuite on i586-unknown-freebsd10.4


Native configuration is i586-unknown-freebsd10.4

		=== g++ tests ===


Running target unix
FAIL: c-c++-common/Wconversion-real.c  -std=gnu++98  (test for warnings, line 27)
FAIL: c-c++-common/Wconversion-real.c  -std=gnu++98  (test for warnings, line 28)
FAIL: c-c++-common/Wconversion-real.c  -std=gnu++11  (test for warnings, line 27)
FAIL: c-c++-common/Wconversion-real.c  -std=gnu++11  (test for warnings, line 28)
FAIL: c-c++-common/Wconversion-real.c  -std=gnu++14  (test for warnings, line 27)
FAIL: c-c++-common/Wconversion-real.c  -std=gnu++14  (test for warnings, line 28)
FAIL: c-c++-common/Wfloat-conversion.c  -std=gnu++98  (test for warnings, line 36)
FAIL: c-c++-common/Wfloat-conversion.c  -std=gnu++98  (test for warnings, line 37)
FAIL: c-c++-common/Wfloat-conversion.c  -std=gnu++11  (test for warnings, line 36)
FAIL: c-c++-common/Wfloat-conversion.c  -std=gnu++11  (test for warnings, line 37)
FAIL: c-c++-common/Wfloat-conversion.c  -std=gnu++14  (test for warnings, line 36)
FAIL: c-c++-common/Wfloat-conversion.c  -std=gnu++14  (test for warnings, line 37)
FAIL: g++.dg/Walloca1.C  -std=gnu++98  (test for warnings, line 7)
FAIL: g++.dg/Walloca1.C  -std=gnu++11  (test for warnings, line 7)
FAIL: g++.dg/Walloca1.C  -std=gnu++14  (test for warnings, line 7)
FAIL: g++.dg/ext/pr81706.C  -std=gnu++98  scan-assembler call[^\\n\\r]__?ZGVdN4v_cos
FAIL: g++.dg/ext/pr81706.C  -std=gnu++98  scan-assembler call[^\\n\\r]__?ZGVdN4v_sin
FAIL: g++.dg/ext/pr81706.C  -std=gnu++11  scan-assembler call[^\\n\\r]__?ZGVdN4v_cos
FAIL: g++.dg/ext/pr81706.C  -std=gnu++11  scan-assembler call[^\\n\\r]__?ZGVdN4v_sin
FAIL: g++.dg/ext/pr81706.C  -std=gnu++14  scan-assembler call[^\\n\\r]__?ZGVdN4v_cos
FAIL: g++.dg/ext/pr81706.C  -std=gnu++14  scan-assembler call[^\\n\\r]__?ZGVdN4v_sin
FAIL: g++.dg/pr83239.C  -std=gnu++98 (test for excess errors)
FAIL: g++.dg/gcov/pr16855-priority.C  -std=gnu++98  line 22: is #####:should be 1
FAIL: g++.dg/gcov/pr16855-priority.C  -std=gnu++98  gcov: 1 failures in line counts, 0 in branch percentages, 0 in return percentages, 0 in intermediate format
FAIL: g++.dg/gcov/pr16855-priority.C  -std=gnu++11  line 22: is #####:should be 1
FAIL: g++.dg/gcov/pr16855-priority.C  -std=gnu++11  gcov: 1 failures in line counts, 0 in branch percentages, 0 in return percentages, 0 in intermediate format
FAIL: g++.dg/gcov/pr16855-priority.C  -std=gnu++14  line 22: is #####:should be 1
FAIL: g++.dg/gcov/pr16855-priority.C  -std=gnu++14  gcov: 1 failures in line counts, 0 in branch percentages, 0 in return percentages, 0 in intermediate format
FAIL: g++.dg/gcov/pr16855.C  -std=gnu++98  line 21: is #####:should be 1
FAIL: g++.dg/gcov/pr16855.C  -std=gnu++98  gcov: 1 failures in line counts, 0 in branch percentages, 0 in return percentages, 0 in intermediate format
FAIL: g++.dg/gcov/pr16855.C  -std=gnu++11  line 21: is #####:should be 1
FAIL: g++.dg/gcov/pr16855.C  -std=gnu++11  gcov: 1 failures in line counts, 0 in branch percentages, 0 in return percentages, 0 in intermediate format
FAIL: g++.dg/gcov/pr16855.C  -std=gnu++14  line 21: is #####:should be 1
FAIL: g++.dg/gcov/pr16855.C  -std=gnu++14  gcov: 1 failures in line counts, 0 in branch percentages, 0 in return percentages, 0 in intermediate format
FAIL: g++.dg/lto/20091002-1 cp_lto_20091002-1_0.o-cp_lto_20091002-1_0.o link, -fPIC -flto -Wno-return-type
FAIL: g++.dg/lto/pr64043 cp_lto_pr64043_0.o-cp_lto_pr64043_0.o link,  -flto -std=c++11 
FAIL: g++.dg/lto/pr65193 cp_lto_pr65193_0.o-cp_lto_pr65193_0.o link, -fPIC -r -nostdlib -flto -O2 -g -Wno-return-type
FAIL: g++.dg/lto/pr65302 cp_lto_pr65302_0.o-cp_lto_pr65302_1.o link,  -flto -O2 -Wno-return-type 
FAIL: g++.dg/lto/pr65316 cp_lto_pr65316_0.o-cp_lto_pr65316_1.o link,  -flto -std=c++11 -g2 -fno-lto-odr-type-merging -O2 -Wno-return-type 
FAIL: g++.dg/lto/pr65549 cp_lto_pr65549_0.o-cp_lto_pr65549_0.o link,  -std=gnu++14 -flto -g -Wno-return-type 
FAIL: g++.dg/lto/pr65549 cp_lto_pr65549_0.o-cp_lto_pr65549_0.o link,  -std=gnu++14 -flto -g -O2 -fno-inline -flto-partition=max -Wno-return-type 
FAIL: g++.dg/lto/pr66180 cp_lto_pr66180_0.o-cp_lto_pr66180_1.o link,  -flto -std=c++14 -r -nostdlib 
FAIL: g++.dg/lto/pr66705 cp_lto_pr66705_0.o-cp_lto_pr66705_0.o link,  -O2 -flto -flto-partition=max -fipa-pta 
FAIL: g++.dg/lto/pr68057 cp_lto_pr68057_0.o-cp_lto_pr68057_1.o link, -O0 -flto -flto-partition=none -fuse-linker-plugin
FAIL: g++.dg/lto/pr68057 cp_lto_pr68057_0.o-cp_lto_pr68057_1.o link, -O2 -flto -flto-partition=none -fuse-linker-plugin -fno-fat-lto-objects 
FAIL: g++.dg/lto/pr68057 cp_lto_pr68057_0.o-cp_lto_pr68057_1.o link, -O0 -flto -fuse-linker-plugin -fno-fat-lto-objects 
FAIL: g++.dg/lto/pr68057 cp_lto_pr68057_0.o-cp_lto_pr68057_1.o link, -O2 -flto -fuse-linker-plugin
FAIL: g++.dg/lto/pr69077 cp_lto_pr69077_0.o-cp_lto_pr69077_1.o link,  -O3 -g -flto 
FAIL: g++.dg/lto/pr69133 cp_lto_pr69133_0.o-cp_lto_pr69133_1.o link,  -flto -O2 
FAIL: g++.dg/lto/pr69137 cp_lto_pr69137_0.o-cp_lto_pr69137_0.o link,  -std=c++11 -g -flto 
FAIL: g++.dg/lto/pr79000 cp_lto_pr79000_0.o-cp_lto_pr79000_1.o link, -flto -g
FAIL: g++.dg/lto/pr81940 cp_lto_pr81940_0.o-cp_lto_pr81940_0.o link,  -O -flto 
FAIL: g++.dg/lto/pr85176 cp_lto_pr85176_0.o-cp_lto_pr85176_0.o link,  -flto -g1 
FAIL: g++.dg/vect/slp-pr56812.cc  -std=c++98  (test for warnings, line 17)
FAIL: g++.dg/vect/slp-pr56812.cc  -std=c++11  (test for warnings, line 17)
FAIL: g++.dg/vect/slp-pr56812.cc  -std=c++14  (test for warnings, line 17)
FAIL: g++.old-deja/g++.other/init18.C  -std=c++98 execution test
FAIL: g++.old-deja/g++.other/init18.C  -std=c++11 execution test
FAIL: g++.old-deja/g++.other/init18.C  -std=c++14 execution test
FAIL: g++.old-deja/g++.other/init19.C  -std=c++98 execution test
FAIL: g++.old-deja/g++.other/init19.C  -std=c++11 execution test
FAIL: g++.old-deja/g++.other/init19.C  -std=c++14 execution test

		=== g++ Summary ===

# of expected passes		116070
# of unexpected failures	62
# of expected failures		523
# of unsupported tests		4808
/scratch/tmp/gerald/OBJ-0905-1045/gcc/testsuite/g++/../../xg++  version 9.0.0 20180827 (experimental) (GCC) 

		=== gcc tests ===


Running target unix
FAIL: gcc.c-torture/execute/builtins/strnlen.c compilation,  -O1  (internal compiler error)
UNRESOLVED: gcc.c-torture/execute/builtins/strnlen.c execution,  -O1 
FAIL: gcc.c-torture/execute/builtins/strnlen.c compilation,  -Os  (internal compiler error)
UNRESOLVED: gcc.c-torture/execute/builtins/strnlen.c execution,  -Os 
FAIL: gcc.c-torture/execute/builtins/strnlen.c compilation,  -Og -g  (internal compiler error)
UNRESOLVED: gcc.c-torture/execute/builtins/strnlen.c execution,  -Og -g 
FAIL: gcc.c-torture/execute/20030125-1.c   -Os  execution test
FAIL: gcc.c-torture/execute/conversion.c   -O0  execution test
FAIL: gcc.c-torture/execute/ieee/copysign2.c execution,  -O0 
FAIL: gcc.c-torture/execute/ieee/copysign2.c execution,  -O1 
FAIL: gcc.c-torture/execute/ieee/copysign2.c execution,  -O2 
FAIL: gcc.c-torture/execute/ieee/copysign2.c execution,  -O3 -fomit-frame-pointer -funroll-loops -fpeel-loops -ftracer -finline-functions 
FAIL: gcc.c-torture/execute/ieee/copysign2.c execution,  -O3 -g 
FAIL: gcc.c-torture/execute/ieee/copysign2.c execution,  -Os 
FAIL: gcc.c-torture/execute/ieee/copysign2.c execution,  -Og -g 
FAIL: gcc.c-torture/execute/ieee/copysign2.c execution,  -O2 -flto -fno-use-linker-plugin -flto-partition=none 
FAIL: gcc.c-torture/execute/ieee/copysign2.c execution,  -O2 -flto -fuse-linker-plugin -fno-fat-lto-objects 
FAIL: c-c++-common/Wconversion-real.c  -Wc++-compat   (test for warnings, line 27)
FAIL: c-c++-common/Wconversion-real.c  -Wc++-compat   (test for warnings, line 28)
FAIL: c-c++-common/Wfloat-conversion.c  -Wc++-compat   (test for warnings, line 36)
FAIL: c-c++-common/Wfloat-conversion.c  -Wc++-compat   (test for warnings, line 37)
FAIL: gcc.dg/20111227-2.c scan-rtl-dump ree "Elimination opportunities = 3 realized = 3"
FAIL: gcc.dg/Wvla-larger-than-3.c  (test for warnings, line 66)
FAIL: gcc.dg/attr-alloc_size-3.c  (test for warnings, line 403)
FAIL: gcc.dg/attr-alloc_size-3.c  (test for warnings, line 404)
FAIL: gcc.dg/attr-alloc_size-3.c  (test for warnings, line 406)
FAIL: gcc.dg/attr-alloc_size-3.c  (test for warnings, line 407)
FAIL: gcc.dg/attr-alloc_size-3.c  (test for warnings, line 408)
FAIL: gcc.dg/attr-alloc_size-3.c  (test for warnings, line 409)
FAIL: gcc.dg/attr-alloc_size-3.c  (test for warnings, line 410)
FAIL: gcc.dg/attr-alloc_size-3.c argument 2 (test for warnings, line 410)
FAIL: gcc.dg/attr-alloc_size-3.c  (test for warnings, line 413)
FAIL: gcc.dg/attr-alloc_size-3.c  (test for warnings, line 414)
FAIL: gcc.dg/attr-alloc_size-3.c  (test for warnings, line 416)
FAIL: gcc.dg/attr-alloc_size-3.c  (test for warnings, line 438)
FAIL: gcc.dg/attr-alloc_size-3.c  (test for warnings, line 449)
FAIL: gcc.dg/attr-alloc_size-3.c  (test for warnings, line 453)
FAIL: gcc.dg/attr-alloc_size-3.c  (test for warnings, line 454)
FAIL: gcc.dg/attr-alloc_size-3.c  (test for warnings, line 455)
FAIL: gcc.dg/attr-alloc_size-3.c argument 2 (test for warnings, line 455)
FAIL: gcc.dg/attr-alloc_size-3.c (test for excess errors)
FAIL: gcc.dg/builtins-58.c scan-assembler-not pow\\\\M
FAIL: gcc.dg/builtins-59.c scan-tree-dump gimple "__builtin_cexpi"
FAIL: gcc.dg/builtins-59.c scan-tree-dump-not gimple "sincos"
FAIL: gcc.dg/builtins-61.c scan-tree-dump optimized "cexpi"
FAIL: gcc.dg/builtins-61.c scan-tree-dump optimized "sin"
FAIL: gcc.dg/builtins-61.c scan-tree-dump optimized "cos"
FAIL: gcc.dg/builtins-61.c scan-tree-dump optimized "return 0.0"
FAIL: gcc.dg/builtins-62.c scan-tree-dump-times optimized "cexpi" 3
FAIL: gcc.dg/builtins-65.c (test for excess errors)
FAIL: gcc.dg/c99-stdint-7.c (test for excess errors)
FAIL: gcc.dg/c99-tgmath-2.c (test for excess errors)
UNRESOLVED: gcc.dg/c99-tgmath-2.c scan-assembler sinf
FAIL: gcc.dg/c99-tgmath-3.c (test for excess errors)
UNRESOLVED: gcc.dg/c99-tgmath-3.c scan-assembler cexp
FAIL: gcc.dg/c99-tgmath-4.c (test for excess errors)
UNRESOLVED: gcc.dg/c99-tgmath-4.c scan-assembler cpowf
FAIL: gcc.dg/ifcvt-4.c scan-rtl-dump ce1 "2 true changes made"
FAIL: gcc.dg/nextafter-2.c execution test
FAIL: gcc.dg/pr42611.c  (test for warnings, line 17)
FAIL: gcc.dg/predict-8.c scan-rtl-dump-times expand "65.[34]. .guessed" 2
FAIL: gcc.dg/utf-array-short-wchar.c  (test for errors, line 39)
FAIL: gcc.dg/utf-array-short-wchar.c  (test for errors, line 41)
FAIL: gcc.dg/utf-array-short-wchar.c (test for excess errors)
FAIL: gcc.dg/graphite/interchange-3.c scan-tree-dump graphite "tiled"
FAIL: gcc.dg/graphite/interchange-7.c scan-tree-dump graphite "tiled"
FAIL: gcc.dg/graphite/interchange-9.c scan-tree-dump graphite "tiled"
FAIL: gcc.dg/graphite/uns-interchange-9.c scan-tree-dump graphite "tiled"
FAIL: gcc.dg/torture/builtin-convert-1.c   -O1  (test for excess errors)
FAIL: gcc.dg/torture/builtin-convert-1.c   -O2  (test for excess errors)
FAIL: gcc.dg/torture/builtin-convert-1.c   -O3 -g  (test for excess errors)
FAIL: gcc.dg/torture/builtin-convert-1.c   -Os  (test for excess errors)
FAIL: gcc.dg/torture/builtin-convert-1.c   -O2 -flto -fno-use-linker-plugin -flto-partition=none  (test for excess errors)
FAIL: gcc.dg/torture/builtin-convert-2.c   -O1  (test for excess errors)
FAIL: gcc.dg/torture/builtin-convert-2.c   -O2  (test for excess errors)
FAIL: gcc.dg/torture/builtin-convert-2.c   -O3 -g  (test for excess errors)
FAIL: gcc.dg/torture/builtin-convert-2.c   -Os  (test for excess errors)
FAIL: gcc.dg/torture/builtin-convert-2.c   -O2 -flto -fno-use-linker-plugin -flto-partition=none  (test for excess errors)
FAIL: gcc.dg/torture/fp-int-convert-float80.c   -O0  execution test
FAIL: gcc.dg/torture/fp-int-convert-float80.c   -O1  execution test
FAIL: gcc.dg/torture/fp-int-convert-float80.c   -O2  execution test
FAIL: gcc.dg/torture/fp-int-convert-float80.c   -O3 -g  execution test
FAIL: gcc.dg/torture/fp-int-convert-float80.c   -Os  execution test
FAIL: gcc.dg/torture/fp-int-convert-float80.c   -O2 -flto -fno-use-linker-plugin -flto-partition=none  execution test
FAIL: gcc.dg/torture/fp-int-convert-float80.c   -O2 -flto -fuse-linker-plugin -fno-fat-lto-objects  execution test
FAIL: gcc.dg/torture/fp-int-convert-long-double.c   -O0  execution test
FAIL: gcc.dg/torture/fp-int-convert-long-double.c   -O1  execution test
FAIL: gcc.dg/torture/fp-int-convert-long-double.c   -O2  execution test
FAIL: gcc.dg/torture/fp-int-convert-long-double.c   -O3 -g  execution test
FAIL: gcc.dg/torture/fp-int-convert-long-double.c   -Os  execution test
FAIL: gcc.dg/torture/fp-int-convert-long-double.c   -O2 -flto -fno-use-linker-plugin -flto-partition=none  execution test
FAIL: gcc.dg/torture/fp-int-convert-long-double.c   -O2 -flto -fuse-linker-plugin -fno-fat-lto-objects  execution test
FAIL: gcc.dg/torture/pr68264.c   -O0  execution test
FAIL: gcc.dg/torture/pr68264.c   -O1  execution test
FAIL: gcc.dg/torture/pr68264.c   -O2  execution test
FAIL: gcc.dg/torture/pr68264.c   -O3 -g  execution test
FAIL: gcc.dg/torture/pr68264.c   -Os  execution test
FAIL: gcc.dg/torture/pr68264.c   -O2 -flto -fno-use-linker-plugin -flto-partition=none  execution test
FAIL: gcc.dg/torture/pr68264.c   -O2 -flto -fuse-linker-plugin -fno-fat-lto-objects  execution test
FAIL: gcc.dg/tree-ssa/copy-sign-1.c scan-tree-dump-times gimple "copysign" 8
FAIL: gcc.dg/tree-ssa/gen-vect-2.c scan-tree-dump-times vect "vectorized 1 loops" 1
FAIL: gcc.dg/tree-ssa/gen-vect-25.c scan-tree-dump-times vect "vectorized 2 loops" 1
FAIL: gcc.dg/tree-ssa/minmax-2.c scan-tree-dump optimized "__builtin_fmin"
FAIL: gcc.dg/tree-ssa/mult-abs-2.c scan-tree-dump-times gimple "ABS" 8
FAIL: gcc.dg/tree-ssa/pr71078-1-double.c scan-tree-dump forwprop1 "__builtin_copysign"
FAIL: gcc.dg/tree-ssa/pr71078-1-long-double.c scan-tree-dump forwprop1 "__builtin_copysignl"
FAIL: gcc.dg/tree-ssa/pr71078-1.c scan-tree-dump forwprop1 "__builtin_copysignf"
FAIL: gcc.dg/tree-ssa/pr71078-2-double.c scan-tree-dump forwprop1 "__builtin_copysign"
FAIL: gcc.dg/tree-ssa/pr71078-2-long-double.c scan-tree-dump forwprop1 "__builtin_copysignl"
FAIL: gcc.dg/tree-ssa/pr71078-2.c scan-tree-dump forwprop1 "__builtin_copysignf"
FAIL: gcc.dg/tree-ssa/pr71078-3.c scan-tree-dump forwprop1 "__builtin_copysign"
FAIL: gcc.dg/tree-ssa/reassoc-37.c scan-tree-dump optimized "(8784908|0x0*860c0c)"
FAIL: gcc.dg/tree-ssa/reassoc-37.c scan-tree-dump optimized "(<<|>>)"
FAIL: gcc.dg/vect/costmodel/i386/costmodel-fast-math-vect-pr29925.c scan-tree-dump-times vect "vectorized 1 loops" 1
FAIL: gcc.dg/vect/costmodel/i386/costmodel-vect-31.c scan-tree-dump-times vect "vectorized 4 loops" 1
FAIL: gcc.dg/vect/costmodel/i386/costmodel-vect-68.c scan-tree-dump-times vect "vectorized 4 loops" 1
XPASS: gcc.dg/vect/vect-24.c scan-tree-dump-times vect "vectorized 3 loops" 1
XPASS: gcc.dg/vect/vect-24.c -flto -ffat-lto-objects  scan-tree-dump-times vect "vectorized 3 loops" 1
XPASS: gcc.dg/vect/vect-reduc-in-order-1.c -flto -ffat-lto-objects execution test
XPASS: gcc.dg/vect/vect-reduc-in-order-1.c execution test
XPASS: gcc.dg/vect/vect-reduc-in-order-2.c -flto -ffat-lto-objects execution test
XPASS: gcc.dg/vect/vect-reduc-in-order-2.c execution test
XPASS: gcc.dg/vect/vect-reduc-in-order-3.c -flto -ffat-lto-objects execution test
XPASS: gcc.dg/vect/vect-reduc-in-order-3.c execution test
XPASS: gcc.dg/vect/vect-reduc-in-order-4.c -flto -ffat-lto-objects execution test
XPASS: gcc.dg/vect/vect-reduc-in-order-4.c execution test
XPASS: gcc.target/i386/addr-sel-1.c scan-assembler b\\\\+1
FAIL: gcc.target/i386/avx2-vect-mask-store-move1.c scan-tree-dump-times vect "Move stmt to created bb" 6
FAIL: gcc.target/i386/avx2-vect-shift.c scan-tree-dump vect "LOOP VECTORIZED"
FAIL: gcc.target/i386/avx2-vpaddd-3.c scan-assembler-times vpaddd[ \\\\t]+[^\\n]*%ymm[0-9] 1
FAIL: gcc.target/i386/avx2-vpand-3.c scan-assembler-times vpand[ \\\\t]+[^\\n]*%ymm[0-9] 1
FAIL: gcc.target/i386/avx2-vpmulld-3.c scan-assembler-times vpmulld[ \\\\t]+[^\\n]*%ymm[0-9] 1
FAIL: gcc.target/i386/avx2-vpsrad-3.c scan-assembler-times vpsrld[ \\\\t]+[^\\n]*%ymm[0-9] 1
FAIL: gcc.target/i386/avx2-vpsrld-3.c scan-assembler-times vpsrld[ \\\\t]+[^\\n]*%ymm[0-9] 1
FAIL: gcc.target/i386/avx2-vpsubd-3.c scan-assembler-times vpsubd[ \\\\t]+[^\\n]*%ymm[0-9] 1
FAIL: gcc.target/i386/avx512f-ceil-vec-2.c scan-assembler-times vrndscalepd[^\\n]+zmm[0-9](?:\\n|[ \\\\t]+#) 1
FAIL: gcc.target/i386/avx512f-floor-vec-2.c scan-assembler-times vrndscalepd[^\\n]+zmm[0-9](?:\\n|[ \\\\t]+#) 1
FAIL: gcc.target/i386/avx512f-rint-sfix-vec-2.c scan-assembler-times vcvtpd2dq[^\\n]+ymm[0-9](?:\\n|[ \\\\t]+#) 2
FAIL: gcc.target/i386/avx512f-rint-sfix-vec-2.c scan-assembler-times vinserti64x4[^\\n]+zmm[0-9](?:\\n|[ \\\\t]+#) 1
FAIL: gcc.target/i386/avx512f-rintf-sfix-vec-2.c scan-assembler-times vcvtps2dq[^\\n]+zmm[0-9](?:\\n|[ \\\\t]+#) 1
FAIL: gcc.target/i386/avx512f-trunc-vec-2.c scan-assembler-times vrndscalepd[^\\n]+zmm[0-9](?:\\n|[ \\\\t]+#) 1
FAIL: gcc.target/i386/avx512f_cond_move.c scan-assembler-times (?:vpblendmd|vmovdqa32)[ \\\\t]+[^{\\n]*%zmm[0-9]+{%k[1-7]}{z}(?:\\n|[ \\\\t]+#) 8
FAIL: gcc.target/i386/excess-precision-1.c execution test
FAIL: gcc.target/i386/excess-precision-3.c execution test
FAIL: gcc.target/i386/gfni-4.c (test for excess errors)
UNRESOLVED: gcc.target/i386/gfni-4.c scan-assembler-times gf2p8affineinvqb[ \\\\t]+[^{\\n]*\\\\\$3[^\\n\\r]*%xmm[0-9]+[^\\n\\r]*%xmm[0-9]+(?:\\n|[ \\\\t]+#) 1
UNRESOLVED: gcc.target/i386/gfni-4.c scan-assembler-times gf2p8affineqb[ \\\\t]+[^{\\n]*\\\\\$3[^\\n\\r]*%xmm[0-9]+[^\\n\\r]*%xmm[0-9]+(?:\\n|[ \\\\t]+#) 1
UNRESOLVED: gcc.target/i386/gfni-4.c scan-assembler-times gf2p8mulb[ \\\\t]+[^{\\n]*%xmm[0-9]+[^\\n\\r]*%xmm[0-9]+(?:\\n|[ \\\\t]+#) 1
FAIL: gcc.target/i386/incoming-8.c scan-assembler andl[\\\\t ]*\\\\\$-16,[\\\\t ]*%esp
FAIL: gcc.target/i386/mcount_pic.c (test for excess errors)
UNRESOLVED: gcc.target/i386/mcount_pic.c compilation failed to produce executable
FAIL: gcc.target/i386/pr27827.c scan-assembler fmul[ \\t]*%st
FAIL: gcc.target/i386/pr35281.c scan-assembler-not xor
FAIL: gcc.target/i386/pr36578-1.c execution test
FAIL: gcc.target/i386/pr36578-2.c execution test
FAIL: gcc.target/i386/pr42542-1b.c scan-assembler pmaxud
FAIL: gcc.target/i386/pr42542-1b.c scan-assembler pminud
FAIL: gcc.target/i386/pr42542-4a.c scan-assembler pcmpgtq
FAIL: gcc.target/i386/pr42542-5a.c scan-assembler pcmpgtq
FAIL: gcc.target/i386/pr46091-4.c scan-assembler btr
FAIL: gcc.target/i386/pr46091-4.c scan-assembler bts
FAIL: gcc.target/i386/pr46091-4.c scan-assembler btc
FAIL: gcc.target/i386/pr46091-4a.c scan-assembler-not and[lq][ \\t]
FAIL: gcc.target/i386/pr50038.c scan-assembler-times movzbl 2
FAIL: gcc.target/i386/pr53397-1.c scan-tree-dump aprefetch "Issued prefetch"
FAIL: gcc.target/i386/pr53397-1.c scan-assembler prefetcht0
FAIL: gcc.target/i386/pr53397-2.c scan-tree-dump aprefetch "Not prefetching"
FAIL: gcc.target/i386/pr53397-2.c scan-tree-dump aprefetch "loop variant step"
FAIL: gcc.target/i386/pr56151.c scan-assembler-not mov[^\\n\\r]*vara
FAIL: gcc.target/i386/pr56151.c scan-assembler-times or[^\\n\\r]*vara 1
FAIL: gcc.target/i386/pr59390_1.c scan-assembler vfmadd
FAIL: gcc.target/i386/pr59390_2.c scan-assembler vfmadd
FAIL: gcc.target/i386/pr61403.c scan-assembler rsqrtps
FAIL: gcc.target/i386/pr65105-2.c scan-assembler por
FAIL: gcc.target/i386/pr66768.c scan-assembler add*.[ \\t]%gs:
FAIL: gcc.target/i386/pr68483-1.c scan-assembler psrldq[^\\n\\r]*(8,|, 8)
FAIL: gcc.target/i386/pr68483-1.c scan-assembler psrldq[^\\n\\r]*(4,|, 4)
FAIL: gcc.target/i386/pr70322-1.c scan-assembler pandn
FAIL: gcc.target/i386/pr70322-3.c scan-assembler pxor
FAIL: gcc.target/i386/pr70322-3.c scan-assembler por
FAIL: gcc.target/i386/pr70322-4.c scan-assembler psub
FAIL: gcc.target/i386/pr70322-4.c scan-assembler por
FAIL: gcc.target/i386/pr78899.c scan-assembler vpmaskmov
FAIL: gcc.target/i386/pr78899.c scan-assembler vpadd
FAIL: gcc.target/i386/pr79690.c scan-assembler mov[au]p.[ \\t][^,]+, %gs:
FAIL: gcc.target/i386/pr79723.c scan-assembler mov[au]p.[ \\t][^,]+, %gs:
FAIL: gcc.target/i386/pr80846-1.c scan-assembler-times vextracti 2
FAIL: gcc.target/i386/pr80846-2.c scan-assembler-times vextracti 1
FAIL: gcc.target/i386/pr80969-3.c (test for excess errors)
FAIL: gcc.target/i386/pr81706.c scan-assembler call[^\\n\\r]__?ZGVdN4v_cos
FAIL: gcc.target/i386/pr81706.c scan-assembler call[^\\n\\r]__?ZGVdN4v_sin
FAIL: gcc.target/i386/pr82662.c scan-assembler-times \\\\mset 12
FAIL: gcc.target/i386/pr84309.c scan-assembler _ZGVcN4v_exp
FAIL: gcc.target/i386/pr85095-1.c scan-assembler-times adcl\\t\\\\\$0, 1
FAIL: gcc.target/i386/pr85095-2.c scan-assembler-times adcl\\t\\\\\$0, 1
FAIL: gcc.target/i386/pr85095-2.c scan-assembler-times sbbl\\t\\\\\$0, 1
FAIL: gcc.target/i386/ret-thunk-22.c scan-assembler-times popl[\\\\t ]*%ecx 1
FAIL: gcc.target/i386/ret-thunk-22.c scan-assembler jmp[ \\t]*__x86_return_thunk_ecx
FAIL: gcc.target/i386/ret-thunk-23.c scan-assembler-times popl[\\\\t ]*%ecx 1
FAIL: gcc.target/i386/ret-thunk-23.c scan-assembler lea[l]?[\\\\t ]*4\\\\(%esp\\\\), %esp
FAIL: gcc.target/i386/ret-thunk-23.c scan-assembler jmp[ \\t]*__x86_return_thunk_ecx
FAIL: gcc.target/i386/ret-thunk-24.c scan-assembler-times popl[\\\\t ]*%ecx 1
FAIL: gcc.target/i386/rotate-5.c scan-tree-dump-times vect "vectorized 1 loops" 1
FAIL: gcc.target/i386/vect-abs-s32.c scan-tree-dump-times vect "vectorized 1 loops" 1
FAIL: gcc.target/i386/vect-unpack-1.c scan-assembler-times vpmovzxbw[ \\\\t]+[^\\n]*%zmm 2
FAIL: gcc.target/i386/vect-unpack-3.c scan-tree-dump vect "LOOP VECTORIZED"
FAIL: gcc.target/i386/vectorize1.c scan-tree-dump vect "vect_cst"
FAIL: gcc.target/i386/vectorize10.c scan-tree-dump vect "vectorized 1 loops"

		=== gcc Summary ===

# of expected passes		123713
# of unexpected failures	187
# of unexpected successes	11
# of expected failures		415
# of unresolved testcases	10
# of unsupported tests		2321
/scratch/tmp/gerald/OBJ-0905-1045/gcc/xgcc  version 9.0.0 20180827 (experimental) (GCC) 

		=== gfortran tests ===


Running target unix
FAIL: gfortran.dg/static_linking_1.f   -O0  execution test
FAIL: gfortran.dg/static_linking_1.f   -O1  execution test
FAIL: gfortran.dg/static_linking_1.f   -O2  execution test
FAIL: gfortran.dg/static_linking_1.f   -O3 -fomit-frame-pointer -funroll-loops -fpeel-loops -ftracer -finline-functions  execution test
FAIL: gfortran.dg/static_linking_1.f   -O3 -g  execution test
FAIL: gfortran.dg/static_linking_1.f   -Os  execution test
XPASS: gfortran.dg/ieee/ieee_4.f90   -O0  execution test
XPASS: gfortran.dg/ieee/ieee_4.f90   -O1  execution test
XPASS: gfortran.dg/ieee/ieee_4.f90   -O2  execution test
XPASS: gfortran.dg/ieee/ieee_4.f90   -O3 -fomit-frame-pointer -funroll-loops -fpeel-loops -ftracer -finline-functions  execution test
XPASS: gfortran.dg/ieee/ieee_4.f90   -O3 -g  execution test
XPASS: gfortran.dg/ieee/ieee_4.f90   -Os  execution test
FAIL: gfortran.dg/lto/pr79108 f_lto_pr79108_0.o-f_lto_pr79108_0.o link,  -Ofast -flto --param ggc-min-expand=0 --param ggc-min-heapsize=0 
FAIL: gfortran.dg/vect/fast-math-mgrid-resid.f   -O   scan-tree-dump pcom "vectp_u.*__lsm.* = PHI <.*vectp_u.*__lsm"

		=== gfortran Summary ===

# of expected passes		47355
# of unexpected failures	8
# of unexpected successes	6
# of expected failures		116
# of unsupported tests		203
/scratch/tmp/gerald/OBJ-0905-1045/gcc/testsuite/gfortran/../../gfortran  version 9.0.0 20180827 (experimental) (GCC) 

		=== objc tests ===


Running target unix

		=== objc Summary ===

# of expected passes		2797
# of expected failures		6
# of unsupported tests		68
/scratch/tmp/gerald/OBJ-0905-1045/gcc/xgcc  version 9.0.0 20180827 (experimental) (GCC) 

		=== libatomic tests ===


Running target unix

		=== libatomic Summary ===

# of expected passes		44
# of unsupported tests		5
		=== libgomp tests ===


Running target unix
FAIL: libgomp.oacc-c/../libgomp.oacc-c-c++-common/loop-default-runtime.c -DACC_DEVICE_TYPE_host=1 -DACC_MEM_SHARED=1  -O2  (test for excess errors)
UNRESOLVED: libgomp.oacc-c/../libgomp.oacc-c-c++-common/loop-default-runtime.c -DACC_DEVICE_TYPE_host=1 -DACC_MEM_SHARED=1  -O2  compilation failed to produce executable
FAIL: libgomp.oacc-c/../libgomp.oacc-c-c++-common/loop-dim-default.c -DACC_DEVICE_TYPE_host=1 -DACC_MEM_SHARED=1  -O2  (test for excess errors)
UNRESOLVED: libgomp.oacc-c/../libgomp.oacc-c-c++-common/loop-dim-default.c -DACC_DEVICE_TYPE_host=1 -DACC_MEM_SHARED=1  -O2  compilation failed to produce executable
FAIL: libgomp.oacc-c++/../libgomp.oacc-c-c++-common/loop-default-runtime.c -DACC_DEVICE_TYPE_host=1 -DACC_MEM_SHARED=1  -O2  (test for excess errors)
UNRESOLVED: libgomp.oacc-c++/../libgomp.oacc-c-c++-common/loop-default-runtime.c -DACC_DEVICE_TYPE_host=1 -DACC_MEM_SHARED=1  -O2  compilation failed to produce executable
FAIL: libgomp.oacc-c++/../libgomp.oacc-c-c++-common/loop-dim-default.c -DACC_DEVICE_TYPE_host=1 -DACC_MEM_SHARED=1  -O2  (test for excess errors)
UNRESOLVED: libgomp.oacc-c++/../libgomp.oacc-c-c++-common/loop-dim-default.c -DACC_DEVICE_TYPE_host=1 -DACC_MEM_SHARED=1  -O2  compilation failed to produce executable
UNRESOLVED: libgomp.oacc-c++/non-scalar-data.C -DACC_DEVICE_TYPE_host=1 -DACC_MEM_SHARED=1  -O2  compilation failed to produce executable

		=== libgomp Summary ===

# of expected passes		6124
# of unexpected failures	4
# of expected failures		3
# of unresolved testcases	5
# of unsupported tests		322
		=== libitm tests ===


Running target unix

		=== libitm Summary ===

# of expected passes		42
# of expected failures		3
# of unsupported tests		1
		=== libstdc++ tests ===


Running target unix
FAIL: 17_intro/headers/c++2017/stdc++.cc (test for excess errors)
FAIL: 17_intro/headers/c++2017/stdc++_multiple_inclusion.cc (test for excess errors)
FAIL: 17_intro/headers/c++2020/stdc++.cc (test for excess errors)
FAIL: 17_intro/headers/c++2020/stdc++_multiple_inclusion.cc (test for excess errors)
FAIL: 22_locale/collate/compare/wchar_t/wrapped_locale.cc execution test
FAIL: 22_locale/collate/transform/wchar_t/wrapped_locale.cc execution test
FAIL: 22_locale/ctype/is/char/wrapped_env.cc execution test
FAIL: 22_locale/ctype/is/char/wrapped_locale.cc execution test
FAIL: 22_locale/ctype/is/wchar_t/wrapped_env.cc execution test
FAIL: 22_locale/ctype/is/wchar_t/wrapped_locale.cc execution test
FAIL: 22_locale/locale/cons/29217.cc execution test
FAIL: 22_locale/locale/cons/38368.cc execution test
FAIL: 22_locale/locale/cons/40184.cc execution test
FAIL: 22_locale/locale/global_locale_objects/14071.cc execution test
FAIL: 22_locale/messages/13631.cc execution test
FAIL: 22_locale/messages/members/char/1.cc execution test
FAIL: 22_locale/messages/members/char/2.cc execution test
FAIL: 22_locale/messages/members/char/wrapped_env.cc execution test
FAIL: 22_locale/messages/members/char/wrapped_locale.cc execution test
FAIL: 22_locale/messages_byname/named_equivalence.cc execution test
FAIL: 22_locale/money_get/get/char/1.cc execution test
FAIL: 22_locale/money_get/get/char/11.cc execution test
FAIL: 22_locale/money_get/get/char/12.cc execution test
FAIL: 22_locale/money_get/get/char/17.cc execution test
FAIL: 22_locale/money_get/get/char/3.cc execution test
FAIL: 22_locale/money_get/get/wchar_t/1.cc execution test
FAIL: 22_locale/money_get/get/wchar_t/11.cc execution test
FAIL: 22_locale/money_get/get/wchar_t/12.cc execution test
FAIL: 22_locale/money_get/get/wchar_t/17.cc execution test
FAIL: 22_locale/money_get/get/wchar_t/3.cc execution test
FAIL: 22_locale/money_put/put/char/1.cc execution test
FAIL: 22_locale/money_put/put/char/3.cc execution test
FAIL: 22_locale/money_put/put/wchar_t/1.cc execution test
FAIL: 22_locale/money_put/put/wchar_t/3.cc execution test
FAIL: 22_locale/num_get/get/char/1.cc execution test
FAIL: 22_locale/num_get/get/char/5.cc execution test
FAIL: 22_locale/num_get/get/wchar_t/1.cc execution test
FAIL: 22_locale/num_get/get/wchar_t/5.cc execution test
FAIL: 22_locale/num_put/put/char/1.cc execution test
FAIL: 22_locale/num_put/put/char/20914.cc execution test
FAIL: 22_locale/num_put/put/wchar_t/1.cc execution test
FAIL: 22_locale/num_put/put/wchar_t/20914.cc execution test
FAIL: 22_locale/numpunct/members/char/2.cc execution test
FAIL: 22_locale/numpunct/members/char/3.cc execution test
FAIL: 22_locale/numpunct/members/char/wrapped_env.cc execution test
FAIL: 22_locale/numpunct/members/char/wrapped_locale.cc execution test
FAIL: 22_locale/numpunct/members/wchar_t/2.cc execution test
FAIL: 22_locale/numpunct/members/wchar_t/wrapped_env.cc execution test
FAIL: 22_locale/numpunct/members/wchar_t/wrapped_locale.cc execution test
FAIL: 22_locale/time_get/get_date/char/12750.cc execution test
FAIL: 22_locale/time_get/get_date/wchar_t/12750.cc execution test
FAIL: 22_locale/time_get/get_date/wchar_t/4.cc execution test
FAIL: 22_locale/time_get/get_weekday/char/38081-1.cc execution test
FAIL: 22_locale/time_get/get_weekday/char/38081-2.cc execution test
FAIL: 22_locale/time_put/put/char/4.cc execution test
FAIL: 22_locale/time_put/put/wchar_t/4.cc execution test
FAIL: 26_numerics/complex/13450.cc (test for excess errors)
FAIL: 26_numerics/headers/cmath/hypot.cc execution test
FAIL: 27_io/basic_filebuf/close/char/4879.cc execution test
FAIL: 27_io/basic_filebuf/close/char/9964.cc execution test
FAIL: 27_io/basic_filebuf/imbue/char/13171-2.cc execution test
FAIL: 27_io/basic_filebuf/imbue/wchar_t/14975-2.cc execution test
FAIL: 27_io/basic_filebuf/overflow/wchar_t/11305-1.cc execution test
FAIL: 27_io/basic_filebuf/overflow/wchar_t/11305-2.cc execution test
FAIL: 27_io/basic_filebuf/overflow/wchar_t/11305-3.cc execution test
FAIL: 27_io/basic_filebuf/overflow/wchar_t/11305-4.cc execution test
FAIL: 27_io/basic_filebuf/seekoff/char/26777.cc execution test
FAIL: 27_io/basic_filebuf/underflow/char/10097.cc execution test
FAIL: 27_io/manipulators/extended/get_money/char/1.cc execution test
FAIL: 27_io/manipulators/extended/get_money/wchar_t/1.cc execution test
FAIL: 27_io/manipulators/extended/put_money/char/1.cc execution test
FAIL: 27_io/manipulators/extended/put_money/wchar_t/1.cc execution test
FAIL: 27_io/objects/char/7.cc execution test
FAIL: 27_io/objects/char/9661-1.cc execution test
FAIL: 27_io/objects/wchar_t/7.cc execution test
FAIL: 27_io/objects/wchar_t/9661-1.cc execution test
FAIL: 28_regex/algorithms/regex_match/extended/wstring_locale.cc execution test
FAIL: 28_regex/iterators/regex_token_iterator/wchar_t/wstring_02.cc execution test
FAIL: 30_threads/thread/native_handle/typesizes.cc (test for excess errors)
UNRESOLVED: 30_threads/thread/native_handle/typesizes.cc compilation failed to produce executable
FAIL: ext/special_functions/airy_ai/check_nan.cc (test for excess errors)
FAIL: ext/special_functions/airy_bi/check_nan.cc (test for excess errors)
FAIL: ext/special_functions/hyperg/check_nan.cc (test for excess errors)
FAIL: special_functions/07_cyl_bessel_i/check_nan.cc (test for excess errors)
FAIL: special_functions/08_cyl_bessel_j/check_nan.cc (test for excess errors)
FAIL: special_functions/09_cyl_bessel_k/check_nan.cc (test for excess errors)
FAIL: special_functions/10_cyl_neumann/check_nan.cc (test for excess errors)
FAIL: special_functions/18_riemann_zeta/check_nan.cc (test for excess errors)
FAIL: special_functions/19_sph_bessel/check_nan.cc (test for excess errors)
FAIL: special_functions/21_sph_neumann/check_nan.cc (test for excess errors)
FAIL: tr1/5_numerical_facilities/special_functions/08_cyl_bessel_i/check_nan.cc (test for excess errors)
FAIL: tr1/5_numerical_facilities/special_functions/09_cyl_bessel_j/check_nan.cc (test for excess errors)
FAIL: tr1/5_numerical_facilities/special_functions/10_cyl_bessel_k/check_nan.cc (test for excess errors)
FAIL: tr1/5_numerical_facilities/special_functions/11_cyl_neumann/check_nan.cc (test for excess errors)
FAIL: tr1/5_numerical_facilities/special_functions/17_hyperg/check_nan.cc (test for excess errors)
FAIL: tr1/5_numerical_facilities/special_functions/20_riemann_zeta/check_nan.cc (test for excess errors)
FAIL: tr1/5_numerical_facilities/special_functions/21_sph_bessel/check_nan.cc (test for excess errors)
FAIL: tr1/5_numerical_facilities/special_functions/23_sph_neumann/check_nan.cc (test for excess errors)

		=== libstdc++ Summary ===

# of expected passes		12063
# of unexpected failures	97
# of expected failures		79
# of unresolved testcases	1
# of unsupported tests		390

Compiler version: 9.0.0 20180827 (experimental) (GCC) 
Platform: i586-unknown-freebsd10.4
configure flags: --prefix=/home/gerald/gcc-ref10-i386 --with-gmp=/home/gerald/10-i386 --with-as=/home/gerald/10-i386/bin/as --with-ld=/home/gerald/10-i386/bin/ld


Index Nav: [Date Index] [Subject Index] [Author Index] [Thread Index]
Message Nav: [Date Prev] [Date Next] [Thread Prev] [Thread Next]