This is the mail archive of the
gcc-testresults@gcc.gnu.org
mailing list for the GCC project.
Results for 7.3.1 20180831 [gcc-7-branch revision 264004] (GCC) testsuite on i386-pc-solaris2.11
- From: Rainer Orth <ro at CeBiTec dot Uni-Bielefeld dot DE>
- To: gcc-testresults at gcc dot gnu dot org
- Date: Sat, 1 Sep 2018 00:30:04 +0200 (CEST)
- Subject: Results for 7.3.1 20180831 [gcc-7-branch revision 264004] (GCC) testsuite on i386-pc-solaris2.11
LAST_UPDATED: Fri Aug 31 09:01:08 UTC 2018 (revision 264004)
=== acats tests ===
=== acats Summary ===
# of expected passes 2320
# of unexpected failures 0
Native configuration is i386-pc-solaris2.11
=== g++ tests ===
Running target unix
FAIL: g++.dg/gcov/pr16855-priority.C -std=gnu++11 gcov: 1 failures in line counts, 0 in branch percentages, 0 in return percentages, 0 in intermediate format
FAIL: g++.dg/gcov/pr16855-priority.C -std=gnu++11 line 22: is #####:should be 1
FAIL: g++.dg/gcov/pr16855-priority.C -std=gnu++14 gcov: 1 failures in line counts, 0 in branch percentages, 0 in return percentages, 0 in intermediate format
FAIL: g++.dg/gcov/pr16855-priority.C -std=gnu++14 line 22: is #####:should be 1
FAIL: g++.dg/gcov/pr16855-priority.C -std=gnu++98 gcov: 1 failures in line counts, 0 in branch percentages, 0 in return percentages, 0 in intermediate format
FAIL: g++.dg/gcov/pr16855-priority.C -std=gnu++98 line 22: is #####:should be 1
FAIL: g++.dg/gcov/pr16855.C -std=gnu++11 gcov: 1 failures in line counts, 0 in branch percentages, 0 in return percentages, 0 in intermediate format
FAIL: g++.dg/gcov/pr16855.C -std=gnu++11 line 21: is #####:should be 1
FAIL: g++.dg/gcov/pr16855.C -std=gnu++14 gcov: 1 failures in line counts, 0 in branch percentages, 0 in return percentages, 0 in intermediate format
FAIL: g++.dg/gcov/pr16855.C -std=gnu++14 line 21: is #####:should be 1
FAIL: g++.dg/gcov/pr16855.C -std=gnu++98 gcov: 1 failures in line counts, 0 in branch percentages, 0 in return percentages, 0 in intermediate format
FAIL: g++.dg/gcov/pr16855.C -std=gnu++98 line 21: is #####:should be 1
=== g++ Summary for unix ===
# of expected passes 105808
# of unexpected failures 12
# of expected failures 397
# of unsupported tests 4154
Running target unix/-m64
FAIL: g++.dg/gcov/pr16855-priority.C -std=gnu++11 gcov: 1 failures in line counts, 0 in branch percentages, 0 in return percentages, 0 in intermediate format
FAIL: g++.dg/gcov/pr16855-priority.C -std=gnu++11 line 22: is #####:should be 1
FAIL: g++.dg/gcov/pr16855-priority.C -std=gnu++14 gcov: 1 failures in line counts, 0 in branch percentages, 0 in return percentages, 0 in intermediate format
FAIL: g++.dg/gcov/pr16855-priority.C -std=gnu++14 line 22: is #####:should be 1
FAIL: g++.dg/gcov/pr16855-priority.C -std=gnu++98 gcov: 1 failures in line counts, 0 in branch percentages, 0 in return percentages, 0 in intermediate format
FAIL: g++.dg/gcov/pr16855-priority.C -std=gnu++98 line 22: is #####:should be 1
FAIL: g++.dg/gcov/pr16855.C -std=gnu++11 gcov: 1 failures in line counts, 0 in branch percentages, 0 in return percentages, 0 in intermediate format
FAIL: g++.dg/gcov/pr16855.C -std=gnu++11 line 21: is #####:should be 1
FAIL: g++.dg/gcov/pr16855.C -std=gnu++14 gcov: 1 failures in line counts, 0 in branch percentages, 0 in return percentages, 0 in intermediate format
FAIL: g++.dg/gcov/pr16855.C -std=gnu++14 line 21: is #####:should be 1
FAIL: g++.dg/gcov/pr16855.C -std=gnu++98 gcov: 1 failures in line counts, 0 in branch percentages, 0 in return percentages, 0 in intermediate format
FAIL: g++.dg/gcov/pr16855.C -std=gnu++98 line 21: is #####:should be 1
=== g++ Summary for unix/-m64 ===
# of expected passes 107137
# of unexpected failures 12
# of expected failures 397
# of unsupported tests 4392
=== g++ Summary ===
# of expected passes 212945
# of unexpected failures 24
# of expected failures 794
# of unsupported tests 8546
/var/gcc/regression/gcc-7-branch/11-gcc/build/gcc/xg++ version 7.3.1 20180831 [gcc-7-branch revision 264004] (GCC)
=== gcc tests ===
Running target unix
FAIL: gcc.c-torture/compile/pr61159.c -O0 (test for excess errors)
FAIL: gcc.c-torture/compile/pr61159.c -O1 (test for excess errors)
FAIL: gcc.c-torture/compile/pr61159.c -O2 (test for excess errors)
FAIL: gcc.c-torture/compile/pr61159.c -O2 -flto (test for excess errors)
FAIL: gcc.c-torture/compile/pr61159.c -O2 -flto -flto-partition=none (test for excess errors)
FAIL: gcc.c-torture/compile/pr61159.c -O3 -g (test for excess errors)
FAIL: gcc.c-torture/compile/pr61159.c -Os (test for excess errors)
FAIL: gcc.dg/attr-weakref-1.c (test for excess errors)
UNRESOLVED: gcc.dg/attr-weakref-1.c compilation failed to produce executable
XPASS: gcc.dg/pr78768.c -Wformat-overflow (test for warnings, line 11)
FAIL: gcc.target/i386/avx512vl-vpermb-2.c execution test
FAIL: gcc.target/i386/avx512vl-vpermi2b-2.c execution test
FAIL: gcc.target/i386/avx512vl-vpermt2b-2.c execution test
FAIL: gcc.target/i386/avx512vl-vpmaddhuq-2.c execution test
FAIL: gcc.target/i386/avx512vl-vpmaddluq-2.c execution test
FAIL: gcc.target/i386/avx512vl-vpmultishiftqb-2.c execution test
FAIL: gcc.target/i386/indirect-thunk-1.c scan-assembler jmp[ \\t]*__x86_indirect_thunk_(r|e)ax
FAIL: gcc.target/i386/indirect-thunk-2.c scan-assembler jmp[ \\t]*__x86_indirect_thunk_(r|e)ax
FAIL: gcc.target/i386/indirect-thunk-3.c scan-assembler call[ \\t]*__x86_indirect_thunk_(r|e)ax
FAIL: gcc.target/i386/indirect-thunk-4.c scan-assembler call[ \\t]*__x86_indirect_thunk_(r|e)ax
FAIL: gcc.target/i386/indirect-thunk-7.c scan-assembler jmp[ \\t]*__x86_indirect_thunk_(r|e)ax
FAIL: gcc.target/i386/indirect-thunk-attr-1.c scan-assembler jmp[ \\t]*__x86_indirect_thunk_(r|e)ax
FAIL: gcc.target/i386/indirect-thunk-attr-2.c scan-assembler jmp[ \\t]*__x86_indirect_thunk_(r|e)ax
FAIL: gcc.target/i386/indirect-thunk-attr-5.c scan-assembler call[ \\t]*__x86_indirect_thunk_(r|e)ax
FAIL: gcc.target/i386/indirect-thunk-attr-6.c scan-assembler call[ \\t]*__x86_indirect_thunk_(r|e)ax
FAIL: gcc.target/i386/indirect-thunk-attr-7.c scan-assembler jmp[ \\t]*__x86_indirect_thunk_(r|e)ax
FAIL: gcc.target/i386/indirect-thunk-bnd-1.c scan-assembler bnd call[ \\t]*__x86_indirect_thunk_bnd_eax
FAIL: gcc.target/i386/indirect-thunk-bnd-2.c scan-assembler bnd call[ \\t]*__x86_indirect_thunk_bnd_(r|e)ax
FAIL: gcc.target/i386/indirect-thunk-extern-1.c scan-assembler jmp[ \\t]*__x86_indirect_thunk_(r|e)ax
FAIL: gcc.target/i386/indirect-thunk-extern-2.c scan-assembler jmp[ \\t]*__x86_indirect_thunk_(r|e)ax
FAIL: gcc.target/i386/indirect-thunk-extern-3.c scan-assembler call[ \\t]*__x86_indirect_thunk_(r|e)ax
FAIL: gcc.target/i386/indirect-thunk-extern-4.c scan-assembler call[ \\t]*__x86_indirect_thunk_(r|e)ax
FAIL: gcc.target/i386/indirect-thunk-extern-7.c scan-assembler jmp[ \\t]*__x86_indirect_thunk_(r|e)ax
FAIL: gcc.target/i386/indirect-thunk-register-1.c scan-assembler jmp[ \\t]*__x86_indirect_thunk_(r|e)ax
FAIL: gcc.target/i386/indirect-thunk-register-3.c scan-assembler jmp[ \\t]*__x86_indirect_thunk_(r|e)ax
FAIL: gcc.target/i386/pr80569.c (test for excess errors)
FAIL: gcc.target/i386/ret-thunk-1.c scan-assembler jmp[ \\t]*__x86_return_thunk
FAIL: gcc.target/i386/ret-thunk-10.c scan-assembler __x86_indirect_thunk_(r|e)ax:
FAIL: gcc.target/i386/ret-thunk-10.c scan-assembler call[ \\t]*__x86_indirect_thunk_(r|e)ax
FAIL: gcc.target/i386/ret-thunk-11.c scan-assembler __x86_indirect_thunk_(r|e)ax:
FAIL: gcc.target/i386/ret-thunk-11.c scan-assembler call[ \\t]*__x86_indirect_thunk_(r|e)ax
FAIL: gcc.target/i386/ret-thunk-11.c scan-assembler jmp[ \\t]*__x86_return_thunk
FAIL: gcc.target/i386/ret-thunk-12.c scan-assembler __x86_indirect_thunk_(r|e)ax:
FAIL: gcc.target/i386/ret-thunk-12.c scan-assembler call[ \\t]*__x86_indirect_thunk_(r|e)ax
FAIL: gcc.target/i386/ret-thunk-13.c scan-assembler jmp[ \\t]*__x86_return_thunk
FAIL: gcc.target/i386/ret-thunk-14.c scan-assembler call[ \\t]*__x86_indirect_thunk_(r|e)ax
FAIL: gcc.target/i386/ret-thunk-15.c scan-assembler call[ \\t]*__x86_indirect_thunk_(r|e)ax
FAIL: gcc.target/i386/ret-thunk-15.c scan-assembler jmp[ \\t]*__x86_return_thunk
FAIL: gcc.target/i386/ret-thunk-22.c scan-assembler jmp[ \\t]*__x86_return_thunk_ecx
FAIL: gcc.target/i386/ret-thunk-23.c scan-assembler jmp[ \\t]*__x86_return_thunk_ecx
FAIL: gcc.target/i386/ret-thunk-25.c scan-assembler jmp[ \\t]*__x86_return_thunk_bnd_ecx
FAIL: gcc.target/i386/ret-thunk-26.c (test for excess errors)
UNRESOLVED: gcc.target/i386/ret-thunk-26.c compilation failed to produce executable
FAIL: gcc.target/i386/ret-thunk-3.c scan-assembler jmp[ \\t]*__x86_return_thunk
FAIL: gcc.target/i386/ret-thunk-5.c scan-assembler jmp[ \\t]*__x86_return_thunk
FAIL: gcc.target/i386/ret-thunk-7.c scan-assembler jmp[ \\t]*__x86_return_thunk
FAIL: gcc.target/i386/ret-thunk-9.c scan-assembler __x86_return_thunk:
FAIL: gcc.target/i386/ret-thunk-9.c scan-assembler call[ \\t]*__x86_indirect_thunk_(r|e)ax
FAIL: gcc.target/i386/ret-thunk-9.c scan-assembler jmp[ \\t]*__x86_return_thunk
=== gcc Summary for unix ===
# of expected passes 117588
# of unexpected failures 56
# of unexpected successes 1
# of expected failures 377
# of unresolved testcases 2
# of unsupported tests 2535
Running target unix/-m64
FAIL: gcc.c-torture/compile/pr61159.c -O0 (test for excess errors)
FAIL: gcc.c-torture/compile/pr61159.c -O1 (test for excess errors)
FAIL: gcc.c-torture/compile/pr61159.c -O2 (test for excess errors)
FAIL: gcc.c-torture/compile/pr61159.c -O2 -flto (test for excess errors)
FAIL: gcc.c-torture/compile/pr61159.c -O2 -flto -flto-partition=none (test for excess errors)
FAIL: gcc.c-torture/compile/pr61159.c -O3 -g (test for excess errors)
FAIL: gcc.c-torture/compile/pr61159.c -Os (test for excess errors)
FAIL: gcc.c-torture/execute/align-3.c -O2 -flto (internal compiler error)
FAIL: gcc.c-torture/execute/align-3.c -O2 -flto (test for excess errors)
UNRESOLVED: gcc.c-torture/execute/align-3.c -O2 -flto compilation failed to produce executable
FAIL: gcc.c-torture/execute/align-3.c -O2 -flto -flto-partition=none (internal compiler error)
FAIL: gcc.c-torture/execute/align-3.c -O2 -flto -flto-partition=none (test for excess errors)
UNRESOLVED: gcc.c-torture/execute/align-3.c -O2 -flto -flto-partition=none compilation failed to produce executable
FAIL: gcc.dg/attr-weakref-1.c (test for excess errors)
UNRESOLVED: gcc.dg/attr-weakref-1.c compilation failed to produce executable
XPASS: gcc.dg/pr78768.c -Wformat-overflow (test for warnings, line 11)
FAIL: gcc.target/i386/avx512vl-vpermb-2.c execution test
FAIL: gcc.target/i386/avx512vl-vpermi2b-2.c execution test
FAIL: gcc.target/i386/avx512vl-vpermt2b-2.c execution test
FAIL: gcc.target/i386/avx512vl-vpmaddhuq-2.c execution test
FAIL: gcc.target/i386/avx512vl-vpmaddluq-2.c execution test
FAIL: gcc.target/i386/avx512vl-vpmultishiftqb-2.c execution test
FAIL: gcc.target/i386/indirect-thunk-1.c scan-assembler jmp[ \\t]*__x86_indirect_thunk_(r|e)ax
FAIL: gcc.target/i386/indirect-thunk-2.c scan-assembler jmp[ \\t]*__x86_indirect_thunk_(r|e)ax
FAIL: gcc.target/i386/indirect-thunk-3.c scan-assembler call[ \\t]*__x86_indirect_thunk_(r|e)ax
FAIL: gcc.target/i386/indirect-thunk-4.c scan-assembler call[ \\t]*__x86_indirect_thunk_(r|e)ax
FAIL: gcc.target/i386/indirect-thunk-7.c scan-assembler jmp[ \\t]*__x86_indirect_thunk_(r|e)ax
FAIL: gcc.target/i386/indirect-thunk-attr-1.c scan-assembler jmp[ \\t]*__x86_indirect_thunk_(r|e)ax
FAIL: gcc.target/i386/indirect-thunk-attr-2.c scan-assembler jmp[ \\t]*__x86_indirect_thunk_(r|e)ax
FAIL: gcc.target/i386/indirect-thunk-attr-5.c scan-assembler call[ \\t]*__x86_indirect_thunk_(r|e)ax
FAIL: gcc.target/i386/indirect-thunk-attr-6.c scan-assembler call[ \\t]*__x86_indirect_thunk_(r|e)ax
FAIL: gcc.target/i386/indirect-thunk-attr-7.c scan-assembler jmp[ \\t]*__x86_indirect_thunk_(r|e)ax
FAIL: gcc.target/i386/indirect-thunk-bnd-1.c scan-assembler bnd jmp[ \\t]*__x86_indirect_thunk_bnd_rax
FAIL: gcc.target/i386/indirect-thunk-bnd-2.c scan-assembler bnd call[ \\t]*__x86_indirect_thunk_bnd_(r|e)ax
FAIL: gcc.target/i386/indirect-thunk-extern-1.c scan-assembler jmp[ \\t]*__x86_indirect_thunk_(r|e)ax
FAIL: gcc.target/i386/indirect-thunk-extern-2.c scan-assembler jmp[ \\t]*__x86_indirect_thunk_(r|e)ax
FAIL: gcc.target/i386/indirect-thunk-extern-3.c scan-assembler call[ \\t]*__x86_indirect_thunk_(r|e)ax
FAIL: gcc.target/i386/indirect-thunk-extern-4.c scan-assembler call[ \\t]*__x86_indirect_thunk_(r|e)ax
FAIL: gcc.target/i386/indirect-thunk-extern-7.c scan-assembler jmp[ \\t]*__x86_indirect_thunk_(r|e)ax
FAIL: gcc.target/i386/indirect-thunk-register-1.c scan-assembler jmp[ \\t]*__x86_indirect_thunk_(r|e)ax
FAIL: gcc.target/i386/indirect-thunk-register-3.c scan-assembler jmp[ \\t]*__x86_indirect_thunk_(r|e)ax
FAIL: gcc.target/i386/pr80569.c (test for excess errors)
FAIL: gcc.target/i386/ret-thunk-1.c scan-assembler jmp[ \\t]*__x86_return_thunk
FAIL: gcc.target/i386/ret-thunk-10.c scan-assembler __x86_indirect_thunk_(r|e)ax:
FAIL: gcc.target/i386/ret-thunk-10.c scan-assembler call[ \\t]*__x86_indirect_thunk_(r|e)ax
FAIL: gcc.target/i386/ret-thunk-11.c scan-assembler __x86_indirect_thunk_(r|e)ax:
FAIL: gcc.target/i386/ret-thunk-11.c scan-assembler call[ \\t]*__x86_indirect_thunk_(r|e)ax
FAIL: gcc.target/i386/ret-thunk-11.c scan-assembler jmp[ \\t]*__x86_return_thunk
FAIL: gcc.target/i386/ret-thunk-12.c scan-assembler __x86_indirect_thunk_(r|e)ax:
FAIL: gcc.target/i386/ret-thunk-12.c scan-assembler call[ \\t]*__x86_indirect_thunk_(r|e)ax
FAIL: gcc.target/i386/ret-thunk-13.c scan-assembler jmp[ \\t]*__x86_return_thunk
FAIL: gcc.target/i386/ret-thunk-14.c scan-assembler call[ \\t]*__x86_indirect_thunk_(r|e)ax
FAIL: gcc.target/i386/ret-thunk-15.c scan-assembler call[ \\t]*__x86_indirect_thunk_(r|e)ax
FAIL: gcc.target/i386/ret-thunk-15.c scan-assembler jmp[ \\t]*__x86_return_thunk
FAIL: gcc.target/i386/ret-thunk-26.c execution test
FAIL: gcc.target/i386/ret-thunk-3.c scan-assembler jmp[ \\t]*__x86_return_thunk
FAIL: gcc.target/i386/ret-thunk-5.c scan-assembler jmp[ \\t]*__x86_return_thunk
FAIL: gcc.target/i386/ret-thunk-7.c scan-assembler jmp[ \\t]*__x86_return_thunk
FAIL: gcc.target/i386/ret-thunk-9.c scan-assembler __x86_return_thunk:
FAIL: gcc.target/i386/ret-thunk-9.c scan-assembler call[ \\t]*__x86_indirect_thunk_(r|e)ax
FAIL: gcc.target/i386/ret-thunk-9.c scan-assembler jmp[ \\t]*__x86_return_thunk
=== gcc Summary for unix/-m64 ===
# of expected passes 119092
# of unexpected failures 57
# of unexpected successes 1
# of expected failures 371
# of unresolved testcases 3
# of unsupported tests 2498
=== gcc Summary ===
# of expected passes 236680
# of unexpected failures 113
# of unexpected successes 2
# of expected failures 748
# of unresolved testcases 5
# of unsupported tests 5033
/var/gcc/regression/gcc-7-branch/11-gcc/build/gcc/xgcc version 7.3.1 20180831 [gcc-7-branch revision 264004] (GCC)
=== gfortran tests ===
Running target unix
=== gfortran Summary for unix ===
# of expected passes 45496
# of expected failures 87
# of unsupported tests 189
Running target unix/-m64
=== gfortran Summary for unix/-m64 ===
# of expected passes 45713
# of expected failures 87
# of unsupported tests 86
=== gfortran Summary ===
# of expected passes 91209
# of expected failures 174
# of unsupported tests 275
/var/gcc/regression/gcc-7-branch/11-gcc/build/gcc/gfortran version 7.3.1 20180831 [gcc-7-branch revision 264004] (GCC)
=== gnat tests ===
Running target unix
=== gnat Summary for unix ===
# of expected passes 2592
# of expected failures 25
# of unsupported tests 7
Running target unix/-m64
=== gnat Summary for unix/-m64 ===
# of expected passes 2592
# of expected failures 25
# of unsupported tests 7
=== gnat Summary ===
# of expected passes 5184
# of expected failures 50
# of unsupported tests 14
/var/gcc/regression/gcc-7-branch/11-gcc/build/gcc/gnatmake version 7.3.1 20180831 [gcc-7-branch revision 264004]
=== go tests ===
Running target unix
FAIL: ./index0-out.go execution, -O0 -g -fno-var-tracking-assignments
FAIL: ./issue5162-out.go execution, -O0 -g -fno-var-tracking-assignments
FAIL: ./slice3-out.go execution, -O0 -g -fno-var-tracking-assignments
FAIL: go.test/test/64bit.go execution
FAIL: go.test/test/append.go execution, -O2 -g
FAIL: go.test/test/bigmap.go execution, -O2 -g
FAIL: go.test/test/map.go execution, -O2 -g
FAIL: go.test/test/method5.go execution, -O2 -g
=== go Summary for unix ===
# of expected passes 7356
# of unexpected failures 8
# of expected failures 1
# of untested testcases 10
# of unsupported tests 2
Running target unix/-m64
=== go Summary for unix/-m64 ===
# of expected passes 7247
# of expected failures 1
# of untested testcases 10
# of unsupported tests 1
=== go Summary ===
# of expected passes 14603
# of unexpected failures 8
# of expected failures 2
# of untested testcases 20
# of unsupported tests 3
=== obj-c++ tests ===
Running target unix
=== obj-c++ Summary for unix ===
# of expected passes 1459
# of expected failures 2
# of unsupported tests 77
Running target unix/-m64
=== obj-c++ Summary for unix/-m64 ===
# of expected passes 1451
# of expected failures 10
# of unsupported tests 77
=== obj-c++ Summary ===
# of expected passes 2910
# of expected failures 12
# of unsupported tests 154
/var/gcc/regression/gcc-7-branch/11-gcc/build/gcc/xg++ version 7.3.1 20180831 [gcc-7-branch revision 264004] (GCC)
=== objc tests ===
Running target unix
=== objc Summary for unix ===
# of expected passes 2797
# of expected failures 6
# of unsupported tests 68
Running target unix/-m64
=== objc Summary for unix/-m64 ===
# of expected passes 2797
# of expected failures 6
# of unsupported tests 68
=== objc Summary ===
# of expected passes 5594
# of expected failures 12
# of unsupported tests 136
/var/gcc/regression/gcc-7-branch/11-gcc/build/gcc/xgcc version 7.3.1 20180831 [gcc-7-branch revision 264004] (GCC)
=== libatomic tests ===
Running target unix
=== libatomic Summary for unix ===
# of expected passes 44
# of unsupported tests 5
Running target unix/-m64
=== libatomic Summary for unix/-m64 ===
# of expected passes 54
=== libatomic Summary ===
# of expected passes 98
# of unsupported tests 5
=== libffi tests ===
Running target unix
=== libffi Summary for unix ===
# of expected passes 2799
Running target unix/-m64
=== libffi Summary for unix/-m64 ===
# of expected passes 2214
=== libffi Summary ===
# of expected passes 5013
=== libgo tests ===
Running target unix
FAIL: bufio
FAIL: bytes
FAIL: context
FAIL: expvar
FAIL: flag
FAIL: html
FAIL: image
FAIL: io
FAIL: math
FAIL: mime
FAIL: os
FAIL: reflect
FAIL: regexp
FAIL: runtime
FAIL: sort
FAIL: strconv
FAIL: strings
FAIL: sync
FAIL: syscall
FAIL: time
FAIL: unicode
FAIL: archive/tar
FAIL: archive/zip
FAIL: compress/bzip2
FAIL: compress/flate
FAIL: compress/gzip
FAIL: compress/lzw
FAIL: compress/zlib
FAIL: crypto/aes
FAIL: crypto/cipher
FAIL: crypto/des
FAIL: crypto/ecdsa
FAIL: crypto/elliptic
FAIL: crypto/rsa
FAIL: crypto/sha512
FAIL: database/sql/driver
FAIL: debug/dwarf
FAIL: debug/elf
FAIL: debug/macho
FAIL: debug/pe
FAIL: encoding/asn1
FAIL: encoding/base32
FAIL: encoding/base64
FAIL: encoding/binary
FAIL: encoding/csv
FAIL: exp/proxy
FAIL: go/ast
FAIL: go/build
FAIL: go/constant
FAIL: go/doc
FAIL: go/internal/gcimporter
FAIL: go/internal/gccgoimporter
FAIL: go/parser
FAIL: go/printer
FAIL: go/scanner
FAIL: go/token
FAIL: golang_org/x/crypto/chacha20poly1305
FAIL: golang_org/x/net/http2/hpack
FAIL: golang_org/x/net/lif
FAIL: image/color
FAIL: image/draw
FAIL: image/jpeg
FAIL: image/png
FAIL: internal/pprof/profile
FAIL: internal/trace
FAIL: log/syslog
FAIL: math/cmplx
FAIL: math/rand
FAIL: mime/multipart
FAIL: mime/quotedprintable
FAIL: net/http
FAIL: net/http/cgi
FAIL: net/http/cookiejar
FAIL: net/http/fcgi
FAIL: net/http/httptest
FAIL: net/http/httputil
FAIL: net/http/internal
FAIL: net/internal/socktest
FAIL: net/mail
FAIL: net/rpc
FAIL: net/smtp
FAIL: net/textproto
FAIL: net/url
FAIL: net/rpc/jsonrpc
FAIL: os/exec
FAIL: path/filepath
FAIL: regexp/syntax
FAIL: runtime/pprof
FAIL: sync/atomic
FAIL: text/scanner
FAIL: text/tabwriter
FAIL: text/template/parse
FAIL: testing/quick
FAIL: unicode/utf8
=== libgo Summary for unix ===
# of expected passes 52
# of unexpected failures 94
Running target unix/-m64
FAIL: go/build
=== libgo Summary for unix/-m64 ===
# of expected passes 145
# of unexpected failures 1
=== libgo Summary ===
# of expected passes 197
# of unexpected failures 95
/var/gcc/regression/gcc-7-branch/11-gcc/build/./gcc/gccgo version 7.3.1 20180831 [gcc-7-branch revision 264004] (GCC)
=== libgomp tests ===
Running target unix
=== libgomp Summary for unix ===
# of expected passes 5140
# of unsupported tests 381
Running target unix/-m64
=== libgomp Summary for unix/-m64 ===
# of expected passes 5140
# of unsupported tests 381
=== libgomp Summary ===
# of expected passes 10280
# of unsupported tests 762
=== libitm tests ===
Running target unix
=== libitm Summary for unix ===
# of expected passes 42
# of expected failures 3
# of unsupported tests 1
Running target unix/-m64
=== libitm Summary for unix/-m64 ===
# of expected passes 42
# of expected failures 3
# of unsupported tests 1
=== libitm Summary ===
# of expected passes 84
# of expected failures 6
# of unsupported tests 2
=== libstdc++ tests ===
Running target unix
XPASS: experimental/memory_resource/resource_adaptor.cc execution test
=== libstdc++ Summary for unix ===
# of expected passes 10956
# of unexpected successes 1
# of expected failures 67
# of unsupported tests 618
Running target unix/-m64
=== libstdc++ Summary for unix/-m64 ===
# of expected passes 10949
# of expected failures 67
# of unsupported tests 622
=== libstdc++ Summary ===
# of expected passes 21905
# of unexpected successes 1
# of expected failures 134
# of unsupported tests 1240
Compiler version: 7.3.1 20180831 [gcc-7-branch revision 264004] (GCC)
Platform: i386-pc-solaris2.11
configure flags: --prefix=/vol/gcc --target=i386-pc-solaris2.11 --enable-objc-gc --with-target-bdw-gc-include=/vol/gcc/include --with-target-bdw-gc-lib=/vol/gcc/lib,amd64=/vol/gcc/lib/amd64 --enable-libmudflap --with-as=/usr/ccs/bin/as --without-gnu-as --with-gmp-include=/vol/gcc/include --with-gmp-lib=/vol/gcc/lib --with-mpfr-include=/vol/gcc/include --with-mpfr-lib=/vol/gcc/lib --with-mpc-include=/vol/gcc/include --with-mpc-lib=/vol/gcc/lib --enable-languages=all,ada,obj-c++,go --with-isl-include=/vol/gcc/include --with-isl-lib=/vol/gcc/lib --build=i386-pc-solaris2.11 --host=i386-pc-solaris2.11
BOOT_CFLAGS=-g -O2