This is the mail archive of the
gcc-testresults@gcc.gnu.org
mailing list for the GCC project.
Results for 8.2.1 20180817 [gcc-8-branch revision 263610] (GCC) testsuite on i386-pc-solaris2.11
- From: Rainer Orth <ro at CeBiTec dot Uni-Bielefeld dot DE>
- To: gcc-testresults at gcc dot gnu dot org
- Date: Sat, 18 Aug 2018 09:06:30 +0200 (MEST)
- Subject: Results for 8.2.1 20180817 [gcc-8-branch revision 263610] (GCC) testsuite on i386-pc-solaris2.11
LAST_UPDATED: Fri Aug 17 09:04:02 UTC 2018 (revision 263610)
=== acats tests ===
FAIL: a99006a
FAIL: ad7001d
=== acats Summary ===
# of expected passes 2318
# of unexpected failures 2
Native configuration is i386-pc-solaris2.11
=== g++ tests ===
Running target unix
FAIL: tmpdir-g++.dg-struct-layout-1/t004 cp_compat_x_tst.o compile
FAIL: g++.dg/pr83239.C -std=gnu++98 (test for excess errors)
=== g++ Summary for unix ===
# of expected passes 114739
# of unexpected failures 2
# of expected failures 509
# of unsupported tests 4736
Running target unix/-m64
FAIL: g++.dg/pr80481.C -std=gnu++11 scan-assembler-not vmovaps
FAIL: g++.dg/pr80481.C -std=gnu++14 scan-assembler-not vmovaps
FAIL: g++.dg/pr80481.C -std=gnu++98 scan-assembler-not vmovaps
FAIL: g++.dg/pr83239.C -std=gnu++98 (test for excess errors)
=== g++ Summary for unix/-m64 ===
# of expected passes 116235
# of unexpected failures 4
# of expected failures 512
# of unsupported tests 4928
=== g++ Summary ===
# of expected passes 230974
# of unexpected failures 6
# of expected failures 1021
# of unsupported tests 9664
/var/gcc/regression/gcc-8-branch/11-gcc/build/gcc/xg++ version 8.2.1 20180817 [gcc-8-branch revision 263610] (GCC)
=== gcc tests ===
Running target unix
FAIL: gcc.c-torture/compile/20021204-1.c -Os (internal compiler error)
FAIL: gcc.c-torture/compile/20021204-1.c -Os (test for excess errors)
FAIL: gcc.c-torture/compile/pr61159.c -O0 (test for excess errors)
FAIL: gcc.c-torture/compile/pr61159.c -O1 (test for excess errors)
FAIL: gcc.c-torture/compile/pr61159.c -O2 (test for excess errors)
FAIL: gcc.c-torture/compile/pr61159.c -O2 -flto (test for excess errors)
FAIL: gcc.c-torture/compile/pr61159.c -O2 -flto -flto-partition=none (test for excess errors)
FAIL: gcc.c-torture/compile/pr61159.c -O3 -g (test for excess errors)
FAIL: gcc.c-torture/compile/pr61159.c -Os (test for excess errors)
FAIL: gcc.dg/attr-weakref-1.c (test for excess errors)
UNRESOLVED: gcc.dg/attr-weakref-1.c compilation failed to produce executable
FAIL: gcc.dg/visibility-22.c execution test
FAIL: gcc.dg/simulate-thread/atomic-load-longlong.c -O2 -g thread simulation test
FAIL: gcc.dg/torture/pr60092.c -O0 execution test
FAIL: gcc.target/i386/pr80569.c (test for excess errors)
=== gcc Summary for unix ===
# of expected passes 120894
# of unexpected failures 14
# of expected failures 406
# of unresolved testcases 1
# of unsupported tests 2793
Running target unix/-m64
FAIL: gcc.c-torture/compile/pr61159.c -O0 (test for excess errors)
FAIL: gcc.c-torture/compile/pr61159.c -O1 (test for excess errors)
FAIL: gcc.c-torture/compile/pr61159.c -O2 (test for excess errors)
FAIL: gcc.c-torture/compile/pr61159.c -O2 -flto (test for excess errors)
FAIL: gcc.c-torture/compile/pr61159.c -O2 -flto -flto-partition=none (test for excess errors)
FAIL: gcc.c-torture/compile/pr61159.c -O3 -g (test for excess errors)
FAIL: gcc.c-torture/compile/pr61159.c -Os (test for excess errors)
FAIL: gcc.dg/attr-weakref-1.c (test for excess errors)
UNRESOLVED: gcc.dg/attr-weakref-1.c compilation failed to produce executable
FAIL: gcc.dg/visibility-22.c execution test
FAIL: gcc.dg/torture/pr60092.c -O0 execution test
FAIL: gcc.target/i386/pr80569.c (test for excess errors)
=== gcc Summary for unix/-m64 ===
# of expected passes 122551
# of unexpected failures 11
# of expected failures 395
# of unresolved testcases 1
# of unsupported tests 2710
=== gcc Summary ===
# of expected passes 243445
# of unexpected failures 25
# of expected failures 801
# of unresolved testcases 2
# of unsupported tests 5503
/var/gcc/regression/gcc-8-branch/11-gcc/build/gcc/xgcc version 8.2.1 20180817 [gcc-8-branch revision 263610] (GCC)
=== gfortran tests ===
Running target unix
FAIL: gfortran.dg/Wno-all.f90 -O0 (test for excess errors)
UNRESOLVED: gfortran.dg/Wno-all.f90 -O0 compilation failed to produce executable
WARNING: program timed out
=== gfortran Summary for unix ===
# of expected passes 47235
# of unexpected failures 1
# of expected failures 93
# of unresolved testcases 1
# of unsupported tests 195
Running target unix/-m64
=== gfortran Summary for unix/-m64 ===
# of expected passes 47454
# of expected failures 93
# of unsupported tests 92
=== gfortran Summary ===
# of expected passes 94689
# of unexpected failures 1
# of expected failures 186
# of unresolved testcases 1
# of unsupported tests 287
/var/gcc/regression/gcc-8-branch/11-gcc/build/gcc/gfortran version 8.2.1 20180817 [gcc-8-branch revision 263610] (GCC)
=== gnat tests ===
Running target unix
=== gnat Summary for unix ===
# of expected passes 2700
# of expected failures 24
# of unsupported tests 7
Running target unix/-m64
=== gnat Summary for unix/-m64 ===
# of expected passes 2700
# of expected failures 24
# of unsupported tests 7
=== gnat Summary ===
# of expected passes 5400
# of expected failures 48
# of unsupported tests 14
/var/gcc/regression/gcc-8-branch/11-gcc/build/gcc/gnatmake version 8.2.1 20180817 [gcc-8-branch revision 263610]
=== go tests ===
Running target unix
FAIL: go.go-torture/execute/names-1.go, -O2 -fomit-frame-pointer -finline-functions (internal compiler error)
FAIL: go.go-torture/execute/return-2.go execution, -O2 -fomit-frame-pointer -finline-functions -funroll-loops
FAIL: go.go-torture/execute/var-2.go compilation, -O2
WARNING: program timed out
WARNING: program timed out.
FAIL: ./index0-out.go compilation, -O0 -g -fno-var-tracking-assignments
=== go Summary for unix ===
# of expected passes 7390
# of unexpected failures 4
# of expected failures 1
# of untested testcases 12
# of unsupported tests 2
Running target unix/-m64
FAIL: ./index0-out.go compilation, -O0 -g -fno-var-tracking-assignments
=== go Summary for unix/-m64 ===
# of expected passes 7276
# of unexpected failures 1
# of expected failures 1
# of untested testcases 11
# of unsupported tests 1
=== go Summary ===
# of expected passes 14666
# of unexpected failures 5
# of expected failures 2
# of untested testcases 23
# of unsupported tests 3
=== obj-c++ tests ===
Running target unix
FAIL: obj-c++.dg/property/dotsyntax-2.mm -fgnu-runtime (test for excess errors)
UNRESOLVED: obj-c++.dg/property/dotsyntax-2.mm -fgnu-runtime compilation failed to produce executable
FAIL: obj-c++.dg/property/dotsyntax-20.mm -fgnu-runtime (test for excess errors)
=== obj-c++ Summary for unix ===
# of expected passes 1461
# of unexpected failures 2
# of expected failures 2
# of unresolved testcases 1
# of unsupported tests 77
Running target unix/-m64
=== obj-c++ Summary for unix/-m64 ===
# of expected passes 1456
# of expected failures 10
# of unsupported tests 77
=== obj-c++ Summary ===
# of expected passes 2917
# of unexpected failures 2
# of expected failures 12
# of unresolved testcases 1
# of unsupported tests 154
/var/gcc/regression/gcc-8-branch/11-gcc/build/gcc/xg++ version 8.2.1 20180817 [gcc-8-branch revision 263610] (GCC)
=== objc tests ===
Running target unix
FAIL: objc/execute/class-14.m execution, -Os -fgnu-runtime
=== objc Summary for unix ===
# of expected passes 2796
# of unexpected failures 1
# of expected failures 6
# of unsupported tests 68
Running target unix/-m64
=== objc Summary for unix/-m64 ===
# of expected passes 2797
# of expected failures 6
# of unsupported tests 68
=== objc Summary ===
# of expected passes 5593
# of unexpected failures 1
# of expected failures 12
# of unsupported tests 136
/var/gcc/regression/gcc-8-branch/11-gcc/build/gcc/xgcc version 8.2.1 20180817 [gcc-8-branch revision 263610] (GCC)
=== gotools tests ===
FAIL: go test cmd/go
FAIL: TestCgoCrashHandler
FAIL: TestCgoSignalDeadlock
FAIL: TestCrashHandler
FAIL: TestGccgoCrashTracebackNodebug
FAIL: TestSelectStackAdjust
FAIL: go test runtime
FAIL: go test misc/cgo/test
FAIL: TestCompileWithoutShared
FAIL: TestEarlySignalHandler
FAIL: TestInstall
FAIL: TestOsSignal
FAIL: TestPIE
FAIL: TestSIGPROF
FAIL: TestSigaltstack
FAIL: TestSignalForwarding
FAIL: TestSignalForwardingExternal
FAIL: go test misc/cgo/testcarchive
=== gotools Summary ===
# of expected passes 230
# of unexpected failures 18
# of untested testcases 59
/var/gcc/regression/gcc-8-branch/11-gcc/build/./gcc/gccgo version 8.2.1 20180817 [gcc-8-branch revision 263610] (GCC)
=== libatomic tests ===
Running target unix
=== libatomic Summary for unix ===
# of expected passes 44
# of unsupported tests 5
Running target unix/-m64
=== libatomic Summary for unix/-m64 ===
# of expected passes 54
=== libatomic Summary ===
# of expected passes 98
# of unsupported tests 5
=== libffi tests ===
Running target unix
FAIL: libffi.call/cls_longdouble_va.c -W -Wall -Wno-psabi -O0 (test for excess errors)
UNRESOLVED: libffi.call/cls_longdouble_va.c -W -Wall -Wno-psabi -O0 compilation failed to produce executable
=== libffi Summary for unix ===
# of expected passes 2796
# of unexpected failures 1
# of unresolved testcases 1
Running target unix/-m64
=== libffi Summary for unix/-m64 ===
# of expected passes 2214
=== libffi Summary ===
# of expected passes 5010
# of unexpected failures 1
# of unresolved testcases 1
=== libgo tests ===
Running target unix
FAIL: runtime
FAIL: go/build
=== libgo Summary for unix ===
# of expected passes 162
# of unexpected failures 2
Running target unix/-m64
FAIL: go/build
FAIL: net/http
=== libgo Summary for unix/-m64 ===
# of expected passes 162
# of unexpected failures 2
=== libgo Summary ===
# of expected passes 324
# of unexpected failures 4
/var/gcc/regression/gcc-8-branch/11-gcc/build/./gcc/gccgo version 8.2.1 20180817 [gcc-8-branch revision 263610] (GCC)
=== libgomp tests ===
Running target unix
FAIL: libgomp.c/for-3.c (test for excess errors)
UNRESOLVED: libgomp.c/for-3.c compilation failed to produce executable
=== libgomp Summary for unix ===
# of expected passes 5446
# of unexpected failures 1
# of expected failures 1
# of unresolved testcases 1
# of unsupported tests 364
Running target unix/-m64
=== libgomp Summary for unix/-m64 ===
# of expected passes 5448
# of expected failures 1
# of unsupported tests 364
=== libgomp Summary ===
# of expected passes 10894
# of unexpected failures 1
# of expected failures 2
# of unresolved testcases 1
# of unsupported tests 728
=== libitm tests ===
Running target unix
=== libitm Summary for unix ===
# of expected passes 42
# of expected failures 3
# of unsupported tests 1
Running target unix/-m64
=== libitm Summary for unix/-m64 ===
# of expected passes 42
# of expected failures 3
# of unsupported tests 1
=== libitm Summary ===
# of expected passes 84
# of expected failures 6
# of unsupported tests 2
=== libstdc++ tests ===
Running target unix
FAIL: 17_intro/headers/c++1998/complex.cc (test for excess errors)
FAIL: 18_support/headers/cstdint/types_std_c++0x.cc (test for excess errors)
FAIL: 18_support/headers/exception/synopsis.cc (test for excess errors)
FAIL: 18_support/headers/exception/types_std.cc (test for excess errors)
FAIL: 18_support/initializer_list/constexpr.cc (test for excess errors)
XPASS: experimental/memory_resource/resource_adaptor.cc execution test
=== libstdc++ Summary for unix ===
# of expected passes 11361
# of unexpected failures 5
# of unexpected successes 1
# of expected failures 71
# of unsupported tests 631
Running target unix/-m64
=== libstdc++ Summary for unix/-m64 ===
# of expected passes 11359
# of expected failures 71
# of unsupported tests 635
=== libstdc++ Summary ===
# of expected passes 22720
# of unexpected failures 5
# of unexpected successes 1
# of expected failures 142
# of unsupported tests 1266
Compiler version: 8.2.1 20180817 [gcc-8-branch revision 263610] (GCC)
Platform: i386-pc-solaris2.11
configure flags: --prefix=/vol/gcc --target=i386-pc-solaris2.11 --enable-objc-gc --with-target-bdw-gc-include=/vol/gcc/include --with-target-bdw-gc-lib=/vol/gcc/lib,amd64=/vol/gcc/lib/amd64 --enable-libmudflap --with-as=/usr/ccs/bin/as --without-gnu-as --with-gmp-include=/vol/gcc/include --with-gmp-lib=/vol/gcc/lib --with-mpfr-include=/vol/gcc/include --with-mpfr-lib=/vol/gcc/lib --with-mpc-include=/vol/gcc/include --with-mpc-lib=/vol/gcc/lib --enable-languages=all,ada,obj-c++,go --with-isl-include=/vol/gcc/include --with-isl-lib=/vol/gcc/lib --build=i386-pc-solaris2.11 --host=i386-pc-solaris2.11
BOOT_CFLAGS=-g -O2