This is the mail archive of the
gcc-testresults@gcc.gnu.org
mailing list for the GCC project.
Results for 7.3.1 20180816 [gcc-7-branch revision 263578] (GCC) testsuite on powerpc64-unknown-linux-gnu
- From: "Bill Seurer (POWER7)" <seurer at linux dot ibm dot com>
- To: gcc-testresults at gcc dot gnu dot org
- Date: Thu, 16 Aug 2018 06:05:49 -0500
- Subject: Results for 7.3.1 20180816 [gcc-7-branch revision 263578] (GCC) testsuite on powerpc64-unknown-linux-gnu
Linux 4.17.3-100.fc27.ppc64 ppc64
GNU ld version 2.29-13.fc27
GNU assembler version 2.29-13.fc27
GNU Make 4.2.1
DejaGnu:
DejaGnu version 1.6
Expect version 5.45
Tcl version 8.6
64-bit
LAST_UPDATED: Thu Aug 16 09:57:44 UTC 2018 (revision 263578)
Native configuration is powerpc64-unknown-linux-gnu
=== gcc tests ===
Running target unix
FAIL: gcc.dg/sms-4.c scan-rtl-dump-times sms "SMS succeeded" 1
XPASS: gcc.dg/guality/example.c -O0 execution test
XPASS: gcc.dg/guality/example.c -O1 execution test
XPASS: gcc.dg/guality/guality.c -O0 execution test
XPASS: gcc.dg/guality/guality.c -O1 execution test
XPASS: gcc.dg/guality/guality.c -O2 execution test
XPASS: gcc.dg/guality/guality.c -O2 -flto -fno-use-linker-plugin -flto-partition=none execution test
XPASS: gcc.dg/guality/guality.c -O2 -flto -fuse-linker-plugin -fno-fat-lto-objects execution test
XPASS: gcc.dg/guality/guality.c -O3 -g execution test
XPASS: gcc.dg/guality/guality.c -Os execution test
XPASS: gcc.dg/guality/inline-params.c -O2 execution test
XPASS: gcc.dg/guality/inline-params.c -O2 -flto -fno-use-linker-plugin -flto-partition=none execution test
XPASS: gcc.dg/guality/inline-params.c -O3 -g execution test
XPASS: gcc.dg/guality/inline-params.c -Os execution test
FAIL: gcc.dg/guality/nrv-1.c -O2 -flto -fuse-linker-plugin -fno-fat-lto-objects line 20 a2.i[0] == 42
FAIL: gcc.dg/guality/pr36728-1.c -O2 line 16 y == 2
FAIL: gcc.dg/guality/pr36728-1.c -O2 line 18 y == 2
FAIL: gcc.dg/guality/pr36728-1.c -O2 -flto -fno-use-linker-plugin -flto-partition=none line 16 y == 2
FAIL: gcc.dg/guality/pr36728-1.c -O2 -flto -fno-use-linker-plugin -flto-partition=none line 18 y == 2
FAIL: gcc.dg/guality/pr36728-1.c -O2 -flto -fuse-linker-plugin -fno-fat-lto-objects line 16 y == 2
FAIL: gcc.dg/guality/pr36728-1.c -O3 -g line 16 y == 2
FAIL: gcc.dg/guality/pr36728-1.c -O3 -g line 18 *x == (char) 25
FAIL: gcc.dg/guality/pr36728-1.c -O3 -g line 18 y == 2
FAIL: gcc.dg/guality/pr36728-2.c -O2 line 16 y == 2
FAIL: gcc.dg/guality/pr36728-2.c -O2 line 18 *x == (char) 25
FAIL: gcc.dg/guality/pr36728-2.c -O2 -flto -fno-use-linker-plugin -flto-partition=none line 16 y == 2
FAIL: gcc.dg/guality/pr36728-2.c -O2 -flto -fno-use-linker-plugin -flto-partition=none line 18 *x == (char) 25
FAIL: gcc.dg/guality/pr36728-2.c -O2 -flto -fuse-linker-plugin -fno-fat-lto-objects line 16 arg1 == 1
FAIL: gcc.dg/guality/pr36728-2.c -O2 -flto -fuse-linker-plugin -fno-fat-lto-objects line 16 arg2 == 2
FAIL: gcc.dg/guality/pr36728-2.c -O2 -flto -fuse-linker-plugin -fno-fat-lto-objects line 16 arg3 == 3
FAIL: gcc.dg/guality/pr36728-2.c -O2 -flto -fuse-linker-plugin -fno-fat-lto-objects line 16 arg4 == 4
FAIL: gcc.dg/guality/pr36728-2.c -O2 -flto -fuse-linker-plugin -fno-fat-lto-objects line 16 arg5 == 5
FAIL: gcc.dg/guality/pr36728-2.c -O2 -flto -fuse-linker-plugin -fno-fat-lto-objects line 16 arg6 == 6
FAIL: gcc.dg/guality/pr36728-2.c -O2 -flto -fuse-linker-plugin -fno-fat-lto-objects line 16 arg7 == 30
FAIL: gcc.dg/guality/pr36728-2.c -O2 -flto -fuse-linker-plugin -fno-fat-lto-objects line 18 arg1 == 1
FAIL: gcc.dg/guality/pr36728-2.c -O2 -flto -fuse-linker-plugin -fno-fat-lto-objects line 18 arg2 == 2
FAIL: gcc.dg/guality/pr36728-2.c -O2 -flto -fuse-linker-plugin -fno-fat-lto-objects line 18 arg3 == 3
FAIL: gcc.dg/guality/pr36728-2.c -O2 -flto -fuse-linker-plugin -fno-fat-lto-objects line 18 arg4 == 4
FAIL: gcc.dg/guality/pr36728-2.c -O2 -flto -fuse-linker-plugin -fno-fat-lto-objects line 18 arg5 == 5
FAIL: gcc.dg/guality/pr36728-2.c -O2 -flto -fuse-linker-plugin -fno-fat-lto-objects line 18 arg6 == 6
FAIL: gcc.dg/guality/pr36728-2.c -O2 -flto -fuse-linker-plugin -fno-fat-lto-objects line 18 arg7 == 30
FAIL: gcc.dg/guality/pr36728-2.c -O3 -g line 16 arg1 == 1
FAIL: gcc.dg/guality/pr36728-2.c -O3 -g line 16 arg2 == 2
FAIL: gcc.dg/guality/pr36728-2.c -O3 -g line 16 arg3 == 3
FAIL: gcc.dg/guality/pr36728-2.c -O3 -g line 16 arg4 == 4
FAIL: gcc.dg/guality/pr36728-2.c -O3 -g line 16 arg5 == 5
FAIL: gcc.dg/guality/pr36728-2.c -O3 -g line 16 arg6 == 6
FAIL: gcc.dg/guality/pr36728-2.c -O3 -g line 16 arg7 == 30
FAIL: gcc.dg/guality/pr36728-2.c -O3 -g line 16 y == 2
FAIL: gcc.dg/guality/pr36728-2.c -O3 -g line 18 *x == (char) 25
FAIL: gcc.dg/guality/pr36728-2.c -O3 -g line 18 arg1 == 1
FAIL: gcc.dg/guality/pr36728-2.c -O3 -g line 18 arg2 == 2
FAIL: gcc.dg/guality/pr36728-2.c -O3 -g line 18 arg3 == 3
FAIL: gcc.dg/guality/pr36728-2.c -O3 -g line 18 arg4 == 4
FAIL: gcc.dg/guality/pr36728-2.c -O3 -g line 18 arg5 == 5
FAIL: gcc.dg/guality/pr36728-2.c -O3 -g line 18 arg6 == 6
FAIL: gcc.dg/guality/pr36728-2.c -O3 -g line 18 arg7 == 30
XPASS: gcc.dg/guality/pr41353-1.c -O0 line 28 j == 28 + 37
FAIL: gcc.dg/guality/pr41353-1.c -O1 line 28 i == 37
FAIL: gcc.dg/guality/pr41353-1.c -O1 line 28 i1 == 2 * 37
FAIL: gcc.dg/guality/pr41353-1.c -O1 line 28 i2 == 3 * 37
XPASS: gcc.dg/guality/pr41353-1.c -O1 line 28 j == 28 + 37
FAIL: gcc.dg/guality/pr41353-1.c -O2 line 28 i == 37
FAIL: gcc.dg/guality/pr41353-1.c -O2 line 28 i1 == 2 * 37
FAIL: gcc.dg/guality/pr41353-1.c -O2 line 28 i2 == 3 * 37
XPASS: gcc.dg/guality/pr41353-1.c -O2 line 28 j == 28 + 37
FAIL: gcc.dg/guality/pr41353-1.c -O2 -flto -fno-use-linker-plugin -flto-partition=none line 28 i == 37
FAIL: gcc.dg/guality/pr41353-1.c -O2 -flto -fno-use-linker-plugin -flto-partition=none line 28 i1 == 2 * 37
FAIL: gcc.dg/guality/pr41353-1.c -O2 -flto -fno-use-linker-plugin -flto-partition=none line 28 i2 == 3 * 37
XPASS: gcc.dg/guality/pr41353-1.c -O2 -flto -fno-use-linker-plugin -flto-partition=none line 28 j == 28 + 37
FAIL: gcc.dg/guality/pr41353-1.c -O2 -flto -fuse-linker-plugin -fno-fat-lto-objects line 28 i == 37
FAIL: gcc.dg/guality/pr41353-1.c -O2 -flto -fuse-linker-plugin -fno-fat-lto-objects line 28 i1 == 2 * 37
FAIL: gcc.dg/guality/pr41353-1.c -O2 -flto -fuse-linker-plugin -fno-fat-lto-objects line 28 i2 == 3 * 37
XPASS: gcc.dg/guality/pr41353-1.c -O2 -flto -fuse-linker-plugin -fno-fat-lto-objects line 28 j == 28 + 37
FAIL: gcc.dg/guality/pr41353-1.c -O3 -g line 28 i == 37
FAIL: gcc.dg/guality/pr41353-1.c -O3 -g line 28 i1 == 2 * 37
FAIL: gcc.dg/guality/pr41353-1.c -O3 -g line 28 i2 == 3 * 37
XPASS: gcc.dg/guality/pr41353-1.c -O3 -g line 28 j == 28 + 37
FAIL: gcc.dg/guality/pr41353-1.c -Os line 28 i == 37
FAIL: gcc.dg/guality/pr41353-1.c -Os line 28 i1 == 2 * 37
FAIL: gcc.dg/guality/pr41353-1.c -Os line 28 i2 == 3 * 37
XPASS: gcc.dg/guality/pr41353-1.c -Os line 28 j == 28 + 37
FAIL: gcc.dg/guality/pr41616-1.c -O2 -flto -fuse-linker-plugin -fno-fat-lto-objects execution test
FAIL: gcc.dg/guality/pr43051-1.c -O1 line 40 v == 1
FAIL: gcc.dg/guality/pr43051-1.c -O2 line 35 v == 1
FAIL: gcc.dg/guality/pr43051-1.c -O2 line 40 v == 1
FAIL: gcc.dg/guality/pr43051-1.c -O2 -flto -fno-use-linker-plugin -flto-partition=none line 35 v == 1
FAIL: gcc.dg/guality/pr43051-1.c -O2 -flto -fno-use-linker-plugin -flto-partition=none line 40 v == 1
FAIL: gcc.dg/guality/pr43051-1.c -O2 -flto -fuse-linker-plugin -fno-fat-lto-objects line 35 v == 1
FAIL: gcc.dg/guality/pr43051-1.c -O2 -flto -fuse-linker-plugin -fno-fat-lto-objects line 40 v == 1
FAIL: gcc.dg/guality/pr43051-1.c -O3 -fomit-frame-pointer -funroll-loops -fpeel-loops -ftracer -finline-functions line 35 v == 1
FAIL: gcc.dg/guality/pr43051-1.c -O3 -fomit-frame-pointer -funroll-loops -fpeel-loops -ftracer -finline-functions line 40 v == 1
FAIL: gcc.dg/guality/pr43051-1.c -O3 -g line 35 v == 1
FAIL: gcc.dg/guality/pr43051-1.c -O3 -g line 40 v == 1
FAIL: gcc.dg/guality/pr43051-1.c -Os line 40 v == 1
FAIL: gcc.dg/guality/pr45882.c -O2 -flto -fuse-linker-plugin -fno-fat-lto-objects line 16 d == 112
FAIL: gcc.dg/guality/pr45882.c -O2 -flto -fuse-linker-plugin -fno-fat-lto-objects line 16 e == 142
FAIL: gcc.dg/guality/pr54200.c -O1 line 20 z == 3
FAIL: gcc.dg/guality/pr54200.c -O2 line 20 z == 3
FAIL: gcc.dg/guality/pr54200.c -O2 -flto -fno-use-linker-plugin -flto-partition=none line 20 z == 3
FAIL: gcc.dg/guality/pr54200.c -O3 -g line 20 z == 3
FAIL: gcc.dg/guality/pr54200.c -Os line 20 z == 3
FAIL: gcc.dg/guality/pr54519-1.c -O1 line 20 x == 36
FAIL: gcc.dg/guality/pr54519-1.c -O1 line 20 y == 25
FAIL: gcc.dg/guality/pr54519-1.c -O1 line 23 x == 98
FAIL: gcc.dg/guality/pr54519-1.c -O1 line 23 y == 117
FAIL: gcc.dg/guality/pr54519-1.c -O2 line 20 x == 36
FAIL: gcc.dg/guality/pr54519-1.c -O2 line 23 x == 98
FAIL: gcc.dg/guality/pr54519-1.c -O2 -flto -fno-use-linker-plugin -flto-partition=none line 20 x == 36
FAIL: gcc.dg/guality/pr54519-1.c -O2 -flto -fno-use-linker-plugin -flto-partition=none line 20 y == 25
FAIL: gcc.dg/guality/pr54519-1.c -O2 -flto -fno-use-linker-plugin -flto-partition=none line 20 z == 6
FAIL: gcc.dg/guality/pr54519-1.c -O2 -flto -fno-use-linker-plugin -flto-partition=none line 23 x == 98
FAIL: gcc.dg/guality/pr54519-1.c -O2 -flto -fno-use-linker-plugin -flto-partition=none line 23 y == 117
FAIL: gcc.dg/guality/pr54519-1.c -O2 -flto -fno-use-linker-plugin -flto-partition=none line 23 z == 8
FAIL: gcc.dg/guality/pr54519-1.c -Os line 20 x == 36
FAIL: gcc.dg/guality/pr54519-1.c -Os line 23 x == 98
FAIL: gcc.dg/guality/pr54519-2.c -O1 line 17 x == 6
FAIL: gcc.dg/guality/pr54519-2.c -O2 -flto -fno-use-linker-plugin -flto-partition=none line 17 y == 25
FAIL: gcc.dg/guality/pr54519-2.c -O2 -flto -fuse-linker-plugin -fno-fat-lto-objects line 17 y == 25
FAIL: gcc.dg/guality/pr54519-3.c -O1 line 20 x == 36
FAIL: gcc.dg/guality/pr54519-3.c -O1 line 20 y == 25
FAIL: gcc.dg/guality/pr54519-3.c -O1 line 20 z == 6
FAIL: gcc.dg/guality/pr54519-3.c -O1 line 23 x == 98
FAIL: gcc.dg/guality/pr54519-3.c -O1 line 23 y == 117
FAIL: gcc.dg/guality/pr54519-3.c -O1 line 23 z == 8
FAIL: gcc.dg/guality/pr54519-3.c -O2 line 20 z == 6
FAIL: gcc.dg/guality/pr54519-3.c -O2 line 23 z == 8
FAIL: gcc.dg/guality/pr54519-3.c -O2 -flto -fno-use-linker-plugin -flto-partition=none line 20 y == 25
FAIL: gcc.dg/guality/pr54519-3.c -O2 -flto -fno-use-linker-plugin -flto-partition=none line 20 z == 6
FAIL: gcc.dg/guality/pr54519-3.c -O2 -flto -fno-use-linker-plugin -flto-partition=none line 23 y == 117
FAIL: gcc.dg/guality/pr54519-3.c -O2 -flto -fno-use-linker-plugin -flto-partition=none line 23 z == 8
FAIL: gcc.dg/guality/pr54519-3.c -O2 -flto -fuse-linker-plugin -fno-fat-lto-objects line 20 y == 25
FAIL: gcc.dg/guality/pr54519-3.c -O2 -flto -fuse-linker-plugin -fno-fat-lto-objects line 20 z == 6
FAIL: gcc.dg/guality/pr54519-3.c -O2 -flto -fuse-linker-plugin -fno-fat-lto-objects line 23 y == 117
FAIL: gcc.dg/guality/pr54519-3.c -O2 -flto -fuse-linker-plugin -fno-fat-lto-objects line 23 z == 8
FAIL: gcc.dg/guality/pr54519-3.c -O3 -g line 20 z == 6
FAIL: gcc.dg/guality/pr54519-3.c -O3 -g line 23 z == 8
FAIL: gcc.dg/guality/pr54519-3.c -Os line 20 z == 6
FAIL: gcc.dg/guality/pr54519-3.c -Os line 23 z == 8
FAIL: gcc.dg/guality/pr54519-4.c -O1 line 17 x == 6
FAIL: gcc.dg/guality/pr54519-4.c -O1 line 17 y == 25
FAIL: gcc.dg/guality/pr54519-4.c -O2 line 17 y == 25
FAIL: gcc.dg/guality/pr54519-4.c -O2 -flto -fno-use-linker-plugin -flto-partition=none line 17 y == 25
FAIL: gcc.dg/guality/pr54519-4.c -O2 -flto -fuse-linker-plugin -fno-fat-lto-objects line 17 y == 25
FAIL: gcc.dg/guality/pr54519-4.c -O3 -g line 17 y == 25
FAIL: gcc.dg/guality/pr54519-4.c -Os line 17 y == 25
FAIL: gcc.dg/guality/pr54519-5.c -O1 line 17 x == 6
FAIL: gcc.dg/guality/pr54519-5.c -O1 line 17 y == 25
FAIL: gcc.dg/guality/pr54519-5.c -O2 line 17 y == 25
FAIL: gcc.dg/guality/pr54519-5.c -O2 -flto -fno-use-linker-plugin -flto-partition=none line 17 y == 25
FAIL: gcc.dg/guality/pr54519-5.c -O2 -flto -fuse-linker-plugin -fno-fat-lto-objects line 17 y == 25
FAIL: gcc.dg/guality/pr54519-5.c -O3 -g line 17 y == 25
FAIL: gcc.dg/guality/pr54519-5.c -Os line 17 y == 25
FAIL: gcc.dg/guality/pr54551.c -O1 line 18 a == 4
FAIL: gcc.dg/guality/pr54551.c -O2 line 18 a == 4
FAIL: gcc.dg/guality/pr54551.c -O2 -flto -fno-use-linker-plugin -flto-partition=none line 18 a == 4
FAIL: gcc.dg/guality/pr54551.c -O3 -g line 18 a == 4
FAIL: gcc.dg/guality/pr54551.c -Os line 18 a == 4
FAIL: gcc.dg/guality/pr54693-2.c -O1 line 21 x == 10 - i
FAIL: gcc.dg/guality/pr54693-2.c -O1 line 21 y == 20 - 2 * i
FAIL: gcc.dg/guality/pr54693-2.c -O2 line 21 x == 10 - i
FAIL: gcc.dg/guality/pr54693-2.c -O2 line 21 y == 20 - 2 * i
FAIL: gcc.dg/guality/pr54693-2.c -O2 line 21 z == 30 - 3 * i
FAIL: gcc.dg/guality/pr54693-2.c -O2 -flto -fno-use-linker-plugin -flto-partition=none line 21 x == 10 - i
FAIL: gcc.dg/guality/pr54693-2.c -O2 -flto -fno-use-linker-plugin -flto-partition=none line 21 y == 20 - 2 * i
FAIL: gcc.dg/guality/pr54693-2.c -O2 -flto -fno-use-linker-plugin -flto-partition=none line 21 z == 30 - 3 * i
FAIL: gcc.dg/guality/pr54693-2.c -O2 -flto -fuse-linker-plugin -fno-fat-lto-objects line 21 y == 20 - 2 * i
FAIL: gcc.dg/guality/pr54693-2.c -O2 -flto -fuse-linker-plugin -fno-fat-lto-objects line 21 z == 30 - 3 * i
FAIL: gcc.dg/guality/pr54693-2.c -O3 -fomit-frame-pointer -funroll-loops -fpeel-loops -ftracer -finline-functions line 21 x == 10 - i
FAIL: gcc.dg/guality/pr54693-2.c -O3 -fomit-frame-pointer -funroll-loops -fpeel-loops -ftracer -finline-functions line 21 y == 20 - 2 * i
FAIL: gcc.dg/guality/pr54693-2.c -O3 -fomit-frame-pointer -funroll-loops -fpeel-loops -ftracer -finline-functions line 21 z == 30 - 3 * i
FAIL: gcc.dg/guality/pr54693-2.c -O3 -g line 21 x == 10 - i
FAIL: gcc.dg/guality/pr54693-2.c -O3 -g line 21 y == 20 - 2 * i
FAIL: gcc.dg/guality/pr54693-2.c -O3 -g line 21 z == 30 - 3 * i
FAIL: gcc.dg/guality/pr54693-2.c -Os line 21 y == 20 - 2 * i
FAIL: gcc.dg/guality/pr54693-2.c -Os line 21 z == 30 - 3 * i
FAIL: gcc.dg/guality/pr54693.c -O1 line 22 i == c - 48
FAIL: gcc.dg/guality/pr54693.c -O2 line 22 i == c - 48
FAIL: gcc.dg/guality/pr54693.c -O2 -flto -fno-use-linker-plugin -flto-partition=none line 22 i == c - 48
FAIL: gcc.dg/guality/pr54693.c -O2 -flto -fuse-linker-plugin -fno-fat-lto-objects line 22 i == c - 48
FAIL: gcc.dg/guality/pr54693.c -O3 -fomit-frame-pointer -funroll-loops -fpeel-loops -ftracer -finline-functions line 22 i == c - 48
FAIL: gcc.dg/guality/pr54693.c -O3 -g line 22 i == c - 48
FAIL: gcc.dg/guality/pr54693.c -Os line 22 i == c - 48
FAIL: gcc.dg/guality/pr58791-2.c -O2 -flto -fno-use-linker-plugin -flto-partition=none line pr58791-2.c:27 d & 1 == 1
FAIL: gcc.dg/guality/pr68860-1.c -O2 -flto -fno-use-linker-plugin -flto-partition=none line 14 arg1 == 1
FAIL: gcc.dg/guality/pr68860-1.c -O2 -flto -fno-use-linker-plugin -flto-partition=none line 14 arg2 == 2
FAIL: gcc.dg/guality/pr68860-1.c -O2 -flto -fno-use-linker-plugin -flto-partition=none line 14 arg3 == 3
FAIL: gcc.dg/guality/pr68860-1.c -O2 -flto -fno-use-linker-plugin -flto-partition=none line 14 arg4 == 4
FAIL: gcc.dg/guality/pr68860-1.c -O2 -flto -fno-use-linker-plugin -flto-partition=none line 14 arg5 == 5
FAIL: gcc.dg/guality/pr68860-1.c -O2 -flto -fno-use-linker-plugin -flto-partition=none line 14 arg6 == 6
FAIL: gcc.dg/guality/pr68860-1.c -O2 -flto -fno-use-linker-plugin -flto-partition=none line 16 arg1 == 1
FAIL: gcc.dg/guality/pr68860-1.c -O2 -flto -fno-use-linker-plugin -flto-partition=none line 16 arg2 == 2
FAIL: gcc.dg/guality/pr68860-1.c -O2 -flto -fno-use-linker-plugin -flto-partition=none line 16 arg3 == 3
FAIL: gcc.dg/guality/pr68860-1.c -O2 -flto -fno-use-linker-plugin -flto-partition=none line 16 arg4 == 4
FAIL: gcc.dg/guality/pr68860-1.c -O2 -flto -fno-use-linker-plugin -flto-partition=none line 16 arg5 == 5
FAIL: gcc.dg/guality/pr68860-1.c -O2 -flto -fno-use-linker-plugin -flto-partition=none line 16 arg6 == 6
FAIL: gcc.dg/guality/pr68860-1.c -O2 -flto -fuse-linker-plugin -fno-fat-lto-objects line 14 arg1 == 1
FAIL: gcc.dg/guality/pr68860-1.c -O2 -flto -fuse-linker-plugin -fno-fat-lto-objects line 14 arg2 == 2
FAIL: gcc.dg/guality/pr68860-1.c -O2 -flto -fuse-linker-plugin -fno-fat-lto-objects line 14 arg3 == 3
FAIL: gcc.dg/guality/pr68860-1.c -O2 -flto -fuse-linker-plugin -fno-fat-lto-objects line 14 arg4 == 4
FAIL: gcc.dg/guality/pr68860-1.c -O2 -flto -fuse-linker-plugin -fno-fat-lto-objects line 14 arg5 == 5
FAIL: gcc.dg/guality/pr68860-1.c -O2 -flto -fuse-linker-plugin -fno-fat-lto-objects line 14 arg6 == 6
FAIL: gcc.dg/guality/pr68860-1.c -O2 -flto -fuse-linker-plugin -fno-fat-lto-objects line 16 arg1 == 1
FAIL: gcc.dg/guality/pr68860-1.c -O2 -flto -fuse-linker-plugin -fno-fat-lto-objects line 16 arg2 == 2
FAIL: gcc.dg/guality/pr68860-1.c -O2 -flto -fuse-linker-plugin -fno-fat-lto-objects line 16 arg3 == 3
FAIL: gcc.dg/guality/pr68860-1.c -O2 -flto -fuse-linker-plugin -fno-fat-lto-objects line 16 arg4 == 4
FAIL: gcc.dg/guality/pr68860-1.c -O2 -flto -fuse-linker-plugin -fno-fat-lto-objects line 16 arg5 == 5
FAIL: gcc.dg/guality/pr68860-1.c -O2 -flto -fuse-linker-plugin -fno-fat-lto-objects line 16 arg6 == 6
FAIL: gcc.dg/guality/sra-1.c -O1 line 43 a.j == 14
FAIL: gcc.dg/guality/sra-1.c -Os line 43 a.j == 14
FAIL: gcc.dg/guality/vla-1.c -O1 line 17 sizeof (a) == 6
FAIL: gcc.dg/guality/vla-1.c -O2 line 17 sizeof (a) == 6
FAIL: gcc.dg/guality/vla-1.c -O2 -flto -fno-use-linker-plugin -flto-partition=none line 17 sizeof (a) == 6
FAIL: gcc.dg/guality/vla-1.c -O2 -flto -fuse-linker-plugin -fno-fat-lto-objects line 17 sizeof (a) == 6
FAIL: gcc.dg/guality/vla-1.c -O3 -g line 17 sizeof (a) == 6
FAIL: gcc.dg/guality/vla-1.c -Os line 17 sizeof (a) == 6
FAIL: gcc.dg/ipa/iinline-attr.c scan-ipa-dump inline "hooray[^\\\\n]*inline copy in test"
XPASS: gcc.dg/tree-ssa/ssa-dom-cse-2.c scan-tree-dump optimized "return 28;"
FAIL: gcc.dg/vect/bb-slp-pr65935.c -flto -ffat-lto-objects scan-tree-dump-times slp1 "basic block vectorized" 1
FAIL: gcc.dg/vect/bb-slp-pr65935.c scan-tree-dump-times slp1 "basic block vectorized" 1
FAIL: gcc.dg/vect/bb-slp-subgroups-1.c -flto -ffat-lto-objects scan-tree-dump-times slp2 "Basic block will be vectorized using SLP" 1
FAIL: gcc.dg/vect/bb-slp-subgroups-1.c -flto -ffat-lto-objects scan-tree-dump-times slp2 "basic block vectorized" 1
FAIL: gcc.dg/vect/bb-slp-subgroups-1.c scan-tree-dump-times slp2 "Basic block will be vectorized using SLP" 1
FAIL: gcc.dg/vect/bb-slp-subgroups-1.c scan-tree-dump-times slp2 "basic block vectorized" 1
FAIL: gcc.dg/vect/bb-slp-subgroups-2.c -flto -ffat-lto-objects scan-tree-dump-times slp2 "Basic block will be vectorized using SLP" 1
FAIL: gcc.dg/vect/bb-slp-subgroups-2.c -flto -ffat-lto-objects scan-tree-dump-times slp2 "basic block vectorized" 1
FAIL: gcc.dg/vect/bb-slp-subgroups-2.c scan-tree-dump-times slp2 "Basic block will be vectorized using SLP" 1
FAIL: gcc.dg/vect/bb-slp-subgroups-2.c scan-tree-dump-times slp2 "basic block vectorized" 1
FAIL: gcc.dg/vect/bb-slp-subgroups-3.c -flto -ffat-lto-objects scan-tree-dump-times slp2 "Basic block will be vectorized using SLP" 1
FAIL: gcc.dg/vect/bb-slp-subgroups-3.c -flto -ffat-lto-objects scan-tree-dump-times slp2 "basic block vectorized" 1
FAIL: gcc.dg/vect/bb-slp-subgroups-3.c scan-tree-dump-times slp2 "Basic block will be vectorized using SLP" 1
FAIL: gcc.dg/vect/bb-slp-subgroups-3.c scan-tree-dump-times slp2 "basic block vectorized" 1
FAIL: gcc.dg/vect/no-tree-sra-bb-slp-pr50730.c scan-tree-dump-times slp2 "basic block vectorized" 1
FAIL: gcc.dg/vect/no-vfa-vect-depend-2.c scan-tree-dump-times vect "vectorized 1 loops" 1
FAIL: gcc.dg/vect/no-vfa-vect-depend-3.c scan-tree-dump-times vect "vectorized 1 loops" 4
FAIL: gcc.dg/vect/pr46032.c -flto -ffat-lto-objects scan-tree-dump-times vect "note: vectorized 1 loop" 1
FAIL: gcc.dg/vect/pr46032.c scan-tree-dump-times vect "note: vectorized 1 loop" 1
FAIL: gcc.dg/vect/pr62171.c -flto -ffat-lto-objects scan-tree-dump-not vect "versioned"
FAIL: gcc.dg/vect/pr62171.c scan-tree-dump-not vect "versioned"
FAIL: gcc.dg/vect/slp-43.c -flto -ffat-lto-objects scan-tree-dump-times vect "vectorized 1 loops" 2
FAIL: gcc.dg/vect/slp-43.c scan-tree-dump-times vect "vectorized 1 loops" 2
FAIL: gcc.dg/vect/vect-117.c -flto -ffat-lto-objects scan-tree-dump-times vect "vectorized 1 loops" 1
FAIL: gcc.dg/vect/vect-117.c scan-tree-dump-times vect "vectorized 1 loops" 1
XPASS: gcc.dg/vect/vect-24.c -flto -ffat-lto-objects scan-tree-dump-times vect "vectorized 3 loops" 1
XPASS: gcc.dg/vect/vect-24.c scan-tree-dump-times vect "vectorized 3 loops" 1
FAIL: gcc.dg/vect/vect-31.c -flto -ffat-lto-objects scan-tree-dump-times vect "vectorized 4 loops" 1
FAIL: gcc.dg/vect/vect-31.c scan-tree-dump-times vect "vectorized 4 loops" 1
FAIL: gcc.dg/vect/vect-strided-a-u8-i2-gap.c -flto -ffat-lto-objects scan-tree-dump-times vect "vectorized 1 loops" 1
FAIL: gcc.dg/vect/vect-strided-a-u8-i2-gap.c scan-tree-dump-times vect "vectorized 1 loops" 1
UNRESOLVED: gcc.target/powerpc/altivec-consts.c scan-assembler-not lvx
FAIL: gcc.target/powerpc/pr58673-2.c (test for excess errors)
FAIL: gcc.target/powerpc/vec-cmpne-long.c execution test
=== gcc Summary ===
# of expected passes 114504
# of unexpected failures 228
# of unexpected successes 23
# of expected failures 342
# of unresolved testcases 1
# of unsupported tests 2489
/home/gccbuild/build/nightly/build-gcc-7/gcc/xgcc version 7.3.1 20180816 [gcc-7-branch revision 263578] (GCC)
=== gfortran tests ===
Running target unix
FAIL: gfortran.dg/dependency_3.f90 -O1 execution test
FAIL: gfortran.dg/dependency_3.f90 -O2 (test for excess errors)
UNRESOLVED: gfortran.dg/dependency_3.f90 -O2 compilation failed to produce executable
FAIL: gfortran.dg/dependency_3.f90 -O3 -fomit-frame-pointer -funroll-loops -fpeel-loops -ftracer -finline-functions (test for excess errors)
UNRESOLVED: gfortran.dg/dependency_3.f90 -O3 -fomit-frame-pointer -funroll-loops -fpeel-loops -ftracer -finline-functions compilation failed to produce executable
FAIL: gfortran.dg/dependency_3.f90 -O3 -g (test for excess errors)
UNRESOLVED: gfortran.dg/dependency_3.f90 -O3 -g compilation failed to produce executable
FAIL: gfortran.dg/dependency_3.f90 -Os (test for excess errors)
UNRESOLVED: gfortran.dg/dependency_3.f90 -Os compilation failed to produce executable
FAIL: gfortran.dg/derived_comp_array_ref_4.f90 -O3 -fomit-frame-pointer -funroll-loops -fpeel-loops -ftracer -finline-functions (test for excess errors)
UNRESOLVED: gfortran.dg/derived_comp_array_ref_4.f90 -O3 -fomit-frame-pointer -funroll-loops -fpeel-loops -ftracer -finline-functions compilation failed to produce executable
FAIL: gfortran.dg/derived_comp_array_ref_4.f90 -O3 -g (test for excess errors)
UNRESOLVED: gfortran.dg/derived_comp_array_ref_4.f90 -O3 -g compilation failed to produce executable
FAIL: gfortran.dg/derived_comp_array_ref_4.f90 -Os (test for excess errors)
UNRESOLVED: gfortran.dg/derived_comp_array_ref_4.f90 -Os compilation failed to produce executable
FAIL: gfortran.dg/derived_comp_array_ref_5.f90 -O (test for excess errors)
FAIL: gfortran.dg/derived_comp_array_ref_6.f90 -O (test for errors, line 23)
FAIL: gfortran.dg/derived_comp_array_ref_6.f90 -O (test for excess errors)
FAIL: gfortran.dg/derived_comp_array_ref_7.f90 -O0 (test for excess errors)
UNRESOLVED: gfortran.dg/derived_comp_array_ref_7.f90 -O0 compilation failed to produce executable
FAIL: gfortran.dg/derived_comp_array_ref_7.f90 -O1 (test for excess errors)
UNRESOLVED: gfortran.dg/derived_comp_array_ref_7.f90 -O1 compilation failed to produce executable
FAIL: gfortran.dg/derived_comp_array_ref_7.f90 -O2 (test for excess errors)
UNRESOLVED: gfortran.dg/derived_comp_array_ref_7.f90 -O2 compilation failed to produce executable
FAIL: gfortran.dg/derived_comp_array_ref_7.f90 -O3 -fomit-frame-pointer -funroll-loops -fpeel-loops -ftracer -finline-functions (test for excess errors)
UNRESOLVED: gfortran.dg/derived_comp_array_ref_7.f90 -O3 -fomit-frame-pointer -funroll-loops -fpeel-loops -ftracer -finline-functions compilation failed to produce executable
FAIL: gfortran.dg/derived_comp_array_ref_7.f90 -O3 -g (test for excess errors)
UNRESOLVED: gfortran.dg/derived_comp_array_ref_7.f90 -O3 -g compilation failed to produce executable
FAIL: gfortran.dg/derived_comp_array_ref_7.f90 -Os (test for excess errors)
UNRESOLVED: gfortran.dg/derived_comp_array_ref_7.f90 -Os compilation failed to produce executable
FAIL: gfortran.dg/do_check_1.f90 -O3 -fomit-frame-pointer -funroll-loops -fpeel-loops -ftracer -finline-functions (test for excess errors)
FAIL: gfortran.dg/dtio_10.f90 -O1 execution test
FAIL: gfortran.dg/dtio_10.f90 -O2 (test for excess errors)
UNRESOLVED: gfortran.dg/dtio_10.f90 -O2 compilation failed to produce executable
FAIL: gfortran.dg/dtio_10.f90 -O3 -fomit-frame-pointer -funroll-loops -fpeel-loops -ftracer -finline-functions (test for excess errors)
UNRESOLVED: gfortran.dg/dtio_10.f90 -O3 -fomit-frame-pointer -funroll-loops -fpeel-loops -ftracer -finline-functions compilation failed to produce executable
FAIL: gfortran.dg/dtio_10.f90 -O3 -g (test for excess errors)
UNRESOLVED: gfortran.dg/dtio_10.f90 -O3 -g compilation failed to produce executable
FAIL: gfortran.dg/dtio_10.f90 -Os (test for excess errors)
UNRESOLVED: gfortran.dg/dtio_10.f90 -Os compilation failed to produce executable
FAIL: gfortran.dg/dtio_11.f90 -O (test for errors, line 18)
FAIL: gfortran.dg/dtio_11.f90 -O (test for errors, line 32)
FAIL: gfortran.dg/dtio_11.f90 -O (test for errors, line 36)
FAIL: gfortran.dg/dtio_11.f90 -O (test for errors, line 37)
FAIL: gfortran.dg/dtio_11.f90 -O (test for errors, line 49)
FAIL: gfortran.dg/dtio_11.f90 -O (test for excess errors)
FAIL: gfortran.dg/dtio_12.f90 -O0 (test for excess errors)
UNRESOLVED: gfortran.dg/dtio_12.f90 -O0 compilation failed to produce executable
FAIL: gfortran.dg/dtio_12.f90 -O1 (test for excess errors)
UNRESOLVED: gfortran.dg/dtio_12.f90 -O1 compilation failed to produce executable
FAIL: gfortran.dg/dtio_12.f90 -O2 (test for excess errors)
UNRESOLVED: gfortran.dg/dtio_12.f90 -O2 compilation failed to produce executable
FAIL: gfortran.dg/dtio_12.f90 -O3 -fomit-frame-pointer -funroll-loops -fpeel-loops -ftracer -finline-functions (test for excess errors)
UNRESOLVED: gfortran.dg/dtio_12.f90 -O3 -fomit-frame-pointer -funroll-loops -fpeel-loops -ftracer -finline-functions compilation failed to produce executable
FAIL: gfortran.dg/dtio_12.f90 -O3 -g (test for excess errors)
UNRESOLVED: gfortran.dg/dtio_12.f90 -O3 -g compilation failed to produce executable
FAIL: gfortran.dg/dtio_12.f90 -Os (test for excess errors)
UNRESOLVED: gfortran.dg/dtio_12.f90 -Os compilation failed to produce executable
FAIL: gfortran.dg/dtio_13.f90 -O (test for errors, line 108)
FAIL: gfortran.dg/dtio_13.f90 -O (test for errors, line 137)
FAIL: gfortran.dg/dtio_13.f90 -O (test for errors, line 141)
FAIL: gfortran.dg/dtio_13.f90 -O (test for errors, line 15)
FAIL: gfortran.dg/dtio_13.f90 -O (test for errors, line 32)
FAIL: gfortran.dg/dtio_13.f90 -O (test for errors, line 49)
FAIL: gfortran.dg/dtio_13.f90 -O (test for errors, line 66)
FAIL: gfortran.dg/dtio_13.f90 -O (test for errors, line 77)
FAIL: gfortran.dg/dtio_13.f90 -O (test for errors, line 91)
FAIL: gfortran.dg/dtio_13.f90 -O (test for excess errors)
FAIL: gfortran.dg/dtio_14.f90 -O0 (test for excess errors)
UNRESOLVED: gfortran.dg/dtio_14.f90 -O0 compilation failed to produce executable
FAIL: gfortran.dg/dtio_14.f90 -O1 (test for excess errors)
UNRESOLVED: gfortran.dg/dtio_14.f90 -O1 compilation failed to produce executable
FAIL: gfortran.dg/dtio_14.f90 -O2 (test for excess errors)
UNRESOLVED: gfortran.dg/dtio_14.f90 -O2 compilation failed to produce executable
FAIL: gfortran.dg/dtio_14.f90 -O3 -fomit-frame-pointer -funroll-loops -fpeel-loops -ftracer -finline-functions (test for excess errors)
UNRESOLVED: gfortran.dg/dtio_14.f90 -O3 -fomit-frame-pointer -funroll-loops -fpeel-loops -ftracer -finline-functions compilation failed to produce executable
FAIL: gfortran.dg/dtio_14.f90 -O3 -g (test for excess errors)
UNRESOLVED: gfortran.dg/dtio_14.f90 -O3 -g compilation failed to produce executable
FAIL: gfortran.dg/dtio_14.f90 -Os (test for excess errors)
UNRESOLVED: gfortran.dg/dtio_14.f90 -Os compilation failed to produce executable
FAIL: gfortran.dg/dtio_15.f90 -O0 (test for excess errors)
UNRESOLVED: gfortran.dg/dtio_15.f90 -O0 compilation failed to produce executable
FAIL: gfortran.dg/dtio_15.f90 -O1 (test for excess errors)
UNRESOLVED: gfortran.dg/dtio_15.f90 -O1 compilation failed to produce executable
FAIL: gfortran.dg/dtio_15.f90 -O2 (test for excess errors)
UNRESOLVED: gfortran.dg/dtio_15.f90 -O2 compilation failed to produce executable
FAIL: gfortran.dg/dtio_15.f90 -O3 -fomit-frame-pointer -funroll-loops -fpeel-loops -ftracer -finline-functions (test for excess errors)
UNRESOLVED: gfortran.dg/dtio_15.f90 -O3 -fomit-frame-pointer -funroll-loops -fpeel-loops -ftracer -finline-functions compilation failed to produce executable
FAIL: gfortran.dg/dtio_15.f90 -O3 -g (test for excess errors)
UNRESOLVED: gfortran.dg/dtio_15.f90 -O3 -g compilation failed to produce executable
FAIL: gfortran.dg/dtio_15.f90 -Os (test for excess errors)
UNRESOLVED: gfortran.dg/dtio_15.f90 -Os compilation failed to produce executable
FAIL: gfortran.dg/dtio_16.f90 -O0 (test for excess errors)
UNRESOLVED: gfortran.dg/dtio_16.f90 -O0 compilation failed to produce executable
FAIL: gfortran.dg/dtio_16.f90 -O1 (test for excess errors)
UNRESOLVED: gfortran.dg/dtio_16.f90 -O1 compilation failed to produce executable
FAIL: gfortran.dg/dtio_16.f90 -O2 (test for excess errors)
UNRESOLVED: gfortran.dg/dtio_16.f90 -O2 compilation failed to produce executable
FAIL: gfortran.dg/dtio_16.f90 -O3 -fomit-frame-pointer -funroll-loops -fpeel-loops -ftracer -finline-functions (test for excess errors)
UNRESOLVED: gfortran.dg/dtio_16.f90 -O3 -fomit-frame-pointer -funroll-loops -fpeel-loops -ftracer -finline-functions compilation failed to produce executable
FAIL: gfortran.dg/dtio_16.f90 -O3 -g (test for excess errors)
UNRESOLVED: gfortran.dg/dtio_16.f90 -O3 -g compilation failed to produce executable
FAIL: gfortran.dg/dtio_16.f90 -Os (test for excess errors)
UNRESOLVED: gfortran.dg/dtio_16.f90 -Os compilation failed to produce executable
FAIL: gfortran.dg/dtio_17.f90 -O0 (test for excess errors)
UNRESOLVED: gfortran.dg/dtio_17.f90 -O0 compilation failed to produce executable
FAIL: gfortran.dg/dtio_17.f90 -O1 (test for excess errors)
UNRESOLVED: gfortran.dg/dtio_17.f90 -O1 compilation failed to produce executable
FAIL: gfortran.dg/dtio_17.f90 -O2 (test for excess errors)
UNRESOLVED: gfortran.dg/dtio_17.f90 -O2 compilation failed to produce executable
FAIL: gfortran.dg/dtio_17.f90 -O3 -fomit-frame-pointer -funroll-loops -fpeel-loops -ftracer -finline-functions (test for excess errors)
UNRESOLVED: gfortran.dg/dtio_17.f90 -O3 -fomit-frame-pointer -funroll-loops -fpeel-loops -ftracer -finline-functions compilation failed to produce executable
FAIL: gfortran.dg/dummy_procedure_7.f90 -O3 -g execution test
FAIL: gfortran.dg/dummy_procedure_7.f90 -Os (test for excess errors)
UNRESOLVED: gfortran.dg/dummy_procedure_7.f90 -Os compilation failed to produce executable
FAIL: gfortran.dg/dummy_procedure_8.f90 -O (test for errors, line 10)
FAIL: gfortran.dg/dummy_procedure_8.f90 -O (test for errors, line 11)
FAIL: gfortran.dg/dummy_procedure_8.f90 -O (test for errors, line 12)
FAIL: gfortran.dg/dummy_procedure_8.f90 -O (test for errors, line 13)
FAIL: gfortran.dg/dummy_procedure_8.f90 -O (test for errors, line 14)
FAIL: gfortran.dg/dummy_procedure_8.f90 -O (test for errors, line 15)
FAIL: gfortran.dg/dummy_procedure_8.f90 -O (test for errors, line 9)
FAIL: gfortran.dg/dummy_procedure_8.f90 -O (test for excess errors)
FAIL: gfortran.dg/dummy_procedure_9.f90 -O (test for errors, line 9)
FAIL: gfortran.dg/dummy_procedure_9.f90 -O (test for excess errors)
FAIL: gfortran.dg/dup_save_1.f90 -O0 (test for warnings, line 25)
FAIL: gfortran.dg/dup_save_1.f90 -O0 (test for warnings, line 34)
FAIL: gfortran.dg/dup_save_1.f90 -O0 (test for warnings, line 41)
FAIL: gfortran.dg/dup_save_1.f90 -O0 (test for warnings, line 43)
FAIL: gfortran.dg/dup_save_1.f90 -O0 (test for warnings, line 50)
FAIL: gfortran.dg/dup_save_1.f90 -O0 (test for excess errors)
UNRESOLVED: gfortran.dg/dup_save_1.f90 -O0 compilation failed to produce executable
FAIL: gfortran.dg/dup_save_1.f90 -O1 (test for warnings, line 25)
FAIL: gfortran.dg/dup_save_1.f90 -O1 (test for warnings, line 34)
FAIL: gfortran.dg/dup_save_1.f90 -O1 (test for warnings, line 41)
FAIL: gfortran.dg/dup_save_1.f90 -O1 (test for warnings, line 43)
FAIL: gfortran.dg/dup_save_1.f90 -O1 (test for warnings, line 50)
FAIL: gfortran.dg/dup_save_1.f90 -O1 (test for excess errors)
UNRESOLVED: gfortran.dg/dup_save_1.f90 -O1 compilation failed to produce executable
FAIL: gfortran.dg/dup_save_1.f90 -O2 (test for warnings, line 25)
FAIL: gfortran.dg/dup_save_1.f90 -O2 (test for warnings, line 34)
FAIL: gfortran.dg/dup_save_1.f90 -O2 (test for warnings, line 41)
FAIL: gfortran.dg/dup_save_1.f90 -O2 (test for warnings, line 43)
FAIL: gfortran.dg/dup_save_1.f90 -O2 (test for warnings, line 50)
FAIL: gfortran.dg/dup_save_1.f90 -O2 (test for excess errors)
UNRESOLVED: gfortran.dg/dup_save_1.f90 -O2 compilation failed to produce executable
FAIL: gfortran.dg/dup_save_1.f90 -O3 -fomit-frame-pointer -funroll-loops -fpeel-loops -ftracer -finline-functions (test for warnings, line 25)
FAIL: gfortran.dg/dup_save_1.f90 -O3 -fomit-frame-pointer -funroll-loops -fpeel-loops -ftracer -finline-functions (test for warnings, line 34)
FAIL: gfortran.dg/dup_save_1.f90 -O3 -fomit-frame-pointer -funroll-loops -fpeel-loops -ftracer -finline-functions (test for warnings, line 41)
FAIL: gfortran.dg/dup_save_1.f90 -O3 -fomit-frame-pointer -funroll-loops -fpeel-loops -ftracer -finline-functions (test for warnings, line 43)
FAIL: gfortran.dg/dup_save_1.f90 -O3 -fomit-frame-pointer -funroll-loops -fpeel-loops -ftracer -finline-functions (test for warnings, line 50)
FAIL: gfortran.dg/dup_save_1.f90 -O3 -fomit-frame-pointer -funroll-loops -fpeel-loops -ftracer -finline-functions (test for excess errors)
UNRESOLVED: gfortran.dg/dup_save_1.f90 -O3 -fomit-frame-pointer -funroll-loops -fpeel-loops -ftracer -finline-functions compilation failed to produce executable
FAIL: gfortran.dg/dup_save_1.f90 -O3 -g (test for warnings, line 25)
FAIL: gfortran.dg/dup_save_1.f90 -O3 -g (test for warnings, line 34)
FAIL: gfortran.dg/dup_save_1.f90 -O3 -g (test for warnings, line 41)
FAIL: gfortran.dg/dup_save_1.f90 -O3 -g (test for warnings, line 43)
FAIL: gfortran.dg/dup_save_1.f90 -O3 -g (test for warnings, line 50)
FAIL: gfortran.dg/dup_save_1.f90 -O3 -g (test for excess errors)
UNRESOLVED: gfortran.dg/dup_save_1.f90 -O3 -g compilation failed to produce executable
FAIL: gfortran.dg/dup_save_1.f90 -Os (test for warnings, line 25)
FAIL: gfortran.dg/dup_save_1.f90 -Os (test for warnings, line 34)
FAIL: gfortran.dg/dup_save_1.f90 -Os (test for warnings, line 41)
FAIL: gfortran.dg/dup_save_1.f90 -Os (test for warnings, line 43)
FAIL: gfortran.dg/dup_save_1.f90 -Os (test for warnings, line 50)
FAIL: gfortran.dg/dup_save_1.f90 -Os (test for excess errors)
UNRESOLVED: gfortran.dg/dup_save_1.f90 -Os compilation failed to produce executable
FAIL: gfortran.dg/dup_save_2.f90 -O (test for errors, line 26)
FAIL: gfortran.dg/dup_save_2.f90 -O (test for errors, line 35)
FAIL: gfortran.dg/dup_save_2.f90 -O (test for errors, line 44)
FAIL: gfortran.dg/dup_save_2.f90 -O (test for errors, line 51)
FAIL: gfortran.dg/dup_save_2.f90 -O (test for excess errors)
FAIL: gfortran.dg/duplicate_labels.f90 -O (test for errors, line 11)
FAIL: gfortran.dg/duplicate_labels.f90 -O (test for errors, line 16)
FAIL: gfortran.dg/duplicate_labels.f90 -O (test for errors, line 18)
FAIL: gfortran.dg/duplicate_labels.f90 -O (test for errors, line 21)
FAIL: gfortran.dg/duplicate_labels.f90 -O (test for errors, line 24)
FAIL: gfortran.dg/duplicate_labels.f90 -O (test for errors, line 29)
FAIL: gfortran.dg/duplicate_labels.f90 -O (test for errors, line 31)
FAIL: gfortran.dg/duplicate_labels.f90 -O (test for errors, line 35)
FAIL: gfortran.dg/duplicate_labels.f90 -O (test for errors, line 41)
FAIL: gfortran.dg/duplicate_labels.f90 -O (test for errors, line 44)
FAIL: gfortran.dg/duplicate_labels.f90 -O (test for errors, line 52)
FAIL: gfortran.dg/duplicate_labels.f90 -O (test for errors, line 53)
FAIL: gfortran.dg/duplicate_labels.f90 -O (test for errors, line 55)
FAIL: gfortran.dg/duplicate_labels.f90 -O (test for errors, line 57)
FAIL: gfortran.dg/duplicate_labels.f90 -O (test for errors, line 8)
FAIL: gfortran.dg/duplicate_labels.f90 -O (test for excess errors)
FAIL: gfortran.dg/duplicate_labels_2.f -O (test for excess errors)
FAIL: gfortran.dg/duplicate_type_1.f90 -O (test for errors, line 10)
FAIL: gfortran.dg/duplicate_type_1.f90 -O (test for errors, line 11)
FAIL: gfortran.dg/duplicate_type_1.f90 -O (test for errors, line 17)
FAIL: gfortran.dg/duplicate_type_1.f90 -O (test for errors, line 20)
FAIL: gfortran.dg/duplicate_type_1.f90 -O (test for excess errors)
FAIL: gfortran.dg/duplicate_type_2.f90 -O (test for errors, line 10)
FAIL: gfortran.dg/duplicate_type_2.f90 -O (test for errors, line 11)
FAIL: gfortran.dg/duplicate_type_2.f90 -O (test for errors, line 17)
FAIL: gfortran.dg/duplicate_type_2.f90 -O (test for errors, line 20)
FAIL: gfortran.dg/duplicate_type_2.f90 -O (test for excess errors)
FAIL: gfortran.dg/duplicate_type_3.f90 -O (test for errors, line 11)
FAIL: gfortran.dg/duplicate_type_3.f90 -O (test for errors, line 15)
FAIL: gfortran.dg/duplicate_type_3.f90 -O (test for errors, line 16)
FAIL: gfortran.dg/duplicate_type_3.f90 -O (test for errors, line 24)
FAIL: gfortran.dg/duplicate_type_3.f90 -O (test for errors, line 29)
FAIL: gfortran.dg/duplicate_type_3.f90 -O (test for errors, line 38)
FAIL: gfortran.dg/duplicate_type_3.f90 -O (test for errors, line 43)
FAIL: gfortran.dg/duplicate_type_3.f90 -O (test for excess errors)
FAIL: gfortran.dg/elemental_by_value_1.f90 -O0 execution test
FAIL: gfortran.dg/elemental_by_value_1.f90 -O1 (test for excess errors)
UNRESOLVED: gfortran.dg/elemental_by_value_1.f90 -O1 compilation failed to produce executable
FAIL: gfortran.dg/elemental_by_value_1.f90 -O2 (test for excess errors)
UNRESOLVED: gfortran.dg/elemental_by_value_1.f90 -O2 compilation failed to produce executable
FAIL: gfortran.dg/elemental_by_value_1.f90 -O3 -fomit-frame-pointer -funroll-loops -fpeel-loops -ftracer -finline-functions (test for excess errors)
UNRESOLVED: gfortran.dg/elemental_by_value_1.f90 -O3 -fomit-frame-pointer -funroll-loops -fpeel-loops -ftracer -finline-functions compilation failed to produce executable
FAIL: gfortran.dg/elemental_by_value_1.f90 -O3 -g (test for excess errors)
UNRESOLVED: gfortran.dg/elemental_by_value_1.f90 -O3 -g compilation failed to produce executable
FAIL: gfortran.dg/elemental_by_value_1.f90 -Os (test for excess errors)
UNRESOLVED: gfortran.dg/elemental_by_value_1.f90 -Os compilation failed to produce executable
FAIL: gfortran.dg/elemental_dependency_1.f90 -O0 (test for warnings, line 15)
FAIL: gfortran.dg/elemental_dependency_1.f90 -O0 (test for warnings, line 36)
UNRESOLVED: gfortran.dg/elemental_dependency_1.f90 -O0 scan-tree-dump-times original "A.16\\\\[4\\\\]" 1
UNRESOLVED: gfortran.dg/elemental_dependency_1.f90 -O0 scan-tree-dump-times original "A.25\\\\[4\\\\]" 1
UNRESOLVED: gfortran.dg/elemental_dependency_1.f90 -O0 scan-tree-dump-times original "A.37\\\\[4\\\\]" 1
UNRESOLVED: gfortran.dg/elemental_dependency_1.f90 -O0 scan-tree-dump-times original "_gfortran_internal_unpack" 3
FAIL: gfortran.dg/elemental_dependency_1.f90 -O0 (test for excess errors)
UNRESOLVED: gfortran.dg/elemental_dependency_1.f90 -O0 compilation failed to produce executable
FAIL: gfortran.dg/elemental_dependency_1.f90 -O1 (test for warnings, line 15)
FAIL: gfortran.dg/elemental_dependency_1.f90 -O1 (test for warnings, line 36)
UNRESOLVED: gfortran.dg/elemental_dependency_1.f90 -O1 scan-tree-dump-times original "A.16\\\\[4\\\\]" 1
UNRESOLVED: gfortran.dg/elemental_dependency_1.f90 -O1 scan-tree-dump-times original "A.25\\\\[4\\\\]" 1
UNRESOLVED: gfortran.dg/elemental_dependency_1.f90 -O1 scan-tree-dump-times original "A.37\\\\[4\\\\]" 1
UNRESOLVED: gfortran.dg/elemental_dependency_1.f90 -O1 scan-tree-dump-times original "_gfortran_internal_unpack" 3
FAIL: gfortran.dg/elemental_dependency_1.f90 -O1 (test for excess errors)
UNRESOLVED: gfortran.dg/elemental_dependency_1.f90 -O1 compilation failed to produce executable
FAIL: gfortran.dg/elemental_dependency_1.f90 -O2 (test for warnings, line 15)
FAIL: gfortran.dg/elemental_dependency_1.f90 -O2 (test for warnings, line 36)
UNRESOLVED: gfortran.dg/elemental_dependency_1.f90 -O2 scan-tree-dump-times original "A.16\\\\[4\\\\]" 1
UNRESOLVED: gfortran.dg/elemental_dependency_1.f90 -O2 scan-tree-dump-times original "A.25\\\\[4\\\\]" 1
UNRESOLVED: gfortran.dg/elemental_dependency_1.f90 -O2 scan-tree-dump-times original "A.37\\\\[4\\\\]" 1
UNRESOLVED: gfortran.dg/elemental_dependency_1.f90 -O2 scan-tree-dump-times original "_gfortran_internal_unpack" 3
FAIL: gfortran.dg/elemental_dependency_1.f90 -O2 (test for excess errors)
UNRESOLVED: gfortran.dg/elemental_dependency_1.f90 -O2 compilation failed to produce executable
FAIL: gfortran.dg/elemental_dependency_1.f90 -O3 -fomit-frame-pointer -funroll-loops -fpeel-loops -ftracer -finline-functions (test for warnings, line 15)
FAIL: gfortran.dg/elemental_dependency_1.f90 -O3 -fomit-frame-pointer -funroll-loops -fpeel-loops -ftracer -finline-functions (test for warnings, line 36)
UNRESOLVED: gfortran.dg/elemental_dependency_1.f90 -O3 -fomit-frame-pointer -funroll-loops -fpeel-loops -ftracer -finline-functions scan-tree-dump-times original "A.16\\\\[4\\\\]" 1
UNRESOLVED: gfortran.dg/elemental_dependency_1.f90 -O3 -fomit-frame-pointer -funroll-loops -fpeel-loops -ftracer -finline-functions scan-tree-dump-times original "A.25\\\\[4\\\\]" 1
UNRESOLVED: gfortran.dg/elemental_dependency_1.f90 -O3 -fomit-frame-pointer -funroll-loops -fpeel-loops -ftracer -finline-functions scan-tree-dump-times original "A.37\\\\[4\\\\]" 1
UNRESOLVED: gfortran.dg/elemental_dependency_1.f90 -O3 -fomit-frame-pointer -funroll-loops -fpeel-loops -ftracer -finline-functions scan-tree-dump-times original "_gfortran_internal_unpack" 3
FAIL: gfortran.dg/elemental_dependency_1.f90 -O3 -fomit-frame-pointer -funroll-loops -fpeel-loops -ftracer -finline-functions (test for excess errors)
UNRESOLVED: gfortran.dg/elemental_dependency_1.f90 -O3 -fomit-frame-pointer -funroll-loops -fpeel-loops -ftracer -finline-functions compilation failed to produce executable
FAIL: gfortran.dg/elemental_dependency_1.f90 -O3 -g (test for warnings, line 15)
FAIL: gfortran.dg/elemental_dependency_1.f90 -O3 -g (test for warnings, line 36)
UNRESOLVED: gfortran.dg/elemental_dependency_1.f90 -O3 -g scan-tree-dump-times original "A.16\\\\[4\\\\]" 1
UNRESOLVED: gfortran.dg/elemental_dependency_1.f90 -O3 -g scan-tree-dump-times original "A.25\\\\[4\\\\]" 1
UNRESOLVED: gfortran.dg/elemental_dependency_1.f90 -O3 -g scan-tree-dump-times original "A.37\\\\[4\\\\]" 1
UNRESOLVED: gfortran.dg/elemental_dependency_1.f90 -O3 -g scan-tree-dump-times original "_gfortran_internal_unpack" 3
FAIL: gfortran.dg/elemental_dependency_1.f90 -O3 -g (test for excess errors)
UNRESOLVED: gfortran.dg/elemental_dependency_1.f90 -O3 -g compilation failed to produce executable
FAIL: gfortran.dg/elemental_dependency_1.f90 -Os (test for warnings, line 15)
FAIL: gfortran.dg/elemental_dependency_1.f90 -Os (test for warnings, line 36)
UNRESOLVED: gfortran.dg/elemental_dependency_1.f90 -Os scan-tree-dump-times original "A.16\\\\[4\\\\]" 1
UNRESOLVED: gfortran.dg/elemental_dependency_1.f90 -Os scan-tree-dump-times original "A.25\\\\[4\\\\]" 1
UNRESOLVED: gfortran.dg/elemental_dependency_1.f90 -Os scan-tree-dump-times original "A.37\\\\[4\\\\]" 1
UNRESOLVED: gfortran.dg/elemental_dependency_1.f90 -Os scan-tree-dump-times original "_gfortran_internal_unpack" 3
FAIL: gfortran.dg/elemental_dependency_1.f90 -Os (test for excess errors)
UNRESOLVED: gfortran.dg/elemental_dependency_1.f90 -Os compilation failed to produce executable
FAIL: gfortran.dg/elemental_dependency_2.f90 -O (test for excess errors)
UNRESOLVED: gfortran.dg/elemental_dependency_3.f90 -O scan-tree-dump-times original "atmp" 0
FAIL: gfortran.dg/elemental_dependency_3.f90 -O (test for excess errors)
FAIL: gfortran.dg/elemental_dependency_6.f90 -O0 (test for excess errors)
UNRESOLVED: gfortran.dg/elemental_dependency_6.f90 -O0 compilation failed to produce executable
FAIL: gfortran.dg/elemental_dependency_6.f90 -O1 (test for excess errors)
UNRESOLVED: gfortran.dg/elemental_dependency_6.f90 -O1 compilation failed to produce executable
FAIL: gfortran.dg/elemental_dependency_6.f90 -O2 (test for excess errors)
UNRESOLVED: gfortran.dg/elemental_dependency_6.f90 -O2 compilation failed to produce executable
FAIL: gfortran.dg/elemental_dependency_6.f90 -O3 -fomit-frame-pointer -funroll-loops -fpeel-loops -ftracer -finline-functions (test for excess errors)
UNRESOLVED: gfortran.dg/elemental_dependency_6.f90 -O3 -fomit-frame-pointer -funroll-loops -fpeel-loops -ftracer -finline-functions compilation failed to produce executable
FAIL: gfortran.dg/elemental_dependency_6.f90 -O3 -g (test for excess errors)
UNRESOLVED: gfortran.dg/elemental_dependency_6.f90 -O3 -g compilation failed to produce executable
FAIL: gfortran.dg/elemental_dependency_6.f90 -Os (test for excess errors)
UNRESOLVED: gfortran.dg/elemental_dependency_6.f90 -Os compilation failed to produce executable
FAIL: gfortran.dg/elemental_function_1.f90 -O (test for excess errors)
FAIL: gfortran.dg/elemental_optional_args_1.f90 -O (test for warnings, line 25)
FAIL: gfortran.dg/elemental_optional_args_1.f90 -O (test for warnings, line 29)
FAIL: gfortran.dg/elemental_optional_args_1.f90 -O (test for warnings, line 33)
FAIL: gfortran.dg/elemental_optional_args_1.f90 -O (test for excess errors)
FAIL: gfortran.dg/elemental_optional_args_2.f90 -O0 (test for excess errors)
UNRESOLVED: gfortran.dg/elemental_optional_args_2.f90 -O0 compilation failed to produce executable
FAIL: gfortran.dg/elemental_optional_args_2.f90 -O1 (test for excess errors)
UNRESOLVED: gfortran.dg/elemental_optional_args_2.f90 -O1 compilation failed to produce executable
FAIL: gfortran.dg/elemental_optional_args_2.f90 -O2 (test for excess errors)
UNRESOLVED: gfortran.dg/elemental_optional_args_2.f90 -O2 compilation failed to produce executable
FAIL: gfortran.dg/elemental_optional_args_2.f90 -O3 -fomit-frame-pointer -funroll-loops -fpeel-loops -ftracer -finline-functions (test for excess errors)
UNRESOLVED: gfortran.dg/elemental_optional_args_2.f90 -O3 -fomit-frame-pointer -funroll-loops -fpeel-loops -ftracer -finline-functions compilation failed to produce executable
FAIL: gfortran.dg/elemental_optional_args_2.f90 -O3 -g (test for excess errors)
UNRESOLVED: gfortran.dg/elemental_optional_args_2.f90 -O3 -g compilation failed to produce executable
FAIL: gfortran.dg/elemental_optional_args_2.f90 -Os (test for excess errors)
UNRESOLVED: gfortran.dg/elemental_optional_args_2.f90 -Os compilation failed to produce executable
FAIL: gfortran.dg/elemental_optional_args_3.f90 -O0 (test for excess errors)
UNRESOLVED: gfortran.dg/elemental_optional_args_3.f90 -O0 compilation failed to produce executable
FAIL: gfortran.dg/elemental_optional_args_3.f90 -O1 (test for excess errors)
UNRESOLVED: gfortran.dg/elemental_optional_args_3.f90 -O1 compilation failed to produce executable
FAIL: gfortran.dg/elemental_optional_args_3.f90 -O2 (test for excess errors)
UNRESOLVED: gfortran.dg/elemental_optional_args_3.f90 -O2 compilation failed to produce executable
FAIL: gfortran.dg/elemental_optional_args_3.f90 -O3 -fomit-frame-pointer -funroll-loops -fpeel-loops -ftracer -finline-functions (test for excess errors)
UNRESOLVED: gfortran.dg/elemental_optional_args_3.f90 -O3 -fomit-frame-pointer -funroll-loops -fpeel-loops -ftracer -finline-functions compilation failed to produce executable
FAIL: gfortran.dg/elemental_optional_args_3.f90 -O3 -g (test for excess errors)
UNRESOLVED: gfortran.dg/elemental_optional_args_3.f90 -O3 -g compilation failed to produce executable
FAIL: gfortran.dg/elemental_optional_args_3.f90 -Os (test for excess errors)
UNRESOLVED: gfortran.dg/elemental_optional_args_3.f90 -Os compilation failed to produce executable
FAIL: gfortran.dg/elemental_optional_args_4.f90 -O0 (test for excess errors)
UNRESOLVED: gfortran.dg/elemental_optional_args_4.f90 -O0 compilation failed to produce executable
FAIL: gfortran.dg/elemental_optional_args_4.f90 -O1 (test for excess errors)
UNRESOLVED: gfortran.dg/elemental_optional_args_4.f90 -O1 compilation failed to produce executable
FAIL: gfortran.dg/elemental_optional_args_4.f90 -O2 (test for excess errors)
UNRESOLVED: gfortran.dg/elemental_optional_args_4.f90 -O2 compilation failed to produce executable
FAIL: gfortran.dg/elemental_optional_args_4.f90 -O3 -fomit-frame-pointer -funroll-loops -fpeel-loops -ftracer -finline-functions (test for excess errors)
UNRESOLVED: gfortran.dg/elemental_optional_args_4.f90 -O3 -fomit-frame-pointer -funroll-loops -fpeel-loops -ftracer -finline-functions compilation failed to produce executable
FAIL: gfortran.dg/elemental_optional_args_4.f90 -O3 -g (test for excess errors)
UNRESOLVED: gfortran.dg/elemental_optional_args_4.f90 -O3 -g compilation failed to produce executable
FAIL: gfortran.dg/elemental_optional_args_4.f90 -Os (test for excess errors)
UNRESOLVED: gfortran.dg/elemental_optional_args_4.f90 -Os compilation failed to produce executable
FAIL: gfortran.dg/elemental_optional_args_5.f03 -O0 (test for excess errors)
UNRESOLVED: gfortran.dg/elemental_optional_args_5.f03 -O0 compilation failed to produce executable
FAIL: gfortran.dg/elemental_optional_args_5.f03 -O1 (test for excess errors)
UNRESOLVED: gfortran.dg/elemental_optional_args_5.f03 -O1 compilation failed to produce executable
FAIL: gfortran.dg/elemental_optional_args_5.f03 -O2 (test for excess errors)
UNRESOLVED: gfortran.dg/elemental_optional_args_5.f03 -O2 compilation failed to produce executable
FAIL: gfortran.dg/elemental_optional_args_5.f03 -O3 -fomit-frame-pointer -funroll-loops -fpeel-loops -ftracer -finline-functions (test for excess errors)
UNRESOLVED: gfortran.dg/elemental_optional_args_5.f03 -O3 -fomit-frame-pointer -funroll-loops -fpeel-loops -ftracer -finline-functions compilation failed to produce executable
FAIL: gfortran.dg/elemental_optional_args_5.f03 -O3 -g (test for excess errors)
UNRESOLVED: gfortran.dg/elemental_optional_args_5.f03 -O3 -g compilation failed to produce executable
FAIL: gfortran.dg/elemental_optional_args_5.f03 -Os (test for excess errors)
UNRESOLVED: gfortran.dg/elemental_optional_args_5.f03 -Os compilation failed to produce executable
FAIL: gfortran.dg/elemental_optional_args_6.f90 -O0 (test for warnings, line 24)
FAIL: gfortran.dg/elemental_optional_args_6.f90 -O0 (test for warnings, line 25)
FAIL: gfortran.dg/elemental_optional_args_6.f90 -O0 (test for warnings, line 47)
FAIL: gfortran.dg/elemental_optional_args_6.f90 -O0 (test for warnings, line 48)
FAIL: gfortran.dg/elemental_optional_args_6.f90 -O0 (test for excess errors)
UNRESOLVED: gfortran.dg/elemental_optional_args_6.f90 -O0 compilation failed to produce executable
FAIL: gfortran.dg/elemental_optional_args_6.f90 -O1 (test for warnings, line 24)
FAIL: gfortran.dg/elemental_optional_args_6.f90 -O1 (test for warnings, line 25)
FAIL: gfortran.dg/elemental_optional_args_6.f90 -O1 (test for warnings, line 47)
FAIL: gfortran.dg/elemental_optional_args_6.f90 -O1 (test for warnings, line 48)
FAIL: gfortran.dg/elemental_optional_args_6.f90 -O1 (test for excess errors)
UNRESOLVED: gfortran.dg/elemental_optional_args_6.f90 -O1 compilation failed to produce executable
FAIL: gfortran.dg/elemental_optional_args_6.f90 -O2 (test for warnings, line 24)
FAIL: gfortran.dg/elemental_optional_args_6.f90 -O2 (test for warnings, line 25)
FAIL: gfortran.dg/elemental_optional_args_6.f90 -O2 (test for warnings, line 47)
FAIL: gfortran.dg/elemental_optional_args_6.f90 -O2 (test for warnings, line 48)
FAIL: gfortran.dg/elemental_optional_args_6.f90 -O2 (test for excess errors)
UNRESOLVED: gfortran.dg/elemental_optional_args_6.f90 -O2 compilation failed to produce executable
FAIL: gfortran.dg/elemental_optional_args_6.f90 -O3 -fomit-frame-pointer -funroll-loops -fpeel-loops -ftracer -finline-functions (test for warnings, line 24)
FAIL: gfortran.dg/elemental_optional_args_6.f90 -O3 -fomit-frame-pointer -funroll-loops -fpeel-loops -ftracer -finline-functions (test for warnings, line 25)
FAIL: gfortran.dg/elemental_optional_args_6.f90 -O3 -fomit-frame-pointer -funroll-loops -fpeel-loops -ftracer -finline-functions (test for warnings, line 47)
FAIL: gfortran.dg/elemental_optional_args_6.f90 -O3 -fomit-frame-pointer -funroll-loops -fpeel-loops -ftracer -finline-functions (test for warnings, line 48)
FAIL: gfortran.dg/elemental_optional_args_6.f90 -O3 -fomit-frame-pointer -funroll-loops -fpeel-loops -ftracer -finline-functions (test for excess errors)
UNRESOLVED: gfortran.dg/elemental_optional_args_6.f90 -O3 -fomit-frame-pointer -funroll-loops -fpeel-loops -ftracer -finline-functions compilation failed to produce executable
FAIL: gfortran.dg/elemental_optional_args_6.f90 -O3 -g (test for warnings, line 24)
FAIL: gfortran.dg/elemental_optional_args_6.f90 -O3 -g (test for warnings, line 25)
FAIL: gfortran.dg/elemental_optional_args_6.f90 -O3 -g (test for warnings, line 47)
FAIL: gfortran.dg/elemental_optional_args_6.f90 -O3 -g (test for warnings, line 48)
FAIL: gfortran.dg/elemental_optional_args_6.f90 -O3 -g (test for excess errors)
UNRESOLVED: gfortran.dg/elemental_optional_args_6.f90 -O3 -g compilation failed to produce executable
FAIL: gfortran.dg/elemental_optional_args_6.f90 -Os (test for warnings, line 24)
FAIL: gfortran.dg/elemental_optional_args_6.f90 -Os (test for warnings, line 25)
FAIL: gfortran.dg/elemental_optional_args_6.f90 -Os (test for warnings, line 47)
FAIL: gfortran.dg/elemental_optional_args_6.f90 -Os (test for warnings, line 48)
FAIL: gfortran.dg/elemental_optional_args_6.f90 -Os (test for excess errors)
UNRESOLVED: gfortran.dg/elemental_optional_args_6.f90 -Os compilation failed to produce executable
FAIL: gfortran.dg/elemental_optional_args_7.f90 -O0 (test for excess errors)
UNRESOLVED: gfortran.dg/elemental_optional_args_7.f90 -O0 compilation failed to produce executable
FAIL: gfortran.dg/elemental_pointer_1.f90 -O (test for errors, line 9)
FAIL: gfortran.dg/elemental_pointer_1.f90 -O (test for excess errors)
FAIL: gfortran.dg/elemental_result_1.f90 -O (test for errors, line 18)
FAIL: gfortran.dg/elemental_result_1.f90 -O (test for errors, line 9)
FAIL: gfortran.dg/elemental_result_1.f90 -O (test for excess errors)
FAIL: gfortran.dg/elemental_scalar_args_1.f90 -O (test for excess errors)
FAIL: gfortran.dg/elemental_scalar_args_2.f90 -O0 (test for excess errors)
UNRESOLVED: gfortran.dg/elemental_scalar_args_2.f90 -O0 compilation failed to produce executable
FAIL: gfortran.dg/elemental_scalar_args_2.f90 -O1 (test for excess errors)
UNRESOLVED: gfortran.dg/elemental_scalar_args_2.f90 -O1 compilation failed to produce executable
FAIL: gfortran.dg/elemental_scalar_args_2.f90 -O2 (test for excess errors)
UNRESOLVED: gfortran.dg/elemental_scalar_args_2.f90 -O2 compilation failed to produce executable
FAIL: gfortran.dg/elemental_scalar_args_2.f90 -O3 -fomit-frame-pointer -funroll-loops -fpeel-loops -ftracer -finline-functions (test for excess errors)
UNRESOLVED: gfortran.dg/elemental_scalar_args_2.f90 -O3 -fomit-frame-pointer -funroll-loops -fpeel-loops -ftracer -finline-functions compilation failed to produce executable
FAIL: gfortran.dg/elemental_scalar_args_2.f90 -O3 -g (test for excess errors)
UNRESOLVED: gfortran.dg/elemental_scalar_args_2.f90 -O3 -g compilation failed to produce executable
FAIL: gfortran.dg/elemental_scalar_args_2.f90 -Os (test for excess errors)
UNRESOLVED: gfortran.dg/elemental_scalar_args_2.f90 -Os compilation failed to produce executable
FAIL: gfortran.dg/elemental_subroutine_1.f90 -O0 (test for excess errors)
UNRESOLVED: gfortran.dg/elemental_subroutine_1.f90 -O0 compilation failed to produce executable
FAIL: gfortran.dg/elemental_subroutine_1.f90 -O1 (test for excess errors)
UNRESOLVED: gfortran.dg/elemental_subroutine_1.f90 -O1 compilation failed to produce executable
FAIL: gfortran.dg/elemental_subroutine_1.f90 -O2 (test for excess errors)
UNRESOLVED: gfortran.dg/elemental_subroutine_1.f90 -O2 compilation failed to produce executable
FAIL: gfortran.dg/elemental_subroutine_1.f90 -O3 -fomit-frame-pointer -funroll-loops -fpeel-loops -ftracer -finline-functions (test for excess errors)
UNRESOLVED: gfortran.dg/elemental_subroutine_1.f90 -O3 -fomit-frame-pointer -funroll-loops -fpeel-loops -ftracer -finline-functions compilation failed to produce executable
FAIL: gfortran.dg/elemental_subroutine_1.f90 -O3 -g (test for excess errors)
UNRESOLVED: gfortran.dg/elemental_subroutine_1.f90 -O3 -g compilation failed to produce executable
FAIL: gfortran.dg/elemental_subroutine_1.f90 -Os (test for excess errors)
UNRESOLVED: gfortran.dg/elemental_subroutine_1.f90 -Os compilation failed to produce executable
FAIL: gfortran.dg/elemental_subroutine_10.f90 -O0 (test for excess errors)
UNRESOLVED: gfortran.dg/elemental_subroutine_10.f90 -O0 compilation failed to produce executable
FAIL: gfortran.dg/elemental_subroutine_10.f90 -O1 (test for excess errors)
UNRESOLVED: gfortran.dg/elemental_subroutine_10.f90 -O1 compilation failed to produce executable
FAIL: gfortran.dg/elemental_subroutine_10.f90 -O2 (test for excess errors)
UNRESOLVED: gfortran.dg/elemental_subroutine_10.f90 -O2 compilation failed to produce executable
FAIL: gfortran.dg/elemental_subroutine_10.f90 -O3 -fomit-frame-pointer -funroll-loops -fpeel-loops -ftracer -finline-functions (test for excess errors)
UNRESOLVED: gfortran.dg/elemental_subroutine_10.f90 -O3 -fomit-frame-pointer -funroll-loops -fpeel-loops -ftracer -finline-functions compilation failed to produce executable
FAIL: gfortran.dg/elemental_subroutine_10.f90 -O3 -g (test for excess errors)
UNRESOLVED: gfortran.dg/elemental_subroutine_10.f90 -O3 -g compilation failed to produce executable
FAIL: gfortran.dg/elemental_subroutine_10.f90 -Os (test for excess errors)
UNRESOLVED: gfortran.dg/elemental_subroutine_10.f90 -Os compilation failed to produce executable
FAIL: gfortran.dg/elemental_subroutine_11.f90 -O0 (test for excess errors)
UNRESOLVED: gfortran.dg/elemental_subroutine_11.f90 -O0 compilation failed to produce executable
FAIL: gfortran.dg/elemental_subroutine_11.f90 -O1 (test for excess errors)
UNRESOLVED: gfortran.dg/elemental_subroutine_11.f90 -O1 compilation failed to produce executable
FAIL: gfortran.dg/elemental_subroutine_11.f90 -O2 (test for excess errors)
UNRESOLVED: gfortran.dg/elemental_subroutine_11.f90 -O2 compilation failed to produce executable
FAIL: gfortran.dg/elemental_subroutine_11.f90 -O3 -fomit-frame-pointer -funroll-loops -fpeel-loops -ftracer -finline-functions (test for excess errors)
UNRESOLVED: gfortran.dg/elemental_subroutine_11.f90 -O3 -fomit-frame-pointer -funroll-loops -fpeel-loops -ftracer -finline-functions compilation failed to produce executable
FAIL: gfortran.dg/elemental_subroutine_11.f90 -O3 -g (test for excess errors)
UNRESOLVED: gfortran.dg/elemental_subroutine_11.f90 -O3 -g compilation failed to produce executable
FAIL: gfortran.dg/elemental_subroutine_11.f90 -Os (test for excess errors)
UNRESOLVED: gfortran.dg/elemental_subroutine_11.f90 -Os compilation failed to produce executable
FAIL: gfortran.dg/elemental_subroutine_2.f90 -O0 (test for excess errors)
UNRESOLVED: gfortran.dg/elemental_subroutine_2.f90 -O0 compilation failed to produce executable
FAIL: gfortran.dg/elemental_subroutine_2.f90 -O1 (test for excess errors)
UNRESOLVED: gfortran.dg/elemental_subroutine_2.f90 -O1 compilation failed to produce executable
FAIL: gfortran.dg/elemental_subroutine_2.f90 -O2 (test for excess errors)
UNRESOLVED: gfortran.dg/elemental_subroutine_2.f90 -O2 compilation failed to produce executable
FAIL: gfortran.dg/elemental_subroutine_2.f90 -O3 -fomit-frame-pointer -funroll-loops -fpeel-loops -ftracer -finline-functions (test for excess errors)
UNRESOLVED: gfortran.dg/elemental_subroutine_2.f90 -O3 -fomit-frame-pointer -funroll-loops -fpeel-loops -ftracer -finline-functions compilation failed to produce executable
FAIL: gfortran.dg/elemental_subroutine_5.f90 -O (test for errors, line 18)
FAIL: gfortran.dg/elemental_subroutine_5.f90 -O (test for errors, line 19)
FAIL: gfortran.dg/elemental_subroutine_5.f90 -O (test for excess errors)
FAIL: gfortran.dg/elemental_subroutine_6.f90 -O (test for excess errors)
FAIL: gfortran.dg/elemental_subroutine_7.f90 -O0 (test for excess errors)
UNRESOLVED: gfortran.dg/elemental_subroutine_7.f90 -O0 compilation failed to produce executable
FAIL: gfortran.dg/elemental_subroutine_7.f90 -O1 (test for excess errors)
UNRESOLVED: gfortran.dg/elemental_subroutine_7.f90 -O1 compilation failed to produce executable
FAIL: gfortran.dg/elemental_subroutine_7.f90 -O2 (test for excess errors)
UNRESOLVED: gfortran.dg/elemental_subroutine_7.f90 -O2 compilation failed to produce executable
FAIL: gfortran.dg/elemental_subroutine_7.f90 -O3 -fomit-frame-pointer -funroll-loops -fpeel-loops -ftracer -finline-functions (test for excess errors)
UNRESOLVED: gfortran.dg/elemental_subroutine_7.f90 -O3 -fomit-frame-pointer -funroll-loops -fpeel-loops -ftracer -finline-functions compilation failed to produce executable
FAIL: gfortran.dg/elemental_subroutine_7.f90 -O3 -g (test for excess errors)
UNRESOLVED: gfortran.dg/elemental_subroutine_7.f90 -O3 -g compilation failed to produce executable
FAIL: gfortran.dg/elemental_subroutine_7.f90 -Os (test for excess errors)
UNRESOLVED: gfortran.dg/elemental_subroutine_7.f90 -Os compilation failed to produce executable
FAIL: gfortran.dg/elemental_subroutine_8.f90 -O (test for errors, line 20)
FAIL: gfortran.dg/elemental_subroutine_8.f90 -O (test for errors, line 23)
FAIL: gfortran.dg/elemental_subroutine_8.f90 -O (test for errors, line 26)
FAIL: gfortran.dg/elemental_subroutine_8.f90 -O (test for errors, line 29)
FAIL: gfortran.dg/elemental_subroutine_8.f90 -O (test for errors, line 34)
FAIL: gfortran.dg/elemental_subroutine_8.f90 -O (test for errors, line 41)
FAIL: gfortran.dg/elemental_subroutine_8.f90 -O (test for errors, line 47)
FAIL: gfortran.dg/elemental_subroutine_8.f90 -O (test for excess errors)
FAIL: gfortran.dg/elemental_subroutine_9.f90 -O0 (test for excess errors)
UNRESOLVED: gfortran.dg/elemental_subroutine_9.f90 -O0 compilation failed to produce executable
FAIL: gfortran.dg/elemental_subroutine_9.f90 -O1 (test for excess errors)
UNRESOLVED: gfortran.dg/elemental_subroutine_9.f90 -O1 compilation failed to produce executable
FAIL: gfortran.dg/elemental_subroutine_9.f90 -O2 (test for excess errors)
UNRESOLVED: gfortran.dg/elemental_subroutine_9.f90 -O2 compilation failed to produce executable
FAIL: gfortran.dg/elemental_subroutine_9.f90 -O3 -fomit-frame-pointer -funroll-loops -fpeel-loops -ftracer -finline-functions (test for excess errors)
UNRESOLVED: gfortran.dg/elemental_subroutine_9.f90 -O3 -fomit-frame-pointer -funroll-loops -fpeel-loops -ftracer -finline-functions compilation failed to produce executable
FAIL: gfortran.dg/elemental_subroutine_9.f90 -O3 -g (test for excess errors)
UNRESOLVED: gfortran.dg/elemental_subroutine_9.f90 -O3 -g compilation failed to produce executable
FAIL: gfortran.dg/elemental_subroutine_9.f90 -Os (test for excess errors)
UNRESOLVED: gfortran.dg/elemental_subroutine_9.f90 -Os compilation failed to produce executable
FAIL: gfortran.dg/empty_derived_type.f90 -O (test for warnings, line 4)
FAIL: gfortran.dg/empty_derived_type.f90 -O (test for excess errors)
FAIL: gfortran.dg/empty_format_1.f90 -O0 (test for excess errors)
UNRESOLVED: gfortran.dg/empty_format_1.f90 -O0 compilation failed to produce executable
FAIL: gfortran.dg/empty_format_1.f90 -O1 (test for excess errors)
UNRESOLVED: gfortran.dg/empty_format_1.f90 -O1 compilation failed to produce executable
FAIL: gfortran.dg/empty_format_1.f90 -O2 (test for excess errors)
UNRESOLVED: gfortran.dg/empty_format_1.f90 -O2 compilation failed to produce executable
FAIL: gfortran.dg/empty_format_1.f90 -O3 -fomit-frame-pointer -funroll-loops -fpeel-loops -ftracer -finline-functions (test for excess errors)
UNRESOLVED: gfortran.dg/empty_format_1.f90 -O3 -fomit-frame-pointer -funroll-loops -fpeel-loops -ftracer -finline-functions compilation failed to produce executable
FAIL: gfortran.dg/empty_format_1.f90 -O3 -g (test for excess errors)
UNRESOLVED: gfortran.dg/empty_format_1.f90 -O3 -g compilation failed to produce executable
FAIL: gfortran.dg/empty_format_1.f90 -Os (test for excess errors)
UNRESOLVED: gfortran.dg/empty_format_1.f90 -Os compilation failed to produce executable
FAIL: gfortran.dg/empty_function_1.f90 -O (test for excess errors)
FAIL: gfortran.dg/empty_label_typedecl.f90 -O (test for errors, line 4)
FAIL: gfortran.dg/empty_label_typedecl.f90 -O (test for excess errors)
FAIL: gfortran.dg/empty_type.f90 -O (test for excess errors)
FAIL: gfortran.dg/end_associate_label_1.f90 -O (test for excess errors)
FAIL: gfortran.dg/end_block_label_1.f90 -O (test for excess errors)
FAIL: gfortran.dg/end_subroutine_1.f90 -O (test for excess errors)
FAIL: gfortran.dg/end_subroutine_2.f90 -O (test for errors, line 13)
FAIL: gfortran.dg/end_subroutine_2.f90 -O (test for errors, line 21)
FAIL: gfortran.dg/end_subroutine_2.f90 -O (test for excess errors)
FAIL: gfortran.dg/endfile.f -O0 (test for excess errors)
UNRESOLVED: gfortran.dg/endfile.f -O0 compilation failed to produce executable
FAIL: gfortran.dg/endfile.f -O1 (test for excess errors)
UNRESOLVED: gfortran.dg/endfile.f -O1 compilation failed to produce executable
FAIL: gfortran.dg/endfile.f -O2 (test for excess errors)
UNRESOLVED: gfortran.dg/endfile.f -O2 compilation failed to produce executable
FAIL: gfortran.dg/endfile.f -O3 -fomit-frame-pointer -funroll-loops -fpeel-loops -ftracer -finline-functions (test for excess errors)
UNRESOLVED: gfortran.dg/endfile.f -O3 -fomit-frame-pointer -funroll-loops -fpeel-loops -ftracer -finline-functions compilation failed to produce executable
FAIL: gfortran.dg/endfile.f -O3 -g (test for excess errors)
UNRESOLVED: gfortran.dg/endfile.f -O3 -g compilation failed to produce executable
FAIL: gfortran.dg/endfile.f -Os (test for excess errors)
UNRESOLVED: gfortran.dg/endfile.f -Os compilation failed to produce executable
FAIL: gfortran.dg/entry_1.f90 -O0 (test for excess errors)
UNRESOLVED: gfortran.dg/entry_1.f90 -O0 compilation failed to produce executable
FAIL: gfortran.dg/entry_1.f90 -O1 (test for excess errors)
UNRESOLVED: gfortran.dg/entry_1.f90 -O1 compilation failed to produce executable
FAIL: gfortran.dg/entry_1.f90 -O2 (test for excess errors)
UNRESOLVED: gfortran.dg/entry_1.f90 -O2 compilation failed to produce executable
FAIL: gfortran.dg/entry_1.f90 -O3 -fomit-frame-pointer -funroll-loops -fpeel-loops -ftracer -finline-functions (test for excess errors)
UNRESOLVED: gfortran.dg/entry_1.f90 -O3 -fomit-frame-pointer -funroll-loops -fpeel-loops -ftracer -finline-functions compilation failed to produce executable
XPASS: gfortran.dg/large_real_kind_form_io_2.f90 -O0 execution test
XPASS: gfortran.dg/large_real_kind_form_io_2.f90 -O1 execution test
XPASS: gfortran.dg/large_real_kind_form_io_2.f90 -O2 execution test
XPASS: gfortran.dg/large_real_kind_form_io_2.f90 -O3 -fomit-frame-pointer -funroll-loops -fpeel-loops -ftracer -finline-functions execution test
XPASS: gfortran.dg/large_real_kind_form_io_2.f90 -O3 -g execution test
XPASS: gfortran.dg/large_real_kind_form_io_2.f90 -Os execution test
FAIL: gfortran.dg/ieee/large_2.f90 -O0 execution test
FAIL: gfortran.dg/ieee/large_2.f90 -O1 execution test
FAIL: gfortran.dg/ieee/large_2.f90 -O2 execution test
FAIL: gfortran.dg/ieee/large_2.f90 -O3 -fomit-frame-pointer -funroll-loops -fpeel-loops -ftracer -finline-functions execution test
FAIL: gfortran.dg/ieee/large_2.f90 -O3 -g execution test
FAIL: gfortran.dg/ieee/large_2.f90 -Os execution test
FAIL: gfortran.dg/vect/fast-math-pr37021.f90 -O scan-tree-dump vect "vectorized 2 loops"
FAIL: gfortran.dg/vect/pr52580.f -O scan-tree-dump-times vect "LOOP VECTORIZED" 1
FAIL: gfortran.dg/vect/pr62283-2.f -O scan-tree-dump slp2 "basic block vectorized"
FAIL: gfortran.dg/vect/vect-8.f90 -O scan-tree-dump-times vect "vectorized 21 loops" 1
FAIL: gfortran.dg/vect/vect-gems.f90 -O scan-tree-dump-times vect "vectorized 1 loops" 1
=== gfortran Summary ===
# of expected passes 44908
# of unexpected failures 344
# of unexpected successes 6
# of expected failures 89
# of unresolved testcases 181
# of unsupported tests 139
/home/gccbuild/build/nightly/build-gcc-7/gcc/gfortran version 7.3.1 20180816 [gcc-7-branch revision 263578] (GCC)
=== go tests ===
Running target unix
FAIL: ./slice3-out.go execution, -O0 -g -fno-var-tracking-assignments
FAIL: go.test/test/ken/cplx2.go execution, -O2 -g
=== go Summary ===
# of expected passes 7249
# of unexpected failures 2
# of expected failures 1
# of untested testcases 7
# of unsupported tests 3
WARNING: go_version failed:
=== obj-c++ tests ===
Running target unix
=== obj-c++ Summary ===
# of expected passes 1451
# of expected failures 10
# of unsupported tests 77
/home/gccbuild/build/nightly/build-gcc-7/gcc/xg++ version 7.3.1 20180816 [gcc-7-branch revision 263578] (GCC)
=== objc tests ===
Running target unix
=== objc Summary ===
# of expected passes 2803
# of unsupported tests 68
/home/gccbuild/build/nightly/build-gcc-7/gcc/xgcc version 7.3.1 20180816 [gcc-7-branch revision 263578] (GCC)
=== libatomic tests ===
Running target unix
=== libatomic Summary ===
# of expected passes 54
=== libffi tests ===
Running target unix
=== libffi Summary ===
# of expected passes 1934
# of unsupported tests 28
=== libgo tests ===
Running target unix
=== libgo Summary ===
# of expected passes 145
/home/gccbuild/build/nightly/build-gcc-7/./gcc/gccgo version 7.3.1 20180816 [gcc-7-branch revision 263578] (GCC)
=== libgomp tests ===
Running target unix
FAIL: libgomp.oacc-c/../libgomp.oacc-c-c++-common/data-clauses-kernels-ipa-pta.c -DACC_DEVICE_TYPE_host=1 -DACC_MEM_SHARED=1 -O2 (test for excess errors)
UNRESOLVED: libgomp.oacc-c/../libgomp.oacc-c-c++-common/data-clauses-kernels-ipa-pta.c -DACC_DEVICE_TYPE_host=1 -DACC_MEM_SHARED=1 -O2 compilation failed to produce executable
FAIL: libgomp.oacc-c/../libgomp.oacc-c-c++-common/data-clauses-parallel-ipa-pta.c -DACC_DEVICE_TYPE_host=1 -DACC_MEM_SHARED=1 -O2 (test for excess errors)
UNRESOLVED: libgomp.oacc-c/../libgomp.oacc-c-c++-common/data-clauses-parallel-ipa-pta.c -DACC_DEVICE_TYPE_host=1 -DACC_MEM_SHARED=1 -O2 compilation failed to produce executable
=== libgomp Summary ===
# of expected passes 5070
# of unexpected failures 2
# of unresolved testcases 2
# of unsupported tests 391
=== libitm tests ===
Running target unix
=== libitm Summary ===
# of expected passes 42
# of expected failures 3
# of unsupported tests 1
=== libstdc++ tests ===
Running target unix
FAIL: libstdc++-prettyprinters/cxx17.cc print ab
FAIL: libstdc++-prettyprinters/cxx17.cc print ai
FAIL: libstdc++-prettyprinters/cxx17.cc print am
FAIL: libstdc++-prettyprinters/cxx17.cc print ap
FAIL: libstdc++-prettyprinters/cxx17.cc print as
FAIL: libstdc++-prettyprinters/cxx17.cc print as2
FAIL: libstdc++-prettyprinters/libfundts.cc print ab
FAIL: libstdc++-prettyprinters/libfundts.cc print ai
FAIL: libstdc++-prettyprinters/libfundts.cc print am
FAIL: libstdc++-prettyprinters/libfundts.cc print ap
FAIL: libstdc++-prettyprinters/libfundts.cc print as
FAIL: libstdc++-prettyprinters/libfundts.cc print as2
=== libstdc++ Summary ===
# of expected passes 12240
# of unexpected failures 12
# of expected failures 66
# of unsupported tests 258
Compiler version: 7.3.1 20180816 [gcc-7-branch revision 263578] (GCC)
Platform: powerpc64-unknown-linux-gnu
configure flags: --prefix=/opt/gcc-nightly/7 --with-as=/usr/bin/as --with-ld=/usr/bin/ld --enable-languages=c,c++,fortran,objc,obj-c++,go --disable-multilib --disable-multilib --with-cpu=power7