This is the mail archive of the
gcc-testresults@gcc.gnu.org
mailing list for the GCC project.
Results for 8.2.1 20180809 [gcc-8-branch revision 263445] (GCC) testsuite on powerpc64-unknown-linux-gnu
- From: "Bill Seurer (POWER7)" <seurer at linux dot ibm dot com>
- To: gcc-testresults at gcc dot gnu dot org
- Date: Thu, 9 Aug 2018 09:49:33 -0500
- Subject: Results for 8.2.1 20180809 [gcc-8-branch revision 263445] (GCC) testsuite on powerpc64-unknown-linux-gnu
Linux 4.17.3-100.fc27.ppc64 ppc64
GNU ld version 2.29-13.fc27
GNU assembler version 2.29-13.fc27
GNU Make 4.2.1
DejaGnu:
DejaGnu version 1.6
Expect version 5.45
Tcl version 8.6
64-bit
LAST_UPDATED: Thu Aug 9 13:21:14 UTC 2018 (revision 263445)
Native configuration is powerpc64-unknown-linux-gnu
=== go tests ===
Running target unix
FAIL: go.test/test/ken/cplx2.go execution, -O2 -g
=== go Summary ===
# of expected passes 7281
# of unexpected failures 1
# of expected failures 1
# of untested testcases 7
# of unsupported tests 3
/home/gccbuild/build/nightly/build-gcc-8/gcc/gccgo version 8.2.1 20180809 [gcc-8-branch revision 263445] (GCC)
=== obj-c++ tests ===
Running target unix
=== obj-c++ Summary ===
# of expected passes 1456
# of expected failures 10
# of unsupported tests 77
/home/gccbuild/build/nightly/build-gcc-8/gcc/xg++ version 8.2.1 20180809 [gcc-8-branch revision 263445] (GCC)
=== objc tests ===
Running target unix
=== objc Summary ===
# of expected passes 2803
# of unsupported tests 68
/home/gccbuild/build/nightly/build-gcc-8/gcc/xgcc version 8.2.1 20180809 [gcc-8-branch revision 263445] (GCC)
=== gotools tests ===
=== gotools Summary ===
# of expected passes 383
# of untested testcases 195
/home/gccbuild/build/nightly/build-gcc-8/./gcc/gccgo version 8.2.1 20180809 [gcc-8-branch revision 263445] (GCC)
=== libatomic tests ===
Running target unix
=== libatomic Summary ===
# of expected passes 54
=== libffi tests ===
Running target unix
=== libffi Summary ===
# of expected passes 1934
# of unsupported tests 28
=== libgo tests ===
Running target unix
FAIL: crypto/sha512
=== libgo Summary ===
# of expected passes 61
# of unexpected failures 1
/home/gccbuild/build/nightly/build-gcc-8/./gcc/gccgo version 8.2.1 20180809 [gcc-8-branch revision 263445] (GCC)
=== libgomp tests ===
Running target unix
FAIL: libgomp.fortran/alloc-comp-3.f90 -O2 (test for excess errors)
UNRESOLVED: libgomp.fortran/alloc-comp-3.f90 -O2 compilation failed to produce executable
FAIL: libgomp.fortran/allocatable12.f90 -Os (test for excess errors)
UNRESOLVED: libgomp.fortran/allocatable12.f90 -Os compilation failed to produce executable
FAIL: libgomp.fortran/allocatable2.f90 -O0 (test for excess errors)
UNRESOLVED: libgomp.fortran/allocatable2.f90 -O0 compilation failed to produce executable
FAIL: libgomp.fortran/allocatable2.f90 -O1 (test for excess errors)
UNRESOLVED: libgomp.fortran/allocatable2.f90 -O1 compilation failed to produce executable
FAIL: libgomp.fortran/allocatable2.f90 -O2 (test for excess errors)
UNRESOLVED: libgomp.fortran/allocatable2.f90 -O2 compilation failed to produce executable
FAIL: libgomp.fortran/allocatable2.f90 -O3 -fomit-frame-pointer -funroll-loops -fpeel-loops -ftracer -finline-functions (test for excess errors)
UNRESOLVED: libgomp.fortran/allocatable2.f90 -O3 -fomit-frame-pointer -funroll-loops -fpeel-loops -ftracer -finline-functions compilation failed to produce executable
FAIL: libgomp.fortran/allocatable2.f90 -O3 -g (test for excess errors)
UNRESOLVED: libgomp.fortran/allocatable2.f90 -O3 -g compilation failed to produce executable
FAIL: libgomp.fortran/allocatable2.f90 -Os (test for excess errors)
UNRESOLVED: libgomp.fortran/allocatable2.f90 -Os compilation failed to produce executable
FAIL: libgomp.fortran/allocatable3.f90 -O0 (test for excess errors)
UNRESOLVED: libgomp.fortran/allocatable3.f90 -O0 compilation failed to produce executable
FAIL: libgomp.fortran/allocatable3.f90 -O1 (test for excess errors)
UNRESOLVED: libgomp.fortran/allocatable3.f90 -O1 compilation failed to produce executable
FAIL: libgomp.fortran/allocatable3.f90 -O2 (test for excess errors)
UNRESOLVED: libgomp.fortran/allocatable3.f90 -O2 compilation failed to produce executable
FAIL: libgomp.fortran/allocatable3.f90 -O3 -fomit-frame-pointer -funroll-loops -fpeel-loops -ftracer -finline-functions (test for excess errors)
UNRESOLVED: libgomp.fortran/allocatable3.f90 -O3 -fomit-frame-pointer -funroll-loops -fpeel-loops -ftracer -finline-functions compilation failed to produce executable
FAIL: libgomp.fortran/allocatable3.f90 -O3 -g (test for excess errors)
UNRESOLVED: libgomp.fortran/allocatable3.f90 -O3 -g compilation failed to produce executable
FAIL: libgomp.fortran/allocatable3.f90 -Os (test for excess errors)
UNRESOLVED: libgomp.fortran/allocatable3.f90 -Os compilation failed to produce executable
FAIL: libgomp.fortran/allocatable4.f90 -O0 (test for excess errors)
UNRESOLVED: libgomp.fortran/allocatable4.f90 -O0 compilation failed to produce executable
FAIL: libgomp.fortran/allocatable4.f90 -O1 (test for excess errors)
UNRESOLVED: libgomp.fortran/allocatable4.f90 -O1 compilation failed to produce executable
FAIL: libgomp.fortran/allocatable4.f90 -O2 (test for excess errors)
UNRESOLVED: libgomp.fortran/allocatable4.f90 -O2 compilation failed to produce executable
FAIL: libgomp.fortran/allocatable4.f90 -O3 -fomit-frame-pointer -funroll-loops -fpeel-loops -ftracer -finline-functions (test for excess errors)
UNRESOLVED: libgomp.fortran/allocatable4.f90 -O3 -fomit-frame-pointer -funroll-loops -fpeel-loops -ftracer -finline-functions compilation failed to produce executable
FAIL: libgomp.fortran/allocatable4.f90 -O3 -g (test for excess errors)
UNRESOLVED: libgomp.fortran/allocatable4.f90 -O3 -g compilation failed to produce executable
FAIL: libgomp.fortran/allocatable4.f90 -Os (test for excess errors)
UNRESOLVED: libgomp.fortran/allocatable4.f90 -Os compilation failed to produce executable
FAIL: libgomp.fortran/allocatable5.f90 -O0 (test for excess errors)
UNRESOLVED: libgomp.fortran/allocatable5.f90 -O0 compilation failed to produce executable
FAIL: libgomp.fortran/allocatable5.f90 -O1 (test for excess errors)
UNRESOLVED: libgomp.fortran/allocatable5.f90 -O1 compilation failed to produce executable
FAIL: libgomp.fortran/allocatable5.f90 -O2 (test for excess errors)
UNRESOLVED: libgomp.fortran/allocatable5.f90 -O2 compilation failed to produce executable
FAIL: libgomp.fortran/allocatable5.f90 -O3 -fomit-frame-pointer -funroll-loops -fpeel-loops -ftracer -finline-functions (test for excess errors)
UNRESOLVED: libgomp.fortran/allocatable5.f90 -O3 -fomit-frame-pointer -funroll-loops -fpeel-loops -ftracer -finline-functions compilation failed to produce executable
FAIL: libgomp.fortran/allocatable5.f90 -O3 -g (test for excess errors)
UNRESOLVED: libgomp.fortran/allocatable5.f90 -O3 -g compilation failed to produce executable
FAIL: libgomp.fortran/allocatable5.f90 -Os (test for excess errors)
UNRESOLVED: libgomp.fortran/allocatable5.f90 -Os compilation failed to produce executable
FAIL: libgomp.fortran/allocatable6.f90 -O0 (test for excess errors)
UNRESOLVED: libgomp.fortran/allocatable6.f90 -O0 compilation failed to produce executable
FAIL: libgomp.fortran/allocatable6.f90 -O1 (test for excess errors)
UNRESOLVED: libgomp.fortran/allocatable6.f90 -O1 compilation failed to produce executable
FAIL: libgomp.fortran/allocatable6.f90 -O2 (test for excess errors)
UNRESOLVED: libgomp.fortran/allocatable6.f90 -O2 compilation failed to produce executable
FAIL: libgomp.fortran/allocatable6.f90 -O3 -fomit-frame-pointer -funroll-loops -fpeel-loops -ftracer -finline-functions (test for excess errors)
UNRESOLVED: libgomp.fortran/allocatable6.f90 -O3 -fomit-frame-pointer -funroll-loops -fpeel-loops -ftracer -finline-functions compilation failed to produce executable
FAIL: libgomp.fortran/allocatable6.f90 -O3 -g (test for excess errors)
UNRESOLVED: libgomp.fortran/allocatable6.f90 -O3 -g compilation failed to produce executable
FAIL: libgomp.fortran/allocatable6.f90 -Os (test for excess errors)
UNRESOLVED: libgomp.fortran/allocatable6.f90 -Os compilation failed to produce executable
FAIL: libgomp.fortran/allocatable7.f90 -O0 (test for excess errors)
UNRESOLVED: libgomp.fortran/allocatable7.f90 -O0 compilation failed to produce executable
FAIL: libgomp.fortran/allocatable7.f90 -O1 (test for excess errors)
UNRESOLVED: libgomp.fortran/allocatable7.f90 -O1 compilation failed to produce executable
FAIL: libgomp.fortran/allocatable7.f90 -O2 (test for excess errors)
UNRESOLVED: libgomp.fortran/allocatable7.f90 -O2 compilation failed to produce executable
FAIL: libgomp.fortran/allocatable7.f90 -O3 -fomit-frame-pointer -funroll-loops -fpeel-loops -ftracer -finline-functions (test for excess errors)
UNRESOLVED: libgomp.fortran/allocatable7.f90 -O3 -fomit-frame-pointer -funroll-loops -fpeel-loops -ftracer -finline-functions compilation failed to produce executable
FAIL: libgomp.fortran/allocatable7.f90 -O3 -g (test for excess errors)
UNRESOLVED: libgomp.fortran/allocatable7.f90 -O3 -g compilation failed to produce executable
=== libgomp Summary ===
# of expected passes 5332
# of unexpected failures 37
# of unresolved testcases 37
# of unsupported tests 362
=== libitm tests ===
Running target unix
=== libitm Summary ===
# of expected passes 42
# of expected failures 3
# of unsupported tests 1
=== libstdc++ tests ===
Running target unix
FAIL: libstdc++-prettyprinters/cxx17.cc print ab
FAIL: libstdc++-prettyprinters/cxx17.cc print ab
FAIL: libstdc++-prettyprinters/cxx17.cc print ai
FAIL: libstdc++-prettyprinters/cxx17.cc print ai
FAIL: libstdc++-prettyprinters/cxx17.cc print am
FAIL: libstdc++-prettyprinters/cxx17.cc print am
FAIL: libstdc++-prettyprinters/cxx17.cc print ap
FAIL: libstdc++-prettyprinters/cxx17.cc print ap
FAIL: libstdc++-prettyprinters/cxx17.cc print as
FAIL: libstdc++-prettyprinters/cxx17.cc print as
FAIL: libstdc++-prettyprinters/cxx17.cc print as2
FAIL: libstdc++-prettyprinters/cxx17.cc print as2
FAIL: libstdc++-prettyprinters/libfundts.cc print ab
FAIL: libstdc++-prettyprinters/libfundts.cc print ab
FAIL: libstdc++-prettyprinters/libfundts.cc print ai
FAIL: libstdc++-prettyprinters/libfundts.cc print ai
FAIL: libstdc++-prettyprinters/libfundts.cc print am
FAIL: libstdc++-prettyprinters/libfundts.cc print am
FAIL: libstdc++-prettyprinters/libfundts.cc print ap
FAIL: libstdc++-prettyprinters/libfundts.cc print ap
FAIL: libstdc++-prettyprinters/libfundts.cc print as
FAIL: libstdc++-prettyprinters/libfundts.cc print as
FAIL: libstdc++-prettyprinters/libfundts.cc print as2
FAIL: libstdc++-prettyprinters/libfundts.cc print as2
=== libstdc++ Summary ===
# of expected passes 12955
# of unexpected failures 24
# of expected failures 71
# of unsupported tests 266
Compiler version: 8.2.1 20180809 [gcc-8-branch revision 263445] (GCC)
Platform: powerpc64-unknown-linux-gnu
configure flags: --prefix=/opt/gcc-nightly/8 --with-as=/usr/bin/as --with-ld=/usr/bin/ld --enable-languages=c,c++,fortran,objc,obj-c++,go --disable-multilib --disable-multilib --with-cpu=power7