This is the mail archive of the
gcc-testresults@gcc.gnu.org
mailing list for the GCC project.
Results for 9.0.0 20180803 (experimental) [trunk revision 263286] (GCC) testsuite on x86_64-pc-solaris2.11
- From: Rainer Orth <ro at CeBiTec dot Uni-Bielefeld dot DE>
- To: gcc-testresults at gcc dot gnu dot org
- Date: Sat, 4 Aug 2018 10:01:17 +0200 (CEST)
- Subject: Results for 9.0.0 20180803 (experimental) [trunk revision 263286] (GCC) testsuite on x86_64-pc-solaris2.11
LAST_UPDATED: Fri Aug 3 08:46:16 UTC 2018 (revision 263286)
Native configuration is x86_64-pc-solaris2.11
=== libatomic tests ===
Running target unix/-m32
=== libatomic Summary for unix/-m32 ===
# of expected passes 44
# of unsupported tests 5
Running target unix
=== libatomic Summary for unix ===
# of expected passes 54
=== libatomic Summary ===
# of expected passes 98
# of unsupported tests 5
=== libffi tests ===
Running target unix/-m32
=== libffi Summary for unix/-m32 ===
# of expected passes 2799
Running target unix
=== libffi Summary for unix ===
# of expected passes 2214
=== libffi Summary ===
# of expected passes 5013
=== libgo tests ===
Running target unix
FAIL: go/build
FAIL: net/http
=== libgo Summary for unix ===
# of expected passes 162
# of unexpected failures 2
Running target unix/-m32
FAIL: go/build
FAIL: runtime
=== libgo Summary for unix/-m32 ===
# of expected passes 162
# of unexpected failures 2
=== libgo Summary ===
# of expected passes 324
# of unexpected failures 4
/var/gcc/regression/trunk/11.4-gcc-64/build/./gcc/gccgo version 9.0.0 20180803 (experimental) [trunk revision 263286] (GCC)
=== libgomp tests ===
Running target unix/-m32
UNRESOLVED: libgomp.oacc-c++/non-scalar-data.C -DACC_DEVICE_TYPE_host=1 -DACC_MEM_SHARED=1 -O2 compilation failed to produce executable
=== libgomp Summary for unix/-m32 ===
# of expected passes 5928
# of expected failures 3
# of unresolved testcases 1
# of unsupported tests 384
Running target unix
UNRESOLVED: libgomp.oacc-c++/non-scalar-data.C -DACC_DEVICE_TYPE_host=1 -DACC_MEM_SHARED=1 -O2 compilation failed to produce executable
=== libgomp Summary for unix ===
# of expected passes 5928
# of expected failures 3
# of unresolved testcases 1
# of unsupported tests 384
=== libgomp Summary ===
# of expected passes 11856
# of expected failures 6
# of unresolved testcases 2
# of unsupported tests 768
=== libitm tests ===
Running target unix/-m32
=== libitm Summary for unix/-m32 ===
# of expected passes 42
# of expected failures 3
# of unsupported tests 1
Running target unix
=== libitm Summary for unix ===
# of expected passes 42
# of expected failures 3
# of unsupported tests 1
=== libitm Summary ===
# of expected passes 84
# of expected failures 6
# of unsupported tests 2
=== libstdc++ tests ===
Running target unix
=== libstdc++ Summary for unix ===
# of expected passes 11594
# of expected failures 77
# of unsupported tests 647
Running target unix/-m32
=== libstdc++ Summary for unix/-m32 ===
# of expected passes 11600
# of expected failures 79
# of unsupported tests 643
=== libstdc++ Summary ===
# of expected passes 23194
# of expected failures 156
# of unsupported tests 1290
=== acats tests ===
=== acats Summary ===
# of expected passes 2320
# of unexpected failures 0
=== g++ tests ===
Running target unix
FAIL: g++.dg/pr80481.C -std=gnu++11 scan-assembler-not vmovaps
FAIL: g++.dg/pr80481.C -std=gnu++14 scan-assembler-not vmovaps
FAIL: g++.dg/pr80481.C -std=gnu++98 scan-assembler-not vmovaps
FAIL: g++.dg/pr83239.C -std=gnu++11 scan-tree-dump-not optimized "_ZNSt6vectorIiSaIiEE17_M_default_appendEm"
FAIL: g++.dg/pr83239.C -std=gnu++14 scan-tree-dump-not optimized "_ZNSt6vectorIiSaIiEE17_M_default_appendEm"
FAIL: g++.dg/gcov/pr16855-priority.C -std=gnu++11 gcov: 1 failures in line counts, 0 in branch percentages, 0 in return percentages, 0 in intermediate format
FAIL: g++.dg/gcov/pr16855-priority.C -std=gnu++11 line 22: is #####:should be 1
FAIL: g++.dg/gcov/pr16855-priority.C -std=gnu++14 gcov: 1 failures in line counts, 0 in branch percentages, 0 in return percentages, 0 in intermediate format
FAIL: g++.dg/gcov/pr16855-priority.C -std=gnu++14 line 22: is #####:should be 1
FAIL: g++.dg/gcov/pr16855-priority.C -std=gnu++98 gcov: 1 failures in line counts, 0 in branch percentages, 0 in return percentages, 0 in intermediate format
FAIL: g++.dg/gcov/pr16855-priority.C -std=gnu++98 line 22: is #####:should be 1
FAIL: g++.dg/gcov/pr16855.C -std=gnu++11 gcov: 1 failures in line counts, 0 in branch percentages, 0 in return percentages, 0 in intermediate format
FAIL: g++.dg/gcov/pr16855.C -std=gnu++11 line 21: is #####:should be 1
FAIL: g++.dg/gcov/pr16855.C -std=gnu++14 gcov: 1 failures in line counts, 0 in branch percentages, 0 in return percentages, 0 in intermediate format
FAIL: g++.dg/gcov/pr16855.C -std=gnu++14 line 21: is #####:should be 1
FAIL: g++.dg/gcov/pr16855.C -std=gnu++98 gcov: 1 failures in line counts, 0 in branch percentages, 0 in return percentages, 0 in intermediate format
FAIL: g++.dg/gcov/pr16855.C -std=gnu++98 line 21: is #####:should be 1
=== g++ Summary for unix ===
# of expected passes 117345
# of unexpected failures 17
# of expected failures 528
# of unsupported tests 4920
Running target unix/-m32
FAIL: g++.dg/Walloca1.C -std=gnu++11 (test for warnings, line 7)
FAIL: g++.dg/Walloca1.C -std=gnu++14 (test for warnings, line 7)
FAIL: g++.dg/Walloca1.C -std=gnu++98 (test for warnings, line 7)
FAIL: g++.dg/opt/pr59470.C -std=gnu++11 (test for excess errors)
UNRESOLVED: g++.dg/opt/pr59470.C -std=gnu++11 compilation failed to produce executable
FAIL: g++.dg/opt/pr59470.C -std=gnu++14 (test for excess errors)
UNRESOLVED: g++.dg/opt/pr59470.C -std=gnu++14 compilation failed to produce executable
FAIL: g++.dg/opt/pr59470.C -std=gnu++98 (test for excess errors)
UNRESOLVED: g++.dg/opt/pr59470.C -std=gnu++98 compilation failed to produce executable
FAIL: g++.dg/gcov/pr16855-priority.C -std=gnu++11 gcov: 1 failures in line counts, 0 in branch percentages, 0 in return percentages, 0 in intermediate format
FAIL: g++.dg/gcov/pr16855-priority.C -std=gnu++11 line 22: is #####:should be 1
FAIL: g++.dg/gcov/pr16855-priority.C -std=gnu++14 gcov: 1 failures in line counts, 0 in branch percentages, 0 in return percentages, 0 in intermediate format
FAIL: g++.dg/gcov/pr16855-priority.C -std=gnu++14 line 22: is #####:should be 1
FAIL: g++.dg/gcov/pr16855-priority.C -std=gnu++98 gcov: 1 failures in line counts, 0 in branch percentages, 0 in return percentages, 0 in intermediate format
FAIL: g++.dg/gcov/pr16855-priority.C -std=gnu++98 line 22: is #####:should be 1
FAIL: g++.dg/gcov/pr16855.C -std=gnu++11 gcov: 1 failures in line counts, 0 in branch percentages, 0 in return percentages, 0 in intermediate format
FAIL: g++.dg/gcov/pr16855.C -std=gnu++11 line 21: is #####:should be 1
FAIL: g++.dg/gcov/pr16855.C -std=gnu++14 gcov: 1 failures in line counts, 0 in branch percentages, 0 in return percentages, 0 in intermediate format
FAIL: g++.dg/gcov/pr16855.C -std=gnu++14 line 21: is #####:should be 1
FAIL: g++.dg/gcov/pr16855.C -std=gnu++98 gcov: 1 failures in line counts, 0 in branch percentages, 0 in return percentages, 0 in intermediate format
FAIL: g++.dg/gcov/pr16855.C -std=gnu++98 line 21: is #####:should be 1
=== g++ Summary for unix/-m32 ===
# of expected passes 115843
# of unexpected failures 18
# of expected failures 525
# of unresolved testcases 3
# of unsupported tests 4728
=== g++ Summary ===
# of expected passes 233188
# of unexpected failures 35
# of expected failures 1053
# of unresolved testcases 3
# of unsupported tests 9648
/var/gcc/regression/trunk/11.4-gcc-64/build/gcc/xg++ version 9.0.0 20180803 (experimental) [trunk revision 263286] (GCC)
=== gcc tests ===
Running target unix
FAIL: gcc.c-torture/compile/pr61159.c -O0 (test for excess errors)
FAIL: gcc.c-torture/compile/pr61159.c -O1 (test for excess errors)
FAIL: gcc.c-torture/compile/pr61159.c -O2 (test for excess errors)
FAIL: gcc.c-torture/compile/pr61159.c -O2 -flto (test for excess errors)
FAIL: gcc.c-torture/compile/pr61159.c -O2 -flto -flto-partition=none (test for excess errors)
FAIL: gcc.c-torture/compile/pr61159.c -O3 -g (test for excess errors)
FAIL: gcc.c-torture/compile/pr61159.c -Os (test for excess errors)
FAIL: gcc.dg/attr-weakref-1.c (test for excess errors)
UNRESOLVED: gcc.dg/attr-weakref-1.c compilation failed to produce executable
FAIL: gcc.dg/ipa/ipa-icf-38.c scan-ltrans-tree-dump-not optimized "Function bar"
FAIL: gcc.target/i386/avx-cvt-2.c scan-assembler vcvtps2pd[^\\n\\r]*(%xmm[^\\n\\r]*%ymm|ymm[^\\n\\r]*xmm)
FAIL: gcc.target/i386/avx2-cvt-2.c scan-assembler vcvtps2pd[^\\n\\r]*(%xmm[^\\n\\r]*%ymm|ymm[^\\n\\r]*xmm)
FAIL: gcc.target/i386/avx512vl-vcvtudq2ps-2.c (test for excess errors)
UNRESOLVED: gcc.target/i386/avx512vl-vcvtudq2ps-2.c compilation failed to produce executable
FAIL: gcc.target/i386/pr80569.c (test for excess errors)
=== gcc Summary for unix ===
# of expected passes 124963
# of unexpected failures 13
# of expected failures 420
# of unresolved testcases 2
# of unsupported tests 2657
Running target unix/-m32
FAIL: gcc.c-torture/compile/pr61159.c -O0 (test for excess errors)
FAIL: gcc.c-torture/compile/pr61159.c -O1 (test for excess errors)
FAIL: gcc.c-torture/compile/pr61159.c -O2 (test for excess errors)
FAIL: gcc.c-torture/compile/pr61159.c -O2 -flto (test for excess errors)
FAIL: gcc.c-torture/compile/pr61159.c -O2 -flto -flto-partition=none (test for excess errors)
FAIL: gcc.c-torture/compile/pr61159.c -O3 -g (test for excess errors)
FAIL: gcc.c-torture/compile/pr61159.c -Os (test for excess errors)
FAIL: gcc.dg/Wvla-larger-than-3.c (test for warnings, line 66)
FAIL: gcc.dg/attr-alloc_size-3.c (test for warnings, line 403)
FAIL: gcc.dg/attr-alloc_size-3.c (test for warnings, line 404)
FAIL: gcc.dg/attr-alloc_size-3.c (test for warnings, line 406)
FAIL: gcc.dg/attr-alloc_size-3.c (test for warnings, line 407)
FAIL: gcc.dg/attr-alloc_size-3.c (test for warnings, line 408)
FAIL: gcc.dg/attr-alloc_size-3.c (test for warnings, line 409)
FAIL: gcc.dg/attr-alloc_size-3.c (test for warnings, line 410)
FAIL: gcc.dg/attr-alloc_size-3.c (test for warnings, line 413)
FAIL: gcc.dg/attr-alloc_size-3.c (test for warnings, line 414)
FAIL: gcc.dg/attr-alloc_size-3.c (test for warnings, line 416)
FAIL: gcc.dg/attr-alloc_size-3.c (test for warnings, line 438)
FAIL: gcc.dg/attr-alloc_size-3.c (test for warnings, line 449)
FAIL: gcc.dg/attr-alloc_size-3.c (test for warnings, line 453)
FAIL: gcc.dg/attr-alloc_size-3.c (test for warnings, line 454)
FAIL: gcc.dg/attr-alloc_size-3.c (test for warnings, line 455)
FAIL: gcc.dg/attr-alloc_size-3.c (test for excess errors)
FAIL: gcc.dg/attr-alloc_size-3.c argument 2 (test for warnings, line 410)
FAIL: gcc.dg/attr-alloc_size-3.c argument 2 (test for warnings, line 455)
FAIL: gcc.dg/attr-weakref-1.c (test for excess errors)
UNRESOLVED: gcc.dg/attr-weakref-1.c compilation failed to produce executable
FAIL: gcc.dg/pr42611.c (test for warnings, line 17)
FAIL: gcc.dg/ipa/ipa-icf-38.c scan-ltrans-tree-dump-not optimized "Function bar"
XPASS: gcc.target/i386/addr-sel-1.c scan-assembler b\\\\+1
FAIL: gcc.target/i386/pr80569.c (test for excess errors)
=== gcc Summary for unix/-m32 ===
# of expected passes 123246
# of unexpected failures 30
# of unexpected successes 1
# of expected failures 424
# of unresolved testcases 1
# of unsupported tests 2762
=== gcc Summary ===
# of expected passes 248209
# of unexpected failures 43
# of unexpected successes 1
# of expected failures 844
# of unresolved testcases 3
# of unsupported tests 5419
/var/gcc/regression/trunk/11.4-gcc-64/build/gcc/xgcc version 9.0.0 20180803 (experimental) [trunk revision 263286] (GCC)
=== gfortran tests ===
Running target unix
=== gfortran Summary for unix ===
# of expected passes 47552
# of expected failures 104
# of unsupported tests 94
Running target unix/-m32
=== gfortran Summary for unix/-m32 ===
# of expected passes 47335
# of expected failures 104
# of unsupported tests 197
=== gfortran Summary ===
# of expected passes 94887
# of expected failures 208
# of unsupported tests 291
/var/gcc/regression/trunk/11.4-gcc-64/build/gcc/gfortran version 9.0.0 20180803 (experimental) [trunk revision 263286] (GCC)
=== gnat tests ===
Running target unix
=== gnat Summary for unix ===
# of expected passes 2863
# of expected failures 24
# of unsupported tests 8
Running target unix/-m32
=== gnat Summary for unix/-m32 ===
# of expected passes 2863
# of expected failures 24
# of unsupported tests 8
=== gnat Summary ===
# of expected passes 5726
# of expected failures 48
# of unsupported tests 16
/var/gcc/regression/trunk/11.4-gcc-64/build/gcc/gnatmake version 9.0.0 20180803 (experimental) [trunk revision 263286]
=== go tests ===
Running target unix
FAIL: ./index0-out.go compilation, -O0 -g -fno-var-tracking-assignments
=== go Summary for unix ===
# of expected passes 7276
# of unexpected failures 1
# of expected failures 1
# of untested testcases 11
# of unsupported tests 1
Running target unix/-m32
FAIL: ./index0-out.go compilation, -O0 -g -fno-var-tracking-assignments
=== go Summary for unix/-m32 ===
# of expected passes 7395
# of unexpected failures 1
# of expected failures 1
# of untested testcases 11
# of unsupported tests 2
=== go Summary ===
# of expected passes 14671
# of unexpected failures 2
# of expected failures 2
# of untested testcases 22
# of unsupported tests 3
=== obj-c++ tests ===
Running target unix/-m32
=== obj-c++ Summary for unix/-m32 ===
# of expected passes 1464
# of expected failures 2
# of unsupported tests 77
Running target unix
=== obj-c++ Summary for unix ===
# of expected passes 1456
# of expected failures 10
# of unsupported tests 77
=== obj-c++ Summary ===
# of expected passes 2920
# of expected failures 12
# of unsupported tests 154
/var/gcc/regression/trunk/11.4-gcc-64/build/gcc/xg++ version 9.0.0 20180803 (experimental) [trunk revision 263286] (GCC)
=== objc tests ===
Running target unix
=== objc Summary for unix ===
# of expected passes 2797
# of expected failures 6
# of unsupported tests 68
Running target unix/-m32
=== objc Summary for unix/-m32 ===
# of expected passes 2797
# of expected failures 6
# of unsupported tests 68
=== objc Summary ===
# of expected passes 5594
# of expected failures 12
# of unsupported tests 136
/var/gcc/regression/trunk/11.4-gcc-64/build/gcc/xgcc version 9.0.0 20180803 (experimental) [trunk revision 263286] (GCC)
=== gotools tests ===
FAIL: TestNoCache
FAIL: go test cmd/go
FAIL: TestCompileWithoutShared
FAIL: TestEarlySignalHandler
FAIL: TestInstall
FAIL: TestOsSignal
FAIL: TestPIE
FAIL: TestSIGPROF
FAIL: TestSigaltstack
FAIL: TestSignalForwarding
FAIL: TestSignalForwardingExternal
FAIL: go test misc/cgo/testcarchive
=== gotools Summary ===
# of expected passes 371
# of unexpected failures 12
# of untested testcases 192
/var/gcc/regression/trunk/11.4-gcc-64/build/./gcc/gccgo version 9.0.0 20180803 (experimental) [trunk revision 263286] (GCC)
Compiler version: 9.0.0 20180803 (experimental) [trunk revision 263286] (GCC)
Platform: x86_64-pc-solaris2.11
configure flags: --prefix=/vol/gcc --target=amd64-pc-solaris2.11 --enable-objc-gc --with-target-bdw-gc-include=/vol/gcc/include --with-target-bdw-gc-lib=/vol/gcc/lib/amd64,32=/vol/gcc/lib --enable-libmudflap --with-as=/usr/ccs/bin/as --without-gnu-as --with-gmp-include=/vol/gcc/include --with-gmp-lib=/vol/gcc/lib/amd64 --with-mpfr-include=/vol/gcc/include --with-mpfr-lib=/vol/gcc/lib/amd64 --with-mpc-include=/vol/gcc/include --with-mpc-lib=/vol/gcc/lib/amd64 --enable-languages=all,ada,obj-c++,go --with-isl-include=/vol/gcc/include --with-isl-lib=/vol/gcc/lib/amd64 --build=amd64-pc-solaris2.11 --host=amd64-pc-solaris2.11
BOOT_CFLAGS=-g -O2