This is the mail archive of the
gcc-testresults@gcc.gnu.org
mailing list for the GCC project.
Results for 9.0.0 20180727 (experimental) [trunk revision 263028] (GCC) testsuite on sparc-sun-solaris2.11
- From: Rainer Orth <ro at CeBiTec dot Uni-Bielefeld dot DE>
- To: gcc-testresults at gcc dot gnu dot org
- Date: Fri, 27 Jul 2018 15:28:23 +0200 (MEST)
- Subject: Results for 9.0.0 20180727 (experimental) [trunk revision 263028] (GCC) testsuite on sparc-sun-solaris2.11
LAST_UPDATED: Fri Jul 27 09:12:22 UTC 2018 (revision 263028)
=== acats tests ===
FAIL: c34005d
FAIL: c52103c
=== acats Summary ===
# of expected passes 2318
# of unexpected failures 2
Native configuration is sparc-sun-solaris2.11
=== g++ tests ===
Running target unix
FAIL: g++.dg/Walloca1.C -std=gnu++11 (test for warnings, line 7)
FAIL: g++.dg/Walloca1.C -std=gnu++14 (test for warnings, line 7)
FAIL: g++.dg/Walloca1.C -std=gnu++98 (test for warnings, line 7)
=== g++ Summary for unix ===
# of expected passes 114173
# of unexpected failures 3
# of expected failures 528
# of unsupported tests 5328
Running target unix/-m64
FAIL: g++.dg/pr83239.C -std=gnu++11 scan-tree-dump-not optimized "_ZNSt6vectorIiSaIiEE17_M_default_appendEm"
FAIL: g++.dg/pr83239.C -std=gnu++14 scan-tree-dump-not optimized "_ZNSt6vectorIiSaIiEE17_M_default_appendEm"
=== g++ Summary for unix/-m64 ===
# of expected passes 116071
# of unexpected failures 2
# of expected failures 531
# of unsupported tests 5297
=== g++ Summary ===
# of expected passes 230244
# of unexpected failures 5
# of expected failures 1059
# of unsupported tests 10625
/var/gcc/regression/trunk/11-gcc/build/gcc/xg++ version 9.0.0 20180727 (experimental) [trunk revision 263028] (GCC)
=== gcc tests ===
Running target unix
FAIL: gcc.dg/Wvla-larger-than-3.c (test for warnings, line 66)
FAIL: gcc.dg/attr-alloc_size-3.c (test for warnings, line 403)
FAIL: gcc.dg/attr-alloc_size-3.c (test for warnings, line 404)
FAIL: gcc.dg/attr-alloc_size-3.c (test for warnings, line 406)
FAIL: gcc.dg/attr-alloc_size-3.c (test for warnings, line 407)
FAIL: gcc.dg/attr-alloc_size-3.c (test for warnings, line 408)
FAIL: gcc.dg/attr-alloc_size-3.c (test for warnings, line 409)
FAIL: gcc.dg/attr-alloc_size-3.c (test for warnings, line 410)
FAIL: gcc.dg/attr-alloc_size-3.c (test for warnings, line 413)
FAIL: gcc.dg/attr-alloc_size-3.c (test for warnings, line 414)
FAIL: gcc.dg/attr-alloc_size-3.c (test for warnings, line 416)
FAIL: gcc.dg/attr-alloc_size-3.c (test for warnings, line 438)
FAIL: gcc.dg/attr-alloc_size-3.c (test for warnings, line 449)
FAIL: gcc.dg/attr-alloc_size-3.c (test for warnings, line 453)
FAIL: gcc.dg/attr-alloc_size-3.c (test for warnings, line 454)
FAIL: gcc.dg/attr-alloc_size-3.c (test for warnings, line 455)
FAIL: gcc.dg/attr-alloc_size-3.c (test for excess errors)
FAIL: gcc.dg/attr-alloc_size-3.c argument 2 (test for warnings, line 410)
FAIL: gcc.dg/attr-alloc_size-3.c argument 2 (test for warnings, line 455)
FAIL: gcc.dg/pr42611.c (test for warnings, line 17)
FAIL: gcc.dg/visibility-22.c execution test
FAIL: gcc.dg/ipa/ipa-icf-38.c scan-ltrans-tree-dump-not optimized "Function bar"
FAIL: gcc.dg/simulate-thread/atomic-other-int.c -O2 -g thread simulation test
FAIL: gcc.dg/simulate-thread/atomic-other-int.c -O3 -g thread simulation test
FAIL: gcc.dg/simulate-thread/speculative-store-4.c -O0 -g thread simulation test
FAIL: gcc.dg/simulate-thread/speculative-store-4.c -O2 -g thread simulation test
FAIL: gcc.dg/simulate-thread/speculative-store-4.c -O3 -g thread simulation test
FAIL: gcc.dg/simulate-thread/speculative-store.c -O0 -g thread simulation test
FAIL: gcc.dg/torture/pr60092.c -O0 execution test
XPASS: gcc.dg/vect/bb-slp-div-1.c -flto -ffat-lto-objects scan-tree-dump slp2 "basic block vectorized"
XPASS: gcc.dg/vect/bb-slp-div-1.c scan-tree-dump slp2 "basic block vectorized"
FAIL: gcc.dg/vect/no-section-anchors-vect-69.c scan-tree-dump-times vect "vectorized 4 loops" 1
=== gcc Summary for unix ===
# of expected passes 103916
# of unexpected failures 30
# of unexpected successes 2
# of expected failures 492
# of unsupported tests 2821
Running target unix/-m64
FAIL: gcc.dg/visibility-22.c execution test
FAIL: gcc.dg/ipa/ipa-icf-38.c scan-ltrans-tree-dump-not optimized "Function bar"
FAIL: gcc.dg/torture/pr60092.c -O0 execution test
XPASS: gcc.dg/vect/bb-slp-div-1.c -flto -ffat-lto-objects scan-tree-dump slp2 "basic block vectorized"
XPASS: gcc.dg/vect/bb-slp-div-1.c scan-tree-dump slp2 "basic block vectorized"
FAIL: gcc.dg/vect/no-section-anchors-vect-69.c scan-tree-dump-times vect "vectorized 4 loops" 1
=== gcc Summary for unix/-m64 ===
# of expected passes 105058
# of unexpected failures 4
# of unexpected successes 2
# of expected failures 486
# of unsupported tests 2580
=== gcc Summary ===
# of expected passes 208974
# of unexpected failures 34
# of unexpected successes 4
# of expected failures 978
# of unsupported tests 5401
/var/gcc/regression/trunk/11-gcc/build/gcc/xgcc version 9.0.0 20180727 (experimental) [trunk revision 263028] (GCC)
=== gfortran tests ===
Running target unix
FAIL: gfortran.dg/elemental_subroutine_3.f90 -O1 (test for excess errors)
FAIL: gfortran.dg/elemental_subroutine_3.f90 -O2 (test for excess errors)
FAIL: gfortran.dg/elemental_subroutine_3.f90 -O3 -fomit-frame-pointer -funroll-loops -fpeel-loops -ftracer -finline-functions (test for excess errors)
FAIL: gfortran.dg/elemental_subroutine_3.f90 -O3 -g (test for excess errors)
FAIL: gfortran.dg/elemental_subroutine_3.f90 -Os (test for excess errors)
FAIL: gfortran.dg/unlimited_polymorphic_30.f03 -O0 execution test
FAIL: gfortran.dg/unlimited_polymorphic_30.f03 -O1 execution test
=== gfortran Summary for unix ===
# of expected passes 47187
# of unexpected failures 7
# of expected failures 103
# of unsupported tests 265
Running target unix/-m64
FAIL: gfortran.dg/elemental_subroutine_3.f90 -O1 (test for excess errors)
FAIL: gfortran.dg/elemental_subroutine_3.f90 -O2 (test for excess errors)
FAIL: gfortran.dg/elemental_subroutine_3.f90 -O3 -fomit-frame-pointer -funroll-loops -fpeel-loops -ftracer -finline-functions (test for excess errors)
FAIL: gfortran.dg/elemental_subroutine_3.f90 -O3 -g (test for excess errors)
FAIL: gfortran.dg/elemental_subroutine_3.f90 -Os (test for excess errors)
FAIL: gfortran.dg/unlimited_polymorphic_30.f03 -O0 execution test
FAIL: gfortran.dg/unlimited_polymorphic_30.f03 -O1 execution test
FAIL: gfortran.dg/unlimited_polymorphic_30.f03 -O2 execution test
FAIL: gfortran.dg/unlimited_polymorphic_30.f03 -O3 -fomit-frame-pointer -funroll-loops -fpeel-loops -ftracer -finline-functions execution test
FAIL: gfortran.dg/unlimited_polymorphic_30.f03 -O3 -g execution test
FAIL: gfortran.dg/unlimited_polymorphic_30.f03 -Os execution test
=== gfortran Summary for unix/-m64 ===
# of expected passes 47430
# of unexpected failures 11
# of expected failures 103
# of unsupported tests 144
=== gfortran Summary ===
# of expected passes 94617
# of unexpected failures 18
# of expected failures 206
# of unsupported tests 409
/var/gcc/regression/trunk/11-gcc/build/gcc/gfortran version 9.0.0 20180727 (experimental) [trunk revision 263028] (GCC)
=== gnat tests ===
Running target unix
UNRESOLVED: gnat.dg/float_attributes_overflows.adb compilation failed to produce executable
=== gnat Summary for unix ===
# of expected passes 2814
# of expected failures 24
# of unresolved testcases 1
# of unsupported tests 27
Running target unix/-m64
FAIL: gnat.dg/sso/q2.adb -O0 execution test
FAIL: gnat.dg/sso/q2.adb -O1 -fno-inline execution test
FAIL: gnat.dg/sso/q2.adb -O2 execution test
FAIL: gnat.dg/sso/q2.adb -O3 -finline-functions execution test
FAIL: gnat.dg/sso/q2.adb -Og -g execution test
FAIL: gnat.dg/sso/q2.adb -Os execution test
FAIL: gnat.dg/sso/q3.adb -O0 execution test
FAIL: gnat.dg/sso/q3.adb -O1 -fno-inline execution test
FAIL: gnat.dg/sso/q3.adb -O2 execution test
FAIL: gnat.dg/sso/q3.adb -O3 -finline-functions execution test
FAIL: gnat.dg/sso/q3.adb -Og -g execution test
FAIL: gnat.dg/sso/q3.adb -Os execution test
=== gnat Summary for unix/-m64 ===
# of expected passes 2791
# of unexpected failures 12
# of expected failures 24
# of unsupported tests 27
=== gnat Summary ===
# of expected passes 5605
# of unexpected failures 12
# of expected failures 48
# of unresolved testcases 1
# of unsupported tests 54
/var/gcc/regression/trunk/11-gcc/build/gcc/gnatmake version 9.0.0 20180727 (experimental) [trunk revision 263028]
=== go tests ===
Running target unix
FAIL: ./index0-out.go execution, -O0 -g -fno-var-tracking-assignments
FAIL: go.test/test/fixedbugs/issue4562.go execution, -O2 -g
FAIL: go.test/test/nil.go execution, -O2 -g
=== go Summary for unix ===
# of expected passes 7391
# of unexpected failures 3
# of expected failures 1
# of untested testcases 11
# of unsupported tests 3
Running target unix/-m64
FAIL: ./index0-out.go execution, -O0 -g -fno-var-tracking-assignments
=== go Summary for unix/-m64 ===
# of expected passes 7273
# of unexpected failures 1
# of expected failures 1
# of untested testcases 11
# of unsupported tests 3
=== go Summary ===
# of expected passes 14664
# of unexpected failures 4
# of expected failures 2
# of untested testcases 22
# of unsupported tests 6
=== obj-c++ tests ===
Running target unix
=== obj-c++ Summary for unix ===
# of expected passes 1464
# of expected failures 2
# of unsupported tests 77
Running target unix/-m64
=== obj-c++ Summary for unix/-m64 ===
# of expected passes 1456
# of expected failures 10
# of unsupported tests 77
=== obj-c++ Summary ===
# of expected passes 2920
# of expected failures 12
# of unsupported tests 154
/var/gcc/regression/trunk/11-gcc/build/gcc/xg++ version 9.0.0 20180727 (experimental) [trunk revision 263028] (GCC)
=== objc tests ===
Running target unix
=== objc Summary for unix ===
# of expected passes 2803
# of unsupported tests 68
Running target unix/-m64
=== objc Summary for unix/-m64 ===
# of expected passes 2803
# of unsupported tests 68
=== objc Summary ===
# of expected passes 5606
# of unsupported tests 136
/var/gcc/regression/trunk/11-gcc/build/gcc/xgcc version 9.0.0 20180727 (experimental) [trunk revision 263028] (GCC)
=== gotools tests ===
FAIL: go test cmd/go
FAIL: TestBreakpoint
FAIL: TestCgoSignalDeadlock
FAIL: TestCrashHandler
FAIL: TestGccgoCrashTracebackNodebug
FAIL: TestPanicInlined
FAIL: TestSelectStackAdjust
FAIL: go test runtime
FAIL: go test misc/cgo/test
FAIL: TestCompileWithoutShared
FAIL: TestEarlySignalHandler
FAIL: TestInstall
FAIL: TestOsSignal
FAIL: TestPIE
FAIL: TestSIGPROF
FAIL: TestSigaltstack
FAIL: TestSignalForwarding
FAIL: TestSignalForwardingExternal
FAIL: go test misc/cgo/testcarchive
=== gotools Summary ===
# of expected passes 156
# of unexpected failures 19
# of untested testcases 52
=== libatomic tests ===
Running target unix
=== libatomic Summary for unix ===
# of expected passes 44
# of unsupported tests 5
Running target unix/-m64
=== libatomic Summary for unix/-m64 ===
# of expected passes 54
=== libatomic Summary ===
# of expected passes 98
# of unsupported tests 5
=== libffi tests ===
Running target unix
FAIL: libffi.complex/return_complex_float.c -W -Wall -Wno-psabi -Os (test for excess errors)
UNRESOLVED: libffi.complex/return_complex_float.c -W -Wall -Wno-psabi -Os compilation failed to produce executable
FAIL: libffi.complex/return_complex_float.c -W -Wall -Wno-psabi -O2 -fomit-frame-pointer (test for excess errors)
UNRESOLVED: libffi.complex/return_complex_float.c -W -Wall -Wno-psabi -O2 -fomit-frame-pointer compilation failed to produce executable
=== libffi Summary for unix ===
# of expected passes 2210
# of unexpected failures 2
# of unresolved testcases 2
Running target unix/-m64
=== libffi Summary for unix/-m64 ===
# of expected passes 2214
=== libffi Summary ===
# of expected passes 4424
# of unexpected failures 2
# of unresolved testcases 2
=== libgo tests ===
Running target unix
FAIL: go/build
FAIL: net/http
FAIL: os/signal
FAIL: runtime
FAIL: runtime/pprof
=== libgo Summary for unix ===
# of expected passes 159
# of unexpected failures 5
Running target unix/-m64
FAIL: go/build
=== libgo Summary for unix/-m64 ===
# of expected passes 163
# of unexpected failures 1
=== libgo Summary ===
# of expected passes 322
# of unexpected failures 6
=== libgomp tests ===
Running target unix
FAIL: libgomp.c/pr32362-3.c (test for excess errors)
UNRESOLVED: libgomp.c/pr32362-3.c compilation failed to produce executable
UNRESOLVED: libgomp.oacc-c++/non-scalar-data.C -DACC_DEVICE_TYPE_host=1 -DACC_MEM_SHARED=1 -O2 compilation failed to produce executable
=== libgomp Summary for unix ===
# of expected passes 5976
# of unexpected failures 1
# of expected failures 3
# of unresolved testcases 2
# of unsupported tests 397
Running target unix/-m64
UNRESOLVED: libgomp.oacc-c++/non-scalar-data.C -DACC_DEVICE_TYPE_host=1 -DACC_MEM_SHARED=1 -O2 compilation failed to produce executable
=== libgomp Summary for unix/-m64 ===
# of expected passes 5978
# of expected failures 3
# of unresolved testcases 1
# of unsupported tests 397
=== libgomp Summary ===
# of expected passes 11954
# of unexpected failures 1
# of expected failures 6
# of unresolved testcases 3
# of unsupported tests 794
=== libitm tests ===
Running target unix
=== libitm Summary for unix ===
# of expected passes 42
# of expected failures 3
# of unsupported tests 1
Running target unix/-m64
=== libitm Summary for unix/-m64 ===
# of expected passes 42
# of expected failures 3
# of unsupported tests 1
=== libitm Summary ===
# of expected passes 84
# of expected failures 6
# of unsupported tests 2
=== libstdc++ tests ===
Running target unix
FAIL: libstdc++-abi/abi_check
FAIL: 23_containers/deque/allocator/move_assign.cc (test for excess errors)
UNRESOLVED: 23_containers/deque/allocator/move_assign.cc compilation failed to produce executable
FAIL: 23_containers/deque/allocator/noexcept.cc (test for excess errors)
FAIL: 23_containers/deque/requirements/explicit_instantiation/1_c++0x.cc (test for excess errors)
FAIL: 23_containers/deque/requirements/explicit_instantiation/2.cc (test for excess errors)
FAIL: 23_containers/deque/requirements/explicit_instantiation/3.cc (test for excess errors)
FAIL: 23_containers/forward_list/requirements/explicit_instantiation/3.cc (test for excess errors)
FAIL: 23_containers/forward_list/requirements/explicit_instantiation/4.cc (test for excess errors)
FAIL: 23_containers/map/operations/2.cc (test for excess errors)
UNRESOLVED: 23_containers/map/operations/2.cc compilation failed to produce executable
FAIL: 23_containers/map/operations/31440.cc (test for excess errors)
FAIL: 23_containers/map/operations/contains.cc (test for excess errors)
UNRESOLVED: 23_containers/map/operations/contains.cc compilation failed to produce executable
FAIL: 23_containers/multimap/allocator/move_assign.cc (test for excess errors)
UNRESOLVED: 23_containers/multimap/allocator/move_assign.cc compilation failed to produce executable
FAIL: 23_containers/multimap/allocator/noexcept.cc (test for excess errors)
FAIL: 23_containers/multimap/modifiers/swap/2.cc (test for excess errors)
UNRESOLVED: 23_containers/multimap/modifiers/swap/2.cc compilation failed to produce executable
FAIL: 23_containers/multimap/modifiers/swap/3.cc (test for excess errors)
UNRESOLVED: 23_containers/multimap/modifiers/swap/3.cc compilation failed to produce executable
FAIL: 23_containers/multimap/requirements/exception/basic.cc (test for excess errors)
UNRESOLVED: 23_containers/multimap/requirements/exception/basic.cc compilation failed to produce executable
FAIL: 23_containers/multimap/requirements/partial_specialization/1.cc (test for excess errors)
FAIL: 23_containers/multimap/requirements/typedefs.cc (test for excess errors)
FAIL: 23_containers/multiset/14340.cc (test for excess errors)
FAIL: 23_containers/multiset/23781_neg.cc (test for errors, line 27)
FAIL: 23_containers/multiset/23781_neg.cc (test for errors, line 28)
FAIL: 23_containers/multiset/23781_neg.cc (test for excess errors)
FAIL: 23_containers/multiset/allocator/move.cc (test for excess errors)
UNRESOLVED: 23_containers/multiset/allocator/move.cc compilation failed to produce executable
FAIL: 23_containers/multiset/allocator/move_assign.cc (test for excess errors)
UNRESOLVED: 23_containers/multiset/allocator/move_assign.cc compilation failed to produce executable
FAIL: 23_containers/multiset/allocator/noexcept.cc (test for excess errors)
FAIL: 23_containers/multiset/debug/invalidation/2.cc (test for excess errors)
UNRESOLVED: 23_containers/multiset/debug/invalidation/2.cc compilation failed to produce executable
FAIL: 23_containers/multiset/debug/move_assign_neg.cc (test for excess errors)
UNRESOLVED: 23_containers/multiset/debug/move_assign_neg.cc compilation failed to produce executable
FAIL: 23_containers/multiset/modifiers/extract.cc (test for excess errors)
UNRESOLVED: 23_containers/multiset/modifiers/extract.cc compilation failed to produce executable
FAIL: 23_containers/multiset/modifiers/insert/1.cc (test for excess errors)
UNRESOLVED: 23_containers/multiset/modifiers/insert/1.cc compilation failed to produce executable
FAIL: 23_containers/multiset/modifiers/merge.cc (test for excess errors)
UNRESOLVED: 23_containers/multiset/modifiers/merge.cc compilation failed to produce executable
FAIL: 23_containers/multiset/modifiers/swap/1.cc (test for excess errors)
UNRESOLVED: 23_containers/multiset/modifiers/swap/1.cc compilation failed to produce executable
FAIL: 23_containers/multiset/modifiers/swap/2.cc (test for excess errors)
UNRESOLVED: 23_containers/multiset/modifiers/swap/2.cc compilation failed to produce executable
FAIL: 23_containers/multiset/modifiers/swap/3.cc (test for excess errors)
UNRESOLVED: 23_containers/multiset/modifiers/swap/3.cc compilation failed to produce executable
FAIL: 23_containers/priority_queue/requirements/uses_allocator.cc (test for excess errors)
FAIL: 23_containers/queue/77528.cc (test for excess errors)
UNRESOLVED: 23_containers/queue/77528.cc compilation failed to produce executable
FAIL: 23_containers/queue/members/7157.cc (test for excess errors)
UNRESOLVED: 23_containers/queue/members/7157.cc compilation failed to produce executable
FAIL: 23_containers/set/23781_neg.cc (test for errors, line 27)
FAIL: 23_containers/set/23781_neg.cc (test for errors, line 28)
FAIL: 23_containers/set/23781_neg.cc (test for excess errors)
FAIL: 23_containers/set/48101-2_neg.cc (test for errors, line )
FAIL: 23_containers/set/48101-2_neg.cc (test for excess errors)
FAIL: 23_containers/set/48101_neg.cc (test for errors, line )
FAIL: 23_containers/set/48101_neg.cc (test for errors, line )
FAIL: 23_containers/set/48101_neg.cc (test for errors, line 25)
FAIL: 23_containers/set/48101_neg.cc (test for errors, line 26)
FAIL: 23_containers/set/48101_neg.cc (test for excess errors)
FAIL: 23_containers/set/allocator/copy_assign.cc (test for excess errors)
UNRESOLVED: 23_containers/set/allocator/copy_assign.cc compilation failed to produce executable
FAIL: 23_containers/set/capacity/29134.cc (test for excess errors)
UNRESOLVED: 23_containers/set/capacity/29134.cc compilation failed to produce executable
FAIL: 23_containers/set/check_construct_destroy.cc (test for excess errors)
UNRESOLVED: 23_containers/set/check_construct_destroy.cc compilation failed to produce executable
FAIL: 23_containers/set/cons/61023.cc (test for excess errors)
UNRESOLVED: 23_containers/set/cons/61023.cc compilation failed to produce executable
FAIL: 23_containers/set/debug/construct5_neg.cc (test for excess errors)
UNRESOLVED: 23_containers/set/debug/construct5_neg.cc compilation failed to produce executable
FAIL: 23_containers/set/debug/insert4_neg.cc (test for excess errors)
UNRESOLVED: 23_containers/set/debug/insert4_neg.cc compilation failed to produce executable
FAIL: 23_containers/set/debug/invalidation/1.cc (test for excess errors)
UNRESOLVED: 23_containers/set/debug/invalidation/1.cc compilation failed to produce executable
FAIL: 23_containers/set/debug/move_assign_neg.cc (test for excess errors)
UNRESOLVED: 23_containers/set/debug/move_assign_neg.cc compilation failed to produce executable
FAIL: 23_containers/set/debug/move_neg.cc (test for excess errors)
UNRESOLVED: 23_containers/set/debug/move_neg.cc compilation failed to produce executable
FAIL: 23_containers/set/init-list.cc (test for excess errors)
UNRESOLVED: 23_containers/set/init-list.cc compilation failed to produce executable
FAIL: 23_containers/set/modifiers/extract.cc (test for excess errors)
UNRESOLVED: 23_containers/set/modifiers/extract.cc compilation failed to produce executable
FAIL: 23_containers/set/modifiers/insert/1.cc (test for excess errors)
UNRESOLVED: 23_containers/set/modifiers/insert/1.cc compilation failed to produce executable
FAIL: 23_containers/set/modifiers/insert/2.cc (test for excess errors)
UNRESOLVED: 23_containers/set/modifiers/insert/2.cc compilation failed to produce executable
FAIL: 23_containers/set/modifiers/swap/3.cc (test for excess errors)
UNRESOLVED: 23_containers/set/modifiers/swap/3.cc compilation failed to produce executable
FAIL: 23_containers/set/move_comparison.cc (test for excess errors)
UNRESOLVED: 23_containers/set/move_comparison.cc compilation failed to produce executable
FAIL: 23_containers/set/operations/1.cc (test for excess errors)
UNRESOLVED: 23_containers/set/operations/1.cc compilation failed to produce executable
FAIL: 23_containers/set/requirements/exception/generation_prohibited.cc (test for excess errors)
UNRESOLVED: 23_containers/set/requirements/exception/generation_prohibited.cc compilation failed to produce executable
FAIL: 23_containers/set/requirements/typedefs.cc (test for excess errors)
FAIL: 23_containers/unordered_map/48101_neg.cc (test for errors, line )
FAIL: 23_containers/unordered_map/48101_neg.cc (test for errors, line )
FAIL: 23_containers/unordered_map/48101_neg.cc (test for errors, line 26)
FAIL: 23_containers/unordered_map/48101_neg.cc (test for excess errors)
FAIL: 23_containers/unordered_map/cons/56112.cc (test for excess errors)
UNRESOLVED: 23_containers/unordered_map/cons/56112.cc compilation failed to produce executable
=== libstdc++ Summary for unix ===
# of expected passes 11445
# of unexpected failures 69
# of expected failures 72
# of unresolved testcases 37
# of unsupported tests 664
Running target unix/-m64
FAIL: libstdc++-abi/abi_check
=== libstdc++ Summary for unix/-m64 ===
# of expected passes 11545
# of unexpected failures 1
# of expected failures 77
# of unsupported tests 664
=== libstdc++ Summary ===
# of expected passes 22990
# of unexpected failures 70
# of expected failures 149
# of unresolved testcases 37
# of unsupported tests 1328
Compiler version: 9.0.0 20180727 (experimental) [trunk revision 263028] (GCC)
Platform: sparc-sun-solaris2.11
configure flags: --prefix=/vol/gcc --target=sparc-sun-solaris2.11 --enable-objc-gc --with-target-bdw-gc-include=/vol/gcc/include --with-target-bdw-gc-lib=/vol/gcc/lib,sparcv9=/vol/gcc/lib/sparcv9 --enable-libmudflap --with-as=/usr/ccs/bin/as --without-gnu-as --with-gmp-include=/vol/gcc/include --with-gmp-lib=/vol/gcc/lib --with-mpfr-include=/vol/gcc/include --with-mpfr-lib=/vol/gcc/lib --with-mpc-include=/vol/gcc/include --with-mpc-lib=/vol/gcc/lib --enable-languages=all,ada,obj-c++,go --with-isl-include=/vol/gcc/include --with-isl-lib=/vol/gcc/lib --build=sparc-sun-solaris2.11 --host=sparc-sun-solaris2.11
BOOT_CFLAGS=-g -O2