This is the mail archive of the
gcc-testresults@gcc.gnu.org
mailing list for the GCC project.
Results for 9.0.0 20180627 (experimental) (gcc trunk r262182 with mips64r2 n64) testsuite on mips64el-unknown-linux-gnu
- From: xuchenghua at loongson dot cn
- To: gcc-testresults at gcc dot gnu dot org
- Date: Thu, 28 Jun 2018 02:54:46 +0800
- Subject: Results for 9.0.0 20180627 (experimental) (gcc trunk r262182 with mips64r2 n64) testsuite on mips64el-unknown-linux-gnu
Architecture: mips64
Byte Order: Little Endian
CPU(s): 4
On-line CPU(s) list: 0-3
Thread(s) per core: 1
Core(s) per socket: 4
Socket(s): 1
BogoMIPS: 2891.77
system type : generic-loongson-machine
machine : Unknown
processor : 0
cpu model : ICT Loongson-3 V0.9 FPU V0.1
BogoMIPS : 2891.77
wait instruction : yes
microsecond timers : yes
tlb_entries : 1088
extra interrupt vector : no
hardware watchpoint : yes, count: 0, address/irw mask: []
isa : mips1 mips2 mips3 mips4 mips5 mips32r1 mips32r2 mips64r1 mips64r2
ASEs implemented : vz
shadow register sets : 1
kscratch registers : 6
package : 0
core : 0
VCED exceptions : not available
VCEI exceptions : not available
Linux debian 4.9.0-3-loongson-3 #1 SMP PREEMPT Debian 4.9.30-2+deb9u2 (2017-06-26) mips64 GNU/Linux
Native configuration is mips64el-unknown-linux-gnu
=== gcc tests ===
Running target unix
FAIL: gcc.dg/20020201-1.c (test for excess errors)
UNRESOLVED: gcc.dg/20020201-1.c compilation failed to produce executable
FAIL: gcc.dg/attr-ifunc-1.c execution test
FAIL: gcc.dg/attr-ifunc-3.c execution test
FAIL: gcc.dg/attr-ifunc-4.c (test for excess errors)
UNRESOLVED: gcc.dg/attr-ifunc-4.c compilation failed to produce executable
FAIL: gcc.dg/attr-ifunc-5.c execution test
FAIL: gcc.dg/localalias.c execution test
FAIL: gcc.dg/pr44194-1.c scan-rtl-dump dse1 "global deletions = (2|3)"
FAIL: gcc.dg/pr44194-1.c scan-rtl-dump-not final "insn[: ][^\\n]*set \\\\(mem(?![^\\n]*scratch)"
FAIL: gcc.dg/pr47793.c (test for excess errors)
UNRESOLVED: gcc.dg/pr47793.c compilation failed to produce executable
UNRESOLVED: gcc.dg/pr47793.c scan-file .
FAIL: gcc.dg/pr48770.c (test for excess errors)
UNRESOLVED: gcc.dg/pr48770.c compilation failed to produce executable
FAIL: gcc.dg/profile-generate-3.c (test for excess errors)
FAIL: gcc.dg/uninit-19.c (test for warnings, line 24)
FAIL: gcc.dg/uninit-19.c (test for excess errors)
XPASS: gcc.dg/guality/example.c -O0 execution test
XPASS: gcc.dg/guality/example.c -O1 execution test
XPASS: gcc.dg/guality/guality.c -O0 execution test
XPASS: gcc.dg/guality/guality.c -O1 execution test
XPASS: gcc.dg/guality/guality.c -Os execution test
XPASS: gcc.dg/guality/inline-params.c -O2 execution test
XPASS: gcc.dg/guality/inline-params.c -O2 -flto -fno-use-linker-plugin -flto-partition=none execution test
XPASS: gcc.dg/guality/inline-params.c -O2 -flto -fuse-linker-plugin -fno-fat-lto-objects execution test
XPASS: gcc.dg/guality/inline-params.c -O3 -g execution test
XPASS: gcc.dg/guality/inline-params.c -Os execution test
FAIL: gcc.dg/guality/pr36728-1.c -O1 line 16 arg1 == 1
FAIL: gcc.dg/guality/pr36728-1.c -O1 line 16 arg3 == 3
FAIL: gcc.dg/guality/pr36728-1.c -O1 line 16 arg7 == 30
FAIL: gcc.dg/guality/pr36728-1.c -O1 line 18 arg1 == 1
FAIL: gcc.dg/guality/pr36728-1.c -O1 line 18 arg2 == 2
FAIL: gcc.dg/guality/pr36728-1.c -O1 line 18 arg3 == 3
FAIL: gcc.dg/guality/pr36728-1.c -O1 line 18 arg7 == 30
FAIL: gcc.dg/guality/pr36728-1.c -O2 line 16 arg1 == 1
FAIL: gcc.dg/guality/pr36728-1.c -O2 line 16 arg3 == 3
FAIL: gcc.dg/guality/pr36728-1.c -O2 line 16 arg7 == 30
FAIL: gcc.dg/guality/pr36728-1.c -O2 line 18 arg1 == 1
FAIL: gcc.dg/guality/pr36728-1.c -O2 line 18 arg2 == 2
FAIL: gcc.dg/guality/pr36728-1.c -O2 line 18 arg3 == 3
FAIL: gcc.dg/guality/pr36728-1.c -O2 line 18 arg7 == 30
FAIL: gcc.dg/guality/pr36728-1.c -O2 -flto -fno-use-linker-plugin -flto-partition=none line 16 arg1 == 1
FAIL: gcc.dg/guality/pr36728-1.c -O2 -flto -fno-use-linker-plugin -flto-partition=none line 16 arg3 == 3
FAIL: gcc.dg/guality/pr36728-1.c -O2 -flto -fno-use-linker-plugin -flto-partition=none line 16 arg7 == 30
FAIL: gcc.dg/guality/pr36728-1.c -O2 -flto -fno-use-linker-plugin -flto-partition=none line 18 arg1 == 1
FAIL: gcc.dg/guality/pr36728-1.c -O2 -flto -fno-use-linker-plugin -flto-partition=none line 18 arg2 == 2
FAIL: gcc.dg/guality/pr36728-1.c -O2 -flto -fno-use-linker-plugin -flto-partition=none line 18 arg3 == 3
FAIL: gcc.dg/guality/pr36728-1.c -O2 -flto -fno-use-linker-plugin -flto-partition=none line 18 arg7 == 30
FAIL: gcc.dg/guality/pr36728-1.c -O2 -flto -fuse-linker-plugin -fno-fat-lto-objects line 16 arg1 == 1
FAIL: gcc.dg/guality/pr36728-1.c -O2 -flto -fuse-linker-plugin -fno-fat-lto-objects line 16 arg2 == 2
FAIL: gcc.dg/guality/pr36728-1.c -O2 -flto -fuse-linker-plugin -fno-fat-lto-objects line 16 arg3 == 3
FAIL: gcc.dg/guality/pr36728-1.c -O2 -flto -fuse-linker-plugin -fno-fat-lto-objects line 16 arg4 == 4
FAIL: gcc.dg/guality/pr36728-1.c -O2 -flto -fuse-linker-plugin -fno-fat-lto-objects line 16 arg5 == 5
FAIL: gcc.dg/guality/pr36728-1.c -O2 -flto -fuse-linker-plugin -fno-fat-lto-objects line 16 arg6 == 6
FAIL: gcc.dg/guality/pr36728-1.c -O2 -flto -fuse-linker-plugin -fno-fat-lto-objects line 16 arg7 == 30
FAIL: gcc.dg/guality/pr36728-1.c -O2 -flto -fuse-linker-plugin -fno-fat-lto-objects line 18 arg1 == 1
FAIL: gcc.dg/guality/pr36728-1.c -O2 -flto -fuse-linker-plugin -fno-fat-lto-objects line 18 arg2 == 2
FAIL: gcc.dg/guality/pr36728-1.c -O2 -flto -fuse-linker-plugin -fno-fat-lto-objects line 18 arg3 == 3
FAIL: gcc.dg/guality/pr36728-1.c -O2 -flto -fuse-linker-plugin -fno-fat-lto-objects line 18 arg4 == 4
FAIL: gcc.dg/guality/pr36728-1.c -O2 -flto -fuse-linker-plugin -fno-fat-lto-objects line 18 arg5 == 5
FAIL: gcc.dg/guality/pr36728-1.c -O2 -flto -fuse-linker-plugin -fno-fat-lto-objects line 18 arg6 == 6
FAIL: gcc.dg/guality/pr36728-1.c -O2 -flto -fuse-linker-plugin -fno-fat-lto-objects line 18 arg7 == 30
FAIL: gcc.dg/guality/pr36728-1.c -O3 -g line 16 arg1 == 1
FAIL: gcc.dg/guality/pr36728-1.c -O3 -g line 16 arg2 == 2
FAIL: gcc.dg/guality/pr36728-1.c -O3 -g line 16 arg3 == 3
FAIL: gcc.dg/guality/pr36728-1.c -O3 -g line 16 arg4 == 4
FAIL: gcc.dg/guality/pr36728-1.c -O3 -g line 16 arg5 == 5
FAIL: gcc.dg/guality/pr36728-1.c -O3 -g line 16 arg6 == 6
FAIL: gcc.dg/guality/pr36728-1.c -O3 -g line 16 arg7 == 30
FAIL: gcc.dg/guality/pr36728-1.c -O3 -g line 18 arg1 == 1
FAIL: gcc.dg/guality/pr36728-1.c -O3 -g line 18 arg2 == 2
FAIL: gcc.dg/guality/pr36728-1.c -O3 -g line 18 arg3 == 3
FAIL: gcc.dg/guality/pr36728-1.c -O3 -g line 18 arg4 == 4
FAIL: gcc.dg/guality/pr36728-1.c -O3 -g line 18 arg5 == 5
FAIL: gcc.dg/guality/pr36728-1.c -O3 -g line 18 arg6 == 6
FAIL: gcc.dg/guality/pr36728-1.c -O3 -g line 18 arg7 == 30
FAIL: gcc.dg/guality/pr36728-1.c -Os line 16 arg1 == 1
FAIL: gcc.dg/guality/pr36728-1.c -Os line 16 arg3 == 3
FAIL: gcc.dg/guality/pr36728-1.c -Os line 16 arg7 == 30
FAIL: gcc.dg/guality/pr36728-1.c -Os line 18 arg1 == 1
FAIL: gcc.dg/guality/pr36728-1.c -Os line 18 arg2 == 2
FAIL: gcc.dg/guality/pr36728-1.c -Os line 18 arg3 == 3
FAIL: gcc.dg/guality/pr36728-1.c -Os line 18 arg7 == 30
FAIL: gcc.dg/guality/pr36728-2.c -O1 line 16 arg2 == 2
FAIL: gcc.dg/guality/pr36728-2.c -O1 line 18 arg1 == 1
FAIL: gcc.dg/guality/pr36728-2.c -O1 line 18 arg2 == 2
FAIL: gcc.dg/guality/pr36728-2.c -O2 line 16 arg2 == 2
FAIL: gcc.dg/guality/pr36728-2.c -O2 line 18 arg1 == 1
FAIL: gcc.dg/guality/pr36728-2.c -O2 line 18 arg2 == 2
FAIL: gcc.dg/guality/pr36728-2.c -O2 -flto -fno-use-linker-plugin -flto-partition=none line 16 arg2 == 2
FAIL: gcc.dg/guality/pr36728-2.c -O2 -flto -fno-use-linker-plugin -flto-partition=none line 18 arg1 == 1
FAIL: gcc.dg/guality/pr36728-2.c -O2 -flto -fno-use-linker-plugin -flto-partition=none line 18 arg2 == 2
FAIL: gcc.dg/guality/pr36728-2.c -O2 -flto -fuse-linker-plugin -fno-fat-lto-objects line 16 arg1 == 1
FAIL: gcc.dg/guality/pr36728-2.c -O2 -flto -fuse-linker-plugin -fno-fat-lto-objects line 16 arg2 == 2
FAIL: gcc.dg/guality/pr36728-2.c -O2 -flto -fuse-linker-plugin -fno-fat-lto-objects line 16 arg3 == 3
FAIL: gcc.dg/guality/pr36728-2.c -O2 -flto -fuse-linker-plugin -fno-fat-lto-objects line 16 arg4 == 4
FAIL: gcc.dg/guality/pr36728-2.c -O2 -flto -fuse-linker-plugin -fno-fat-lto-objects line 16 arg5 == 5
FAIL: gcc.dg/guality/pr36728-2.c -O2 -flto -fuse-linker-plugin -fno-fat-lto-objects line 16 arg6 == 6
FAIL: gcc.dg/guality/pr36728-2.c -O2 -flto -fuse-linker-plugin -fno-fat-lto-objects line 16 arg7 == 30
FAIL: gcc.dg/guality/pr36728-2.c -O2 -flto -fuse-linker-plugin -fno-fat-lto-objects line 18 arg1 == 1
FAIL: gcc.dg/guality/pr36728-2.c -O2 -flto -fuse-linker-plugin -fno-fat-lto-objects line 18 arg2 == 2
FAIL: gcc.dg/guality/pr36728-2.c -O2 -flto -fuse-linker-plugin -fno-fat-lto-objects line 18 arg3 == 3
FAIL: gcc.dg/guality/pr36728-2.c -O2 -flto -fuse-linker-plugin -fno-fat-lto-objects line 18 arg4 == 4
FAIL: gcc.dg/guality/pr36728-2.c -O2 -flto -fuse-linker-plugin -fno-fat-lto-objects line 18 arg5 == 5
FAIL: gcc.dg/guality/pr36728-2.c -O2 -flto -fuse-linker-plugin -fno-fat-lto-objects line 18 arg6 == 6
FAIL: gcc.dg/guality/pr36728-2.c -O2 -flto -fuse-linker-plugin -fno-fat-lto-objects line 18 arg7 == 30
FAIL: gcc.dg/guality/pr36728-2.c -O3 -g line 16 arg1 == 1
FAIL: gcc.dg/guality/pr36728-2.c -O3 -g line 16 arg2 == 2
FAIL: gcc.dg/guality/pr36728-2.c -O3 -g line 16 arg3 == 3
FAIL: gcc.dg/guality/pr36728-2.c -O3 -g line 16 arg4 == 4
FAIL: gcc.dg/guality/pr36728-2.c -O3 -g line 16 arg5 == 5
FAIL: gcc.dg/guality/pr36728-2.c -O3 -g line 16 arg6 == 6
FAIL: gcc.dg/guality/pr36728-2.c -O3 -g line 16 arg7 == 30
FAIL: gcc.dg/guality/pr36728-2.c -O3 -g line 18 arg1 == 1
FAIL: gcc.dg/guality/pr36728-2.c -O3 -g line 18 arg2 == 2
FAIL: gcc.dg/guality/pr36728-2.c -O3 -g line 18 arg3 == 3
FAIL: gcc.dg/guality/pr36728-2.c -O3 -g line 18 arg4 == 4
FAIL: gcc.dg/guality/pr36728-2.c -O3 -g line 18 arg5 == 5
FAIL: gcc.dg/guality/pr36728-2.c -O3 -g line 18 arg6 == 6
FAIL: gcc.dg/guality/pr36728-2.c -O3 -g line 18 arg7 == 30
FAIL: gcc.dg/guality/pr36728-2.c -Os line 16 arg2 == 2
FAIL: gcc.dg/guality/pr36728-2.c -Os line 18 arg1 == 1
FAIL: gcc.dg/guality/pr36728-2.c -Os line 18 arg2 == 2
FAIL: gcc.dg/guality/pr36728-3.c -O1 line 14 arg1 == 1
FAIL: gcc.dg/guality/pr36728-3.c -O1 line 14 arg2 == 2
FAIL: gcc.dg/guality/pr36728-3.c -O1 line 14 arg7 == 30
FAIL: gcc.dg/guality/pr36728-3.c -O1 line 16 arg1 == 1
FAIL: gcc.dg/guality/pr36728-3.c -O1 line 16 arg2 == 2
FAIL: gcc.dg/guality/pr36728-3.c -O1 line 16 arg7 == 30
FAIL: gcc.dg/guality/pr36728-3.c -O2 line 14 arg1 == 1
FAIL: gcc.dg/guality/pr36728-3.c -O2 line 14 arg7 == 30
FAIL: gcc.dg/guality/pr36728-3.c -O2 line 16 arg1 == 1
FAIL: gcc.dg/guality/pr36728-3.c -O2 line 16 arg2 == 2
FAIL: gcc.dg/guality/pr36728-3.c -O2 line 16 arg7 == 30
FAIL: gcc.dg/guality/pr36728-3.c -O2 -flto -fno-use-linker-plugin -flto-partition=none line 14 arg1 == 1
FAIL: gcc.dg/guality/pr36728-3.c -O2 -flto -fno-use-linker-plugin -flto-partition=none line 14 arg7 == 30
FAIL: gcc.dg/guality/pr36728-3.c -O2 -flto -fno-use-linker-plugin -flto-partition=none line 16 arg1 == 1
FAIL: gcc.dg/guality/pr36728-3.c -O2 -flto -fno-use-linker-plugin -flto-partition=none line 16 arg2 == 2
FAIL: gcc.dg/guality/pr36728-3.c -O2 -flto -fno-use-linker-plugin -flto-partition=none line 16 arg7 == 30
FAIL: gcc.dg/guality/pr36728-3.c -O2 -flto -fuse-linker-plugin -fno-fat-lto-objects line 14 arg1 == 1
FAIL: gcc.dg/guality/pr36728-3.c -O2 -flto -fuse-linker-plugin -fno-fat-lto-objects line 14 arg2 == 2
FAIL: gcc.dg/guality/pr36728-3.c -O2 -flto -fuse-linker-plugin -fno-fat-lto-objects line 14 arg3 == 3
FAIL: gcc.dg/guality/pr36728-3.c -O2 -flto -fuse-linker-plugin -fno-fat-lto-objects line 14 arg4 == 4
FAIL: gcc.dg/guality/pr36728-3.c -O2 -flto -fuse-linker-plugin -fno-fat-lto-objects line 14 arg5 == 5
FAIL: gcc.dg/guality/pr36728-3.c -O2 -flto -fuse-linker-plugin -fno-fat-lto-objects line 14 arg6 == 6
FAIL: gcc.dg/guality/pr36728-3.c -O2 -flto -fuse-linker-plugin -fno-fat-lto-objects line 14 arg7 == 30
FAIL: gcc.dg/guality/pr36728-3.c -O2 -flto -fuse-linker-plugin -fno-fat-lto-objects line 16 arg1 == 1
FAIL: gcc.dg/guality/pr36728-3.c -O2 -flto -fuse-linker-plugin -fno-fat-lto-objects line 16 arg2 == 2
FAIL: gcc.dg/guality/pr36728-3.c -O2 -flto -fuse-linker-plugin -fno-fat-lto-objects line 16 arg3 == 3
FAIL: gcc.dg/guality/pr36728-3.c -O2 -flto -fuse-linker-plugin -fno-fat-lto-objects line 16 arg4 == 4
FAIL: gcc.dg/guality/pr36728-3.c -O2 -flto -fuse-linker-plugin -fno-fat-lto-objects line 16 arg5 == 5
FAIL: gcc.dg/guality/pr36728-3.c -O2 -flto -fuse-linker-plugin -fno-fat-lto-objects line 16 arg6 == 6
FAIL: gcc.dg/guality/pr36728-3.c -O2 -flto -fuse-linker-plugin -fno-fat-lto-objects line 16 arg7 == 30
FAIL: gcc.dg/guality/pr36728-3.c -O3 -g line 14 arg1 == 1
FAIL: gcc.dg/guality/pr36728-3.c -O3 -g line 14 arg2 == 2
FAIL: gcc.dg/guality/pr36728-3.c -O3 -g line 14 arg3 == 3
FAIL: gcc.dg/guality/pr36728-3.c -O3 -g line 14 arg4 == 4
FAIL: gcc.dg/guality/pr36728-3.c -O3 -g line 14 arg5 == 5
FAIL: gcc.dg/guality/pr36728-3.c -O3 -g line 14 arg6 == 6
FAIL: gcc.dg/guality/pr36728-3.c -O3 -g line 14 arg7 == 30
FAIL: gcc.dg/guality/pr36728-3.c -O3 -g line 16 arg1 == 1
FAIL: gcc.dg/guality/pr36728-3.c -O3 -g line 16 arg2 == 2
FAIL: gcc.dg/guality/pr36728-3.c -O3 -g line 16 arg3 == 3
FAIL: gcc.dg/guality/pr36728-3.c -O3 -g line 16 arg4 == 4
FAIL: gcc.dg/guality/pr36728-3.c -O3 -g line 16 arg5 == 5
FAIL: gcc.dg/guality/pr36728-3.c -O3 -g line 16 arg6 == 6
FAIL: gcc.dg/guality/pr36728-3.c -O3 -g line 16 arg7 == 30
FAIL: gcc.dg/guality/pr36728-3.c -Os line 14 arg1 == 1
FAIL: gcc.dg/guality/pr36728-3.c -Os line 14 arg7 == 30
FAIL: gcc.dg/guality/pr36728-3.c -Os line 16 arg1 == 1
FAIL: gcc.dg/guality/pr36728-3.c -Os line 16 arg2 == 2
FAIL: gcc.dg/guality/pr36728-3.c -Os line 16 arg7 == 30
FAIL: gcc.dg/guality/pr36728-4.c -O1 line 14 arg1 == 1
FAIL: gcc.dg/guality/pr36728-4.c -O1 line 16 arg1 == 1
FAIL: gcc.dg/guality/pr36728-4.c -O2 line 16 arg1 == 1
FAIL: gcc.dg/guality/pr36728-4.c -O2 -flto -fno-use-linker-plugin -flto-partition=none line 16 arg1 == 1
FAIL: gcc.dg/guality/pr36728-4.c -O2 -flto -fuse-linker-plugin -fno-fat-lto-objects line 14 arg1 == 1
FAIL: gcc.dg/guality/pr36728-4.c -O2 -flto -fuse-linker-plugin -fno-fat-lto-objects line 14 arg2 == 2
FAIL: gcc.dg/guality/pr36728-4.c -O2 -flto -fuse-linker-plugin -fno-fat-lto-objects line 14 arg3 == 3
FAIL: gcc.dg/guality/pr36728-4.c -O2 -flto -fuse-linker-plugin -fno-fat-lto-objects line 14 arg4 == 4
FAIL: gcc.dg/guality/pr36728-4.c -O2 -flto -fuse-linker-plugin -fno-fat-lto-objects line 14 arg5 == 5
FAIL: gcc.dg/guality/pr36728-4.c -O2 -flto -fuse-linker-plugin -fno-fat-lto-objects line 14 arg6 == 6
FAIL: gcc.dg/guality/pr36728-4.c -O2 -flto -fuse-linker-plugin -fno-fat-lto-objects line 14 arg7 == 30
FAIL: gcc.dg/guality/pr36728-4.c -O2 -flto -fuse-linker-plugin -fno-fat-lto-objects line 16 arg1 == 1
FAIL: gcc.dg/guality/pr36728-4.c -O2 -flto -fuse-linker-plugin -fno-fat-lto-objects line 16 arg2 == 2
FAIL: gcc.dg/guality/pr36728-4.c -O2 -flto -fuse-linker-plugin -fno-fat-lto-objects line 16 arg3 == 3
FAIL: gcc.dg/guality/pr36728-4.c -O2 -flto -fuse-linker-plugin -fno-fat-lto-objects line 16 arg4 == 4
FAIL: gcc.dg/guality/pr36728-4.c -O2 -flto -fuse-linker-plugin -fno-fat-lto-objects line 16 arg5 == 5
FAIL: gcc.dg/guality/pr36728-4.c -O2 -flto -fuse-linker-plugin -fno-fat-lto-objects line 16 arg6 == 6
FAIL: gcc.dg/guality/pr36728-4.c -O2 -flto -fuse-linker-plugin -fno-fat-lto-objects line 16 arg7 == 30
FAIL: gcc.dg/guality/pr36728-4.c -O3 -g line 14 arg1 == 1
FAIL: gcc.dg/guality/pr36728-4.c -O3 -g line 14 arg2 == 2
FAIL: gcc.dg/guality/pr36728-4.c -O3 -g line 14 arg3 == 3
FAIL: gcc.dg/guality/pr36728-4.c -O3 -g line 14 arg4 == 4
FAIL: gcc.dg/guality/pr36728-4.c -O3 -g line 14 arg5 == 5
FAIL: gcc.dg/guality/pr36728-4.c -O3 -g line 14 arg6 == 6
FAIL: gcc.dg/guality/pr36728-4.c -O3 -g line 14 arg7 == 30
FAIL: gcc.dg/guality/pr36728-4.c -O3 -g line 16 arg1 == 1
FAIL: gcc.dg/guality/pr36728-4.c -O3 -g line 16 arg2 == 2
FAIL: gcc.dg/guality/pr36728-4.c -O3 -g line 16 arg3 == 3
FAIL: gcc.dg/guality/pr36728-4.c -O3 -g line 16 arg4 == 4
FAIL: gcc.dg/guality/pr36728-4.c -O3 -g line 16 arg5 == 5
FAIL: gcc.dg/guality/pr36728-4.c -O3 -g line 16 arg6 == 6
FAIL: gcc.dg/guality/pr36728-4.c -O3 -g line 16 arg7 == 30
FAIL: gcc.dg/guality/pr36728-4.c -Os line 16 arg1 == 1
XPASS: gcc.dg/guality/pr41353-1.c -O0 line 28 j == 28 + 37
FAIL: gcc.dg/guality/pr41447-1.c -O3 -g execution test
FAIL: gcc.dg/guality/pr43051-1.c -O3 -fomit-frame-pointer -funroll-loops -fpeel-loops -ftracer -finline-functions line 35 v == 1
FAIL: gcc.dg/guality/pr43051-1.c -O3 -fomit-frame-pointer -funroll-loops -fpeel-loops -ftracer -finline-functions line 40 v == 1
FAIL: gcc.dg/guality/pr43051-1.c -Os line 35 v == 1
FAIL: gcc.dg/guality/pr43051-1.c -Os line 40 v == 1
FAIL: gcc.dg/guality/pr43479.c -O1 line 13 h == 9
FAIL: gcc.dg/guality/pr43479.c -O1 line 18 h == 9
FAIL: gcc.dg/guality/pr45882.c -O1 line 16 b == 7
FAIL: gcc.dg/guality/pr45882.c -O1 line 16 c == 11
FAIL: gcc.dg/guality/pr45882.c -O1 line 16 d == 112
FAIL: gcc.dg/guality/pr45882.c -O1 line 16 e == 142
FAIL: gcc.dg/guality/pr45882.c -O2 line 16 b == 7
FAIL: gcc.dg/guality/pr45882.c -O2 line 16 c == 11
FAIL: gcc.dg/guality/pr45882.c -O2 line 16 d == 112
FAIL: gcc.dg/guality/pr45882.c -O2 line 16 e == 142
FAIL: gcc.dg/guality/pr45882.c -O2 -flto -fno-use-linker-plugin -flto-partition=none line 16 b == 7
FAIL: gcc.dg/guality/pr45882.c -O2 -flto -fno-use-linker-plugin -flto-partition=none line 16 c == 11
FAIL: gcc.dg/guality/pr45882.c -O2 -flto -fno-use-linker-plugin -flto-partition=none line 16 d == 112
FAIL: gcc.dg/guality/pr45882.c -O2 -flto -fno-use-linker-plugin -flto-partition=none line 16 e == 142
FAIL: gcc.dg/guality/pr45882.c -O2 -flto -fuse-linker-plugin -fno-fat-lto-objects line 16 b == 7
FAIL: gcc.dg/guality/pr45882.c -O2 -flto -fuse-linker-plugin -fno-fat-lto-objects line 16 c == 11
FAIL: gcc.dg/guality/pr45882.c -O2 -flto -fuse-linker-plugin -fno-fat-lto-objects line 16 d == 112
FAIL: gcc.dg/guality/pr45882.c -O2 -flto -fuse-linker-plugin -fno-fat-lto-objects line 16 e == 142
FAIL: gcc.dg/guality/pr45882.c -O3 -g line 16 b == 7
FAIL: gcc.dg/guality/pr45882.c -O3 -g line 16 c == 11
FAIL: gcc.dg/guality/pr45882.c -O3 -g line 16 d == 112
FAIL: gcc.dg/guality/pr45882.c -O3 -g line 16 e == 142
FAIL: gcc.dg/guality/pr45882.c -Os line 16 b == 7
FAIL: gcc.dg/guality/pr45882.c -Os line 16 c == 11
FAIL: gcc.dg/guality/pr45882.c -Os line 16 d == 112
FAIL: gcc.dg/guality/pr45882.c -Os line 16 e == 142
FAIL: gcc.dg/guality/pr48437.c -O2 -flto -fno-use-linker-plugin -flto-partition=none line 14 i == 0
FAIL: gcc.dg/guality/pr48437.c -O2 -flto -fuse-linker-plugin -fno-fat-lto-objects line 14 i == 0
FAIL: gcc.dg/guality/pr54519-1.c -O1 line 20 x == 36
FAIL: gcc.dg/guality/pr54519-1.c -O1 line 20 y == 25
FAIL: gcc.dg/guality/pr54519-1.c -O1 line 20 z == 6
FAIL: gcc.dg/guality/pr54519-1.c -O1 line 23 x == 98
FAIL: gcc.dg/guality/pr54519-1.c -O1 line 23 y == 117
FAIL: gcc.dg/guality/pr54519-1.c -O1 line 23 z == 8
FAIL: gcc.dg/guality/pr54519-1.c -O2 line 20 x == 36
FAIL: gcc.dg/guality/pr54519-1.c -O2 line 23 x == 98
FAIL: gcc.dg/guality/pr54519-1.c -O2 -flto -fno-use-linker-plugin -flto-partition=none line 20 x == 36
FAIL: gcc.dg/guality/pr54519-1.c -O2 -flto -fno-use-linker-plugin -flto-partition=none line 20 y == 25
FAIL: gcc.dg/guality/pr54519-1.c -O2 -flto -fno-use-linker-plugin -flto-partition=none line 20 z == 6
FAIL: gcc.dg/guality/pr54519-1.c -O2 -flto -fno-use-linker-plugin -flto-partition=none line 23 x == 98
FAIL: gcc.dg/guality/pr54519-1.c -O2 -flto -fno-use-linker-plugin -flto-partition=none line 23 y == 117
FAIL: gcc.dg/guality/pr54519-1.c -O2 -flto -fno-use-linker-plugin -flto-partition=none line 23 z == 8
FAIL: gcc.dg/guality/pr54519-1.c -O2 -flto -fuse-linker-plugin -fno-fat-lto-objects line 20 x == 36
FAIL: gcc.dg/guality/pr54519-1.c -O2 -flto -fuse-linker-plugin -fno-fat-lto-objects line 23 x == 98
FAIL: gcc.dg/guality/pr54519-1.c -O3 -g line 20 x == 36
FAIL: gcc.dg/guality/pr54519-1.c -Os line 20 x == 36
FAIL: gcc.dg/guality/pr54519-1.c -Os line 23 x == 98
FAIL: gcc.dg/guality/pr54519-2.c -O1 line 17 x == 6
FAIL: gcc.dg/guality/pr54519-2.c -O1 line 17 y == 25
FAIL: gcc.dg/guality/pr54519-2.c -O2 line 17 x == 6
FAIL: gcc.dg/guality/pr54519-2.c -O2 line 17 y == 25
FAIL: gcc.dg/guality/pr54519-2.c -O2 -flto -fno-use-linker-plugin -flto-partition=none line 17 x == 6
FAIL: gcc.dg/guality/pr54519-2.c -O2 -flto -fno-use-linker-plugin -flto-partition=none line 17 y == 25
FAIL: gcc.dg/guality/pr54519-2.c -O2 -flto -fuse-linker-plugin -fno-fat-lto-objects line 17 y == 25
FAIL: gcc.dg/guality/pr54519-3.c -O1 line 20 x == 36
FAIL: gcc.dg/guality/pr54519-3.c -O1 line 20 y == 25
FAIL: gcc.dg/guality/pr54519-3.c -O1 line 20 z == 6
FAIL: gcc.dg/guality/pr54519-3.c -O1 line 23 x == 98
FAIL: gcc.dg/guality/pr54519-3.c -O1 line 23 y == 117
FAIL: gcc.dg/guality/pr54519-3.c -O1 line 23 z == 8
FAIL: gcc.dg/guality/pr54519-3.c -O2 -flto -fno-use-linker-plugin -flto-partition=none line 20 y == 25
FAIL: gcc.dg/guality/pr54519-3.c -O2 -flto -fno-use-linker-plugin -flto-partition=none line 20 z == 6
FAIL: gcc.dg/guality/pr54519-3.c -O2 -flto -fno-use-linker-plugin -flto-partition=none line 23 y == 117
FAIL: gcc.dg/guality/pr54519-3.c -O2 -flto -fno-use-linker-plugin -flto-partition=none line 23 z == 8
FAIL: gcc.dg/guality/pr54519-3.c -O2 -flto -fuse-linker-plugin -fno-fat-lto-objects line 20 y == 25
FAIL: gcc.dg/guality/pr54519-3.c -O2 -flto -fuse-linker-plugin -fno-fat-lto-objects line 20 z == 6
FAIL: gcc.dg/guality/pr54519-3.c -O2 -flto -fuse-linker-plugin -fno-fat-lto-objects line 23 y == 117
FAIL: gcc.dg/guality/pr54519-3.c -O2 -flto -fuse-linker-plugin -fno-fat-lto-objects line 23 z == 8
FAIL: gcc.dg/guality/pr54519-4.c -O1 line 17 x == 6
FAIL: gcc.dg/guality/pr54519-4.c -O1 line 17 y == 25
FAIL: gcc.dg/guality/pr54519-4.c -O2 -flto -fno-use-linker-plugin -flto-partition=none line 17 y == 25
FAIL: gcc.dg/guality/pr54519-4.c -O2 -flto -fuse-linker-plugin -fno-fat-lto-objects line 17 y == 25
FAIL: gcc.dg/guality/pr54519-5.c -O1 line 17 x == 6
FAIL: gcc.dg/guality/pr54519-5.c -O1 line 17 y == 25
FAIL: gcc.dg/guality/pr54519-5.c -O2 line 17 x == 6
FAIL: gcc.dg/guality/pr54519-5.c -O2 line 17 y == 25
FAIL: gcc.dg/guality/pr54519-5.c -O2 -flto -fno-use-linker-plugin -flto-partition=none line 17 x == 6
FAIL: gcc.dg/guality/pr54519-5.c -O2 -flto -fno-use-linker-plugin -flto-partition=none line 17 y == 25
FAIL: gcc.dg/guality/pr54519-5.c -O2 -flto -fuse-linker-plugin -fno-fat-lto-objects line 17 y == 25
FAIL: gcc.dg/guality/pr54519-5.c -Os line 17 y == 25
FAIL: gcc.dg/guality/pr54551.c -O1 line 18 a == 4
FAIL: gcc.dg/guality/pr54551.c -O1 line 18 z == 3
FAIL: gcc.dg/guality/pr54693-2.c -O1 line 21 x == 10 - i
FAIL: gcc.dg/guality/pr54693-2.c -O2 line 21 x == 10 - i
FAIL: gcc.dg/guality/pr54693-2.c -O2 -flto -fno-use-linker-plugin -flto-partition=none line 21 x == 10 - i
FAIL: gcc.dg/guality/pr54693-2.c -O2 -flto -fuse-linker-plugin -fno-fat-lto-objects line 21 y == 20 - 2 * i
FAIL: gcc.dg/guality/pr54693-2.c -O2 -flto -fuse-linker-plugin -fno-fat-lto-objects line 21 z == 30 - 3 * i
FAIL: gcc.dg/guality/pr54693-2.c -O3 -fomit-frame-pointer -funroll-loops -fpeel-loops -ftracer -finline-functions line 21 y == 20 - 2 * i
FAIL: gcc.dg/guality/pr54693-2.c -O3 -g line 21 x == 10 - i
FAIL: gcc.dg/guality/pr54693.c -Os line 22 i == c - 48
FAIL: gcc.dg/guality/pr54796.c -O1 line 17 a == 5
FAIL: gcc.dg/guality/pr54796.c -O1 line 17 b == 6
FAIL: gcc.dg/guality/pr54796.c -O1 line 17 c == 5
FAIL: gcc.dg/guality/pr54796.c -O2 line 17 a == 5
FAIL: gcc.dg/guality/pr54796.c -O2 line 17 b == 6
FAIL: gcc.dg/guality/pr54796.c -O2 line 17 c == 5
FAIL: gcc.dg/guality/pr54796.c -O2 -flto -fno-use-linker-plugin -flto-partition=none line 17 a == 5
FAIL: gcc.dg/guality/pr54796.c -O2 -flto -fno-use-linker-plugin -flto-partition=none line 17 b == 6
FAIL: gcc.dg/guality/pr54796.c -O2 -flto -fno-use-linker-plugin -flto-partition=none line 17 c == 5
FAIL: gcc.dg/guality/pr54796.c -O2 -flto -fuse-linker-plugin -fno-fat-lto-objects line 17 a == 5
FAIL: gcc.dg/guality/pr54796.c -O2 -flto -fuse-linker-plugin -fno-fat-lto-objects line 17 b == 6
FAIL: gcc.dg/guality/pr54796.c -O2 -flto -fuse-linker-plugin -fno-fat-lto-objects line 17 c == 5
FAIL: gcc.dg/guality/pr54796.c -O3 -g line 17 a == 5
FAIL: gcc.dg/guality/pr54796.c -O3 -g line 17 b == 6
FAIL: gcc.dg/guality/pr54796.c -O3 -g line 17 c == 5
FAIL: gcc.dg/guality/pr54796.c -Os line 17 a == 5
FAIL: gcc.dg/guality/pr54796.c -Os line 17 b == 6
FAIL: gcc.dg/guality/pr54796.c -Os line 17 c == 5
XPASS: gcc.dg/guality/pr54970.c -O0 line 31 a[0] == 4
XPASS: gcc.dg/guality/pr54970.c -O0 line 36 a[0] == 4
XPASS: gcc.dg/guality/pr54970.c -O0 line 45 a[0] == 4
XPASS: gcc.dg/guality/pr54970.c -O0 line 45 p[-2] == 4
XPASS: gcc.dg/guality/pr54970.c -O0 line 45 q[-1] == 4
FAIL: gcc.dg/guality/pr56154-2.c -O1 line pr56154-2.c:30 x == 28
FAIL: gcc.dg/guality/pr56154-2.c -O2 line pr56154-2.c:30 x == 28
FAIL: gcc.dg/guality/pr56154-2.c -O3 -g line pr56154-2.c:30 x == 28
FAIL: gcc.dg/guality/pr56154-2.c -Os line pr56154-2.c:30 x == 28
FAIL: gcc.dg/guality/pr56154-3.c -O1 line pr56154-3.c:22 x == 28
FAIL: gcc.dg/guality/pr58791-5.c -O1 line pr58791-5.c:20 b1 == 9
FAIL: gcc.dg/guality/pr58791-5.c -O1 line pr58791-5.c:20 b2 == 73
FAIL: gcc.dg/guality/pr58791-5.c -O1 line pr58791-5.c:20 b3 == 585
FAIL: gcc.dg/guality/pr58791-5.c -O1 line pr58791-5.c:20 b4 == 4681
FAIL: gcc.dg/guality/pr58791-5.c -O2 line pr58791-5.c:20 b1 == 9
FAIL: gcc.dg/guality/pr58791-5.c -O2 line pr58791-5.c:20 b2 == 73
FAIL: gcc.dg/guality/pr58791-5.c -O2 line pr58791-5.c:20 b3 == 585
FAIL: gcc.dg/guality/pr58791-5.c -O2 line pr58791-5.c:20 b4 == 4681
FAIL: gcc.dg/guality/pr58791-5.c -O2 -flto -fno-use-linker-plugin -flto-partition=none line pr58791-5.c:20 b1 == 9
FAIL: gcc.dg/guality/pr58791-5.c -O2 -flto -fno-use-linker-plugin -flto-partition=none line pr58791-5.c:20 b2 == 73
FAIL: gcc.dg/guality/pr58791-5.c -O2 -flto -fno-use-linker-plugin -flto-partition=none line pr58791-5.c:20 b3 == 585
FAIL: gcc.dg/guality/pr58791-5.c -O2 -flto -fno-use-linker-plugin -flto-partition=none line pr58791-5.c:20 b4 == 4681
FAIL: gcc.dg/guality/pr58791-5.c -O2 -flto -fuse-linker-plugin -fno-fat-lto-objects line pr58791-5.c:20 b3 == 585
FAIL: gcc.dg/guality/pr58791-5.c -O2 -flto -fuse-linker-plugin -fno-fat-lto-objects line pr58791-5.c:20 b4 == 4681
FAIL: gcc.dg/guality/pr58791-5.c -O3 -g line pr58791-5.c:20 b1 == 9
FAIL: gcc.dg/guality/pr58791-5.c -O3 -g line pr58791-5.c:20 b2 == 73
FAIL: gcc.dg/guality/pr58791-5.c -O3 -g line pr58791-5.c:20 b3 == 585
FAIL: gcc.dg/guality/pr58791-5.c -O3 -g line pr58791-5.c:20 b4 == 4681
FAIL: gcc.dg/guality/pr58791-5.c -Os line pr58791-5.c:20 b1 == 9
FAIL: gcc.dg/guality/pr58791-5.c -Os line pr58791-5.c:20 b2 == 73
FAIL: gcc.dg/guality/pr58791-5.c -Os line pr58791-5.c:20 b3 == 585
FAIL: gcc.dg/guality/pr58791-5.c -Os line pr58791-5.c:20 b4 == 4681
FAIL: gcc.dg/guality/pr68860-1.c -O1 line 14 arg1 == 1
FAIL: gcc.dg/guality/pr68860-1.c -O1 line 14 arg2 == 2
FAIL: gcc.dg/guality/pr68860-1.c -O1 line 14 arg7 == 30
FAIL: gcc.dg/guality/pr68860-1.c -O1 line 16 arg1 == 1
FAIL: gcc.dg/guality/pr68860-1.c -O1 line 16 arg2 == 2
FAIL: gcc.dg/guality/pr68860-1.c -O1 line 16 arg7 == 30
FAIL: gcc.dg/guality/pr68860-1.c -O2 line 14 arg1 == 1
FAIL: gcc.dg/guality/pr68860-1.c -O2 line 14 arg2 == 2
FAIL: gcc.dg/guality/pr68860-1.c -O2 line 14 arg3 == 3
FAIL: gcc.dg/guality/pr68860-1.c -O2 line 14 arg4 == 4
FAIL: gcc.dg/guality/pr68860-1.c -O2 line 14 arg5 == 5
FAIL: gcc.dg/guality/pr68860-1.c -O2 line 14 arg6 == 6
FAIL: gcc.dg/guality/pr68860-1.c -O2 line 14 arg7 == 30
FAIL: gcc.dg/guality/pr68860-1.c -O2 line 16 arg1 == 1
FAIL: gcc.dg/guality/pr68860-1.c -O2 line 16 arg2 == 2
FAIL: gcc.dg/guality/pr68860-1.c -O2 line 16 arg3 == 3
FAIL: gcc.dg/guality/pr68860-1.c -O2 line 16 arg4 == 4
FAIL: gcc.dg/guality/pr68860-1.c -O2 line 16 arg5 == 5
FAIL: gcc.dg/guality/pr68860-1.c -O2 line 16 arg6 == 6
FAIL: gcc.dg/guality/pr68860-1.c -O2 line 16 arg7 == 30
FAIL: gcc.dg/guality/pr68860-1.c -O2 -flto -fno-use-linker-plugin -flto-partition=none line 14 arg1 == 1
FAIL: gcc.dg/guality/pr68860-1.c -O2 -flto -fno-use-linker-plugin -flto-partition=none line 14 arg2 == 2
FAIL: gcc.dg/guality/pr68860-1.c -O2 -flto -fno-use-linker-plugin -flto-partition=none line 14 arg3 == 3
FAIL: gcc.dg/guality/pr68860-1.c -O2 -flto -fno-use-linker-plugin -flto-partition=none line 14 arg4 == 4
FAIL: gcc.dg/guality/pr68860-1.c -O2 -flto -fno-use-linker-plugin -flto-partition=none line 14 arg5 == 5
FAIL: gcc.dg/guality/pr68860-1.c -O2 -flto -fno-use-linker-plugin -flto-partition=none line 14 arg6 == 6
FAIL: gcc.dg/guality/pr68860-1.c -O2 -flto -fno-use-linker-plugin -flto-partition=none line 14 arg7 == 30
FAIL: gcc.dg/guality/pr68860-1.c -O2 -flto -fno-use-linker-plugin -flto-partition=none line 16 arg1 == 1
FAIL: gcc.dg/guality/pr68860-1.c -O2 -flto -fno-use-linker-plugin -flto-partition=none line 16 arg2 == 2
FAIL: gcc.dg/guality/pr68860-1.c -O2 -flto -fno-use-linker-plugin -flto-partition=none line 16 arg3 == 3
FAIL: gcc.dg/guality/pr68860-1.c -O2 -flto -fno-use-linker-plugin -flto-partition=none line 16 arg4 == 4
FAIL: gcc.dg/guality/pr68860-1.c -O2 -flto -fno-use-linker-plugin -flto-partition=none line 16 arg5 == 5
FAIL: gcc.dg/guality/pr68860-1.c -O2 -flto -fno-use-linker-plugin -flto-partition=none line 16 arg6 == 6
FAIL: gcc.dg/guality/pr68860-1.c -O2 -flto -fno-use-linker-plugin -flto-partition=none line 16 arg7 == 30
FAIL: gcc.dg/guality/pr68860-1.c -O2 -flto -fuse-linker-plugin -fno-fat-lto-objects line 14 arg1 == 1
FAIL: gcc.dg/guality/pr68860-1.c -O2 -flto -fuse-linker-plugin -fno-fat-lto-objects line 14 arg2 == 2
FAIL: gcc.dg/guality/pr68860-1.c -O2 -flto -fuse-linker-plugin -fno-fat-lto-objects line 14 arg3 == 3
FAIL: gcc.dg/guality/pr68860-1.c -O2 -flto -fuse-linker-plugin -fno-fat-lto-objects line 14 arg4 == 4
FAIL: gcc.dg/guality/pr68860-1.c -O2 -flto -fuse-linker-plugin -fno-fat-lto-objects line 14 arg5 == 5
FAIL: gcc.dg/guality/pr68860-1.c -O2 -flto -fuse-linker-plugin -fno-fat-lto-objects line 14 arg6 == 6
FAIL: gcc.dg/guality/pr68860-1.c -O2 -flto -fuse-linker-plugin -fno-fat-lto-objects line 14 arg7 == 30
FAIL: gcc.dg/guality/pr68860-1.c -O2 -flto -fuse-linker-plugin -fno-fat-lto-objects line 16 arg1 == 1
FAIL: gcc.dg/guality/pr68860-1.c -O2 -flto -fuse-linker-plugin -fno-fat-lto-objects line 16 arg2 == 2
FAIL: gcc.dg/guality/pr68860-1.c -O2 -flto -fuse-linker-plugin -fno-fat-lto-objects line 16 arg3 == 3
FAIL: gcc.dg/guality/pr68860-1.c -O2 -flto -fuse-linker-plugin -fno-fat-lto-objects line 16 arg4 == 4
FAIL: gcc.dg/guality/pr68860-1.c -O2 -flto -fuse-linker-plugin -fno-fat-lto-objects line 16 arg5 == 5
FAIL: gcc.dg/guality/pr68860-1.c -O2 -flto -fuse-linker-plugin -fno-fat-lto-objects line 16 arg6 == 6
FAIL: gcc.dg/guality/pr68860-1.c -O2 -flto -fuse-linker-plugin -fno-fat-lto-objects line 16 arg7 == 30
FAIL: gcc.dg/guality/pr68860-1.c -O3 -g line 14 arg1 == 1
FAIL: gcc.dg/guality/pr68860-1.c -O3 -g line 14 arg2 == 2
FAIL: gcc.dg/guality/pr68860-1.c -O3 -g line 14 arg3 == 3
FAIL: gcc.dg/guality/pr68860-1.c -O3 -g line 14 arg4 == 4
FAIL: gcc.dg/guality/pr68860-1.c -O3 -g line 14 arg5 == 5
FAIL: gcc.dg/guality/pr68860-1.c -O3 -g line 14 arg6 == 6
FAIL: gcc.dg/guality/pr68860-1.c -O3 -g line 14 arg7 == 30
FAIL: gcc.dg/guality/pr68860-1.c -O3 -g line 16 arg1 == 1
FAIL: gcc.dg/guality/pr68860-1.c -O3 -g line 16 arg2 == 2
FAIL: gcc.dg/guality/pr68860-1.c -O3 -g line 16 arg3 == 3
FAIL: gcc.dg/guality/pr68860-1.c -O3 -g line 16 arg4 == 4
FAIL: gcc.dg/guality/pr68860-1.c -O3 -g line 16 arg5 == 5
FAIL: gcc.dg/guality/pr68860-1.c -O3 -g line 16 arg6 == 6
FAIL: gcc.dg/guality/pr68860-1.c -O3 -g line 16 arg7 == 30
FAIL: gcc.dg/guality/pr68860-1.c -Os line 14 arg1 == 1
FAIL: gcc.dg/guality/pr68860-1.c -Os line 14 arg2 == 2
FAIL: gcc.dg/guality/pr68860-1.c -Os line 14 arg3 == 3
FAIL: gcc.dg/guality/pr68860-1.c -Os line 14 arg4 == 4
FAIL: gcc.dg/guality/pr68860-1.c -Os line 14 arg5 == 5
FAIL: gcc.dg/guality/pr68860-1.c -Os line 14 arg6 == 6
FAIL: gcc.dg/guality/pr68860-1.c -Os line 14 arg7 == 30
FAIL: gcc.dg/guality/pr68860-1.c -Os line 16 arg1 == 1
FAIL: gcc.dg/guality/pr68860-1.c -Os line 16 arg2 == 2
FAIL: gcc.dg/guality/pr68860-1.c -Os line 16 arg3 == 3
FAIL: gcc.dg/guality/pr68860-1.c -Os line 16 arg4 == 4
FAIL: gcc.dg/guality/pr68860-1.c -Os line 16 arg5 == 5
FAIL: gcc.dg/guality/pr68860-1.c -Os line 16 arg6 == 6
FAIL: gcc.dg/guality/pr68860-1.c -Os line 16 arg7 == 30
FAIL: gcc.dg/guality/pr68860-2.c -O1 line 14 arg1 == 1
FAIL: gcc.dg/guality/pr68860-2.c -O1 line 14 arg2 == 2
FAIL: gcc.dg/guality/pr68860-2.c -O1 line 14 arg7 == 30
FAIL: gcc.dg/guality/pr68860-2.c -O1 line 16 arg1 == 1
FAIL: gcc.dg/guality/pr68860-2.c -O1 line 16 arg2 == 2
FAIL: gcc.dg/guality/pr68860-2.c -O1 line 16 arg7 == 30
FAIL: gcc.dg/guality/pr68860-2.c -O2 line 14 arg1 == 1
FAIL: gcc.dg/guality/pr68860-2.c -O2 line 14 arg2 == 2
FAIL: gcc.dg/guality/pr68860-2.c -O2 line 14 arg7 == 30
FAIL: gcc.dg/guality/pr68860-2.c -O2 line 16 arg1 == 1
FAIL: gcc.dg/guality/pr68860-2.c -O2 line 16 arg2 == 2
FAIL: gcc.dg/guality/pr68860-2.c -O2 line 16 arg7 == 30
FAIL: gcc.dg/guality/pr68860-2.c -O2 -flto -fno-use-linker-plugin -flto-partition=none line 14 arg1 == 1
FAIL: gcc.dg/guality/pr68860-2.c -O2 -flto -fno-use-linker-plugin -flto-partition=none line 14 arg2 == 2
FAIL: gcc.dg/guality/pr68860-2.c -O2 -flto -fno-use-linker-plugin -flto-partition=none line 14 arg7 == 30
FAIL: gcc.dg/guality/pr68860-2.c -O2 -flto -fno-use-linker-plugin -flto-partition=none line 16 arg1 == 1
FAIL: gcc.dg/guality/pr68860-2.c -O2 -flto -fno-use-linker-plugin -flto-partition=none line 16 arg2 == 2
FAIL: gcc.dg/guality/pr68860-2.c -O2 -flto -fno-use-linker-plugin -flto-partition=none line 16 arg7 == 30
FAIL: gcc.dg/guality/pr68860-2.c -O2 -flto -fuse-linker-plugin -fno-fat-lto-objects line 14 arg1 == 1
FAIL: gcc.dg/guality/pr68860-2.c -O2 -flto -fuse-linker-plugin -fno-fat-lto-objects line 14 arg2 == 2
FAIL: gcc.dg/guality/pr68860-2.c -O2 -flto -fuse-linker-plugin -fno-fat-lto-objects line 14 arg3 == 3
FAIL: gcc.dg/guality/pr68860-2.c -O2 -flto -fuse-linker-plugin -fno-fat-lto-objects line 14 arg4 == 4
FAIL: gcc.dg/guality/pr68860-2.c -O2 -flto -fuse-linker-plugin -fno-fat-lto-objects line 14 arg5 == 5
FAIL: gcc.dg/guality/pr68860-2.c -O2 -flto -fuse-linker-plugin -fno-fat-lto-objects line 14 arg6 == 6
FAIL: gcc.dg/guality/pr68860-2.c -O2 -flto -fuse-linker-plugin -fno-fat-lto-objects line 14 arg7 == 30
FAIL: gcc.dg/guality/pr68860-2.c -O2 -flto -fuse-linker-plugin -fno-fat-lto-objects line 16 arg1 == 1
FAIL: gcc.dg/guality/pr68860-2.c -O2 -flto -fuse-linker-plugin -fno-fat-lto-objects line 16 arg2 == 2
FAIL: gcc.dg/guality/pr68860-2.c -O2 -flto -fuse-linker-plugin -fno-fat-lto-objects line 16 arg3 == 3
FAIL: gcc.dg/guality/pr68860-2.c -O2 -flto -fuse-linker-plugin -fno-fat-lto-objects line 16 arg4 == 4
FAIL: gcc.dg/guality/pr68860-2.c -O2 -flto -fuse-linker-plugin -fno-fat-lto-objects line 16 arg5 == 5
FAIL: gcc.dg/guality/pr68860-2.c -O2 -flto -fuse-linker-plugin -fno-fat-lto-objects line 16 arg6 == 6
FAIL: gcc.dg/guality/pr68860-2.c -O2 -flto -fuse-linker-plugin -fno-fat-lto-objects line 16 arg7 == 30
FAIL: gcc.dg/guality/pr68860-2.c -O3 -g line 14 arg1 == 1
FAIL: gcc.dg/guality/pr68860-2.c -O3 -g line 14 arg2 == 2
FAIL: gcc.dg/guality/pr68860-2.c -O3 -g line 14 arg3 == 3
FAIL: gcc.dg/guality/pr68860-2.c -O3 -g line 14 arg4 == 4
FAIL: gcc.dg/guality/pr68860-2.c -O3 -g line 14 arg5 == 5
FAIL: gcc.dg/guality/pr68860-2.c -O3 -g line 14 arg6 == 6
FAIL: gcc.dg/guality/pr68860-2.c -O3 -g line 14 arg7 == 30
FAIL: gcc.dg/guality/pr68860-2.c -O3 -g line 16 arg1 == 1
FAIL: gcc.dg/guality/pr68860-2.c -O3 -g line 16 arg2 == 2
FAIL: gcc.dg/guality/pr68860-2.c -O3 -g line 16 arg3 == 3
FAIL: gcc.dg/guality/pr68860-2.c -O3 -g line 16 arg4 == 4
FAIL: gcc.dg/guality/pr68860-2.c -O3 -g line 16 arg5 == 5
FAIL: gcc.dg/guality/pr68860-2.c -O3 -g line 16 arg6 == 6
FAIL: gcc.dg/guality/pr68860-2.c -O3 -g line 16 arg7 == 30
FAIL: gcc.dg/guality/pr68860-2.c -Os line 14 arg1 == 1
FAIL: gcc.dg/guality/pr68860-2.c -Os line 14 arg2 == 2
FAIL: gcc.dg/guality/pr68860-2.c -Os line 14 arg7 == 30
FAIL: gcc.dg/guality/pr68860-2.c -Os line 16 arg1 == 1
FAIL: gcc.dg/guality/pr68860-2.c -Os line 16 arg2 == 2
FAIL: gcc.dg/guality/pr68860-2.c -Os line 16 arg7 == 30
FAIL: gcc.dg/guality/sra-1.c -O1 line 43 a.i == 4
FAIL: gcc.dg/guality/sra-1.c -O2 line 43 a.i == 4
FAIL: gcc.dg/guality/sra-1.c -O2 -flto -fno-use-linker-plugin -flto-partition=none line 43 a.i == 4
FAIL: gcc.dg/guality/sra-1.c -O2 -flto -fuse-linker-plugin -fno-fat-lto-objects line 43 a.i == 4
FAIL: gcc.dg/guality/sra-1.c -O3 -g line 43 a.i == 4
FAIL: gcc.dg/guality/vla-1.c -O1 line 17 sizeof (a) == 6
FAIL: gcc.dg/guality/vla-1.c -O1 line 24 i == 5
FAIL: gcc.dg/guality/vla-1.c -O2 line 17 sizeof (a) == 6
FAIL: gcc.dg/guality/vla-1.c -O2 -flto -fno-use-linker-plugin -flto-partition=none line 17 sizeof (a) == 6
FAIL: gcc.dg/guality/vla-1.c -O2 -flto -fno-use-linker-plugin -flto-partition=none line 24 sizeof (a) == 17 * sizeof (short)
FAIL: gcc.dg/guality/vla-1.c -O2 -flto -fuse-linker-plugin -fno-fat-lto-objects line 17 sizeof (a) == 6
FAIL: gcc.dg/guality/vla-1.c -O2 -flto -fuse-linker-plugin -fno-fat-lto-objects line 24 sizeof (a) == 17 * sizeof (short)
FAIL: gcc.dg/guality/vla-1.c -O3 -g line 17 sizeof (a) == 6
FAIL: gcc.dg/guality/vla-1.c -Os line 17 sizeof (a) == 6
FAIL: gcc.dg/ipa/iinline-attr.c scan-ipa-dump inline "hooray[^\\\\n]*inline copy in test"
FAIL: gcc.dg/ipa/ipa-pta-19.c (test for excess errors)
UNRESOLVED: gcc.dg/ipa/ipa-pta-19.c compilation failed to produce executable
FAIL: gcc.dg/lto/20100430-1 c_lto_20100430-1_0.o-c_lto_20100430-1_0.o link, -O2 -fprofile-arcs -flto -r -nostdlib
FAIL: gcc.dg/lto/pr69188 c_lto_pr69188_0.o-c_lto_pr69188_1.o link, -flto -O0 -fprofile-generate
FAIL: gcc.dg/noncompile/pr55976-1.c -O0 (test for excess errors)
FAIL: gcc.dg/noncompile/pr55976-1.c -O1 (test for excess errors)
FAIL: gcc.dg/noncompile/pr55976-1.c -O2 (test for excess errors)
FAIL: gcc.dg/noncompile/pr55976-1.c -O2 -flto -fno-use-linker-plugin -flto-partition=none (test for excess errors)
FAIL: gcc.dg/noncompile/pr55976-1.c -O2 -flto -fuse-linker-plugin -fno-fat-lto-objects (test for excess errors)
FAIL: gcc.dg/noncompile/pr55976-1.c -O3 -g (test for excess errors)
FAIL: gcc.dg/noncompile/pr55976-1.c -Os (test for excess errors)
FAIL: gcc.dg/torture/c99-contract-1.c -O1 execution test
FAIL: gcc.dg/torture/c99-contract-1.c -O2 execution test
FAIL: gcc.dg/torture/c99-contract-1.c -O2 -flto -fno-use-linker-plugin -flto-partition=none execution test
FAIL: gcc.dg/torture/c99-contract-1.c -O2 -flto -fuse-linker-plugin -fno-fat-lto-objects execution test
FAIL: gcc.dg/torture/c99-contract-1.c -O3 -g execution test
FAIL: gcc.dg/torture/c99-contract-1.c -Os execution test
FAIL: gcc.dg/tree-prof/20041218-1.c compilation, -fprofile-generate -D_PROFILE_GENERATE
UNRESOLVED: gcc.dg/tree-prof/20041218-1.c compilation, -fprofile-use -D_PROFILE_USE
UNRESOLVED: gcc.dg/tree-prof/20041218-1.c execution, -fprofile-generate -D_PROFILE_GENERATE
UNRESOLVED: gcc.dg/tree-prof/20041218-1.c execution, -fprofile-use -D_PROFILE_USE
FAIL: gcc.dg/tree-prof/20050826-2.c compilation, -fprofile-generate -D_PROFILE_GENERATE
UNRESOLVED: gcc.dg/tree-prof/20050826-2.c compilation, -fprofile-use -D_PROFILE_USE
UNRESOLVED: gcc.dg/tree-prof/20050826-2.c execution, -fprofile-generate -D_PROFILE_GENERATE
UNRESOLVED: gcc.dg/tree-prof/20050826-2.c execution, -fprofile-use -D_PROFILE_USE
FAIL: gcc.dg/tree-prof/bb-reorg.c compilation, -fprofile-generate -D_PROFILE_GENERATE
UNRESOLVED: gcc.dg/tree-prof/bb-reorg.c compilation, -fprofile-use -D_PROFILE_USE
UNRESOLVED: gcc.dg/tree-prof/bb-reorg.c execution, -fprofile-generate -D_PROFILE_GENERATE
UNRESOLVED: gcc.dg/tree-prof/bb-reorg.c execution, -fprofile-use -D_PROFILE_USE
FAIL: gcc.dg/tree-prof/cmpsf-1.c compilation, -fprofile-generate -D_PROFILE_GENERATE
UNRESOLVED: gcc.dg/tree-prof/cmpsf-1.c compilation, -fprofile-use -D_PROFILE_USE
UNRESOLVED: gcc.dg/tree-prof/cmpsf-1.c execution, -fprofile-generate -D_PROFILE_GENERATE
UNRESOLVED: gcc.dg/tree-prof/cmpsf-1.c execution, -fprofile-use -D_PROFILE_USE
FAIL: gcc.dg/tree-prof/cold_partition_label.c compilation, -fprofile-generate -D_PROFILE_GENERATE
UNRESOLVED: gcc.dg/tree-prof/cold_partition_label.c compilation, -fprofile-use -D_PROFILE_USE
UNRESOLVED: gcc.dg/tree-prof/cold_partition_label.c execution, -fprofile-generate -D_PROFILE_GENERATE
UNRESOLVED: gcc.dg/tree-prof/cold_partition_label.c execution, -fprofile-use -D_PROFILE_USE
FAIL: gcc.dg/tree-prof/comp-goto-1.c compilation, -fprofile-generate -D_PROFILE_GENERATE
UNRESOLVED: gcc.dg/tree-prof/comp-goto-1.c compilation, -fprofile-use -D_PROFILE_USE
UNRESOLVED: gcc.dg/tree-prof/comp-goto-1.c execution, -fprofile-generate -D_PROFILE_GENERATE
UNRESOLVED: gcc.dg/tree-prof/comp-goto-1.c execution, -fprofile-use -D_PROFILE_USE
FAIL: gcc.dg/tree-prof/crossmodule-indircall-1.c compilation, -fprofile-generate -D_PROFILE_GENERATE
UNRESOLVED: gcc.dg/tree-prof/crossmodule-indircall-1.c compilation, -fprofile-use -D_PROFILE_USE
UNRESOLVED: gcc.dg/tree-prof/crossmodule-indircall-1.c execution, -fprofile-generate -D_PROFILE_GENERATE
UNRESOLVED: gcc.dg/tree-prof/crossmodule-indircall-1.c execution, -fprofile-use -D_PROFILE_USE
FAIL: gcc.dg/tree-prof/crossmodule-indircall-1a.c compilation, -fprofile-generate -D_PROFILE_GENERATE
UNRESOLVED: gcc.dg/tree-prof/crossmodule-indircall-1a.c compilation, -fprofile-use -D_PROFILE_USE
UNRESOLVED: gcc.dg/tree-prof/crossmodule-indircall-1a.c execution, -fprofile-generate -D_PROFILE_GENERATE
UNRESOLVED: gcc.dg/tree-prof/crossmodule-indircall-1a.c execution, -fprofile-use -D_PROFILE_USE
FAIL: gcc.dg/tree-prof/ic-misattribution-1.c compilation, -fprofile-generate -D_PROFILE_GENERATE
UNRESOLVED: gcc.dg/tree-prof/ic-misattribution-1.c compilation, -fprofile-use -D_PROFILE_USE
UNRESOLVED: gcc.dg/tree-prof/ic-misattribution-1.c execution, -fprofile-generate -D_PROFILE_GENERATE
UNRESOLVED: gcc.dg/tree-prof/ic-misattribution-1.c execution, -fprofile-use -D_PROFILE_USE
FAIL: gcc.dg/tree-prof/ic-misattribution-1a.c compilation, -fprofile-generate -D_PROFILE_GENERATE
UNRESOLVED: gcc.dg/tree-prof/ic-misattribution-1a.c compilation, -fprofile-use -D_PROFILE_USE
UNRESOLVED: gcc.dg/tree-prof/ic-misattribution-1a.c execution, -fprofile-generate -D_PROFILE_GENERATE
UNRESOLVED: gcc.dg/tree-prof/ic-misattribution-1a.c execution, -fprofile-use -D_PROFILE_USE
FAIL: gcc.dg/tree-prof/indir-call-prof.c compilation, -fprofile-generate -D_PROFILE_GENERATE
UNRESOLVED: gcc.dg/tree-prof/indir-call-prof.c compilation, -fprofile-use -D_PROFILE_USE
UNRESOLVED: gcc.dg/tree-prof/indir-call-prof.c execution, -fprofile-generate -D_PROFILE_GENERATE
UNRESOLVED: gcc.dg/tree-prof/indir-call-prof.c execution, -fprofile-use -D_PROFILE_USE
FAIL: gcc.dg/tree-prof/inliner-1.c compilation, -fprofile-generate -D_PROFILE_GENERATE
UNRESOLVED: gcc.dg/tree-prof/inliner-1.c compilation, -fprofile-use -D_PROFILE_USE
UNRESOLVED: gcc.dg/tree-prof/inliner-1.c execution, -fprofile-generate -D_PROFILE_GENERATE
UNRESOLVED: gcc.dg/tree-prof/inliner-1.c execution, -fprofile-use -D_PROFILE_USE
FAIL: gcc.dg/tree-prof/merge_block.c compilation, -fprofile-generate -D_PROFILE_GENERATE
UNRESOLVED: gcc.dg/tree-prof/merge_block.c compilation, -fprofile-use -D_PROFILE_USE
UNRESOLVED: gcc.dg/tree-prof/merge_block.c execution, -fprofile-generate -D_PROFILE_GENERATE
UNRESOLVED: gcc.dg/tree-prof/merge_block.c execution, -fprofile-use -D_PROFILE_USE
FAIL: gcc.dg/tree-prof/peel-1.c compilation, -fprofile-generate -D_PROFILE_GENERATE
UNRESOLVED: gcc.dg/tree-prof/peel-1.c compilation, -fprofile-use -D_PROFILE_USE
UNRESOLVED: gcc.dg/tree-prof/peel-1.c execution, -fprofile-generate -D_PROFILE_GENERATE
UNRESOLVED: gcc.dg/tree-prof/peel-1.c execution, -fprofile-use -D_PROFILE_USE
FAIL: gcc.dg/tree-prof/pr34999.c compilation, -fprofile-generate -D_PROFILE_GENERATE
UNRESOLVED: gcc.dg/tree-prof/pr34999.c compilation, -fprofile-use -D_PROFILE_USE
UNRESOLVED: gcc.dg/tree-prof/pr34999.c execution, -fprofile-generate -D_PROFILE_GENERATE
UNRESOLVED: gcc.dg/tree-prof/pr34999.c execution, -fprofile-use -D_PROFILE_USE
FAIL: gcc.dg/tree-prof/pr44777.c compilation, -fprofile-generate -D_PROFILE_GENERATE
UNRESOLVED: gcc.dg/tree-prof/pr44777.c compilation, -fprofile-use -D_PROFILE_USE
UNRESOLVED: gcc.dg/tree-prof/pr44777.c execution, -fprofile-generate -D_PROFILE_GENERATE
UNRESOLVED: gcc.dg/tree-prof/pr44777.c execution, -fprofile-use -D_PROFILE_USE
FAIL: gcc.dg/tree-prof/pr45354.c compilation, -fprofile-generate -D_PROFILE_GENERATE
UNRESOLVED: gcc.dg/tree-prof/pr45354.c compilation, -fprofile-use -D_PROFILE_USE
UNRESOLVED: gcc.dg/tree-prof/pr45354.c execution, -fprofile-generate -D_PROFILE_GENERATE
UNRESOLVED: gcc.dg/tree-prof/pr45354.c execution, -fprofile-use -D_PROFILE_USE
FAIL: gcc.dg/tree-prof/pr47187.c compilation, -fprofile-generate -D_PROFILE_GENERATE
UNRESOLVED: gcc.dg/tree-prof/pr47187.c compilation, -fprofile-use -D_PROFILE_USE
UNRESOLVED: gcc.dg/tree-prof/pr47187.c execution, -fprofile-generate -D_PROFILE_GENERATE
UNRESOLVED: gcc.dg/tree-prof/pr47187.c execution, -fprofile-use -D_PROFILE_USE
FAIL: gcc.dg/tree-prof/pr49299-1.c compilation, -fprofile-generate -D_PROFILE_GENERATE
UNRESOLVED: gcc.dg/tree-prof/pr49299-1.c compilation, -fprofile-use -D_PROFILE_USE
UNRESOLVED: gcc.dg/tree-prof/pr49299-1.c execution, -fprofile-generate -D_PROFILE_GENERATE
UNRESOLVED: gcc.dg/tree-prof/pr49299-1.c execution, -fprofile-use -D_PROFILE_USE
FAIL: gcc.dg/tree-prof/pr49299-2.c compilation, -fprofile-generate -D_PROFILE_GENERATE
UNRESOLVED: gcc.dg/tree-prof/pr49299-2.c compilation, -fprofile-use -D_PROFILE_USE
UNRESOLVED: gcc.dg/tree-prof/pr49299-2.c execution, -fprofile-generate -D_PROFILE_GENERATE
UNRESOLVED: gcc.dg/tree-prof/pr49299-2.c execution, -fprofile-use -D_PROFILE_USE
FAIL: gcc.dg/tree-prof/pr50907.c compilation, -fprofile-generate -D_PROFILE_GENERATE
UNRESOLVED: gcc.dg/tree-prof/pr50907.c compilation, -fprofile-use -D_PROFILE_USE
UNRESOLVED: gcc.dg/tree-prof/pr50907.c execution, -fprofile-generate -D_PROFILE_GENERATE
UNRESOLVED: gcc.dg/tree-prof/pr50907.c execution, -fprofile-use -D_PROFILE_USE
FAIL: gcc.dg/tree-prof/pr52027.c compilation, -fprofile-generate -D_PROFILE_GENERATE
UNRESOLVED: gcc.dg/tree-prof/pr52027.c compilation, -fprofile-use -D_PROFILE_USE
UNRESOLVED: gcc.dg/tree-prof/pr52027.c execution, -fprofile-generate -D_PROFILE_GENERATE
UNRESOLVED: gcc.dg/tree-prof/pr52027.c execution, -fprofile-use -D_PROFILE_USE
FAIL: gcc.dg/tree-prof/pr52150.c compilation, -fprofile-generate -D_PROFILE_GENERATE
UNRESOLVED: gcc.dg/tree-prof/pr52150.c compilation, -fprofile-use -D_PROFILE_USE
UNRESOLVED: gcc.dg/tree-prof/pr52150.c execution, -fprofile-generate -D_PROFILE_GENERATE
UNRESOLVED: gcc.dg/tree-prof/pr52150.c execution, -fprofile-use -D_PROFILE_USE
FAIL: gcc.dg/tree-prof/pr59003.c compilation, -fprofile-generate -D_PROFILE_GENERATE
UNRESOLVED: gcc.dg/tree-prof/pr59003.c compilation, -fprofile-use -D_PROFILE_USE
UNRESOLVED: gcc.dg/tree-prof/pr59003.c execution, -fprofile-generate -D_PROFILE_GENERATE
UNRESOLVED: gcc.dg/tree-prof/pr59003.c execution, -fprofile-use -D_PROFILE_USE
FAIL: gcc.dg/tree-prof/pr79587.c compilation, -fprofile-generate -D_PROFILE_GENERATE
UNRESOLVED: gcc.dg/tree-prof/pr79587.c compilation, -fprofile-use -D_PROFILE_USE
UNRESOLVED: gcc.dg/tree-prof/pr79587.c execution, -fprofile-generate -D_PROFILE_GENERATE
UNRESOLVED: gcc.dg/tree-prof/pr79587.c execution, -fprofile-use -D_PROFILE_USE
FAIL: gcc.dg/tree-prof/prof-robust-1.c compilation, -fprofile-generate -D_PROFILE_GENERATE
UNRESOLVED: gcc.dg/tree-prof/prof-robust-1.c compilation, -fprofile-use -D_PROFILE_USE
UNRESOLVED: gcc.dg/tree-prof/prof-robust-1.c execution, -fprofile-generate -D_PROFILE_GENERATE
UNRESOLVED: gcc.dg/tree-prof/prof-robust-1.c execution, -fprofile-use -D_PROFILE_USE
FAIL: gcc.dg/tree-prof/section-attr-1.c compilation, -fprofile-generate -D_PROFILE_GENERATE
UNRESOLVED: gcc.dg/tree-prof/section-attr-1.c compilation, -fprofile-use -D_PROFILE_USE
UNRESOLVED: gcc.dg/tree-prof/section-attr-1.c execution, -fprofile-generate -D_PROFILE_GENERATE
UNRESOLVED: gcc.dg/tree-prof/section-attr-1.c execution, -fprofile-use -D_PROFILE_USE
FAIL: gcc.dg/tree-prof/section-attr-2.c compilation, -fprofile-generate -D_PROFILE_GENERATE
UNRESOLVED: gcc.dg/tree-prof/section-attr-2.c compilation, -fprofile-use -D_PROFILE_USE
UNRESOLVED: gcc.dg/tree-prof/section-attr-2.c execution, -fprofile-generate -D_PROFILE_GENERATE
UNRESOLVED: gcc.dg/tree-prof/section-attr-2.c execution, -fprofile-use -D_PROFILE_USE
FAIL: gcc.dg/tree-prof/section-attr-3.c compilation, -fprofile-generate -D_PROFILE_GENERATE
UNRESOLVED: gcc.dg/tree-prof/section-attr-3.c compilation, -fprofile-use -D_PROFILE_USE
UNRESOLVED: gcc.dg/tree-prof/section-attr-3.c execution, -fprofile-generate -D_PROFILE_GENERATE
UNRESOLVED: gcc.dg/tree-prof/section-attr-3.c execution, -fprofile-use -D_PROFILE_USE
FAIL: gcc.dg/tree-prof/stringop-1.c compilation, -fprofile-generate -D_PROFILE_GENERATE
UNRESOLVED: gcc.dg/tree-prof/stringop-1.c compilation, -fprofile-use -D_PROFILE_USE
UNRESOLVED: gcc.dg/tree-prof/stringop-1.c execution, -fprofile-generate -D_PROFILE_GENERATE
UNRESOLVED: gcc.dg/tree-prof/stringop-1.c execution, -fprofile-use -D_PROFILE_USE
FAIL: gcc.dg/tree-prof/stringop-2.c compilation, -fprofile-generate -D_PROFILE_GENERATE
UNRESOLVED: gcc.dg/tree-prof/stringop-2.c compilation, -fprofile-use -D_PROFILE_USE
UNRESOLVED: gcc.dg/tree-prof/stringop-2.c execution, -fprofile-generate -D_PROFILE_GENERATE
UNRESOLVED: gcc.dg/tree-prof/stringop-2.c execution, -fprofile-use -D_PROFILE_USE
FAIL: gcc.dg/tree-prof/switch-case-1.c compilation, -fprofile-generate -D_PROFILE_GENERATE
UNRESOLVED: gcc.dg/tree-prof/switch-case-1.c compilation, -fprofile-use -D_PROFILE_USE
UNRESOLVED: gcc.dg/tree-prof/switch-case-1.c execution, -fprofile-generate -D_PROFILE_GENERATE
UNRESOLVED: gcc.dg/tree-prof/switch-case-1.c execution, -fprofile-use -D_PROFILE_USE
FAIL: gcc.dg/tree-prof/switch-case-2.c compilation, -fprofile-generate -D_PROFILE_GENERATE
UNRESOLVED: gcc.dg/tree-prof/switch-case-2.c compilation, -fprofile-use -D_PROFILE_USE
UNRESOLVED: gcc.dg/tree-prof/switch-case-2.c execution, -fprofile-generate -D_PROFILE_GENERATE
UNRESOLVED: gcc.dg/tree-prof/switch-case-2.c execution, -fprofile-use -D_PROFILE_USE
FAIL: gcc.dg/tree-prof/time-profiler-1.c compilation, -fprofile-generate -D_PROFILE_GENERATE
UNRESOLVED: gcc.dg/tree-prof/time-profiler-1.c compilation, -fprofile-use -D_PROFILE_USE
UNRESOLVED: gcc.dg/tree-prof/time-profiler-1.c execution, -fprofile-generate -D_PROFILE_GENERATE
UNRESOLVED: gcc.dg/tree-prof/time-profiler-1.c execution, -fprofile-use -D_PROFILE_USE
FAIL: gcc.dg/tree-prof/time-profiler-2.c compilation, -fprofile-generate -D_PROFILE_GENERATE
UNRESOLVED: gcc.dg/tree-prof/time-profiler-2.c compilation, -fprofile-use -D_PROFILE_USE
UNRESOLVED: gcc.dg/tree-prof/time-profiler-2.c execution, -fprofile-generate -D_PROFILE_GENERATE
UNRESOLVED: gcc.dg/tree-prof/time-profiler-2.c execution, -fprofile-use -D_PROFILE_USE
FAIL: gcc.dg/tree-prof/time-profiler-3.c compilation, -fprofile-generate -D_PROFILE_GENERATE
UNRESOLVED: gcc.dg/tree-prof/time-profiler-3.c compilation, -fprofile-use -D_PROFILE_USE
UNRESOLVED: gcc.dg/tree-prof/time-profiler-3.c execution, -fprofile-generate -D_PROFILE_GENERATE
UNRESOLVED: gcc.dg/tree-prof/time-profiler-3.c execution, -fprofile-use -D_PROFILE_USE
FAIL: gcc.dg/tree-prof/tracer-1.c compilation, -fprofile-generate -D_PROFILE_GENERATE
UNRESOLVED: gcc.dg/tree-prof/tracer-1.c compilation, -fprofile-use -D_PROFILE_USE
UNRESOLVED: gcc.dg/tree-prof/tracer-1.c execution, -fprofile-generate -D_PROFILE_GENERATE
UNRESOLVED: gcc.dg/tree-prof/tracer-1.c execution, -fprofile-use -D_PROFILE_USE
FAIL: gcc.dg/tree-prof/unroll-1.c compilation, -fprofile-generate -D_PROFILE_GENERATE
UNRESOLVED: gcc.dg/tree-prof/unroll-1.c compilation, -fprofile-use -D_PROFILE_USE
UNRESOLVED: gcc.dg/tree-prof/unroll-1.c execution, -fprofile-generate -D_PROFILE_GENERATE
UNRESOLVED: gcc.dg/tree-prof/unroll-1.c execution, -fprofile-use -D_PROFILE_USE
FAIL: gcc.dg/tree-prof/update-cunroll-2.c compilation, -fprofile-generate -D_PROFILE_GENERATE
UNRESOLVED: gcc.dg/tree-prof/update-cunroll-2.c compilation, -fprofile-use -D_PROFILE_USE
UNRESOLVED: gcc.dg/tree-prof/update-cunroll-2.c execution, -fprofile-generate -D_PROFILE_GENERATE
UNRESOLVED: gcc.dg/tree-prof/update-cunroll-2.c execution, -fprofile-use -D_PROFILE_USE
FAIL: gcc.dg/tree-prof/update-loopch.c compilation, -fprofile-generate -D_PROFILE_GENERATE
UNRESOLVED: gcc.dg/tree-prof/update-loopch.c compilation, -fprofile-use -D_PROFILE_USE
UNRESOLVED: gcc.dg/tree-prof/update-loopch.c execution, -fprofile-generate -D_PROFILE_GENERATE
UNRESOLVED: gcc.dg/tree-prof/update-loopch.c execution, -fprofile-use -D_PROFILE_USE
FAIL: gcc.dg/tree-prof/update-tailcall.c compilation, -fprofile-generate -D_PROFILE_GENERATE
UNRESOLVED: gcc.dg/tree-prof/update-tailcall.c compilation, -fprofile-use -D_PROFILE_USE
UNRESOLVED: gcc.dg/tree-prof/update-tailcall.c execution, -fprofile-generate -D_PROFILE_GENERATE
UNRESOLVED: gcc.dg/tree-prof/update-tailcall.c execution, -fprofile-use -D_PROFILE_USE
FAIL: gcc.dg/tree-prof/va-arg-pack-1.c compilation, -fprofile-generate -D_PROFILE_GENERATE
UNRESOLVED: gcc.dg/tree-prof/va-arg-pack-1.c compilation, -fprofile-use -D_PROFILE_USE
UNRESOLVED: gcc.dg/tree-prof/va-arg-pack-1.c execution, -fprofile-generate -D_PROFILE_GENERATE
UNRESOLVED: gcc.dg/tree-prof/va-arg-pack-1.c execution, -fprofile-use -D_PROFILE_USE
FAIL: gcc.dg/tree-prof/val-prof-1.c compilation, -fprofile-generate -D_PROFILE_GENERATE
UNRESOLVED: gcc.dg/tree-prof/val-prof-1.c compilation, -fprofile-use -D_PROFILE_USE
UNRESOLVED: gcc.dg/tree-prof/val-prof-1.c execution, -fprofile-generate -D_PROFILE_GENERATE
UNRESOLVED: gcc.dg/tree-prof/val-prof-1.c execution, -fprofile-use -D_PROFILE_USE
FAIL: gcc.dg/tree-prof/val-prof-2.c compilation, -fprofile-generate -D_PROFILE_GENERATE
UNRESOLVED: gcc.dg/tree-prof/val-prof-2.c compilation, -fprofile-use -D_PROFILE_USE
UNRESOLVED: gcc.dg/tree-prof/val-prof-2.c execution, -fprofile-generate -D_PROFILE_GENERATE
UNRESOLVED: gcc.dg/tree-prof/val-prof-2.c execution, -fprofile-use -D_PROFILE_USE
FAIL: gcc.dg/tree-prof/val-prof-3.c compilation, -fprofile-generate -D_PROFILE_GENERATE
UNRESOLVED: gcc.dg/tree-prof/val-prof-3.c compilation, -fprofile-use -D_PROFILE_USE
UNRESOLVED: gcc.dg/tree-prof/val-prof-3.c execution, -fprofile-generate -D_PROFILE_GENERATE
UNRESOLVED: gcc.dg/tree-prof/val-prof-3.c execution, -fprofile-use -D_PROFILE_USE
FAIL: gcc.dg/tree-prof/val-prof-4.c compilation, -fprofile-generate -D_PROFILE_GENERATE
UNRESOLVED: gcc.dg/tree-prof/val-prof-4.c compilation, -fprofile-use -D_PROFILE_USE
UNRESOLVED: gcc.dg/tree-prof/val-prof-4.c execution, -fprofile-generate -D_PROFILE_GENERATE
UNRESOLVED: gcc.dg/tree-prof/val-prof-4.c execution, -fprofile-use -D_PROFILE_USE
FAIL: gcc.dg/tree-prof/val-prof-5.c compilation, -fprofile-generate -D_PROFILE_GENERATE
UNRESOLVED: gcc.dg/tree-prof/val-prof-5.c compilation, -fprofile-use -D_PROFILE_USE
UNRESOLVED: gcc.dg/tree-prof/val-prof-5.c execution, -fprofile-generate -D_PROFILE_GENERATE
UNRESOLVED: gcc.dg/tree-prof/val-prof-5.c execution, -fprofile-use -D_PROFILE_USE
FAIL: gcc.dg/tree-prof/val-prof-6.c compilation, -fprofile-generate -D_PROFILE_GENERATE
UNRESOLVED: gcc.dg/tree-prof/val-prof-6.c compilation, -fprofile-use -D_PROFILE_USE
UNRESOLVED: gcc.dg/tree-prof/val-prof-6.c execution, -fprofile-generate -D_PROFILE_GENERATE
UNRESOLVED: gcc.dg/tree-prof/val-prof-6.c execution, -fprofile-use -D_PROFILE_USE
FAIL: gcc.dg/tree-prof/val-prof-8.c compilation, -fprofile-generate -D_PROFILE_GENERATE
UNRESOLVED: gcc.dg/tree-prof/val-prof-8.c compilation, -fprofile-use -D_PROFILE_USE
UNRESOLVED: gcc.dg/tree-prof/val-prof-8.c execution, -fprofile-generate -D_PROFILE_GENERATE
UNRESOLVED: gcc.dg/tree-prof/val-prof-8.c execution, -fprofile-use -D_PROFILE_USE
FAIL: gcc.dg/tree-prof/val-prof-9.c compilation, -fprofile-generate -D_PROFILE_GENERATE
UNRESOLVED: gcc.dg/tree-prof/val-prof-9.c compilation, -fprofile-use -D_PROFILE_USE
UNRESOLVED: gcc.dg/tree-prof/val-prof-9.c execution, -fprofile-generate -D_PROFILE_GENERATE
UNRESOLVED: gcc.dg/tree-prof/val-prof-9.c execution, -fprofile-use -D_PROFILE_USE
FAIL: gcc.dg/tree-prof/val-profiler-threads-1.c compilation, -fprofile-generate -D_PROFILE_GENERATE
UNRESOLVED: gcc.dg/tree-prof/val-profiler-threads-1.c compilation, -fprofile-use -D_PROFILE_USE
UNRESOLVED: gcc.dg/tree-prof/val-profiler-threads-1.c execution, -fprofile-generate -D_PROFILE_GENERATE
UNRESOLVED: gcc.dg/tree-prof/val-profiler-threads-1.c execution, -fprofile-use -D_PROFILE_USE
FAIL: gcc.dg/tree-prof/wcoverage-mismatch.c compilation, -fprofile-generate -D_PROFILE_GENERATE
UNRESOLVED: gcc.dg/tree-prof/wcoverage-mismatch.c compilation, -fprofile-use -D_PROFILE_USE
UNRESOLVED: gcc.dg/tree-prof/wcoverage-mismatch.c execution, -fprofile-generate -D_PROFILE_GENERATE
UNRESOLVED: gcc.dg/tree-prof/wcoverage-mismatch.c execution, -fprofile-use -D_PROFILE_USE
FAIL: gcc.dg/tree-ssa/pr84512.c scan-tree-dump optimized "return 285;"
FAIL: gcc.dg/tree-ssa/ssa-dom-cse-2.c scan-tree-dump optimized "return 28;"
UNRESOLVED: gcc.misc-tests/bprob-1.c compilation, -O2 -fbranch-probabilities
FAIL: gcc.misc-tests/bprob-1.c compilation, -O2 -fprofile-arcs
UNRESOLVED: gcc.misc-tests/bprob-1.c compilation, -O3 -fbranch-probabilities
FAIL: gcc.misc-tests/bprob-1.c compilation, -O3 -fprofile-arcs
UNRESOLVED: gcc.misc-tests/bprob-1.c execution, -O2 -fbranch-probabilities
UNRESOLVED: gcc.misc-tests/bprob-1.c execution, -O2 -fprofile-arcs
UNRESOLVED: gcc.misc-tests/bprob-1.c execution, -O3 -fbranch-probabilities
UNRESOLVED: gcc.misc-tests/bprob-1.c execution, -O3 -fprofile-arcs
UNRESOLVED: gcc.misc-tests/bprob-2.c compilation, -O2 -fbranch-probabilities
FAIL: gcc.misc-tests/bprob-2.c compilation, -O2 -fprofile-arcs
UNRESOLVED: gcc.misc-tests/bprob-2.c compilation, -O3 -fbranch-probabilities
FAIL: gcc.misc-tests/bprob-2.c compilation, -O3 -fprofile-arcs
UNRESOLVED: gcc.misc-tests/bprob-2.c execution, -O2 -fbranch-probabilities
UNRESOLVED: gcc.misc-tests/bprob-2.c execution, -O2 -fprofile-arcs
UNRESOLVED: gcc.misc-tests/bprob-2.c execution, -O3 -fbranch-probabilities
UNRESOLVED: gcc.misc-tests/bprob-2.c execution, -O3 -fprofile-arcs
FAIL: gcc.misc-tests/gcov-1.c (test for excess errors)
UNRESOLVED: gcc.misc-tests/gcov-1.c compilation failed to produce executable
FAIL: gcc.misc-tests/gcov-1.c gcov: 3 failures in line counts, 0 in branch percentages, 0 in return percentages, 0 in intermediate format
FAIL: gcc.misc-tests/gcov-1.c line 14: is #####:should be 11
FAIL: gcc.misc-tests/gcov-1.c line 15: is #####:should be 10
FAIL: gcc.misc-tests/gcov-1.c line 17: is #####:should be 1
FAIL: gcc.misc-tests/gcov-10.c (test for excess errors)
UNRESOLVED: gcc.misc-tests/gcov-10.c compilation failed to produce executable
FAIL: gcc.misc-tests/gcov-10.c gcov: 1 failures in line counts, 0 in branch percentages, 0 in return percentages, 0 in intermediate format
FAIL: gcc.misc-tests/gcov-10.c line 10: is #####:should be 11
FAIL: gcc.misc-tests/gcov-10b.c (test for excess errors)
UNRESOLVED: gcc.misc-tests/gcov-10b.c compilation failed to produce executable
FAIL: gcc.misc-tests/gcov-10b.c gcov: 1 failures in line counts, 0 in branch percentages, 0 in return percentages, 0 in intermediate format
FAIL: gcc.misc-tests/gcov-10b.c line 10: is #####:should be 11
FAIL: gcc.misc-tests/gcov-11.c (test for excess errors)
UNRESOLVED: gcc.misc-tests/gcov-11.c compilation failed to produce executable
FAIL: gcc.misc-tests/gcov-11.c gcov: 2 failures in line counts, 0 in branch percentages, 0 in return percentages, 0 in intermediate format
FAIL: gcc.misc-tests/gcov-11.c line 11: is #####:should be 10
FAIL: gcc.misc-tests/gcov-11.c line 18: is #####:should be 11
FAIL: gcc.misc-tests/gcov-12.c (test for excess errors)
UNRESOLVED: gcc.misc-tests/gcov-12.c compilation failed to produce executable
FAIL: gcc.misc-tests/gcov-12.c gcov: 2 failures in line counts, 0 in branch percentages, 0 in return percentages, 0 in intermediate format
FAIL: gcc.misc-tests/gcov-12.c line 14: is #####:should be 1
FAIL: gcc.misc-tests/gcov-12.c line 9: is #####:should be 1
FAIL: gcc.misc-tests/gcov-13.c (test for excess errors)
UNRESOLVED: gcc.misc-tests/gcov-13.c compilation failed to produce executable
FAIL: gcc.misc-tests/gcov-13.c gcov: 1 failures in line counts, 0 in branch percentages, 0 in return percentages, 0 in intermediate format
FAIL: gcc.misc-tests/gcov-13.c line 16: is #####:should be 1
FAIL: gcc.misc-tests/gcov-13.c line 3: is #####:should be 1
FAIL: gcc.misc-tests/gcov-14.c (test for excess errors)
UNRESOLVED: gcc.misc-tests/gcov-14.c compilation failed to produce executable
FAIL: gcc.misc-tests/gcov-14.c gcov: 2 failures in line counts, 0 in branch percentages, 0 in return percentages, 0 in intermediate format
FAIL: gcc.misc-tests/gcov-14.c line 20: is #####:should be 1
FAIL: gcc.misc-tests/gcov-14.c line 25: is #####:should be 1
FAIL: gcc.misc-tests/gcov-15.c (test for excess errors)
UNRESOLVED: gcc.misc-tests/gcov-15.c compilation failed to produce executable
FAIL: gcc.misc-tests/gcov-15.c gcov: 2 failures in line counts, 0 in branch percentages, 0 in return percentages, 0 in intermediate format
FAIL: gcc.misc-tests/gcov-15.c line 19: is #####:should be 1
FAIL: gcc.misc-tests/gcov-15.c line 25: is #####:should be 1
FAIL: gcc.misc-tests/gcov-16.c (test for excess errors)
UNRESOLVED: gcc.misc-tests/gcov-16.c compilation failed to produce executable
FAIL: gcc.misc-tests/gcov-16.c gcov: 2 failures in line counts, 0 in branch percentages, 0 in return percentages, 0 in intermediate format
FAIL: gcc.misc-tests/gcov-16.c line 11: is #####:should be 1
FAIL: gcc.misc-tests/gcov-16.c line 14: is #####:should be 1
FAIL: gcc.misc-tests/gcov-17.c (test for excess errors)
UNRESOLVED: gcc.misc-tests/gcov-17.c compilation failed to produce executable
FAIL: gcc.misc-tests/gcov-17.c gcov: 2 failures in line counts, 0 in branch percentages, 0 in return percentages, 0 in intermediate format
FAIL: gcc.misc-tests/gcov-17.c line 34: is #####:should be 1
FAIL: gcc.misc-tests/gcov-17.c line 36: is #####:should be 1
FAIL: gcc.misc-tests/gcov-18.c (test for excess errors)
UNRESOLVED: gcc.misc-tests/gcov-18.c compilation failed to produce executable
FAIL: gcc.misc-tests/gcov-18.c gcov: 6 failures in line counts, 0 in branch percentages, 0 in return percentages, 0 in intermediate format
FAIL: gcc.misc-tests/gcov-18.c line 10: is #####:should be 1
FAIL: gcc.misc-tests/gcov-18.c line 15: is #####:should be 1
FAIL: gcc.misc-tests/gcov-18.c line 20: is #####:should be 1
FAIL: gcc.misc-tests/gcov-18.c line 22: is #####:should be 2
FAIL: gcc.misc-tests/gcov-18.c line 25: is #####:should be 2
FAIL: gcc.misc-tests/gcov-18.c line 26: is #####:should be 1
FAIL: gcc.misc-tests/gcov-1a.c (test for excess errors)
UNRESOLVED: gcc.misc-tests/gcov-1a.c compilation failed to produce executable
FAIL: gcc.misc-tests/gcov-1a.c gcov: 3 failures in line counts, 0 in branch percentages, 0 in return percentages, 0 in intermediate format
FAIL: gcc.misc-tests/gcov-1a.c line 14: is #####:should be 11
FAIL: gcc.misc-tests/gcov-1a.c line 15: is #####:should be 10
FAIL: gcc.misc-tests/gcov-1a.c line 17: is #####:should be 1
FAIL: gcc.misc-tests/gcov-2.c (test for excess errors)
UNRESOLVED: gcc.misc-tests/gcov-2.c compilation failed to produce executable
FAIL: gcc.misc-tests/gcov-2.c gcov: 3 failures in line counts, 0 in branch percentages, 0 in return percentages, 0 in intermediate format
FAIL: gcc.misc-tests/gcov-2.c line 14: is #####:should be 11
FAIL: gcc.misc-tests/gcov-2.c line 15: is #####:should be 10
FAIL: gcc.misc-tests/gcov-2.c line 17: is #####:should be 1
FAIL: gcc.misc-tests/gcov-3.c (test for excess errors)
UNRESOLVED: gcc.misc-tests/gcov-3.c compilation failed to produce executable
FAIL: gcc.misc-tests/gcov-3.c gcov: 2 failures in line counts, 0 in branch percentages, 0 in return percentages, 0 in intermediate format
FAIL: gcc.misc-tests/gcov-3.c line 42: is #####:should be 1
FAIL: gcc.misc-tests/gcov-3.c line 45: is #####:should be 1
FAIL: gcc.misc-tests/gcov-4.c (test for excess errors)
UNRESOLVED: gcc.misc-tests/gcov-4.c compilation failed to produce executable
FAIL: gcc.misc-tests/gcov-4.c gcov: 56 failures in line counts, 0 in branch percentages, 0 in return percentages, 0 in intermediate format
FAIL: gcc.misc-tests/gcov-4.c line 106: is #####:should be 15
FAIL: gcc.misc-tests/gcov-4.c line 107: is #####:should be 14
FAIL: gcc.misc-tests/gcov-4.c line 108: is #####:should be 1
FAIL: gcc.misc-tests/gcov-4.c line 110: is #####:should be 1
FAIL: gcc.misc-tests/gcov-4.c line 132: is #####:should be 5
FAIL: gcc.misc-tests/gcov-4.c line 133: is #####:should be 3
FAIL: gcc.misc-tests/gcov-4.c line 134: is #####:should be 3
FAIL: gcc.misc-tests/gcov-4.c line 138: is #####:should be 2
FAIL: gcc.misc-tests/gcov-4.c line 139: is #####:should be 1
FAIL: gcc.misc-tests/gcov-4.c line 141: is #####:should be 1
FAIL: gcc.misc-tests/gcov-4.c line 142: is #####:should be 5
FAIL: gcc.misc-tests/gcov-4.c line 143: is #####:should be 1
FAIL: gcc.misc-tests/gcov-4.c line 144: is #####:should be 5
FAIL: gcc.misc-tests/gcov-4.c line 145: is #####:should be 1
FAIL: gcc.misc-tests/gcov-4.c line 146: is #####:should be 1
FAIL: gcc.misc-tests/gcov-4.c line 147: is #####:should be 5
FAIL: gcc.misc-tests/gcov-4.c line 154: is #####:should be 6
FAIL: gcc.misc-tests/gcov-4.c line 155: is #####:should be 1
FAIL: gcc.misc-tests/gcov-4.c line 156: is #####:should be 6
FAIL: gcc.misc-tests/gcov-4.c line 158: is #####:should be 6
FAIL: gcc.misc-tests/gcov-4.c line 159: is #####:should be 3
FAIL: gcc.misc-tests/gcov-4.c line 160: is #####:should be 6
FAIL: gcc.misc-tests/gcov-4.c line 161: is #####:should be 2
FAIL: gcc.misc-tests/gcov-4.c line 162: is #####:should be 4
FAIL: gcc.misc-tests/gcov-4.c line 164: is #####:should be 4
FAIL: gcc.misc-tests/gcov-4.c line 171: is #####:should be 11
FAIL: gcc.misc-tests/gcov-4.c line 172: is #####:should be 1
FAIL: gcc.misc-tests/gcov-4.c line 173: is #####:should be 11
FAIL: gcc.misc-tests/gcov-4.c line 174: is #####:should be 5
FAIL: gcc.misc-tests/gcov-4.c line 175: is #####:should be 2
FAIL: gcc.misc-tests/gcov-4.c line 176: is #####:should be 1
FAIL: gcc.misc-tests/gcov-4.c line 177: is #####:should be 11
FAIL: gcc.misc-tests/gcov-4.c line 178: is #####:should be 3
FAIL: gcc.misc-tests/gcov-4.c line 179: is #####:should be 11
FAIL: gcc.misc-tests/gcov-4.c line 218: is #####:should be 5
FAIL: gcc.misc-tests/gcov-4.c line 220: is #####:should be 5
FAIL: gcc.misc-tests/gcov-4.c line 223: is #####:should be 1
FAIL: gcc.misc-tests/gcov-4.c line 230: is #####:should be 3
FAIL: gcc.misc-tests/gcov-4.c line 231: is #####:should be 1
FAIL: gcc.misc-tests/gcov-4.c line 232: is #####:should be 2
FAIL: gcc.misc-tests/gcov-4.c line 235: is #####:should be 1
FAIL: gcc.misc-tests/gcov-4.c line 236: is #####:should be 1
FAIL: gcc.misc-tests/gcov-4.c line 239: is #####:should be 4
FAIL: gcc.misc-tests/gcov-4.c line 33: is #####:should be 1
FAIL: gcc.misc-tests/gcov-4.c line 39: is #####:should be 1
FAIL: gcc.misc-tests/gcov-4.c line 41: is #####:should be 1
FAIL: gcc.misc-tests/gcov-4.c line 55: is #####:should be 3
FAIL: gcc.misc-tests/gcov-4.c line 57: is #####:should be 9
FAIL: gcc.misc-tests/gcov-4.c line 58: is #####:should be 3
FAIL: gcc.misc-tests/gcov-4.c line 65: is #####:should be 6
FAIL: gcc.misc-tests/gcov-4.c line 69: is #####:should be 81
FAIL: gcc.misc-tests/gcov-4.c line 70: is #####:should be 6
FAIL: gcc.misc-tests/gcov-4.c line 95: is #####:should be 2
FAIL: gcc.misc-tests/gcov-4.c line 96: is #####:should be 1
FAIL: gcc.misc-tests/gcov-4.c line 97: is #####:should be 1
FAIL: gcc.misc-tests/gcov-4.c line 99: is #####:should be 1
FAIL: gcc.misc-tests/gcov-4b.c (test for excess errors)
UNRESOLVED: gcc.misc-tests/gcov-4b.c compilation failed to produce executable
FAIL: gcc.misc-tests/gcov-4b.c gcov: 0 failures in line counts, 24 in branch percentages, 0 in return percentages, 0 in intermediate format
FAIL: gcc.misc-tests/gcov-4b.c line 134: expected branch percentages not found: 0
FAIL: gcc.misc-tests/gcov-4b.c line n: expected branch percentages not found: 0
FAIL: gcc.misc-tests/gcov-4b.c line n: expected branch percentages not found: 0
FAIL: gcc.misc-tests/gcov-4b.c line n: expected branch percentages not found: 0
FAIL: gcc.misc-tests/gcov-4b.c line n: expected branch percentages not found: 17
FAIL: gcc.misc-tests/gcov-4b.c line n: expected branch percentages not found: 20
FAIL: gcc.misc-tests/gcov-4b.c line n: expected branch percentages not found: 20
FAIL: gcc.misc-tests/gcov-4b.c line n: expected branch percentages not found: 20 0 40 20
FAIL: gcc.misc-tests/gcov-4b.c line n: expected branch percentages not found: 25
FAIL: gcc.misc-tests/gcov-4b.c line n: expected branch percentages not found: 27
FAIL: gcc.misc-tests/gcov-4b.c line n: expected branch percentages not found: 27 50 25
FAIL: gcc.misc-tests/gcov-4b.c line n: expected branch percentages not found: 30
FAIL: gcc.misc-tests/gcov-4b.c line n: expected branch percentages not found: 32
FAIL: gcc.misc-tests/gcov-4b.c line n: expected branch percentages not found: 33
FAIL: gcc.misc-tests/gcov-4b.c line n: expected branch percentages not found: 33
FAIL: gcc.misc-tests/gcov-4b.c line n: expected branch percentages not found: 40
FAIL: gcc.misc-tests/gcov-4b.c line n: expected branch percentages not found: 40
FAIL: gcc.misc-tests/gcov-4b.c line n: expected branch percentages not found: 45
FAIL: gcc.misc-tests/gcov-4b.c line n: expected branch percentages not found: 50
FAIL: gcc.misc-tests/gcov-4b.c line n: expected branch percentages not found: 50
FAIL: gcc.misc-tests/gcov-4b.c line n: expected branch percentages not found: 50
FAIL: gcc.misc-tests/gcov-4b.c line n: expected branch percentages not found: 50
FAIL: gcc.misc-tests/gcov-4b.c line n: expected branch percentages not found: 7
FAIL: gcc.misc-tests/gcov-4b.c line n: expected branch percentages not found: 9 10 11
FAIL: gcc.misc-tests/gcov-5b.c (test for excess errors)
UNRESOLVED: gcc.misc-tests/gcov-5b.c compilation failed to produce executable
FAIL: gcc.misc-tests/gcov-6.c (test for excess errors)
UNRESOLVED: gcc.misc-tests/gcov-6.c compilation failed to produce executable
FAIL: gcc.misc-tests/gcov-6.c gcov: 5 failures in line counts, 1 in branch percentages, 3 in return percentages, 0 in intermediate format
FAIL: gcc.misc-tests/gcov-6.c line 17: is #####:should be 5
FAIL: gcc.misc-tests/gcov-6.c line 20: is #####:should be 1
FAIL: gcc.misc-tests/gcov-6.c line 21: expected return percentages not found: 0
FAIL: gcc.misc-tests/gcov-6.c line 22: is #####:should be 4
FAIL: gcc.misc-tests/gcov-6.c line 31: is #####:should be 1
FAIL: gcc.misc-tests/gcov-6.c line 32: expected return percentages not found: 100
FAIL: gcc.misc-tests/gcov-6.c line 35: is #####:should be 4
FAIL: gcc.misc-tests/gcov-6.c line 36: expected return percentages not found: 75
FAIL: gcc.misc-tests/gcov-6.c line n: expected branch percentages not found: 20
FAIL: gcc.misc-tests/gcov-7.c (test for excess errors)
UNRESOLVED: gcc.misc-tests/gcov-7.c compilation failed to produce executable
FAIL: gcc.misc-tests/gcov-7.c gcov: 11 failures in line counts, 3 in branch percentages, 4 in return percentages, 0 in intermediate format
FAIL: gcc.misc-tests/gcov-7.c line 20: is #####:should be 3
FAIL: gcc.misc-tests/gcov-7.c line 24: is #####:should be 1
FAIL: gcc.misc-tests/gcov-7.c line 28: is #####:should be 2
FAIL: gcc.misc-tests/gcov-7.c line 33: is #####:should be 3
FAIL: gcc.misc-tests/gcov-7.c line 37: is #####:should be 1
FAIL: gcc.misc-tests/gcov-7.c line 41: is #####:should be 2
FAIL: gcc.misc-tests/gcov-7.c line 42: expected return percentages not found: 50
FAIL: gcc.misc-tests/gcov-7.c line 43: is #####:should be 1
FAIL: gcc.misc-tests/gcov-7.c line 44: expected return percentages not found: 100
FAIL: gcc.misc-tests/gcov-7.c line 46: is #####:should be 1
FAIL: gcc.misc-tests/gcov-7.c line 78: is #####:should be 2
FAIL: gcc.misc-tests/gcov-7.c line 81: is #####:should be 3
FAIL: gcc.misc-tests/gcov-7.c line 82: expected return percentages not found: 33
FAIL: gcc.misc-tests/gcov-7.c line 83: is #####:should be 1
FAIL: gcc.misc-tests/gcov-7.c line 84: expected return percentages not found: 0
FAIL: gcc.misc-tests/gcov-7.c line n: expected branch percentages not found: 33
FAIL: gcc.misc-tests/gcov-7.c line n: expected branch percentages not found: 33
FAIL: gcc.misc-tests/gcov-7.c line n: expected branch percentages not found: 33
FAIL: gcc.misc-tests/gcov-8.c (test for excess errors)
UNRESOLVED: gcc.misc-tests/gcov-8.c compilation failed to produce executable
FAIL: gcc.misc-tests/gcov-8.c gcov: 0 failures in line counts, 4 in branch percentages, 0 in return percentages, 0 in intermediate format
FAIL: gcc.misc-tests/gcov-8.c line 20: expected branch percentages not found: 1
FAIL: gcc.misc-tests/gcov-8.c line 28: expected branch percentages not found: 0
FAIL: gcc.misc-tests/gcov-8.c line 30: expected branch percentages not found: 1
FAIL: gcc.misc-tests/gcov-8.c line 47: expected branch percentages not found: 0
FAIL: gcc.misc-tests/gcov-9.c (test for excess errors)
UNRESOLVED: gcc.misc-tests/gcov-9.c compilation failed to produce executable
FAIL: gcc.misc-tests/gcov-9.c gcov: 1 failures in line counts, 0 in branch percentages, 0 in return percentages, 0 in intermediate format
FAIL: gcc.misc-tests/gcov-9.c line 10: is #####:should be 11
FAIL: gcc.target/mips/branch-cost-2.c -Os scan-assembler \\t(movz|movn)\\t
FAIL: gcc.target/mips/branch-cost-2.c -Os scan-assembler-not \\t(bne|beq)\\t
XPASS: gcc.target/mips/dspr2-MULT.c -O2 scan-assembler \\\\\$ac1
XPASS: gcc.target/mips/dspr2-MULT.c -O2 -flto -fno-use-linker-plugin -flto-partition=none scan-assembler \\\\\$ac1
XPASS: gcc.target/mips/dspr2-MULT.c -O2 -flto -fuse-linker-plugin -fno-fat-lto-objects scan-assembler \\\\\$ac1
XPASS: gcc.target/mips/dspr2-MULT.c -O3 -g scan-assembler \\\\\$ac1
XPASS: gcc.target/mips/dspr2-MULTU.c -O2 scan-assembler \\\\\$ac1
XPASS: gcc.target/mips/dspr2-MULTU.c -O2 -flto -fno-use-linker-plugin -flto-partition=none scan-assembler \\\\\$ac1
XPASS: gcc.target/mips/dspr2-MULTU.c -O2 -flto -fuse-linker-plugin -fno-fat-lto-objects scan-assembler \\\\\$ac1
XPASS: gcc.target/mips/dspr2-MULTU.c -O3 -g scan-assembler \\\\\$ac1
FAIL: gcc.target/mips/insn-pseudo-1.c -O3 -g scan-assembler \\tbeqz\\t\\\\\$[0-9]+,(.L[0-9]+)\\n.*\\n\\\\1:\\n\\t\\\\.insn\\n(?:.L[0-9]+ = \\\\.\\n)?\\t\\\\.end\\tunreachable\\n
FAIL: gcc.target/mips/insn-pseudo-2.c -O3 -g scan-assembler \\tbeqz\\t\\\\\$[0-9]+,(.L[0-9]+)\\n.*\\n\\\\1:\\n\\t\\\\.insn\\n(?:.L[0-9]+ = \\\\.\\n)?\\t\\\\.end\\tunreachable\\n
FAIL: gcc.target/mips/insn-pseudo-3.c -O3 -g scan-assembler \\tbeqz\\t\\\\\$[0-9]+,(.L[0-9]+)\\n.*\\n\\\\1:\\n\\t\\\\.insn\\n(?:.L[0-9]+ = \\\\.\\n)?\\t\\\\.end\\tunreachable\\n
FAIL: gcc.target/mips/insn-pseudo-4.c -O0 scan-assembler \\tlw\\t(\\\\\$[0-9]+),(.L[0-9]+)\\n.*\\tbeqz\\t\\\\1,(.L[0-9]+)\\n.*\\n\\\\3:\\n\\t\\\\.insn\\n(?:.L[0-9]+ = \\\\.\\n)?\\t\\\\.type\\t__pool_unreachable_[0-9]+, @object\\n__pool_unreachable_[0-9]+:\\n\\t\\\\.align\\t2\\n\\\\2:\\n\\t\\\\.word\\t305419896\\n
FAIL: gcc.target/mips/insn-pseudo-4.c -O3 -g scan-assembler \\tlw\\t(\\\\\$[0-9]+),(.L[0-9]+)\\n.*\\tbeqz\\t\\\\1,(.L[0-9]+)\\n.*\\n\\\\3:\\n\\t\\\\.insn\\n(?:.L[0-9]+ = \\\\.\\n)?\\t\\\\.type\\t__pool_unreachable_[0-9]+, @object\\n__pool_unreachable_[0-9]+:\\n\\t\\\\.align\\t2\\n\\\\2:\\n\\t\\\\.word\\t305419896\\n
FAIL: gcc.target/mips/interrupt_handler-4.c -O0 scan-assembler v0:.*ins\\t\\\\\$27,\\\\\$0,8,1.*.end\\tv0
FAIL: gcc.target/mips/interrupt_handler-4.c -O0 scan-assembler v1:.*ins\\t\\\\\$27,\\\\\$0,8,2.*.end\\tv1
FAIL: gcc.target/mips/interrupt_handler-4.c -O0 scan-assembler v2:.*ins\\t\\\\\$27,\\\\\$0,8,3.*.end\\tv2
FAIL: gcc.target/mips/interrupt_handler-4.c -O0 scan-assembler v3:.*ins\\t\\\\\$27,\\\\\$0,8,4.*.end\\tv3
FAIL: gcc.target/mips/interrupt_handler-4.c -O0 scan-assembler v4:.*ins\\t\\\\\$27,\\\\\$0,8,5.*.end\\tv4
FAIL: gcc.target/mips/interrupt_handler-4.c -O0 scan-assembler v5:.*ins\\t\\\\\$27,\\\\\$0,8,6.*.end\\tv5
FAIL: gcc.target/mips/interrupt_handler-4.c -O0 scan-assembler v6:.*ins\\t\\\\\$27,\\\\\$0,8,7.*.end\\tv6
FAIL: gcc.target/mips/interrupt_handler-4.c -O0 scan-assembler v7:.*ins\\t\\\\\$27,\\\\\$0,8,8.*.end\\tv7
FAIL: gcc.target/mips/interrupt_handler-4.c -O0 scan-assembler-times mfc0\\t\\\\\$27,\\\\\$14 11
FAIL: gcc.target/mips/interrupt_handler-4.c -O0 (test for excess errors)
FAIL: gcc.target/mips/interrupt_handler-4.c -O1 scan-assembler v0:.*ins\\t\\\\\$27,\\\\\$0,8,1.*.end\\tv0
FAIL: gcc.target/mips/interrupt_handler-4.c -O1 scan-assembler v1:.*ins\\t\\\\\$27,\\\\\$0,8,2.*.end\\tv1
FAIL: gcc.target/mips/interrupt_handler-4.c -O1 scan-assembler v2:.*ins\\t\\\\\$27,\\\\\$0,8,3.*.end\\tv2
FAIL: gcc.target/mips/interrupt_handler-4.c -O1 scan-assembler v3:.*ins\\t\\\\\$27,\\\\\$0,8,4.*.end\\tv3
FAIL: gcc.target/mips/interrupt_handler-4.c -O1 scan-assembler v4:.*ins\\t\\\\\$27,\\\\\$0,8,5.*.end\\tv4
FAIL: gcc.target/mips/interrupt_handler-4.c -O1 scan-assembler v5:.*ins\\t\\\\\$27,\\\\\$0,8,6.*.end\\tv5
FAIL: gcc.target/mips/interrupt_handler-4.c -O1 scan-assembler v6:.*ins\\t\\\\\$27,\\\\\$0,8,7.*.end\\tv6
FAIL: gcc.target/mips/interrupt_handler-4.c -O1 scan-assembler v7:.*ins\\t\\\\\$27,\\\\\$0,8,8.*.end\\tv7
FAIL: gcc.target/mips/interrupt_handler-4.c -O1 scan-assembler-times mfc0\\t\\\\\$27,\\\\\$14 11
FAIL: gcc.target/mips/interrupt_handler-4.c -O1 (test for excess errors)
FAIL: gcc.target/mips/interrupt_handler-4.c -O2 scan-assembler v0:.*ins\\t\\\\\$27,\\\\\$0,8,1.*.end\\tv0
FAIL: gcc.target/mips/interrupt_handler-4.c -O2 scan-assembler v1:.*ins\\t\\\\\$27,\\\\\$0,8,2.*.end\\tv1
FAIL: gcc.target/mips/interrupt_handler-4.c -O2 scan-assembler v2:.*ins\\t\\\\\$27,\\\\\$0,8,3.*.end\\tv2
FAIL: gcc.target/mips/interrupt_handler-4.c -O2 scan-assembler v3:.*ins\\t\\\\\$27,\\\\\$0,8,4.*.end\\tv3
FAIL: gcc.target/mips/interrupt_handler-4.c -O2 scan-assembler v4:.*ins\\t\\\\\$27,\\\\\$0,8,5.*.end\\tv4
FAIL: gcc.target/mips/interrupt_handler-4.c -O2 scan-assembler v5:.*ins\\t\\\\\$27,\\\\\$0,8,6.*.end\\tv5
FAIL: gcc.target/mips/interrupt_handler-4.c -O2 scan-assembler v6:.*ins\\t\\\\\$27,\\\\\$0,8,7.*.end\\tv6
FAIL: gcc.target/mips/interrupt_handler-4.c -O2 scan-assembler v7:.*ins\\t\\\\\$27,\\\\\$0,8,8.*.end\\tv7
FAIL: gcc.target/mips/interrupt_handler-4.c -O2 scan-assembler-times mfc0\\t\\\\\$27,\\\\\$14 11
FAIL: gcc.target/mips/interrupt_handler-4.c -O2 (test for excess errors)
FAIL: gcc.target/mips/interrupt_handler-4.c -O2 -flto -fno-use-linker-plugin -flto-partition=none scan-assembler v0:.*ins\\t\\\\\$27,\\\\\$0,8,1.*.end\\tv0
FAIL: gcc.target/mips/interrupt_handler-4.c -O2 -flto -fno-use-linker-plugin -flto-partition=none scan-assembler v1:.*ins\\t\\\\\$27,\\\\\$0,8,2.*.end\\tv1
FAIL: gcc.target/mips/interrupt_handler-4.c -O2 -flto -fno-use-linker-plugin -flto-partition=none scan-assembler v2:.*ins\\t\\\\\$27,\\\\\$0,8,3.*.end\\tv2
FAIL: gcc.target/mips/interrupt_handler-4.c -O2 -flto -fno-use-linker-plugin -flto-partition=none scan-assembler v3:.*ins\\t\\\\\$27,\\\\\$0,8,4.*.end\\tv3
FAIL: gcc.target/mips/interrupt_handler-4.c -O2 -flto -fno-use-linker-plugin -flto-partition=none scan-assembler v4:.*ins\\t\\\\\$27,\\\\\$0,8,5.*.end\\tv4
FAIL: gcc.target/mips/interrupt_handler-4.c -O2 -flto -fno-use-linker-plugin -flto-partition=none scan-assembler v5:.*ins\\t\\\\\$27,\\\\\$0,8,6.*.end\\tv5
FAIL: gcc.target/mips/interrupt_handler-4.c -O2 -flto -fno-use-linker-plugin -flto-partition=none scan-assembler v6:.*ins\\t\\\\\$27,\\\\\$0,8,7.*.end\\tv6
FAIL: gcc.target/mips/interrupt_handler-4.c -O2 -flto -fno-use-linker-plugin -flto-partition=none scan-assembler v7:.*ins\\t\\\\\$27,\\\\\$0,8,8.*.end\\tv7
FAIL: gcc.target/mips/interrupt_handler-4.c -O2 -flto -fno-use-linker-plugin -flto-partition=none scan-assembler-times mfc0\\t\\\\\$27,\\\\\$14 11
FAIL: gcc.target/mips/interrupt_handler-4.c -O2 -flto -fno-use-linker-plugin -flto-partition=none (test for excess errors)
FAIL: gcc.target/mips/interrupt_handler-4.c -O2 -flto -fuse-linker-plugin -fno-fat-lto-objects scan-assembler v0:.*ins\\t\\\\\$27,\\\\\$0,8,1.*.end\\tv0
FAIL: gcc.target/mips/interrupt_handler-4.c -O2 -flto -fuse-linker-plugin -fno-fat-lto-objects scan-assembler v1:.*ins\\t\\\\\$27,\\\\\$0,8,2.*.end\\tv1
FAIL: gcc.target/mips/interrupt_handler-4.c -O2 -flto -fuse-linker-plugin -fno-fat-lto-objects scan-assembler v2:.*ins\\t\\\\\$27,\\\\\$0,8,3.*.end\\tv2
FAIL: gcc.target/mips/interrupt_handler-4.c -O2 -flto -fuse-linker-plugin -fno-fat-lto-objects scan-assembler v3:.*ins\\t\\\\\$27,\\\\\$0,8,4.*.end\\tv3
FAIL: gcc.target/mips/interrupt_handler-4.c -O2 -flto -fuse-linker-plugin -fno-fat-lto-objects scan-assembler v4:.*ins\\t\\\\\$27,\\\\\$0,8,5.*.end\\tv4
FAIL: gcc.target/mips/interrupt_handler-4.c -O2 -flto -fuse-linker-plugin -fno-fat-lto-objects scan-assembler v5:.*ins\\t\\\\\$27,\\\\\$0,8,6.*.end\\tv5
FAIL: gcc.target/mips/interrupt_handler-4.c -O2 -flto -fuse-linker-plugin -fno-fat-lto-objects scan-assembler v6:.*ins\\t\\\\\$27,\\\\\$0,8,7.*.end\\tv6
FAIL: gcc.target/mips/interrupt_handler-4.c -O2 -flto -fuse-linker-plugin -fno-fat-lto-objects scan-assembler v7:.*ins\\t\\\\\$27,\\\\\$0,8,8.*.end\\tv7
FAIL: gcc.target/mips/interrupt_handler-4.c -O2 -flto -fuse-linker-plugin -fno-fat-lto-objects scan-assembler-times mfc0\\t\\\\\$27,\\\\\$14 11
FAIL: gcc.target/mips/interrupt_handler-4.c -O2 -flto -fuse-linker-plugin -fno-fat-lto-objects (test for excess errors)
FAIL: gcc.target/mips/interrupt_handler-4.c -O3 -g scan-assembler v0:.*ins\\t\\\\\$27,\\\\\$0,8,1.*.end\\tv0
FAIL: gcc.target/mips/interrupt_handler-4.c -O3 -g scan-assembler v1:.*ins\\t\\\\\$27,\\\\\$0,8,2.*.end\\tv1
FAIL: gcc.target/mips/interrupt_handler-4.c -O3 -g scan-assembler v2:.*ins\\t\\\\\$27,\\\\\$0,8,3.*.end\\tv2
FAIL: gcc.target/mips/interrupt_handler-4.c -O3 -g scan-assembler v3:.*ins\\t\\\\\$27,\\\\\$0,8,4.*.end\\tv3
FAIL: gcc.target/mips/interrupt_handler-4.c -O3 -g scan-assembler v4:.*ins\\t\\\\\$27,\\\\\$0,8,5.*.end\\tv4
FAIL: gcc.target/mips/interrupt_handler-4.c -O3 -g scan-assembler v5:.*ins\\t\\\\\$27,\\\\\$0,8,6.*.end\\tv5
FAIL: gcc.target/mips/interrupt_handler-4.c -O3 -g scan-assembler v6:.*ins\\t\\\\\$27,\\\\\$0,8,7.*.end\\tv6
FAIL: gcc.target/mips/interrupt_handler-4.c -O3 -g scan-assembler v7:.*ins\\t\\\\\$27,\\\\\$0,8,8.*.end\\tv7
FAIL: gcc.target/mips/interrupt_handler-4.c -O3 -g scan-assembler-times mfc0\\t\\\\\$27,\\\\\$14 11
FAIL: gcc.target/mips/interrupt_handler-4.c -O3 -g (test for excess errors)
FAIL: gcc.target/mips/interrupt_handler-4.c -Os scan-assembler v0:.*ins\\t\\\\\$27,\\\\\$0,8,1.*.end\\tv0
FAIL: gcc.target/mips/interrupt_handler-4.c -Os scan-assembler v1:.*ins\\t\\\\\$27,\\\\\$0,8,2.*.end\\tv1
FAIL: gcc.target/mips/interrupt_handler-4.c -Os scan-assembler v2:.*ins\\t\\\\\$27,\\\\\$0,8,3.*.end\\tv2
FAIL: gcc.target/mips/interrupt_handler-4.c -Os scan-assembler v3:.*ins\\t\\\\\$27,\\\\\$0,8,4.*.end\\tv3
FAIL: gcc.target/mips/interrupt_handler-4.c -Os scan-assembler v4:.*ins\\t\\\\\$27,\\\\\$0,8,5.*.end\\tv4
FAIL: gcc.target/mips/interrupt_handler-4.c -Os scan-assembler v5:.*ins\\t\\\\\$27,\\\\\$0,8,6.*.end\\tv5
FAIL: gcc.target/mips/interrupt_handler-4.c -Os scan-assembler v6:.*ins\\t\\\\\$27,\\\\\$0,8,7.*.end\\tv6
FAIL: gcc.target/mips/interrupt_handler-4.c -Os scan-assembler v7:.*ins\\t\\\\\$27,\\\\\$0,8,8.*.end\\tv7
FAIL: gcc.target/mips/interrupt_handler-4.c -Os scan-assembler-times mfc0\\t\\\\\$27,\\\\\$14 11
FAIL: gcc.target/mips/interrupt_handler-4.c -Os (test for excess errors)
FAIL: gcc.target/mips/save-restore-3.c -O0 scan-assembler \\tsave\\t\\\\\$4-\\\\\$6,
=== gcc Summary ===
# of expected passes 127866
# of unexpected failures 812
# of unexpected successes 24
# of expected failures 507
# of unresolved testcases 195
# of unsupported tests 3891
/home/xuchenghua/GCC/test/gcc-r262182_obj/gcc/xgcc version 9.0.0 20180627 (experimental) (gcc trunk r262182 with mips64r2 n64)
=== g++ tests ===
Running target unix
UNRESOLVED: g++.dg/bprob/g++-bprob-1.C compilation, -O0 -fbranch-probabilities
FAIL: g++.dg/bprob/g++-bprob-1.C compilation, -O0 -fprofile-arcs
UNRESOLVED: g++.dg/bprob/g++-bprob-1.C compilation, -O1 -fbranch-probabilities
FAIL: g++.dg/bprob/g++-bprob-1.C compilation, -O1 -fprofile-arcs
UNRESOLVED: g++.dg/bprob/g++-bprob-1.C compilation, -O2 -fbranch-probabilities
FAIL: g++.dg/bprob/g++-bprob-1.C compilation, -O2 -fprofile-arcs
UNRESOLVED: g++.dg/bprob/g++-bprob-1.C compilation, -O3 -fbranch-probabilities
FAIL: g++.dg/bprob/g++-bprob-1.C compilation, -O3 -fprofile-arcs
UNRESOLVED: g++.dg/bprob/g++-bprob-1.C compilation, -O3 -g -fbranch-probabilities
FAIL: g++.dg/bprob/g++-bprob-1.C compilation, -O3 -g -fprofile-arcs
UNRESOLVED: g++.dg/bprob/g++-bprob-1.C compilation, -Os -fbranch-probabilities
FAIL: g++.dg/bprob/g++-bprob-1.C compilation, -Os -fprofile-arcs
UNRESOLVED: g++.dg/bprob/g++-bprob-1.C compilation, -g -fbranch-probabilities
FAIL: g++.dg/bprob/g++-bprob-1.C compilation, -g -fprofile-arcs
UNRESOLVED: g++.dg/bprob/g++-bprob-1.C execution, -O0 -fbranch-probabilities
UNRESOLVED: g++.dg/bprob/g++-bprob-1.C execution, -O0 -fprofile-arcs
UNRESOLVED: g++.dg/bprob/g++-bprob-1.C execution, -O1 -fbranch-probabilities
UNRESOLVED: g++.dg/bprob/g++-bprob-1.C execution, -O1 -fprofile-arcs
UNRESOLVED: g++.dg/bprob/g++-bprob-1.C execution, -O2 -fbranch-probabilities
UNRESOLVED: g++.dg/bprob/g++-bprob-1.C execution, -O2 -fprofile-arcs
UNRESOLVED: g++.dg/bprob/g++-bprob-1.C execution, -O3 -fbranch-probabilities
UNRESOLVED: g++.dg/bprob/g++-bprob-1.C execution, -O3 -fprofile-arcs
UNRESOLVED: g++.dg/bprob/g++-bprob-1.C execution, -O3 -g -fbranch-probabilities
UNRESOLVED: g++.dg/bprob/g++-bprob-1.C execution, -O3 -g -fprofile-arcs
UNRESOLVED: g++.dg/bprob/g++-bprob-1.C execution, -Os -fbranch-probabilities
UNRESOLVED: g++.dg/bprob/g++-bprob-1.C execution, -Os -fprofile-arcs
UNRESOLVED: g++.dg/bprob/g++-bprob-1.C execution, -g -fbranch-probabilities
UNRESOLVED: g++.dg/bprob/g++-bprob-1.C execution, -g -fprofile-arcs
UNRESOLVED: g++.dg/bprob/g++-bprob-2.C compilation, -O0 -fbranch-probabilities
FAIL: g++.dg/bprob/g++-bprob-2.C compilation, -O0 -fprofile-arcs
UNRESOLVED: g++.dg/bprob/g++-bprob-2.C compilation, -O1 -fbranch-probabilities
FAIL: g++.dg/bprob/g++-bprob-2.C compilation, -O1 -fprofile-arcs
UNRESOLVED: g++.dg/bprob/g++-bprob-2.C compilation, -O2 -fbranch-probabilities
FAIL: g++.dg/bprob/g++-bprob-2.C compilation, -O2 -fprofile-arcs
UNRESOLVED: g++.dg/bprob/g++-bprob-2.C compilation, -O3 -fbranch-probabilities
FAIL: g++.dg/bprob/g++-bprob-2.C compilation, -O3 -fprofile-arcs
UNRESOLVED: g++.dg/bprob/g++-bprob-2.C compilation, -O3 -g -fbranch-probabilities
FAIL: g++.dg/bprob/g++-bprob-2.C compilation, -O3 -g -fprofile-arcs
UNRESOLVED: g++.dg/bprob/g++-bprob-2.C compilation, -Os -fbranch-probabilities
FAIL: g++.dg/bprob/g++-bprob-2.C compilation, -Os -fprofile-arcs
UNRESOLVED: g++.dg/bprob/g++-bprob-2.C compilation, -g -fbranch-probabilities
FAIL: g++.dg/bprob/g++-bprob-2.C compilation, -g -fprofile-arcs
UNRESOLVED: g++.dg/bprob/g++-bprob-2.C execution, -O0 -fbranch-probabilities
UNRESOLVED: g++.dg/bprob/g++-bprob-2.C execution, -O0 -fprofile-arcs
UNRESOLVED: g++.dg/bprob/g++-bprob-2.C execution, -O1 -fbranch-probabilities
UNRESOLVED: g++.dg/bprob/g++-bprob-2.C execution, -O1 -fprofile-arcs
UNRESOLVED: g++.dg/bprob/g++-bprob-2.C execution, -O2 -fbranch-probabilities
UNRESOLVED: g++.dg/bprob/g++-bprob-2.C execution, -O2 -fprofile-arcs
UNRESOLVED: g++.dg/bprob/g++-bprob-2.C execution, -O3 -fbranch-probabilities
UNRESOLVED: g++.dg/bprob/g++-bprob-2.C execution, -O3 -fprofile-arcs
UNRESOLVED: g++.dg/bprob/g++-bprob-2.C execution, -O3 -g -fbranch-probabilities
UNRESOLVED: g++.dg/bprob/g++-bprob-2.C execution, -O3 -g -fprofile-arcs
UNRESOLVED: g++.dg/bprob/g++-bprob-2.C execution, -Os -fbranch-probabilities
UNRESOLVED: g++.dg/bprob/g++-bprob-2.C execution, -Os -fprofile-arcs
UNRESOLVED: g++.dg/bprob/g++-bprob-2.C execution, -g -fbranch-probabilities
UNRESOLVED: g++.dg/bprob/g++-bprob-2.C execution, -g -fprofile-arcs
FAIL: g++.dg/ext/attr-ifunc-1.C -std=gnu++11 (test for excess errors)
UNRESOLVED: g++.dg/ext/attr-ifunc-1.C -std=gnu++11 compilation failed to produce executable
FAIL: g++.dg/ext/attr-ifunc-1.C -std=gnu++14 (test for excess errors)
UNRESOLVED: g++.dg/ext/attr-ifunc-1.C -std=gnu++14 compilation failed to produce executable
FAIL: g++.dg/ext/attr-ifunc-1.C -std=gnu++98 (test for excess errors)
UNRESOLVED: g++.dg/ext/attr-ifunc-1.C -std=gnu++98 compilation failed to produce executable
FAIL: g++.dg/ext/attr-ifunc-2.C -std=gnu++11 execution test
FAIL: g++.dg/ext/attr-ifunc-2.C -std=gnu++14 execution test
FAIL: g++.dg/ext/attr-ifunc-2.C -std=gnu++98 execution test
FAIL: g++.dg/ext/attr-ifunc-3.C -std=gnu++11 (test for excess errors)
UNRESOLVED: g++.dg/ext/attr-ifunc-3.C -std=gnu++11 compilation failed to produce executable
FAIL: g++.dg/ext/attr-ifunc-3.C -std=gnu++14 (test for excess errors)
UNRESOLVED: g++.dg/ext/attr-ifunc-3.C -std=gnu++14 compilation failed to produce executable
FAIL: g++.dg/ext/attr-ifunc-3.C -std=gnu++98 (test for excess errors)
UNRESOLVED: g++.dg/ext/attr-ifunc-3.C -std=gnu++98 compilation failed to produce executable
FAIL: g++.dg/ext/attr-ifunc-4.C -std=gnu++11 (test for excess errors)
UNRESOLVED: g++.dg/ext/attr-ifunc-4.C -std=gnu++11 compilation failed to produce executable
FAIL: g++.dg/ext/attr-ifunc-4.C -std=gnu++14 (test for excess errors)
UNRESOLVED: g++.dg/ext/attr-ifunc-4.C -std=gnu++14 compilation failed to produce executable
FAIL: g++.dg/ext/attr-ifunc-4.C -std=gnu++98 (test for excess errors)
UNRESOLVED: g++.dg/ext/attr-ifunc-4.C -std=gnu++98 compilation failed to produce executable
FAIL: g++.dg/other/pr55650.C -std=gnu++11 (test for excess errors)
FAIL: g++.dg/other/pr55650.C -std=gnu++14 (test for excess errors)
FAIL: g++.dg/other/pr55650.C -std=gnu++98 (test for excess errors)
FAIL: g++.dg/other/profile1.C -std=gnu++11 (test for excess errors)
UNRESOLVED: g++.dg/other/profile1.C -std=gnu++11 compilation failed to produce executable
FAIL: g++.dg/other/profile1.C -std=gnu++14 (test for excess errors)
UNRESOLVED: g++.dg/other/profile1.C -std=gnu++14 compilation failed to produce executable
FAIL: g++.dg/other/profile1.C -std=gnu++98 (test for excess errors)
UNRESOLVED: g++.dg/other/profile1.C -std=gnu++98 compilation failed to produce executable
FAIL: g++.dg/pr83239.C -std=gnu++11 scan-tree-dump-not optimized "_ZNSt6vectorIiSaIiEE17_M_default_appendEm"
FAIL: g++.dg/pr83239.C -std=gnu++14 scan-tree-dump-not optimized "_ZNSt6vectorIiSaIiEE17_M_default_appendEm"
FAIL: g++.dg/gcov/gcov-1.C -std=gnu++11 gcov: 56 failures in line counts, 24 in branch percentages, 0 in return percentages, 0 in intermediate format
FAIL: g++.dg/gcov/gcov-1.C -std=gnu++11 line 100: is #####:should be 2
FAIL: g++.dg/gcov/gcov-1.C -std=gnu++11 line 102: is #####:should be 1
FAIL: g++.dg/gcov/gcov-1.C -std=gnu++11 line 103: is #####:should be 1
FAIL: g++.dg/gcov/gcov-1.C -std=gnu++11 line 105: is #####:should be 1
FAIL: g++.dg/gcov/gcov-1.C -std=gnu++11 line 113: is #####:should be 15
FAIL: g++.dg/gcov/gcov-1.C -std=gnu++11 line 115: is #####:should be 14
FAIL: g++.dg/gcov/gcov-1.C -std=gnu++11 line 116: is #####:should be 1
FAIL: g++.dg/gcov/gcov-1.C -std=gnu++11 line 118: is #####:should be 1
FAIL: g++.dg/gcov/gcov-1.C -std=gnu++11 line 141: is #####:should be 5
FAIL: g++.dg/gcov/gcov-1.C -std=gnu++11 line 142: expected branch percentages not found: 40
FAIL: g++.dg/gcov/gcov-1.C -std=gnu++11 line 143: is #####:should be 3
FAIL: g++.dg/gcov/gcov-1.C -std=gnu++11 line 145: is #####:should be 3
FAIL: g++.dg/gcov/gcov-1.C -std=gnu++11 line 150: is #####:should be 2
FAIL: g++.dg/gcov/gcov-1.C -std=gnu++11 line 152: is #####:should be 1
FAIL: g++.dg/gcov/gcov-1.C -std=gnu++11 line 154: is #####:should be 1
FAIL: g++.dg/gcov/gcov-1.C -std=gnu++11 line 156: is #####:should be 5
FAIL: g++.dg/gcov/gcov-1.C -std=gnu++11 line 158: is #####:should be 1
FAIL: g++.dg/gcov/gcov-1.C -std=gnu++11 line 160: is #####:should be 5
FAIL: g++.dg/gcov/gcov-1.C -std=gnu++11 line 161: expected branch percentages not found: 20
FAIL: g++.dg/gcov/gcov-1.C -std=gnu++11 line 162: is #####:should be 1
FAIL: g++.dg/gcov/gcov-1.C -std=gnu++11 line 164: is #####:should be 1
FAIL: g++.dg/gcov/gcov-1.C -std=gnu++11 line 165: is #####:should be 5
FAIL: g++.dg/gcov/gcov-1.C -std=gnu++11 line 173: is #####:should be 6
FAIL: g++.dg/gcov/gcov-1.C -std=gnu++11 line 175: is #####:should be 1
FAIL: g++.dg/gcov/gcov-1.C -std=gnu++11 line 177: is #####:should be 6
FAIL: g++.dg/gcov/gcov-1.C -std=gnu++11 line 181: is #####:should be 6
FAIL: g++.dg/gcov/gcov-1.C -std=gnu++11 line 183: is #####:should be 3
FAIL: g++.dg/gcov/gcov-1.C -std=gnu++11 line 185: is #####:should be 6
FAIL: g++.dg/gcov/gcov-1.C -std=gnu++11 line 187: is #####:should be 2
FAIL: g++.dg/gcov/gcov-1.C -std=gnu++11 line 189: is #####:should be 4
FAIL: g++.dg/gcov/gcov-1.C -std=gnu++11 line 192: is #####:should be 4
FAIL: g++.dg/gcov/gcov-1.C -std=gnu++11 line 200: is #####:should be 11
FAIL: g++.dg/gcov/gcov-1.C -std=gnu++11 line 202: is #####:should be 1
FAIL: g++.dg/gcov/gcov-1.C -std=gnu++11 line 204: is #####:should be 11
FAIL: g++.dg/gcov/gcov-1.C -std=gnu++11 line 205: expected branch percentages not found: 45
FAIL: g++.dg/gcov/gcov-1.C -std=gnu++11 line 206: is #####:should be 5
FAIL: g++.dg/gcov/gcov-1.C -std=gnu++11 line 207: expected branch percentages not found: 40
FAIL: g++.dg/gcov/gcov-1.C -std=gnu++11 line 208: is #####:should be 2
FAIL: g++.dg/gcov/gcov-1.C -std=gnu++11 line 210: is #####:should be 1
FAIL: g++.dg/gcov/gcov-1.C -std=gnu++11 line 212: is #####:should be 11
FAIL: g++.dg/gcov/gcov-1.C -std=gnu++11 line 214: is #####:should be 3
FAIL: g++.dg/gcov/gcov-1.C -std=gnu++11 line 215: is #####:should be 11
FAIL: g++.dg/gcov/gcov-1.C -std=gnu++11 line 254: is #####:should be 5
FAIL: g++.dg/gcov/gcov-1.C -std=gnu++11 line 257: is #####:should be 5
FAIL: g++.dg/gcov/gcov-1.C -std=gnu++11 line 261: is #####:should be 1
FAIL: g++.dg/gcov/gcov-1.C -std=gnu++11 line 269: is #####:should be 3
FAIL: g++.dg/gcov/gcov-1.C -std=gnu++11 line 271: is #####:should be 1
FAIL: g++.dg/gcov/gcov-1.C -std=gnu++11 line 272: is #####:should be 2
FAIL: g++.dg/gcov/gcov-1.C -std=gnu++11 line 275: is #####:should be 1
FAIL: g++.dg/gcov/gcov-1.C -std=gnu++11 line 276: is #####:should be 1
FAIL: g++.dg/gcov/gcov-1.C -std=gnu++11 line 279: is #####:should be 4
FAIL: g++.dg/gcov/gcov-1.C -std=gnu++11 line 33: is #####:should be 1
FAIL: g++.dg/gcov/gcov-1.C -std=gnu++11 line 39: is #####:should be 1
FAIL: g++.dg/gcov/gcov-1.C -std=gnu++11 line 41: is #####:should be 1
FAIL: g++.dg/gcov/gcov-1.C -std=gnu++11 line 55: is #####:should be 3
FAIL: g++.dg/gcov/gcov-1.C -std=gnu++11 line 58: is #####:should be 9
FAIL: g++.dg/gcov/gcov-1.C -std=gnu++11 line 59: is #####:should be 3
FAIL: g++.dg/gcov/gcov-1.C -std=gnu++11 line 66: is #####:should be 6
FAIL: g++.dg/gcov/gcov-1.C -std=gnu++11 line 73: is #####:should be 81
FAIL: g++.dg/gcov/gcov-1.C -std=gnu++11 line 74: is #####:should be 6
FAIL: g++.dg/gcov/gcov-1.C -std=gnu++11 line n: expected branch percentages not found: 0
FAIL: g++.dg/gcov/gcov-1.C -std=gnu++11 line n: expected branch percentages not found: 0
FAIL: g++.dg/gcov/gcov-1.C -std=gnu++11 line n: expected branch percentages not found: 0
FAIL: g++.dg/gcov/gcov-1.C -std=gnu++11 line n: expected branch percentages not found: 0
FAIL: g++.dg/gcov/gcov-1.C -std=gnu++11 line n: expected branch percentages not found: 17
FAIL: g++.dg/gcov/gcov-1.C -std=gnu++11 line n: expected branch percentages not found: 20
FAIL: g++.dg/gcov/gcov-1.C -std=gnu++11 line n: expected branch percentages not found: 20 0 40 20
FAIL: g++.dg/gcov/gcov-1.C -std=gnu++11 line n: expected branch percentages not found: 25
FAIL: g++.dg/gcov/gcov-1.C -std=gnu++11 line n: expected branch percentages not found: 27
FAIL: g++.dg/gcov/gcov-1.C -std=gnu++11 line n: expected branch percentages not found: 27 50 25
FAIL: g++.dg/gcov/gcov-1.C -std=gnu++11 line n: expected branch percentages not found: 30
FAIL: g++.dg/gcov/gcov-1.C -std=gnu++11 line n: expected branch percentages not found: 32
FAIL: g++.dg/gcov/gcov-1.C -std=gnu++11 line n: expected branch percentages not found: 33
FAIL: g++.dg/gcov/gcov-1.C -std=gnu++11 line n: expected branch percentages not found: 33
FAIL: g++.dg/gcov/gcov-1.C -std=gnu++11 line n: expected branch percentages not found: 50
FAIL: g++.dg/gcov/gcov-1.C -std=gnu++11 line n: expected branch percentages not found: 50
FAIL: g++.dg/gcov/gcov-1.C -std=gnu++11 line n: expected branch percentages not found: 50
FAIL: g++.dg/gcov/gcov-1.C -std=gnu++11 line n: expected branch percentages not found: 50
FAIL: g++.dg/gcov/gcov-1.C -std=gnu++11 line n: expected branch percentages not found: 7
FAIL: g++.dg/gcov/gcov-1.C -std=gnu++11 line n: expected branch percentages not found: 9 10 11
FAIL: g++.dg/gcov/gcov-1.C -std=gnu++11 (test for excess errors)
UNRESOLVED: g++.dg/gcov/gcov-1.C -std=gnu++11 compilation failed to produce executable
FAIL: g++.dg/gcov/gcov-1.C -std=gnu++14 gcov: 56 failures in line counts, 24 in branch percentages, 0 in return percentages, 0 in intermediate format
FAIL: g++.dg/gcov/gcov-1.C -std=gnu++14 line 100: is #####:should be 2
FAIL: g++.dg/gcov/gcov-1.C -std=gnu++14 line 102: is #####:should be 1
FAIL: g++.dg/gcov/gcov-1.C -std=gnu++14 line 103: is #####:should be 1
FAIL: g++.dg/gcov/gcov-1.C -std=gnu++14 line 105: is #####:should be 1
FAIL: g++.dg/gcov/gcov-1.C -std=gnu++14 line 113: is #####:should be 15
FAIL: g++.dg/gcov/gcov-1.C -std=gnu++14 line 115: is #####:should be 14
FAIL: g++.dg/gcov/gcov-1.C -std=gnu++14 line 116: is #####:should be 1
FAIL: g++.dg/gcov/gcov-1.C -std=gnu++14 line 118: is #####:should be 1
FAIL: g++.dg/gcov/gcov-1.C -std=gnu++14 line 141: is #####:should be 5
FAIL: g++.dg/gcov/gcov-1.C -std=gnu++14 line 142: expected branch percentages not found: 40
FAIL: g++.dg/gcov/gcov-1.C -std=gnu++14 line 143: is #####:should be 3
FAIL: g++.dg/gcov/gcov-1.C -std=gnu++14 line 145: is #####:should be 3
FAIL: g++.dg/gcov/gcov-1.C -std=gnu++14 line 150: is #####:should be 2
FAIL: g++.dg/gcov/gcov-1.C -std=gnu++14 line 152: is #####:should be 1
FAIL: g++.dg/gcov/gcov-1.C -std=gnu++14 line 154: is #####:should be 1
FAIL: g++.dg/gcov/gcov-1.C -std=gnu++14 line 156: is #####:should be 5
FAIL: g++.dg/gcov/gcov-1.C -std=gnu++14 line 158: is #####:should be 1
FAIL: g++.dg/gcov/gcov-1.C -std=gnu++14 line 160: is #####:should be 5
FAIL: g++.dg/gcov/gcov-1.C -std=gnu++14 line 161: expected branch percentages not found: 20
FAIL: g++.dg/gcov/gcov-1.C -std=gnu++14 line 162: is #####:should be 1
FAIL: g++.dg/gcov/gcov-1.C -std=gnu++14 line 164: is #####:should be 1
FAIL: g++.dg/gcov/gcov-1.C -std=gnu++14 line 165: is #####:should be 5
FAIL: g++.dg/gcov/gcov-1.C -std=gnu++14 line 173: is #####:should be 6
FAIL: g++.dg/gcov/gcov-1.C -std=gnu++14 line 175: is #####:should be 1
FAIL: g++.dg/gcov/gcov-1.C -std=gnu++14 line 177: is #####:should be 6
FAIL: g++.dg/gcov/gcov-1.C -std=gnu++14 line 181: is #####:should be 6
FAIL: g++.dg/gcov/gcov-1.C -std=gnu++14 line 183: is #####:should be 3
FAIL: g++.dg/gcov/gcov-1.C -std=gnu++14 line 185: is #####:should be 6
FAIL: g++.dg/gcov/gcov-1.C -std=gnu++14 line 187: is #####:should be 2
FAIL: g++.dg/gcov/gcov-1.C -std=gnu++14 line 189: is #####:should be 4
FAIL: g++.dg/gcov/gcov-1.C -std=gnu++14 line 192: is #####:should be 4
FAIL: g++.dg/gcov/gcov-1.C -std=gnu++14 line 200: is #####:should be 11
FAIL: g++.dg/gcov/gcov-1.C -std=gnu++14 line 202: is #####:should be 1
FAIL: g++.dg/gcov/gcov-1.C -std=gnu++14 line 204: is #####:should be 11
FAIL: g++.dg/gcov/gcov-1.C -std=gnu++14 line 205: expected branch percentages not found: 45
FAIL: g++.dg/gcov/gcov-1.C -std=gnu++14 line 206: is #####:should be 5
FAIL: g++.dg/gcov/gcov-1.C -std=gnu++14 line 207: expected branch percentages not found: 40
FAIL: g++.dg/gcov/gcov-1.C -std=gnu++14 line 208: is #####:should be 2
FAIL: g++.dg/gcov/gcov-1.C -std=gnu++14 line 210: is #####:should be 1
FAIL: g++.dg/gcov/gcov-1.C -std=gnu++14 line 212: is #####:should be 11
FAIL: g++.dg/gcov/gcov-1.C -std=gnu++14 line 214: is #####:should be 3
FAIL: g++.dg/gcov/gcov-1.C -std=gnu++14 line 215: is #####:should be 11
FAIL: g++.dg/gcov/gcov-1.C -std=gnu++14 line 254: is #####:should be 5
FAIL: g++.dg/gcov/gcov-1.C -std=gnu++14 line 257: is #####:should be 5
FAIL: g++.dg/gcov/gcov-1.C -std=gnu++14 line 261: is #####:should be 1
FAIL: g++.dg/gcov/gcov-1.C -std=gnu++14 line 269: is #####:should be 3
FAIL: g++.dg/gcov/gcov-1.C -std=gnu++14 line 271: is #####:should be 1
FAIL: g++.dg/gcov/gcov-1.C -std=gnu++14 line 272: is #####:should be 2
FAIL: g++.dg/gcov/gcov-1.C -std=gnu++14 line 275: is #####:should be 1
FAIL: g++.dg/gcov/gcov-1.C -std=gnu++14 line 276: is #####:should be 1
FAIL: g++.dg/gcov/gcov-1.C -std=gnu++14 line 279: is #####:should be 4
FAIL: g++.dg/gcov/gcov-1.C -std=gnu++14 line 33: is #####:should be 1
FAIL: g++.dg/gcov/gcov-1.C -std=gnu++14 line 39: is #####:should be 1
FAIL: g++.dg/gcov/gcov-1.C -std=gnu++14 line 41: is #####:should be 1
FAIL: g++.dg/gcov/gcov-1.C -std=gnu++14 line 55: is #####:should be 3
FAIL: g++.dg/gcov/gcov-1.C -std=gnu++14 line 58: is #####:should be 9
FAIL: g++.dg/gcov/gcov-1.C -std=gnu++14 line 59: is #####:should be 3
FAIL: g++.dg/gcov/gcov-1.C -std=gnu++14 line 66: is #####:should be 6
FAIL: g++.dg/gcov/gcov-1.C -std=gnu++14 line 73: is #####:should be 81
FAIL: g++.dg/gcov/gcov-1.C -std=gnu++14 line 74: is #####:should be 6
FAIL: g++.dg/gcov/gcov-1.C -std=gnu++14 line n: expected branch percentages not found: 0
FAIL: g++.dg/gcov/gcov-1.C -std=gnu++14 line n: expected branch percentages not found: 0
FAIL: g++.dg/gcov/gcov-1.C -std=gnu++14 line n: expected branch percentages not found: 0
FAIL: g++.dg/gcov/gcov-1.C -std=gnu++14 line n: expected branch percentages not found: 0
FAIL: g++.dg/gcov/gcov-1.C -std=gnu++14 line n: expected branch percentages not found: 17
FAIL: g++.dg/gcov/gcov-1.C -std=gnu++14 line n: expected branch percentages not found: 20
FAIL: g++.dg/gcov/gcov-1.C -std=gnu++14 line n: expected branch percentages not found: 20 0 40 20
FAIL: g++.dg/gcov/gcov-1.C -std=gnu++14 line n: expected branch percentages not found: 25
FAIL: g++.dg/gcov/gcov-1.C -std=gnu++14 line n: expected branch percentages not found: 27
FAIL: g++.dg/gcov/gcov-1.C -std=gnu++14 line n: expected branch percentages not found: 27 50 25
FAIL: g++.dg/gcov/gcov-1.C -std=gnu++14 line n: expected branch percentages not found: 30
FAIL: g++.dg/gcov/gcov-1.C -std=gnu++14 line n: expected branch percentages not found: 32
FAIL: g++.dg/gcov/gcov-1.C -std=gnu++14 line n: expected branch percentages not found: 33
FAIL: g++.dg/gcov/gcov-1.C -std=gnu++14 line n: expected branch percentages not found: 33
FAIL: g++.dg/gcov/gcov-1.C -std=gnu++14 line n: expected branch percentages not found: 50
FAIL: g++.dg/gcov/gcov-1.C -std=gnu++14 line n: expected branch percentages not found: 50
FAIL: g++.dg/gcov/gcov-1.C -std=gnu++14 line n: expected branch percentages not found: 50
FAIL: g++.dg/gcov/gcov-1.C -std=gnu++14 line n: expected branch percentages not found: 50
FAIL: g++.dg/gcov/gcov-1.C -std=gnu++14 line n: expected branch percentages not found: 7
FAIL: g++.dg/gcov/gcov-1.C -std=gnu++14 line n: expected branch percentages not found: 9 10 11
FAIL: g++.dg/gcov/gcov-1.C -std=gnu++14 (test for excess errors)
UNRESOLVED: g++.dg/gcov/gcov-1.C -std=gnu++14 compilation failed to produce executable
FAIL: g++.dg/gcov/gcov-1.C -std=gnu++98 gcov: 56 failures in line counts, 24 in branch percentages, 0 in return percentages, 0 in intermediate format
FAIL: g++.dg/gcov/gcov-1.C -std=gnu++98 line 100: is #####:should be 2
FAIL: g++.dg/gcov/gcov-1.C -std=gnu++98 line 102: is #####:should be 1
FAIL: g++.dg/gcov/gcov-1.C -std=gnu++98 line 103: is #####:should be 1
FAIL: g++.dg/gcov/gcov-1.C -std=gnu++98 line 105: is #####:should be 1
FAIL: g++.dg/gcov/gcov-1.C -std=gnu++98 line 113: is #####:should be 15
FAIL: g++.dg/gcov/gcov-1.C -std=gnu++98 line 115: is #####:should be 14
FAIL: g++.dg/gcov/gcov-1.C -std=gnu++98 line 116: is #####:should be 1
FAIL: g++.dg/gcov/gcov-1.C -std=gnu++98 line 118: is #####:should be 1
FAIL: g++.dg/gcov/gcov-1.C -std=gnu++98 line 141: is #####:should be 5
FAIL: g++.dg/gcov/gcov-1.C -std=gnu++98 line 142: expected branch percentages not found: 40
FAIL: g++.dg/gcov/gcov-1.C -std=gnu++98 line 143: is #####:should be 3
FAIL: g++.dg/gcov/gcov-1.C -std=gnu++98 line 145: is #####:should be 3
FAIL: g++.dg/gcov/gcov-1.C -std=gnu++98 line 150: is #####:should be 2
FAIL: g++.dg/gcov/gcov-1.C -std=gnu++98 line 152: is #####:should be 1
FAIL: g++.dg/gcov/gcov-1.C -std=gnu++98 line 154: is #####:should be 1
FAIL: g++.dg/gcov/gcov-1.C -std=gnu++98 line 156: is #####:should be 5
FAIL: g++.dg/gcov/gcov-1.C -std=gnu++98 line 158: is #####:should be 1
FAIL: g++.dg/gcov/gcov-1.C -std=gnu++98 line 160: is #####:should be 5
FAIL: g++.dg/gcov/gcov-1.C -std=gnu++98 line 161: expected branch percentages not found: 20
FAIL: g++.dg/gcov/gcov-1.C -std=gnu++98 line 162: is #####:should be 1
FAIL: g++.dg/gcov/gcov-1.C -std=gnu++98 line 164: is #####:should be 1
FAIL: g++.dg/gcov/gcov-1.C -std=gnu++98 line 165: is #####:should be 5
FAIL: g++.dg/gcov/gcov-1.C -std=gnu++98 line 173: is #####:should be 6
FAIL: g++.dg/gcov/gcov-1.C -std=gnu++98 line 175: is #####:should be 1
FAIL: g++.dg/gcov/gcov-1.C -std=gnu++98 line 177: is #####:should be 6
FAIL: g++.dg/gcov/gcov-1.C -std=gnu++98 line 181: is #####:should be 6
FAIL: g++.dg/gcov/gcov-1.C -std=gnu++98 line 183: is #####:should be 3
FAIL: g++.dg/gcov/gcov-1.C -std=gnu++98 line 185: is #####:should be 6
FAIL: g++.dg/gcov/gcov-1.C -std=gnu++98 line 187: is #####:should be 2
FAIL: g++.dg/gcov/gcov-1.C -std=gnu++98 line 189: is #####:should be 4
FAIL: g++.dg/gcov/gcov-1.C -std=gnu++98 line 192: is #####:should be 4
FAIL: g++.dg/gcov/gcov-1.C -std=gnu++98 line 200: is #####:should be 11
FAIL: g++.dg/gcov/gcov-1.C -std=gnu++98 line 202: is #####:should be 1
FAIL: g++.dg/gcov/gcov-1.C -std=gnu++98 line 204: is #####:should be 11
FAIL: g++.dg/gcov/gcov-1.C -std=gnu++98 line 205: expected branch percentages not found: 45
FAIL: g++.dg/gcov/gcov-1.C -std=gnu++98 line 206: is #####:should be 5
FAIL: g++.dg/gcov/gcov-1.C -std=gnu++98 line 207: expected branch percentages not found: 40
FAIL: g++.dg/gcov/gcov-1.C -std=gnu++98 line 208: is #####:should be 2
FAIL: g++.dg/gcov/gcov-1.C -std=gnu++98 line 210: is #####:should be 1
FAIL: g++.dg/gcov/gcov-1.C -std=gnu++98 line 212: is #####:should be 11
FAIL: g++.dg/gcov/gcov-1.C -std=gnu++98 line 214: is #####:should be 3
FAIL: g++.dg/gcov/gcov-1.C -std=gnu++98 line 215: is #####:should be 11
FAIL: g++.dg/gcov/gcov-1.C -std=gnu++98 line 254: is #####:should be 5
FAIL: g++.dg/gcov/gcov-1.C -std=gnu++98 line 257: is #####:should be 5
FAIL: g++.dg/gcov/gcov-1.C -std=gnu++98 line 261: is #####:should be 1
FAIL: g++.dg/gcov/gcov-1.C -std=gnu++98 line 269: is #####:should be 3
FAIL: g++.dg/gcov/gcov-1.C -std=gnu++98 line 271: is #####:should be 1
FAIL: g++.dg/gcov/gcov-1.C -std=gnu++98 line 272: is #####:should be 2
FAIL: g++.dg/gcov/gcov-1.C -std=gnu++98 line 275: is #####:should be 1
FAIL: g++.dg/gcov/gcov-1.C -std=gnu++98 line 276: is #####:should be 1
FAIL: g++.dg/gcov/gcov-1.C -std=gnu++98 line 279: is #####:should be 4
FAIL: g++.dg/gcov/gcov-1.C -std=gnu++98 line 33: is #####:should be 1
FAIL: g++.dg/gcov/gcov-1.C -std=gnu++98 line 39: is #####:should be 1
FAIL: g++.dg/gcov/gcov-1.C -std=gnu++98 line 41: is #####:should be 1
FAIL: g++.dg/gcov/gcov-1.C -std=gnu++98 line 55: is #####:should be 3
FAIL: g++.dg/gcov/gcov-1.C -std=gnu++98 line 58: is #####:should be 9
FAIL: g++.dg/gcov/gcov-1.C -std=gnu++98 line 59: is #####:should be 3
FAIL: g++.dg/gcov/gcov-1.C -std=gnu++98 line 66: is #####:should be 6
FAIL: g++.dg/gcov/gcov-1.C -std=gnu++98 line 73: is #####:should be 81
FAIL: g++.dg/gcov/gcov-1.C -std=gnu++98 line 74: is #####:should be 6
FAIL: g++.dg/gcov/gcov-1.C -std=gnu++98 line n: expected branch percentages not found: 0
FAIL: g++.dg/gcov/gcov-1.C -std=gnu++98 line n: expected branch percentages not found: 0
FAIL: g++.dg/gcov/gcov-1.C -std=gnu++98 line n: expected branch percentages not found: 0
FAIL: g++.dg/gcov/gcov-1.C -std=gnu++98 line n: expected branch percentages not found: 0
FAIL: g++.dg/gcov/gcov-1.C -std=gnu++98 line n: expected branch percentages not found: 17
FAIL: g++.dg/gcov/gcov-1.C -std=gnu++98 line n: expected branch percentages not found: 20
FAIL: g++.dg/gcov/gcov-1.C -std=gnu++98 line n: expected branch percentages not found: 20 0 40 20
FAIL: g++.dg/gcov/gcov-1.C -std=gnu++98 line n: expected branch percentages not found: 25
FAIL: g++.dg/gcov/gcov-1.C -std=gnu++98 line n: expected branch percentages not found: 27
FAIL: g++.dg/gcov/gcov-1.C -std=gnu++98 line n: expected branch percentages not found: 27 50 25
FAIL: g++.dg/gcov/gcov-1.C -std=gnu++98 line n: expected branch percentages not found: 30
FAIL: g++.dg/gcov/gcov-1.C -std=gnu++98 line n: expected branch percentages not found: 32
FAIL: g++.dg/gcov/gcov-1.C -std=gnu++98 line n: expected branch percentages not found: 33
FAIL: g++.dg/gcov/gcov-1.C -std=gnu++98 line n: expected branch percentages not found: 33
FAIL: g++.dg/gcov/gcov-1.C -std=gnu++98 line n: expected branch percentages not found: 50
FAIL: g++.dg/gcov/gcov-1.C -std=gnu++98 line n: expected branch percentages not found: 50
FAIL: g++.dg/gcov/gcov-1.C -std=gnu++98 line n: expected branch percentages not found: 50
FAIL: g++.dg/gcov/gcov-1.C -std=gnu++98 line n: expected branch percentages not found: 50
FAIL: g++.dg/gcov/gcov-1.C -std=gnu++98 line n: expected branch percentages not found: 7
FAIL: g++.dg/gcov/gcov-1.C -std=gnu++98 line n: expected branch percentages not found: 9 10 11
FAIL: g++.dg/gcov/gcov-1.C -std=gnu++98 (test for excess errors)
UNRESOLVED: g++.dg/gcov/gcov-1.C -std=gnu++98 compilation failed to produce executable
FAIL: g++.dg/gcov/gcov-10.C -std=gnu++11 (test for excess errors)
UNRESOLVED: g++.dg/gcov/gcov-10.C -std=gnu++11 compilation failed to produce executable
FAIL: g++.dg/gcov/gcov-10.C -std=gnu++14 (test for excess errors)
UNRESOLVED: g++.dg/gcov/gcov-10.C -std=gnu++14 compilation failed to produce executable
FAIL: g++.dg/gcov/gcov-10.C -std=gnu++98 (test for excess errors)
UNRESOLVED: g++.dg/gcov/gcov-10.C -std=gnu++98 compilation failed to produce executable
FAIL: g++.dg/gcov/gcov-11.C -std=gnu++11 (test for excess errors)
UNRESOLVED: g++.dg/gcov/gcov-11.C -std=gnu++11 compilation failed to produce executable
FAIL: g++.dg/gcov/gcov-11.C -std=gnu++14 (test for excess errors)
UNRESOLVED: g++.dg/gcov/gcov-11.C -std=gnu++14 compilation failed to produce executable
FAIL: g++.dg/gcov/gcov-11.C -std=gnu++98 (test for excess errors)
UNRESOLVED: g++.dg/gcov/gcov-11.C -std=gnu++98 compilation failed to produce executable
FAIL: g++.dg/gcov/gcov-12.C -std=gnu++11 gcov: 1 failures in line counts, 0 in branch percentages, 0 in return percentages, 0 in intermediate format
FAIL: g++.dg/gcov/gcov-12.C -std=gnu++11 line 8: is #####:should be 1
FAIL: g++.dg/gcov/gcov-12.C -std=gnu++11 (test for excess errors)
UNRESOLVED: g++.dg/gcov/gcov-12.C -std=gnu++11 compilation failed to produce executable
FAIL: g++.dg/gcov/gcov-12.C -std=gnu++14 gcov: 1 failures in line counts, 0 in branch percentages, 0 in return percentages, 0 in intermediate format
FAIL: g++.dg/gcov/gcov-12.C -std=gnu++14 line 8: is #####:should be 1
FAIL: g++.dg/gcov/gcov-12.C -std=gnu++14 (test for excess errors)
UNRESOLVED: g++.dg/gcov/gcov-12.C -std=gnu++14 compilation failed to produce executable
FAIL: g++.dg/gcov/gcov-12.C -std=gnu++98 gcov: 1 failures in line counts, 0 in branch percentages, 0 in return percentages, 0 in intermediate format
FAIL: g++.dg/gcov/gcov-12.C -std=gnu++98 line 8: is #####:should be 1
FAIL: g++.dg/gcov/gcov-12.C -std=gnu++98 (test for excess errors)
UNRESOLVED: g++.dg/gcov/gcov-12.C -std=gnu++98 compilation failed to produce executable
FAIL: g++.dg/gcov/gcov-13.C -std=gnu++11 gcov: 5 failures in line counts, 0 in branch percentages, 0 in return percentages, 0 in intermediate format
FAIL: g++.dg/gcov/gcov-13.C -std=gnu++11 line 18: is #####:should be 1
FAIL: g++.dg/gcov/gcov-13.C -std=gnu++11 line 19: is #####:should be 1
FAIL: g++.dg/gcov/gcov-13.C -std=gnu++11 line 28: is #####:should be 1
FAIL: g++.dg/gcov/gcov-13.C -std=gnu++11 line 33: is =====:should be 1
FAIL: g++.dg/gcov/gcov-13.C -std=gnu++11 line 36: is #####:should be 1
FAIL: g++.dg/gcov/gcov-13.C -std=gnu++11 (test for excess errors)
UNRESOLVED: g++.dg/gcov/gcov-13.C -std=gnu++11 compilation failed to produce executable
FAIL: g++.dg/gcov/gcov-13.C -std=gnu++14 gcov: 5 failures in line counts, 0 in branch percentages, 0 in return percentages, 0 in intermediate format
FAIL: g++.dg/gcov/gcov-13.C -std=gnu++14 line 18: is #####:should be 1
FAIL: g++.dg/gcov/gcov-13.C -std=gnu++14 line 19: is #####:should be 1
FAIL: g++.dg/gcov/gcov-13.C -std=gnu++14 line 28: is #####:should be 1
FAIL: g++.dg/gcov/gcov-13.C -std=gnu++14 line 33: is =====:should be 1
FAIL: g++.dg/gcov/gcov-13.C -std=gnu++14 line 36: is #####:should be 1
FAIL: g++.dg/gcov/gcov-13.C -std=gnu++14 (test for excess errors)
UNRESOLVED: g++.dg/gcov/gcov-13.C -std=gnu++14 compilation failed to produce executable
FAIL: g++.dg/gcov/gcov-13.C -std=gnu++98 gcov: 5 failures in line counts, 0 in branch percentages, 0 in return percentages, 0 in intermediate format
FAIL: g++.dg/gcov/gcov-13.C -std=gnu++98 line 18: is #####:should be 1
FAIL: g++.dg/gcov/gcov-13.C -std=gnu++98 line 19: is #####:should be 1
FAIL: g++.dg/gcov/gcov-13.C -std=gnu++98 line 28: is #####:should be 1
FAIL: g++.dg/gcov/gcov-13.C -std=gnu++98 line 33: is =====:should be 1
FAIL: g++.dg/gcov/gcov-13.C -std=gnu++98 line 36: is #####:should be 1
FAIL: g++.dg/gcov/gcov-13.C -std=gnu++98 (test for excess errors)
UNRESOLVED: g++.dg/gcov/gcov-13.C -std=gnu++98 compilation failed to produce executable
FAIL: g++.dg/gcov/gcov-14.C -std=gnu++11 gcov: 2 failures in line counts, 0 in branch percentages, 0 in return percentages, 0 in intermediate format
FAIL: g++.dg/gcov/gcov-14.C -std=gnu++11 line 12: is #####:should be 1
FAIL: g++.dg/gcov/gcov-14.C -std=gnu++11 line 8: is #####:should be 1
FAIL: g++.dg/gcov/gcov-14.C -std=gnu++11 (test for excess errors)
UNRESOLVED: g++.dg/gcov/gcov-14.C -std=gnu++11 compilation failed to produce executable
FAIL: g++.dg/gcov/gcov-14.C -std=gnu++14 gcov: 2 failures in line counts, 0 in branch percentages, 0 in return percentages, 0 in intermediate format
FAIL: g++.dg/gcov/gcov-14.C -std=gnu++14 line 12: is #####:should be 1
FAIL: g++.dg/gcov/gcov-14.C -std=gnu++14 line 8: is #####:should be 1
FAIL: g++.dg/gcov/gcov-14.C -std=gnu++14 (test for excess errors)
UNRESOLVED: g++.dg/gcov/gcov-14.C -std=gnu++14 compilation failed to produce executable
FAIL: g++.dg/gcov/gcov-14.C -std=gnu++98 gcov: 2 failures in line counts, 0 in branch percentages, 0 in return percentages, 0 in intermediate format
FAIL: g++.dg/gcov/gcov-14.C -std=gnu++98 line 12: is #####:should be 1
FAIL: g++.dg/gcov/gcov-14.C -std=gnu++98 line 8: is #####:should be 1
FAIL: g++.dg/gcov/gcov-14.C -std=gnu++98 (test for excess errors)
UNRESOLVED: g++.dg/gcov/gcov-14.C -std=gnu++98 compilation failed to produce executable
FAIL: g++.dg/gcov/gcov-15.C -std=gnu++11 gcov: 6 failures in line counts, 0 in branch percentages, 0 in return percentages, 0 in intermediate format
FAIL: g++.dg/gcov/gcov-15.C -std=gnu++11 line 14: is #####:should be 1
FAIL: g++.dg/gcov/gcov-15.C -std=gnu++11 line 18: is #####:should be 1
FAIL: g++.dg/gcov/gcov-15.C -std=gnu++11 line 20: is =====:should be 1
FAIL: g++.dg/gcov/gcov-15.C -std=gnu++11 line 22: is =====:should be 1
FAIL: g++.dg/gcov/gcov-15.C -std=gnu++11 line 5: is #####:should be 1
FAIL: g++.dg/gcov/gcov-15.C -std=gnu++11 line 7: is #####:should be 1
FAIL: g++.dg/gcov/gcov-15.C -std=gnu++11 (test for excess errors)
UNRESOLVED: g++.dg/gcov/gcov-15.C -std=gnu++11 compilation failed to produce executable
FAIL: g++.dg/gcov/gcov-15.C -std=gnu++14 gcov: 6 failures in line counts, 0 in branch percentages, 0 in return percentages, 0 in intermediate format
FAIL: g++.dg/gcov/gcov-15.C -std=gnu++14 line 14: is #####:should be 1
FAIL: g++.dg/gcov/gcov-15.C -std=gnu++14 line 18: is #####:should be 1
FAIL: g++.dg/gcov/gcov-15.C -std=gnu++14 line 20: is =====:should be 1
FAIL: g++.dg/gcov/gcov-15.C -std=gnu++14 line 22: is =====:should be 1
FAIL: g++.dg/gcov/gcov-15.C -std=gnu++14 line 5: is #####:should be 1
FAIL: g++.dg/gcov/gcov-15.C -std=gnu++14 line 7: is #####:should be 1
FAIL: g++.dg/gcov/gcov-15.C -std=gnu++14 (test for excess errors)
UNRESOLVED: g++.dg/gcov/gcov-15.C -std=gnu++14 compilation failed to produce executable
FAIL: g++.dg/gcov/gcov-15.C -std=gnu++98 gcov: 6 failures in line counts, 0 in branch percentages, 0 in return percentages, 0 in intermediate format
FAIL: g++.dg/gcov/gcov-15.C -std=gnu++98 line 14: is #####:should be 1
FAIL: g++.dg/gcov/gcov-15.C -std=gnu++98 line 18: is #####:should be 1
FAIL: g++.dg/gcov/gcov-15.C -std=gnu++98 line 20: is =====:should be 1
FAIL: g++.dg/gcov/gcov-15.C -std=gnu++98 line 22: is =====:should be 1
FAIL: g++.dg/gcov/gcov-15.C -std=gnu++98 line 5: is #####:should be 1
FAIL: g++.dg/gcov/gcov-15.C -std=gnu++98 line 7: is #####:should be 1
FAIL: g++.dg/gcov/gcov-15.C -std=gnu++98 (test for excess errors)
UNRESOLVED: g++.dg/gcov/gcov-15.C -std=gnu++98 compilation failed to produce executable
FAIL: g++.dg/gcov/gcov-16.C -std=gnu++11 (test for excess errors)
UNRESOLVED: g++.dg/gcov/gcov-16.C -std=gnu++11 compilation failed to produce executable
FAIL: g++.dg/gcov/gcov-16.C -std=gnu++14 (test for excess errors)
UNRESOLVED: g++.dg/gcov/gcov-16.C -std=gnu++14 compilation failed to produce executable
FAIL: g++.dg/gcov/gcov-16.C -std=gnu++98 (test for excess errors)
UNRESOLVED: g++.dg/gcov/gcov-16.C -std=gnu++98 compilation failed to produce executable
FAIL: g++.dg/gcov/gcov-2.C -std=gnu++11 gcov: 5 failures in line counts, 0 in branch percentages, 0 in return percentages, 0 in intermediate format
FAIL: g++.dg/gcov/gcov-2.C -std=gnu++11 line 10: is #####:should be 1
FAIL: g++.dg/gcov/gcov-2.C -std=gnu++11 line 15: is #####:should be 1
FAIL: g++.dg/gcov/gcov-2.C -std=gnu++11 line 23: is #####:should be 2
FAIL: g++.dg/gcov/gcov-2.C -std=gnu++11 line 24: is #####:should be 1
FAIL: g++.dg/gcov/gcov-2.C -std=gnu++11 line 29: is #####:should be 1
FAIL: g++.dg/gcov/gcov-2.C -std=gnu++11 (test for excess errors)
UNRESOLVED: g++.dg/gcov/gcov-2.C -std=gnu++11 compilation failed to produce executable
FAIL: g++.dg/gcov/gcov-2.C -std=gnu++14 gcov: 5 failures in line counts, 0 in branch percentages, 0 in return percentages, 0 in intermediate format
FAIL: g++.dg/gcov/gcov-2.C -std=gnu++14 line 10: is #####:should be 1
FAIL: g++.dg/gcov/gcov-2.C -std=gnu++14 line 15: is #####:should be 1
FAIL: g++.dg/gcov/gcov-2.C -std=gnu++14 line 23: is #####:should be 2
FAIL: g++.dg/gcov/gcov-2.C -std=gnu++14 line 24: is #####:should be 1
FAIL: g++.dg/gcov/gcov-2.C -std=gnu++14 line 29: is #####:should be 1
FAIL: g++.dg/gcov/gcov-2.C -std=gnu++14 (test for excess errors)
UNRESOLVED: g++.dg/gcov/gcov-2.C -std=gnu++14 compilation failed to produce executable
FAIL: g++.dg/gcov/gcov-2.C -std=gnu++98 gcov: 5 failures in line counts, 0 in branch percentages, 0 in return percentages, 0 in intermediate format
FAIL: g++.dg/gcov/gcov-2.C -std=gnu++98 line 10: is #####:should be 1
FAIL: g++.dg/gcov/gcov-2.C -std=gnu++98 line 15: is #####:should be 1
FAIL: g++.dg/gcov/gcov-2.C -std=gnu++98 line 23: is #####:should be 2
FAIL: g++.dg/gcov/gcov-2.C -std=gnu++98 line 24: is #####:should be 1
FAIL: g++.dg/gcov/gcov-2.C -std=gnu++98 line 29: is #####:should be 1
FAIL: g++.dg/gcov/gcov-2.C -std=gnu++98 (test for excess errors)
UNRESOLVED: g++.dg/gcov/gcov-2.C -std=gnu++98 compilation failed to produce executable
FAIL: g++.dg/gcov/gcov-3.C -std=gnu++11 gcov: 1 failures in line counts, 0 in branch percentages, 0 in return percentages, 0 in intermediate format
FAIL: g++.dg/gcov/gcov-3.C -std=gnu++11 line 14: is #####:should be 1
FAIL: g++.dg/gcov/gcov-3.C -std=gnu++11 (test for excess errors)
UNRESOLVED: g++.dg/gcov/gcov-3.C -std=gnu++11 compilation failed to produce executable
FAIL: g++.dg/gcov/gcov-3.C -std=gnu++14 gcov: 1 failures in line counts, 0 in branch percentages, 0 in return percentages, 0 in intermediate format
FAIL: g++.dg/gcov/gcov-3.C -std=gnu++14 line 14: is #####:should be 1
FAIL: g++.dg/gcov/gcov-3.C -std=gnu++14 (test for excess errors)
UNRESOLVED: g++.dg/gcov/gcov-3.C -std=gnu++14 compilation failed to produce executable
FAIL: g++.dg/gcov/gcov-3.C -std=gnu++98 gcov: 1 failures in line counts, 0 in branch percentages, 0 in return percentages, 0 in intermediate format
FAIL: g++.dg/gcov/gcov-3.C -std=gnu++98 line 14: is #####:should be 1
FAIL: g++.dg/gcov/gcov-3.C -std=gnu++98 (test for excess errors)
UNRESOLVED: g++.dg/gcov/gcov-3.C -std=gnu++98 compilation failed to produce executable
FAIL: g++.dg/gcov/gcov-4.C -std=gnu++11 (test for excess errors)
UNRESOLVED: g++.dg/gcov/gcov-4.C -std=gnu++11 compilation failed to produce executable
FAIL: g++.dg/gcov/gcov-4.C -std=gnu++14 (test for excess errors)
UNRESOLVED: g++.dg/gcov/gcov-4.C -std=gnu++14 compilation failed to produce executable
FAIL: g++.dg/gcov/gcov-4.C -std=gnu++98 (test for excess errors)
UNRESOLVED: g++.dg/gcov/gcov-4.C -std=gnu++98 compilation failed to produce executable
FAIL: g++.dg/gcov/gcov-5.C -std=gnu++11 gcov: 2 failures in line counts, 0 in branch percentages, 0 in return percentages, 0 in intermediate format
FAIL: g++.dg/gcov/gcov-5.C -std=gnu++11 line 26: is #####:should be 1
FAIL: g++.dg/gcov/gcov-5.C -std=gnu++11 line 35: is #####:should be 1
FAIL: g++.dg/gcov/gcov-5.C -std=gnu++11 (test for excess errors)
UNRESOLVED: g++.dg/gcov/gcov-5.C -std=gnu++11 compilation failed to produce executable
FAIL: g++.dg/gcov/gcov-5.C -std=gnu++14 gcov: 2 failures in line counts, 0 in branch percentages, 0 in return percentages, 0 in intermediate format
FAIL: g++.dg/gcov/gcov-5.C -std=gnu++14 line 26: is #####:should be 1
FAIL: g++.dg/gcov/gcov-5.C -std=gnu++14 line 35: is #####:should be 1
FAIL: g++.dg/gcov/gcov-5.C -std=gnu++14 (test for excess errors)
UNRESOLVED: g++.dg/gcov/gcov-5.C -std=gnu++14 compilation failed to produce executable
FAIL: g++.dg/gcov/gcov-5.C -std=gnu++98 gcov: 2 failures in line counts, 0 in branch percentages, 0 in return percentages, 0 in intermediate format
FAIL: g++.dg/gcov/gcov-5.C -std=gnu++98 line 26: is #####:should be 1
FAIL: g++.dg/gcov/gcov-5.C -std=gnu++98 line 35: is #####:should be 1
FAIL: g++.dg/gcov/gcov-5.C -std=gnu++98 (test for excess errors)
UNRESOLVED: g++.dg/gcov/gcov-5.C -std=gnu++98 compilation failed to produce executable
FAIL: g++.dg/gcov/gcov-7.C -std=gnu++11 (test for excess errors)
UNRESOLVED: g++.dg/gcov/gcov-7.C -std=gnu++11 compilation failed to produce executable
FAIL: g++.dg/gcov/gcov-7.C -std=gnu++14 (test for excess errors)
UNRESOLVED: g++.dg/gcov/gcov-7.C -std=gnu++14 compilation failed to produce executable
FAIL: g++.dg/gcov/gcov-7.C -std=gnu++98 (test for excess errors)
UNRESOLVED: g++.dg/gcov/gcov-7.C -std=gnu++98 compilation failed to produce executable
FAIL: g++.dg/gcov/gcov-8.C -std=gnu++11 (test for excess errors)
UNRESOLVED: g++.dg/gcov/gcov-8.C -std=gnu++11 compilation failed to produce executable
FAIL: g++.dg/gcov/gcov-8.C -std=gnu++14 (test for excess errors)
UNRESOLVED: g++.dg/gcov/gcov-8.C -std=gnu++14 compilation failed to produce executable
FAIL: g++.dg/gcov/gcov-8.C -std=gnu++98 (test for excess errors)
UNRESOLVED: g++.dg/gcov/gcov-8.C -std=gnu++98 compilation failed to produce executable
FAIL: g++.dg/gcov/gcov-dump-1.C -std=gnu++11 gcov: 2 failures in line counts, 0 in branch percentages, 0 in return percentages, 0 in intermediate format
FAIL: g++.dg/gcov/gcov-dump-1.C -std=gnu++11 line 10: is #####:should be 1
FAIL: g++.dg/gcov/gcov-dump-1.C -std=gnu++11 line 13: is #####:should be 100
FAIL: g++.dg/gcov/gcov-dump-1.C -std=gnu++11 (test for excess errors)
UNRESOLVED: g++.dg/gcov/gcov-dump-1.C -std=gnu++11 compilation failed to produce executable
FAIL: g++.dg/gcov/gcov-dump-1.C -std=gnu++14 gcov: 2 failures in line counts, 0 in branch percentages, 0 in return percentages, 0 in intermediate format
FAIL: g++.dg/gcov/gcov-dump-1.C -std=gnu++14 line 10: is #####:should be 1
FAIL: g++.dg/gcov/gcov-dump-1.C -std=gnu++14 line 13: is #####:should be 100
FAIL: g++.dg/gcov/gcov-dump-1.C -std=gnu++14 (test for excess errors)
UNRESOLVED: g++.dg/gcov/gcov-dump-1.C -std=gnu++14 compilation failed to produce executable
FAIL: g++.dg/gcov/gcov-dump-1.C -std=gnu++98 gcov: 2 failures in line counts, 0 in branch percentages, 0 in return percentages, 0 in intermediate format
FAIL: g++.dg/gcov/gcov-dump-1.C -std=gnu++98 line 10: is #####:should be 1
FAIL: g++.dg/gcov/gcov-dump-1.C -std=gnu++98 line 13: is #####:should be 100
FAIL: g++.dg/gcov/gcov-dump-1.C -std=gnu++98 (test for excess errors)
UNRESOLVED: g++.dg/gcov/gcov-dump-1.C -std=gnu++98 compilation failed to produce executable
FAIL: g++.dg/gcov/gcov-dump-2.C -std=gnu++11 gcov: 4 failures in line counts, 0 in branch percentages, 0 in return percentages, 0 in intermediate format
FAIL: g++.dg/gcov/gcov-dump-2.C -std=gnu++11 line 14: is #####:should be 1
FAIL: g++.dg/gcov/gcov-dump-2.C -std=gnu++11 line 17: is #####:should be 100
FAIL: g++.dg/gcov/gcov-dump-2.C -std=gnu++11 line 26: is #####:should be 10001
FAIL: g++.dg/gcov/gcov-dump-2.C -std=gnu++11 line 29: is #####:should be 1
FAIL: g++.dg/gcov/gcov-dump-2.C -std=gnu++11 (test for excess errors)
UNRESOLVED: g++.dg/gcov/gcov-dump-2.C -std=gnu++11 compilation failed to produce executable
FAIL: g++.dg/gcov/gcov-dump-2.C -std=gnu++14 gcov: 4 failures in line counts, 0 in branch percentages, 0 in return percentages, 0 in intermediate format
FAIL: g++.dg/gcov/gcov-dump-2.C -std=gnu++14 line 14: is #####:should be 1
FAIL: g++.dg/gcov/gcov-dump-2.C -std=gnu++14 line 17: is #####:should be 100
FAIL: g++.dg/gcov/gcov-dump-2.C -std=gnu++14 line 26: is #####:should be 10001
FAIL: g++.dg/gcov/gcov-dump-2.C -std=gnu++14 line 29: is #####:should be 1
FAIL: g++.dg/gcov/gcov-dump-2.C -std=gnu++14 (test for excess errors)
UNRESOLVED: g++.dg/gcov/gcov-dump-2.C -std=gnu++14 compilation failed to produce executable
FAIL: g++.dg/gcov/gcov-dump-2.C -std=gnu++98 gcov: 4 failures in line counts, 0 in branch percentages, 0 in return percentages, 0 in intermediate format
FAIL: g++.dg/gcov/gcov-dump-2.C -std=gnu++98 line 14: is #####:should be 1
FAIL: g++.dg/gcov/gcov-dump-2.C -std=gnu++98 line 17: is #####:should be 100
FAIL: g++.dg/gcov/gcov-dump-2.C -std=gnu++98 line 26: is #####:should be 10001
FAIL: g++.dg/gcov/gcov-dump-2.C -std=gnu++98 line 29: is #####:should be 1
FAIL: g++.dg/gcov/gcov-dump-2.C -std=gnu++98 (test for excess errors)
UNRESOLVED: g++.dg/gcov/gcov-dump-2.C -std=gnu++98 compilation failed to produce executable
FAIL: g++.dg/gcov/gcov-threads-1.C -std=gnu++11 gcov: 3 failures in line counts, 0 in branch percentages, 0 in return percentages, 0 in intermediate format
FAIL: g++.dg/gcov/gcov-threads-1.C -std=gnu++11 line 14: is #####:should be 500005
FAIL: g++.dg/gcov/gcov-threads-1.C -std=gnu++11 line 16: is #####:should be 500000
FAIL: g++.dg/gcov/gcov-threads-1.C -std=gnu++11 line 46: is #####:should be 1
FAIL: g++.dg/gcov/gcov-threads-1.C -std=gnu++11 (test for excess errors)
UNRESOLVED: g++.dg/gcov/gcov-threads-1.C -std=gnu++11 compilation failed to produce executable
FAIL: g++.dg/gcov/gcov-threads-1.C -std=gnu++14 gcov: 3 failures in line counts, 0 in branch percentages, 0 in return percentages, 0 in intermediate format
FAIL: g++.dg/gcov/gcov-threads-1.C -std=gnu++14 line 14: is #####:should be 500005
FAIL: g++.dg/gcov/gcov-threads-1.C -std=gnu++14 line 16: is #####:should be 500000
FAIL: g++.dg/gcov/gcov-threads-1.C -std=gnu++14 line 46: is #####:should be 1
FAIL: g++.dg/gcov/gcov-threads-1.C -std=gnu++14 (test for excess errors)
UNRESOLVED: g++.dg/gcov/gcov-threads-1.C -std=gnu++14 compilation failed to produce executable
FAIL: g++.dg/gcov/gcov-threads-1.C -std=gnu++98 gcov: 3 failures in line counts, 0 in branch percentages, 0 in return percentages, 0 in intermediate format
FAIL: g++.dg/gcov/gcov-threads-1.C -std=gnu++98 line 14: is #####:should be 500005
FAIL: g++.dg/gcov/gcov-threads-1.C -std=gnu++98 line 16: is #####:should be 500000
FAIL: g++.dg/gcov/gcov-threads-1.C -std=gnu++98 line 46: is #####:should be 1
FAIL: g++.dg/gcov/gcov-threads-1.C -std=gnu++98 (test for excess errors)
UNRESOLVED: g++.dg/gcov/gcov-threads-1.C -std=gnu++98 compilation failed to produce executable
FAIL: g++.dg/gcov/loop.C -std=gnu++11 gcov: 4 failures in line counts, 0 in branch percentages, 0 in return percentages, 0 in intermediate format
FAIL: g++.dg/gcov/loop.C -std=gnu++11 line 21: is #####:should be 7k
FAIL: g++.dg/gcov/loop.C -std=gnu++11 line 24: is #####:should be 1
FAIL: g++.dg/gcov/loop.C -std=gnu++11 line 5: is #####:should be 14k
FAIL: g++.dg/gcov/loop.C -std=gnu++11 line 9: is #####:should be 21M
FAIL: g++.dg/gcov/loop.C -std=gnu++11 (test for excess errors)
UNRESOLVED: g++.dg/gcov/loop.C -std=gnu++11 compilation failed to produce executable
FAIL: g++.dg/gcov/loop.C -std=gnu++14 gcov: 4 failures in line counts, 0 in branch percentages, 0 in return percentages, 0 in intermediate format
FAIL: g++.dg/gcov/loop.C -std=gnu++14 line 21: is #####:should be 7k
FAIL: g++.dg/gcov/loop.C -std=gnu++14 line 24: is #####:should be 1
FAIL: g++.dg/gcov/loop.C -std=gnu++14 line 5: is #####:should be 14k
FAIL: g++.dg/gcov/loop.C -std=gnu++14 line 9: is #####:should be 21M
FAIL: g++.dg/gcov/loop.C -std=gnu++14 (test for excess errors)
UNRESOLVED: g++.dg/gcov/loop.C -std=gnu++14 compilation failed to produce executable
FAIL: g++.dg/gcov/loop.C -std=gnu++98 gcov: 4 failures in line counts, 0 in branch percentages, 0 in return percentages, 0 in intermediate format
FAIL: g++.dg/gcov/loop.C -std=gnu++98 line 21: is #####:should be 7k
FAIL: g++.dg/gcov/loop.C -std=gnu++98 line 24: is #####:should be 1
FAIL: g++.dg/gcov/loop.C -std=gnu++98 line 5: is #####:should be 14k
FAIL: g++.dg/gcov/loop.C -std=gnu++98 line 9: is #####:should be 21M
FAIL: g++.dg/gcov/loop.C -std=gnu++98 (test for excess errors)
UNRESOLVED: g++.dg/gcov/loop.C -std=gnu++98 compilation failed to produce executable
FAIL: g++.dg/gcov/pr16855-priority.C -std=gnu++11 gcov: 12 failures in line counts, 0 in branch percentages, 0 in return percentages, 0 in intermediate format
FAIL: g++.dg/gcov/pr16855-priority.C -std=gnu++11 line 14: is #####:should be 1
FAIL: g++.dg/gcov/pr16855-priority.C -std=gnu++11 line 21: is #####:should be 1
FAIL: g++.dg/gcov/pr16855-priority.C -std=gnu++11 line 22: is #####:should be 1
FAIL: g++.dg/gcov/pr16855-priority.C -std=gnu++11 line 35: is #####:should be 1
FAIL: g++.dg/gcov/pr16855-priority.C -std=gnu++11 line 41: is #####:should be 1
FAIL: g++.dg/gcov/pr16855-priority.C -std=gnu++11 line 46: is #####:should be 1
FAIL: g++.dg/gcov/pr16855-priority.C -std=gnu++11 line 51: is #####:should be 1
FAIL: g++.dg/gcov/pr16855-priority.C -std=gnu++11 line 56: is #####:should be 1
FAIL: g++.dg/gcov/pr16855-priority.C -std=gnu++11 line 61: is #####:should be 1
FAIL: g++.dg/gcov/pr16855-priority.C -std=gnu++11 line 66: is #####:should be 1
FAIL: g++.dg/gcov/pr16855-priority.C -std=gnu++11 line 71: is #####:should be 1
FAIL: g++.dg/gcov/pr16855-priority.C -std=gnu++11 line 76: is #####:should be 1
FAIL: g++.dg/gcov/pr16855-priority.C -std=gnu++11 (test for excess errors)
UNRESOLVED: g++.dg/gcov/pr16855-priority.C -std=gnu++11 compilation failed to produce executable
FAIL: g++.dg/gcov/pr16855-priority.C -std=gnu++14 gcov: 12 failures in line counts, 0 in branch percentages, 0 in return percentages, 0 in intermediate format
FAIL: g++.dg/gcov/pr16855-priority.C -std=gnu++14 line 14: is #####:should be 1
FAIL: g++.dg/gcov/pr16855-priority.C -std=gnu++14 line 21: is #####:should be 1
FAIL: g++.dg/gcov/pr16855-priority.C -std=gnu++14 line 22: is #####:should be 1
FAIL: g++.dg/gcov/pr16855-priority.C -std=gnu++14 line 35: is #####:should be 1
FAIL: g++.dg/gcov/pr16855-priority.C -std=gnu++14 line 41: is #####:should be 1
FAIL: g++.dg/gcov/pr16855-priority.C -std=gnu++14 line 46: is #####:should be 1
FAIL: g++.dg/gcov/pr16855-priority.C -std=gnu++14 line 51: is #####:should be 1
FAIL: g++.dg/gcov/pr16855-priority.C -std=gnu++14 line 56: is #####:should be 1
FAIL: g++.dg/gcov/pr16855-priority.C -std=gnu++14 line 61: is #####:should be 1
FAIL: g++.dg/gcov/pr16855-priority.C -std=gnu++14 line 66: is #####:should be 1
FAIL: g++.dg/gcov/pr16855-priority.C -std=gnu++14 line 71: is #####:should be 1
FAIL: g++.dg/gcov/pr16855-priority.C -std=gnu++14 line 76: is #####:should be 1
FAIL: g++.dg/gcov/pr16855-priority.C -std=gnu++14 (test for excess errors)
UNRESOLVED: g++.dg/gcov/pr16855-priority.C -std=gnu++14 compilation failed to produce executable
FAIL: g++.dg/gcov/pr16855-priority.C -std=gnu++98 gcov: 12 failures in line counts, 0 in branch percentages, 0 in return percentages, 0 in intermediate format
FAIL: g++.dg/gcov/pr16855-priority.C -std=gnu++98 line 14: is #####:should be 1
FAIL: g++.dg/gcov/pr16855-priority.C -std=gnu++98 line 21: is #####:should be 1
FAIL: g++.dg/gcov/pr16855-priority.C -std=gnu++98 line 22: is #####:should be 1
FAIL: g++.dg/gcov/pr16855-priority.C -std=gnu++98 line 35: is #####:should be 1
FAIL: g++.dg/gcov/pr16855-priority.C -std=gnu++98 line 41: is #####:should be 1
FAIL: g++.dg/gcov/pr16855-priority.C -std=gnu++98 line 46: is #####:should be 1
FAIL: g++.dg/gcov/pr16855-priority.C -std=gnu++98 line 51: is #####:should be 1
FAIL: g++.dg/gcov/pr16855-priority.C -std=gnu++98 line 56: is #####:should be 1
FAIL: g++.dg/gcov/pr16855-priority.C -std=gnu++98 line 61: is #####:should be 1
FAIL: g++.dg/gcov/pr16855-priority.C -std=gnu++98 line 66: is #####:should be 1
FAIL: g++.dg/gcov/pr16855-priority.C -std=gnu++98 line 71: is #####:should be 1
FAIL: g++.dg/gcov/pr16855-priority.C -std=gnu++98 line 76: is #####:should be 1
FAIL: g++.dg/gcov/pr16855-priority.C -std=gnu++98 (test for excess errors)
UNRESOLVED: g++.dg/gcov/pr16855-priority.C -std=gnu++98 compilation failed to produce executable
FAIL: g++.dg/gcov/pr16855.C -std=gnu++11 gcov: 6 failures in line counts, 0 in branch percentages, 0 in return percentages, 0 in intermediate format
FAIL: g++.dg/gcov/pr16855.C -std=gnu++11 line 13: is #####:should be 1
FAIL: g++.dg/gcov/pr16855.C -std=gnu++11 line 20: is #####:should be 1
FAIL: g++.dg/gcov/pr16855.C -std=gnu++11 line 21: is #####:should be 1
FAIL: g++.dg/gcov/pr16855.C -std=gnu++11 line 34: is #####:should be 1
FAIL: g++.dg/gcov/pr16855.C -std=gnu++11 line 40: is #####:should be 1
FAIL: g++.dg/gcov/pr16855.C -std=gnu++11 line 45: is #####:should be 1
FAIL: g++.dg/gcov/pr16855.C -std=gnu++11 (test for excess errors)
UNRESOLVED: g++.dg/gcov/pr16855.C -std=gnu++11 compilation failed to produce executable
FAIL: g++.dg/gcov/pr16855.C -std=gnu++14 gcov: 6 failures in line counts, 0 in branch percentages, 0 in return percentages, 0 in intermediate format
FAIL: g++.dg/gcov/pr16855.C -std=gnu++14 line 13: is #####:should be 1
FAIL: g++.dg/gcov/pr16855.C -std=gnu++14 line 20: is #####:should be 1
FAIL: g++.dg/gcov/pr16855.C -std=gnu++14 line 21: is #####:should be 1
FAIL: g++.dg/gcov/pr16855.C -std=gnu++14 line 34: is #####:should be 1
FAIL: g++.dg/gcov/pr16855.C -std=gnu++14 line 40: is #####:should be 1
FAIL: g++.dg/gcov/pr16855.C -std=gnu++14 line 45: is #####:should be 1
FAIL: g++.dg/gcov/pr16855.C -std=gnu++14 (test for excess errors)
UNRESOLVED: g++.dg/gcov/pr16855.C -std=gnu++14 compilation failed to produce executable
FAIL: g++.dg/gcov/pr16855.C -std=gnu++98 gcov: 6 failures in line counts, 0 in branch percentages, 0 in return percentages, 0 in intermediate format
FAIL: g++.dg/gcov/pr16855.C -std=gnu++98 line 13: is #####:should be 1
FAIL: g++.dg/gcov/pr16855.C -std=gnu++98 line 20: is #####:should be 1
FAIL: g++.dg/gcov/pr16855.C -std=gnu++98 line 21: is #####:should be 1
FAIL: g++.dg/gcov/pr16855.C -std=gnu++98 line 34: is #####:should be 1
FAIL: g++.dg/gcov/pr16855.C -std=gnu++98 line 40: is #####:should be 1
FAIL: g++.dg/gcov/pr16855.C -std=gnu++98 line 45: is #####:should be 1
FAIL: g++.dg/gcov/pr16855.C -std=gnu++98 (test for excess errors)
UNRESOLVED: g++.dg/gcov/pr16855.C -std=gnu++98 compilation failed to produce executable
FAIL: g++.dg/gcov/pr84548.C -std=gnu++11 (test for excess errors)
UNRESOLVED: g++.dg/gcov/pr84548.C -std=gnu++11 compilation failed to produce executable
FAIL: g++.dg/gcov/pr84548.C -std=gnu++14 (test for excess errors)
UNRESOLVED: g++.dg/gcov/pr84548.C -std=gnu++14 compilation failed to produce executable
FAIL: g++.dg/gcov/pr84548.C -std=gnu++98 (test for excess errors)
UNRESOLVED: g++.dg/gcov/pr84548.C -std=gnu++98 compilation failed to produce executable
FAIL: g++.dg/gcov/ternary.C -std=gnu++11 (test for excess errors)
UNRESOLVED: g++.dg/gcov/ternary.C -std=gnu++11 compilation failed to produce executable
FAIL: g++.dg/gcov/ternary.C -std=gnu++14 (test for excess errors)
UNRESOLVED: g++.dg/gcov/ternary.C -std=gnu++14 compilation failed to produce executable
FAIL: g++.dg/gcov/ternary.C -std=gnu++98 (test for excess errors)
UNRESOLVED: g++.dg/gcov/ternary.C -std=gnu++98 compilation failed to produce executable
FAIL: g++.dg/tree-prof/indir-call-prof-2.C compilation, -fprofile-generate -D_PROFILE_GENERATE
UNRESOLVED: g++.dg/tree-prof/indir-call-prof-2.C compilation, -fprofile-use -D_PROFILE_USE
UNRESOLVED: g++.dg/tree-prof/indir-call-prof-2.C execution, -fprofile-generate -D_PROFILE_GENERATE
UNRESOLVED: g++.dg/tree-prof/indir-call-prof-2.C execution, -fprofile-use -D_PROFILE_USE
FAIL: g++.dg/tree-prof/indir-call-prof.C compilation, -fprofile-generate -D_PROFILE_GENERATE
UNRESOLVED: g++.dg/tree-prof/indir-call-prof.C compilation, -fprofile-use -D_PROFILE_USE
UNRESOLVED: g++.dg/tree-prof/indir-call-prof.C execution, -fprofile-generate -D_PROFILE_GENERATE
UNRESOLVED: g++.dg/tree-prof/indir-call-prof.C execution, -fprofile-use -D_PROFILE_USE
FAIL: g++.dg/tree-prof/inline_mismatch_args.C compilation, -fprofile-generate -D_PROFILE_GENERATE
UNRESOLVED: g++.dg/tree-prof/inline_mismatch_args.C compilation, -fprofile-use -D_PROFILE_USE
UNRESOLVED: g++.dg/tree-prof/inline_mismatch_args.C execution, -fprofile-generate -D_PROFILE_GENERATE
UNRESOLVED: g++.dg/tree-prof/inline_mismatch_args.C execution, -fprofile-use -D_PROFILE_USE
FAIL: g++.dg/tree-prof/morefunc.C compilation, -fprofile-generate -D_PROFILE_GENERATE
UNRESOLVED: g++.dg/tree-prof/morefunc.C compilation, -fprofile-use -D_PROFILE_USE
UNRESOLVED: g++.dg/tree-prof/morefunc.C execution, -fprofile-generate -D_PROFILE_GENERATE
UNRESOLVED: g++.dg/tree-prof/morefunc.C execution, -fprofile-use -D_PROFILE_USE
FAIL: g++.dg/tree-prof/partition1.C compilation, -fprofile-generate -D_PROFILE_GENERATE
UNRESOLVED: g++.dg/tree-prof/partition1.C compilation, -fprofile-use -D_PROFILE_USE
UNRESOLVED: g++.dg/tree-prof/partition1.C execution, -fprofile-generate -D_PROFILE_GENERATE
UNRESOLVED: g++.dg/tree-prof/partition1.C execution, -fprofile-use -D_PROFILE_USE
FAIL: g++.dg/tree-prof/partition2.C compilation, -fprofile-generate -D_PROFILE_GENERATE
UNRESOLVED: g++.dg/tree-prof/partition2.C compilation, -fprofile-use -D_PROFILE_USE
UNRESOLVED: g++.dg/tree-prof/partition2.C execution, -fprofile-generate -D_PROFILE_GENERATE
UNRESOLVED: g++.dg/tree-prof/partition2.C execution, -fprofile-use -D_PROFILE_USE
FAIL: g++.dg/tree-prof/partition3.C compilation, -fprofile-generate -D_PROFILE_GENERATE
UNRESOLVED: g++.dg/tree-prof/partition3.C compilation, -fprofile-use -D_PROFILE_USE
UNRESOLVED: g++.dg/tree-prof/partition3.C execution, -fprofile-generate -D_PROFILE_GENERATE
UNRESOLVED: g++.dg/tree-prof/partition3.C execution, -fprofile-use -D_PROFILE_USE
FAIL: g++.dg/tree-prof/pr35545.C compilation, -fprofile-generate -D_PROFILE_GENERATE
UNRESOLVED: g++.dg/tree-prof/pr35545.C compilation, -fprofile-use -D_PROFILE_USE
UNRESOLVED: g++.dg/tree-prof/pr35545.C execution, -fprofile-generate -D_PROFILE_GENERATE
UNRESOLVED: g++.dg/tree-prof/pr35545.C execution, -fprofile-use -D_PROFILE_USE
FAIL: g++.dg/tree-prof/pr51719.C compilation, -fprofile-generate -D_PROFILE_GENERATE
UNRESOLVED: g++.dg/tree-prof/pr51719.C compilation, -fprofile-use -D_PROFILE_USE
UNRESOLVED: g++.dg/tree-prof/pr51719.C execution, -fprofile-generate -D_PROFILE_GENERATE
UNRESOLVED: g++.dg/tree-prof/pr51719.C execution, -fprofile-use -D_PROFILE_USE
FAIL: g++.dg/tree-prof/pr53460.C compilation, -fprofile-generate -D_PROFILE_GENERATE
UNRESOLVED: g++.dg/tree-prof/pr53460.C compilation, -fprofile-use -D_PROFILE_USE
UNRESOLVED: g++.dg/tree-prof/pr53460.C execution, -fprofile-generate -D_PROFILE_GENERATE
UNRESOLVED: g++.dg/tree-prof/pr53460.C execution, -fprofile-use -D_PROFILE_USE
FAIL: g++.dg/tree-prof/pr57451.C compilation, -fprofile-generate -D_PROFILE_GENERATE
UNRESOLVED: g++.dg/tree-prof/pr57451.C compilation, -fprofile-use -D_PROFILE_USE
UNRESOLVED: g++.dg/tree-prof/pr57451.C execution, -fprofile-generate -D_PROFILE_GENERATE
UNRESOLVED: g++.dg/tree-prof/pr57451.C execution, -fprofile-use -D_PROFILE_USE
FAIL: g++.dg/tree-prof/pr59255.C compilation, -fprofile-generate -D_PROFILE_GENERATE
UNRESOLVED: g++.dg/tree-prof/pr59255.C compilation, -fprofile-use -D_PROFILE_USE
UNRESOLVED: g++.dg/tree-prof/pr59255.C execution, -fprofile-generate -D_PROFILE_GENERATE
UNRESOLVED: g++.dg/tree-prof/pr59255.C execution, -fprofile-use -D_PROFILE_USE
FAIL: g++.dg/tree-prof/pr63581.C compilation, -fprofile-generate -D_PROFILE_GENERATE
UNRESOLVED: g++.dg/tree-prof/pr63581.C compilation, -fprofile-use -D_PROFILE_USE
UNRESOLVED: g++.dg/tree-prof/pr63581.C execution, -fprofile-generate -D_PROFILE_GENERATE
UNRESOLVED: g++.dg/tree-prof/pr63581.C execution, -fprofile-use -D_PROFILE_USE
FAIL: g++.dg/tree-prof/pr79259.C compilation, -fprofile-generate -D_PROFILE_GENERATE
UNRESOLVED: g++.dg/tree-prof/pr79259.C compilation, -fprofile-use -D_PROFILE_USE
UNRESOLVED: g++.dg/tree-prof/pr79259.C execution, -fprofile-generate -D_PROFILE_GENERATE
UNRESOLVED: g++.dg/tree-prof/pr79259.C execution, -fprofile-use -D_PROFILE_USE
FAIL: g++.dg/tree-prof/reorder.C compilation, -fprofile-generate -D_PROFILE_GENERATE
UNRESOLVED: g++.dg/tree-prof/reorder.C compilation, -fprofile-use -D_PROFILE_USE
UNRESOLVED: g++.dg/tree-prof/reorder.C execution, -fprofile-generate -D_PROFILE_GENERATE
UNRESOLVED: g++.dg/tree-prof/reorder.C execution, -fprofile-use -D_PROFILE_USE
FAIL: g++.dg/vect/pr84556.cc -mmsa -std=gnu++11 execution test
FAIL: g++.dg/vect/pr84556.cc -mmsa -std=gnu++14 execution test
FAIL: g++.dg/vect/slp-pr56812.cc -mmsa -std=c++11 (test for warnings, line 17)
FAIL: g++.dg/vect/slp-pr56812.cc -mmsa -std=c++14 (test for warnings, line 17)
FAIL: g++.dg/vect/slp-pr56812.cc -mmsa -std=c++98 (test for warnings, line 17)
FAIL: g++.old-deja/g++.robertl/eb83.C -std=gnu++11 (test for excess errors)
UNRESOLVED: g++.old-deja/g++.robertl/eb83.C -std=gnu++11 compilation failed to produce executable
FAIL: g++.old-deja/g++.robertl/eb83.C -std=gnu++14 (test for excess errors)
UNRESOLVED: g++.old-deja/g++.robertl/eb83.C -std=gnu++14 compilation failed to produce executable
FAIL: g++.old-deja/g++.robertl/eb83.C -std=gnu++98 (test for excess errors)
UNRESOLVED: g++.old-deja/g++.robertl/eb83.C -std=gnu++98 compilation failed to produce executable
=== g++ Summary ===
# of expected passes 115617
# of unexpected failures 564
# of expected failures 543
# of unresolved testcases 168
# of unsupported tests 5268
/home/xuchenghua/GCC/test/gcc-r262182_obj/gcc/xg++ version 9.0.0 20180627 (experimental) (gcc trunk r262182 with mips64r2 n64)
=== libatomic tests ===
Running target unix
=== libatomic Summary ===
# of expected passes 54
=== libgomp tests ===
Running target unix
FAIL: libgomp.c/../libgomp.c-c++-common/for-5.c execution test
FAIL: libgomp.c/../libgomp.c-c++-common/for-6.c execution test
FAIL: libgomp.c/../libgomp.c-c++-common/monotonic-1.c execution test
FAIL: libgomp.c/../libgomp.c-c++-common/nonmonotonic-2.c execution test
FAIL: libgomp.c++/../libgomp.c-c++-common/for-3.c execution test
FAIL: libgomp.c++/../libgomp.c-c++-common/for-5.c execution test
FAIL: libgomp.c++/../libgomp.c-c++-common/for-6.c execution test
FAIL: libgomp.c++/for-4.C execution test
UNRESOLVED: libgomp.oacc-c++/non-scalar-data.C -DACC_DEVICE_TYPE_host=1 -DACC_MEM_SHARED=1 -O2 compilation failed to produce executable
=== libgomp Summary ===
# of expected passes 1949
# of unexpected failures 8
# of expected failures 2
# of unresolved testcases 1
# of unsupported tests 195
=== libstdc++ tests ===
Running target unix
FAIL: libstdc++-abi/abi_check
FAIL: 27_io/filesystem/operations/last_write_time.cc execution test
FAIL: experimental/filesystem/operations/last_write_time.cc execution test
FAIL: ext/special_functions/hyperg/check_value.cc execution test
FAIL: tr1/5_numerical_facilities/special_functions/17_hyperg/check_value.cc execution test
=== libstdc++ Summary ===
# of expected passes 12244
# of unexpected failures 5
# of expected failures 74
# of unsupported tests 613
Compiler version: 9.0.0 20180627 (experimental) (gcc trunk r262182 with mips64r2 n64)
Platform: mips64el-unknown-linux-gnu
configure flags: --prefix=/home/xuchenghua/toolchain/gcc-trunk-r262182 --enable-bootstrap --enable-shared --enable-threads=posix --enable-__cxa_atexit --disable-libunwind-exceptions --enable-gnu-unique-object --enable-linker-build-id --enable-languages=c,c++ --enable-plugin --enable-initfini-array --disable-libgcj --with-arch=mips64r2 --with-abi=64 --build=mips64el-linux-gnu --disable-multilib --enable-gnu-indirect-function --with-long-double-128 --with-pkgversion='gcc trunk r262182 with mips64r2 n64' --disable-werror