This is the mail archive of the gcc-testresults@gcc.gnu.org mailing list for the GCC project.


Index Nav: [Date Index] [Subject Index] [Author Index] [Thread Index]
Message Nav: [Date Prev] [Date Next] [Thread Prev] [Thread Next]
Other format: [Raw text]

Results for 7.3.1 20180527 [gcc-7-branch revision 260810] (GCC) testsuite on powerpc64-unknown-linux-gnu


Linux 4.16.7-200.fc27.ppc64 ppc64
GNU ld version 2.29-13.fc27
GNU assembler version 2.29-13.fc27
GNU Make 4.2.1

DejaGnu:
	DejaGnu version	1.6
	Expect version	5.45
	Tcl version	8.6

64-bit

LAST_UPDATED: Sun May 27 22:04:38 UTC 2018 (revision 260810)

Native configuration is powerpc64-unknown-linux-gnu

		=== g++ tests ===


Running target unix
FAIL: c-c++-common/torture/pr60971.c   -O2 -flto -fuse-linker-plugin -fno-fat-lto-objects  execution test
FAIL: c-c++-common/torture/pr61184.c   -O0  (test for excess errors)
UNRESOLVED: c-c++-common/torture/pr61184.c   -O0  compilation failed to produce executable
FAIL: c-c++-common/torture/pr61184.c   -O1  (test for excess errors)
UNRESOLVED: c-c++-common/torture/pr61184.c   -O1  compilation failed to produce executable
FAIL: c-c++-common/torture/pr61184.c   -O2  (test for excess errors)
UNRESOLVED: c-c++-common/torture/pr61184.c   -O2  compilation failed to produce executable
FAIL: c-c++-common/torture/pr61184.c   -O3 -fomit-frame-pointer -funroll-loops -fpeel-loops -ftracer -finline-functions  (test for excess errors)
UNRESOLVED: c-c++-common/torture/pr61184.c   -O3 -fomit-frame-pointer -funroll-loops -fpeel-loops -ftracer -finline-functions  compilation failed to produce executable
FAIL: c-c++-common/torture/pr61184.c   -O3 -g  (test for excess errors)
UNRESOLVED: c-c++-common/torture/pr61184.c   -O3 -g  compilation failed to produce executable
FAIL: c-c++-common/torture/vshuf-v2si.c   -O2  (test for excess errors)
FAIL: c-c++-common/torture/vshuf-v2si.c   -O2 -flto -fno-use-linker-plugin -flto-partition=none  (test for excess errors)
FAIL: c-c++-common/torture/vshuf-v2si.c   -O2 -flto -fuse-linker-plugin -fno-fat-lto-objects  (test for excess errors)
FAIL: c-c++-common/torture/vshuf-v2si.c   -O3 -g  (test for excess errors)
FAIL: c-c++-common/torture/vshuf-v2si.c   -Os  (test for excess errors)
FAIL: c-c++-common/torture/vshuf-v4df.c   -O0  (test for excess errors)
FAIL: c-c++-common/torture/vshuf-v4df.c   -O1  (test for excess errors)
FAIL: c-c++-common/torture/vshuf-v4df.c   -O2  (test for excess errors)
FAIL: g++.dg/torture/20090329-1.C   -O2  (test for excess errors)
FAIL: g++.dg/torture/20090329-1.C   -O2 -flto -fno-use-linker-plugin -flto-partition=none  (test for excess errors)
FAIL: g++.dg/torture/20090329-1.C   -O2 -flto -fuse-linker-plugin -fno-fat-lto-objects  (test for excess errors)
FAIL: g++.dg/torture/20090329-1.C   -O3 -fomit-frame-pointer -funroll-loops -fpeel-loops -ftracer -finline-functions  (test for excess errors)
FAIL: g++.dg/torture/20090329-1.C   -O3 -g  (test for excess errors)
FAIL: g++.dg/torture/20090329-1.C   -Os  (test for excess errors)
FAIL: g++.dg/torture/20090706-1.C   -O0  (test for excess errors)
FAIL: g++.dg/torture/20090706-1.C   -O1  (test for excess errors)
FAIL: g++.dg/torture/pr30567.C   -O2 -flto -fno-use-linker-plugin -flto-partition=none  (test for excess errors)
UNRESOLVED: g++.dg/torture/pr30567.C   -O2 -flto -fno-use-linker-plugin -flto-partition=none  compilation failed to produce executable
FAIL: g++.dg/torture/pr30567.C   -O2 -flto -fuse-linker-plugin -fno-fat-lto-objects  (test for excess errors)
UNRESOLVED: g++.dg/torture/pr30567.C   -O2 -flto -fuse-linker-plugin -fno-fat-lto-objects  compilation failed to produce executable
FAIL: g++.dg/torture/pr30567.C   -O3 -g  (test for excess errors)
UNRESOLVED: g++.dg/torture/pr30567.C   -O3 -g  compilation failed to produce executable
FAIL: g++.dg/torture/pr30567.C   -Os  (test for excess errors)
UNRESOLVED: g++.dg/torture/pr30567.C   -Os  compilation failed to produce executable
FAIL: g++.dg/torture/pr31081-1.C   -O0  (test for excess errors)
FAIL: g++.dg/torture/pr31081-1.C   -O1  (test for excess errors)
FAIL: g++.dg/torture/pr31081-1.C   -O2  (test for excess errors)
FAIL: g++.dg/torture/pr31081-1.C   -O2 -flto -fno-use-linker-plugin -flto-partition=none  (test for excess errors)
FAIL: g++.dg/torture/pr31081-1.C   -O3 -fomit-frame-pointer -funroll-loops -fpeel-loops -ftracer -finline-functions  (test for excess errors)
FAIL: g++.dg/torture/pr31081-1.C   -O3 -g  (test for excess errors)
FAIL: g++.dg/torture/pr31081-1.C   -Os  (test for excess errors)
FAIL: g++.dg/torture/pr35526.C   -O2 -flto -fno-use-linker-plugin -flto-partition=none  (test for excess errors)
FAIL: g++.dg/torture/pr35526.C   -O2 -flto -fuse-linker-plugin -fno-fat-lto-objects  (test for excess errors)
FAIL: g++.dg/torture/pr35634.C   -O0  (test for excess errors)
UNRESOLVED: g++.dg/torture/pr35634.C   -O0  compilation failed to produce executable
FAIL: g++.dg/torture/pr35634.C   -O1  (test for excess errors)
UNRESOLVED: g++.dg/torture/pr35634.C   -O1  compilation failed to produce executable
FAIL: g++.dg/torture/pr35634.C   -O2  (test for excess errors)
UNRESOLVED: g++.dg/torture/pr35634.C   -O2  compilation failed to produce executable
FAIL: g++.dg/torture/pr35634.C   -O3 -fomit-frame-pointer -funroll-loops -fpeel-loops -ftracer -finline-functions  (test for excess errors)
UNRESOLVED: g++.dg/torture/pr35634.C   -O3 -fomit-frame-pointer -funroll-loops -fpeel-loops -ftracer -finline-functions  compilation failed to produce executable
FAIL: g++.dg/torture/pr35634.C   -O3 -g  (test for excess errors)
UNRESOLVED: g++.dg/torture/pr35634.C   -O3 -g  compilation failed to produce executable
FAIL: g++.dg/torture/pr36960.C   -O2 -flto -fno-use-linker-plugin -flto-partition=none  (test for excess errors)
UNRESOLVED: g++.dg/torture/pr36960.C   -O2 -flto -fno-use-linker-plugin -flto-partition=none  compilation failed to produce executable
FAIL: g++.dg/torture/pr36960.C   -O2 -flto -fuse-linker-plugin -fno-fat-lto-objects  (test for excess errors)
UNRESOLVED: g++.dg/torture/pr36960.C   -O2 -flto -fuse-linker-plugin -fno-fat-lto-objects  compilation failed to produce executable
FAIL: g++.dg/torture/pr36960.C   -Os  execution test
FAIL: g++.dg/torture/pr37146-1.C   -O0  (test for excess errors)
UNRESOLVED: g++.dg/torture/pr37146-1.C   -O0  compilation failed to produce executable

		=== g++ Summary ===

# of expected passes		111477
# of unexpected failures	44
# of expected failures		383
# of unresolved testcases	17
# of unsupported tests		4721
/home/gccbuild/build/nightly/build-gcc-7/gcc/xg++  version 7.3.1 20180527 [gcc-7-branch revision 260810] (GCC) 

		=== gcc tests ===


Running target unix
FAIL: gcc.dg/sms-4.c scan-rtl-dump-times sms "SMS succeeded" 1
ERROR: couldn't fork child process: resource temporarily unavailable
ERROR: couldn't fork child process: resource temporarily unavailable
ERROR: couldn't fork child process: resource temporarily unavailable
ERROR: couldn't fork child process: resource temporarily unavailable
ERROR: couldn't fork child process: resource temporarily unavailable
ERROR: couldn't fork child process: resource temporarily unavailable
UNRESOLVED: gcc.dg/guality/const-volatile.c   -O0  line 50 type:cs == const volatile signed char
ERROR: gcc.dg/guality/const-volatile.c   -O0 : error executing dg-final: couldn't fork child process: resource temporarily unavailable
XPASS: gcc.dg/guality/example.c   -O0  execution test
XPASS: gcc.dg/guality/example.c   -O1  execution test
XPASS: gcc.dg/guality/guality.c   -O0  execution test
XPASS: gcc.dg/guality/guality.c   -O1  execution test
XPASS: gcc.dg/guality/guality.c   -O2  execution test
XPASS: gcc.dg/guality/guality.c   -O2 -flto -fno-use-linker-plugin -flto-partition=none  execution test
XPASS: gcc.dg/guality/guality.c   -O2 -flto -fuse-linker-plugin -fno-fat-lto-objects  execution test
XPASS: gcc.dg/guality/guality.c   -O3 -g  execution test
XPASS: gcc.dg/guality/guality.c   -Os  execution test
XPASS: gcc.dg/guality/inline-params.c   -O2  execution test
XPASS: gcc.dg/guality/inline-params.c   -O2 -flto -fno-use-linker-plugin -flto-partition=none  execution test
XPASS: gcc.dg/guality/inline-params.c   -O3 -g  execution test
XPASS: gcc.dg/guality/inline-params.c   -Os  execution test
FAIL: gcc.dg/guality/nrv-1.c   -O2 -flto -fuse-linker-plugin -fno-fat-lto-objects  line 20 a2.i[0] == 42
UNRESOLVED: gcc.dg/guality/pr36728-1.c   -O0  line 16 arg5 == 5
ERROR: gcc.dg/guality/pr36728-1.c   -O0 : error executing dg-final: couldn't fork child process: resource temporarily unavailable
FAIL: gcc.dg/guality/pr36728-1.c   -O1  (test for excess errors)
UNRESOLVED: gcc.dg/guality/pr36728-1.c   -O1  compilation failed to produce executable
FAIL: gcc.dg/guality/pr36728-1.c   -O2  (test for excess errors)
UNRESOLVED: gcc.dg/guality/pr36728-1.c   -O2  compilation failed to produce executable
FAIL: gcc.dg/guality/pr36728-1.c   -O2 -flto -fno-use-linker-plugin -flto-partition=none  line 16 y == 2
FAIL: gcc.dg/guality/pr36728-1.c   -O2 -flto -fno-use-linker-plugin -flto-partition=none  line 18 y == 2
FAIL: gcc.dg/guality/pr36728-1.c   -O2 -flto -fuse-linker-plugin -fno-fat-lto-objects  line 16 y == 2
FAIL: gcc.dg/guality/pr36728-1.c   -O3 -g  line 16 y == 2
FAIL: gcc.dg/guality/pr36728-1.c   -O3 -g  line 18 *x == (char) 25
FAIL: gcc.dg/guality/pr36728-1.c   -O3 -g  line 18 y == 2
FAIL: gcc.dg/guality/pr36728-2.c   -O2  line 16 y == 2
FAIL: gcc.dg/guality/pr36728-2.c   -O2  line 18 *x == (char) 25
FAIL: gcc.dg/guality/pr36728-2.c   -O2 -flto -fno-use-linker-plugin -flto-partition=none  line 16 y == 2
FAIL: gcc.dg/guality/pr36728-2.c   -O2 -flto -fno-use-linker-plugin -flto-partition=none  line 18 *x == (char) 25
FAIL: gcc.dg/guality/pr36728-2.c   -O2 -flto -fuse-linker-plugin -fno-fat-lto-objects  line 16 arg1 == 1
FAIL: gcc.dg/guality/pr36728-2.c   -O2 -flto -fuse-linker-plugin -fno-fat-lto-objects  line 16 arg2 == 2
FAIL: gcc.dg/guality/pr36728-2.c   -O2 -flto -fuse-linker-plugin -fno-fat-lto-objects  line 16 arg3 == 3
FAIL: gcc.dg/guality/pr36728-2.c   -O2 -flto -fuse-linker-plugin -fno-fat-lto-objects  line 16 arg4 == 4
FAIL: gcc.dg/guality/pr36728-2.c   -O2 -flto -fuse-linker-plugin -fno-fat-lto-objects  line 16 arg5 == 5
FAIL: gcc.dg/guality/pr36728-2.c   -O2 -flto -fuse-linker-plugin -fno-fat-lto-objects  line 16 arg6 == 6
FAIL: gcc.dg/guality/pr36728-2.c   -O2 -flto -fuse-linker-plugin -fno-fat-lto-objects  line 16 arg7 == 30
FAIL: gcc.dg/guality/pr36728-2.c   -O2 -flto -fuse-linker-plugin -fno-fat-lto-objects  line 18 arg1 == 1
FAIL: gcc.dg/guality/pr36728-2.c   -O2 -flto -fuse-linker-plugin -fno-fat-lto-objects  line 18 arg2 == 2
FAIL: gcc.dg/guality/pr36728-2.c   -O2 -flto -fuse-linker-plugin -fno-fat-lto-objects  line 18 arg3 == 3
FAIL: gcc.dg/guality/pr36728-2.c   -O2 -flto -fuse-linker-plugin -fno-fat-lto-objects  line 18 arg4 == 4
FAIL: gcc.dg/guality/pr36728-2.c   -O2 -flto -fuse-linker-plugin -fno-fat-lto-objects  line 18 arg5 == 5
FAIL: gcc.dg/guality/pr36728-2.c   -O2 -flto -fuse-linker-plugin -fno-fat-lto-objects  line 18 arg6 == 6
FAIL: gcc.dg/guality/pr36728-2.c   -O2 -flto -fuse-linker-plugin -fno-fat-lto-objects  line 18 arg7 == 30
FAIL: gcc.dg/guality/pr36728-2.c   -O3 -g  line 16 arg1 == 1
FAIL: gcc.dg/guality/pr36728-2.c   -O3 -g  line 16 arg2 == 2
FAIL: gcc.dg/guality/pr36728-2.c   -O3 -g  line 16 arg3 == 3
FAIL: gcc.dg/guality/pr36728-2.c   -O3 -g  line 16 arg4 == 4
FAIL: gcc.dg/guality/pr36728-2.c   -O3 -g  line 16 arg5 == 5
FAIL: gcc.dg/guality/pr36728-2.c   -O3 -g  line 16 arg6 == 6
FAIL: gcc.dg/guality/pr36728-2.c   -O3 -g  line 16 arg7 == 30
FAIL: gcc.dg/guality/pr36728-2.c   -O3 -g  line 16 y == 2
FAIL: gcc.dg/guality/pr36728-2.c   -O3 -g  line 18 *x == (char) 25
FAIL: gcc.dg/guality/pr36728-2.c   -O3 -g  line 18 arg1 == 1
FAIL: gcc.dg/guality/pr36728-2.c   -O3 -g  line 18 arg2 == 2
FAIL: gcc.dg/guality/pr36728-2.c   -O3 -g  line 18 arg3 == 3
FAIL: gcc.dg/guality/pr36728-2.c   -O3 -g  line 18 arg4 == 4
FAIL: gcc.dg/guality/pr36728-2.c   -O3 -g  line 18 arg5 == 5
FAIL: gcc.dg/guality/pr36728-2.c   -O3 -g  line 18 arg6 == 6
FAIL: gcc.dg/guality/pr36728-2.c   -O3 -g  line 18 arg7 == 30
XPASS: gcc.dg/guality/pr41353-1.c   -O0  line 28 j == 28 + 37
UNRESOLVED: gcc.dg/guality/pr41353-1.c   -O1  line 17 vari4 == 3 * 17
ERROR: gcc.dg/guality/pr41353-1.c   -O1 : error executing dg-final: couldn't fork child process: resource temporarily unavailable
FAIL: gcc.dg/guality/pr41353-1.c   -O2  (test for excess errors)
UNRESOLVED: gcc.dg/guality/pr41353-1.c   -O2  compilation failed to produce executable
FAIL: gcc.dg/guality/pr41353-1.c   -O2 -flto -fno-use-linker-plugin -flto-partition=none  line 28 i == 37
FAIL: gcc.dg/guality/pr41353-1.c   -O2 -flto -fno-use-linker-plugin -flto-partition=none  line 28 i1 == 2 * 37
FAIL: gcc.dg/guality/pr41353-1.c   -O2 -flto -fno-use-linker-plugin -flto-partition=none  line 28 i2 == 3 * 37
XPASS: gcc.dg/guality/pr41353-1.c   -O2 -flto -fno-use-linker-plugin -flto-partition=none  line 28 j == 28 + 37
FAIL: gcc.dg/guality/pr41353-1.c   -O2 -flto -fuse-linker-plugin -fno-fat-lto-objects  line 28 i == 37
FAIL: gcc.dg/guality/pr41353-1.c   -O2 -flto -fuse-linker-plugin -fno-fat-lto-objects  line 28 i1 == 2 * 37
FAIL: gcc.dg/guality/pr41353-1.c   -O2 -flto -fuse-linker-plugin -fno-fat-lto-objects  line 28 i2 == 3 * 37
XPASS: gcc.dg/guality/pr41353-1.c   -O2 -flto -fuse-linker-plugin -fno-fat-lto-objects  line 28 j == 28 + 37
FAIL: gcc.dg/guality/pr41353-1.c   -O3 -g  line 28 i == 37
FAIL: gcc.dg/guality/pr41353-1.c   -O3 -g  line 28 i1 == 2 * 37
FAIL: gcc.dg/guality/pr41353-1.c   -O3 -g  line 28 i2 == 3 * 37
XPASS: gcc.dg/guality/pr41353-1.c   -O3 -g  line 28 j == 28 + 37
FAIL: gcc.dg/guality/pr41353-1.c   -Os  line 28 i == 37
FAIL: gcc.dg/guality/pr41353-1.c   -Os  line 28 i1 == 2 * 37
FAIL: gcc.dg/guality/pr41353-1.c   -Os  line 28 i2 == 3 * 37
XPASS: gcc.dg/guality/pr41353-1.c   -Os  line 28 j == 28 + 37
FAIL: gcc.dg/guality/pr41616-1.c   -O2 -flto -fuse-linker-plugin -fno-fat-lto-objects  execution test
FAIL: gcc.dg/guality/pr43051-1.c   -O1  line 40 v == 1
FAIL: gcc.dg/guality/pr43051-1.c   -O2  line 35 v == 1
FAIL: gcc.dg/guality/pr43051-1.c   -O2  line 40 v == 1
FAIL: gcc.dg/guality/pr43051-1.c   -O2 -flto -fno-use-linker-plugin -flto-partition=none  line 35 v == 1
FAIL: gcc.dg/guality/pr43051-1.c   -O2 -flto -fno-use-linker-plugin -flto-partition=none  line 40 v == 1
FAIL: gcc.dg/guality/pr43051-1.c   -O2 -flto -fuse-linker-plugin -fno-fat-lto-objects  line 35 v == 1
FAIL: gcc.dg/guality/pr43051-1.c   -O2 -flto -fuse-linker-plugin -fno-fat-lto-objects  line 40 v == 1
FAIL: gcc.dg/guality/pr43051-1.c   -O3 -fomit-frame-pointer -funroll-loops -fpeel-loops -ftracer -finline-functions  line 35 v == 1
FAIL: gcc.dg/guality/pr43051-1.c   -O3 -fomit-frame-pointer -funroll-loops -fpeel-loops -ftracer -finline-functions  line 40 v == 1
FAIL: gcc.dg/guality/pr43051-1.c   -O3 -g  line 35 v == 1
FAIL: gcc.dg/guality/pr43051-1.c   -O3 -g  line 40 v == 1
FAIL: gcc.dg/guality/pr43051-1.c   -Os  line 40 v == 1
FAIL: gcc.dg/guality/pr45882.c   -O2 -flto -fuse-linker-plugin -fno-fat-lto-objects  line 16 d == 112
FAIL: gcc.dg/guality/pr45882.c   -O2 -flto -fuse-linker-plugin -fno-fat-lto-objects  line 16 e == 142
FAIL: gcc.dg/guality/pr54200.c   -O1  line 20 z == 3
FAIL: gcc.dg/guality/pr54200.c   -O2  line 20 z == 3
FAIL: gcc.dg/guality/pr54200.c   -O2 -flto -fno-use-linker-plugin -flto-partition=none  line 20 z == 3
FAIL: gcc.dg/guality/pr54200.c   -O3 -g  line 20 z == 3
FAIL: gcc.dg/guality/pr54200.c   -Os  line 20 z == 3
FAIL: gcc.dg/guality/pr54519-1.c   -O1  line 20 x == 36
FAIL: gcc.dg/guality/pr54519-1.c   -O1  line 20 y == 25
FAIL: gcc.dg/guality/pr54519-1.c   -O1  line 23 x == 98
FAIL: gcc.dg/guality/pr54519-1.c   -O1  line 23 y == 117
FAIL: gcc.dg/guality/pr54519-1.c   -O2  line 20 x == 36
FAIL: gcc.dg/guality/pr54519-1.c   -O2  line 23 x == 98
FAIL: gcc.dg/guality/pr54519-1.c   -O2 -flto -fno-use-linker-plugin -flto-partition=none  (test for excess errors)
UNRESOLVED: gcc.dg/guality/pr54519-1.c   -O2 -flto -fno-use-linker-plugin -flto-partition=none  compilation failed to produce executable
FAIL: gcc.dg/guality/pr54519-1.c   -O2 -flto -fuse-linker-plugin -fno-fat-lto-objects  (test for excess errors)
UNRESOLVED: gcc.dg/guality/pr54519-1.c   -O2 -flto -fuse-linker-plugin -fno-fat-lto-objects  compilation failed to produce executable
UNRESOLVED: gcc.dg/guality/pr54519-1.c   -O3 -g  line 20 x == 36
ERROR: gcc.dg/guality/pr54519-1.c   -O3 -g : error executing dg-final: couldn't fork child process: resource temporarily unavailable
FAIL: gcc.dg/guality/pr54519-1.c   -Os  (test for excess errors)
UNRESOLVED: gcc.dg/guality/pr54519-1.c   -Os  compilation failed to produce executable
FAIL: gcc.dg/guality/pr54519-2.c   -O0  (test for excess errors)
UNRESOLVED: gcc.dg/guality/pr54519-2.c   -O0  compilation failed to produce executable
FAIL: gcc.dg/guality/pr54519-2.c   -O1  (test for excess errors)
UNRESOLVED: gcc.dg/guality/pr54519-2.c   -O1  compilation failed to produce executable
FAIL: gcc.dg/guality/pr54519-2.c   -O2 -flto -fno-use-linker-plugin -flto-partition=none  line 17 y == 25
FAIL: gcc.dg/guality/pr54519-2.c   -O2 -flto -fuse-linker-plugin -fno-fat-lto-objects  line 17 y == 25
FAIL: gcc.dg/guality/pr54519-3.c   -O1  line 20 x == 36
FAIL: gcc.dg/guality/pr54519-3.c   -O1  line 20 y == 25
FAIL: gcc.dg/guality/pr54519-3.c   -O1  line 20 z == 6
FAIL: gcc.dg/guality/pr54519-3.c   -O1  line 23 x == 98
FAIL: gcc.dg/guality/pr54519-3.c   -O1  line 23 y == 117
FAIL: gcc.dg/guality/pr54519-3.c   -O1  line 23 z == 8
FAIL: gcc.dg/guality/pr54519-3.c   -O2  line 20 z == 6
FAIL: gcc.dg/guality/pr54519-3.c   -O2  line 23 z == 8
FAIL: gcc.dg/guality/pr54519-3.c   -O2 -flto -fno-use-linker-plugin -flto-partition=none  line 20 y == 25
FAIL: gcc.dg/guality/pr54519-3.c   -O2 -flto -fno-use-linker-plugin -flto-partition=none  line 20 z == 6
FAIL: gcc.dg/guality/pr54519-3.c   -O2 -flto -fno-use-linker-plugin -flto-partition=none  line 23 y == 117
FAIL: gcc.dg/guality/pr54519-3.c   -O2 -flto -fno-use-linker-plugin -flto-partition=none  line 23 z == 8
FAIL: gcc.dg/guality/pr54519-3.c   -O2 -flto -fuse-linker-plugin -fno-fat-lto-objects  line 20 y == 25
FAIL: gcc.dg/guality/pr54519-3.c   -O2 -flto -fuse-linker-plugin -fno-fat-lto-objects  line 20 z == 6
FAIL: gcc.dg/guality/pr54519-3.c   -O2 -flto -fuse-linker-plugin -fno-fat-lto-objects  line 23 y == 117
FAIL: gcc.dg/guality/pr54519-3.c   -O2 -flto -fuse-linker-plugin -fno-fat-lto-objects  line 23 z == 8
FAIL: gcc.dg/guality/pr54519-3.c   -O3 -g  line 20 z == 6
FAIL: gcc.dg/guality/pr54519-3.c   -O3 -g  line 23 z == 8
FAIL: gcc.dg/guality/pr54519-3.c   -Os  line 20 z == 6
FAIL: gcc.dg/guality/pr54519-3.c   -Os  line 23 z == 8
FAIL: gcc.dg/guality/pr54519-4.c   -O1  line 17 x == 6
FAIL: gcc.dg/guality/pr54519-4.c   -O1  line 17 y == 25
FAIL: gcc.dg/guality/pr54519-4.c   -O2  line 17 y == 25
FAIL: gcc.dg/guality/pr54519-4.c   -O2 -flto -fno-use-linker-plugin -flto-partition=none  line 17 y == 25
FAIL: gcc.dg/guality/pr54519-4.c   -O2 -flto -fuse-linker-plugin -fno-fat-lto-objects  line 17 y == 25
FAIL: gcc.dg/guality/pr54519-4.c   -O3 -g  line 17 y == 25
FAIL: gcc.dg/guality/pr54519-4.c   -Os  line 17 y == 25
FAIL: gcc.dg/guality/pr54519-5.c   -O1  line 17 x == 6
FAIL: gcc.dg/guality/pr54519-5.c   -O1  line 17 y == 25
FAIL: gcc.dg/guality/pr54519-5.c   -O2  line 17 y == 25
FAIL: gcc.dg/guality/pr54519-5.c   -O2 -flto -fno-use-linker-plugin -flto-partition=none  line 17 y == 25
FAIL: gcc.dg/guality/pr54519-5.c   -O2 -flto -fuse-linker-plugin -fno-fat-lto-objects  line 17 y == 25
FAIL: gcc.dg/guality/pr54519-5.c   -O3 -g  line 17 y == 25
FAIL: gcc.dg/guality/pr54519-5.c   -Os  line 17 y == 25
FAIL: gcc.dg/guality/pr54551.c   -O1  line 18 a == 4
FAIL: gcc.dg/guality/pr54551.c   -O2  line 18 a == 4
FAIL: gcc.dg/guality/pr54551.c   -O2 -flto -fno-use-linker-plugin -flto-partition=none  line 18 a == 4
FAIL: gcc.dg/guality/pr54551.c   -O3 -g  line 18 a == 4
FAIL: gcc.dg/guality/pr54551.c   -Os  line 18 a == 4
FAIL: gcc.dg/guality/pr54693-2.c   -O1  line 21 x == 10 - i
FAIL: gcc.dg/guality/pr54693-2.c   -O1  line 21 y == 20 - 2 * i
FAIL: gcc.dg/guality/pr54693-2.c   -O2  line 21 x == 10 - i
FAIL: gcc.dg/guality/pr54693-2.c   -O2  line 21 y == 20 - 2 * i
FAIL: gcc.dg/guality/pr54693-2.c   -O2  line 21 z == 30 - 3 * i
FAIL: gcc.dg/guality/pr54693-2.c   -O2 -flto -fno-use-linker-plugin -flto-partition=none  line 21 x == 10 - i
FAIL: gcc.dg/guality/pr54693-2.c   -O2 -flto -fno-use-linker-plugin -flto-partition=none  line 21 y == 20 - 2 * i
FAIL: gcc.dg/guality/pr54693-2.c   -O2 -flto -fno-use-linker-plugin -flto-partition=none  line 21 z == 30 - 3 * i
FAIL: gcc.dg/guality/pr54693-2.c   -O2 -flto -fuse-linker-plugin -fno-fat-lto-objects  line 21 y == 20 - 2 * i
FAIL: gcc.dg/guality/pr54693-2.c   -O2 -flto -fuse-linker-plugin -fno-fat-lto-objects  line 21 z == 30 - 3 * i
FAIL: gcc.dg/guality/pr54693-2.c   -O3 -fomit-frame-pointer -funroll-loops -fpeel-loops -ftracer -finline-functions  line 21 x == 10 - i
FAIL: gcc.dg/guality/pr54693-2.c   -O3 -fomit-frame-pointer -funroll-loops -fpeel-loops -ftracer -finline-functions  line 21 y == 20 - 2 * i
FAIL: gcc.dg/guality/pr54693-2.c   -O3 -fomit-frame-pointer -funroll-loops -fpeel-loops -ftracer -finline-functions  line 21 z == 30 - 3 * i
FAIL: gcc.dg/guality/pr54693-2.c   -O3 -g  line 21 x == 10 - i
FAIL: gcc.dg/guality/pr54693-2.c   -O3 -g  line 21 y == 20 - 2 * i
FAIL: gcc.dg/guality/pr54693-2.c   -O3 -g  line 21 z == 30 - 3 * i
FAIL: gcc.dg/guality/pr54693-2.c   -Os  line 21 y == 20 - 2 * i
FAIL: gcc.dg/guality/pr54693-2.c   -Os  line 21 z == 30 - 3 * i
FAIL: gcc.dg/guality/pr54693.c   -O1  line 22 i == c - 48
FAIL: gcc.dg/guality/pr54693.c   -O2  line 22 i == c - 48
FAIL: gcc.dg/guality/pr54693.c   -O2 -flto -fno-use-linker-plugin -flto-partition=none  line 22 i == c - 48
FAIL: gcc.dg/guality/pr54693.c   -O2 -flto -fuse-linker-plugin -fno-fat-lto-objects  line 22 i == c - 48
FAIL: gcc.dg/guality/pr54693.c   -O3 -fomit-frame-pointer -funroll-loops -fpeel-loops -ftracer -finline-functions  line 22 i == c - 48
FAIL: gcc.dg/guality/pr54693.c   -O3 -g  line 22 i == c - 48
FAIL: gcc.dg/guality/pr54693.c   -Os  line 22 i == c - 48
UNRESOLVED: gcc.dg/guality/pr54970.c   -O0  line 31 *p == 6
ERROR: gcc.dg/guality/pr54970.c   -O0 : error executing dg-final: couldn't fork child process: resource temporarily unavailable
FAIL: gcc.dg/guality/pr54970.c   -O1  (test for excess errors)
UNRESOLVED: gcc.dg/guality/pr54970.c   -O1  compilation failed to produce executable
FAIL: gcc.dg/guality/pr58791-2.c   -O2 -flto -fno-use-linker-plugin -flto-partition=none  line pr58791-2.c:27 d & 1 == 1
FAIL: gcc.dg/guality/pr58791-5.c   -O2 -flto -fno-use-linker-plugin -flto-partition=none  (test for excess errors)
UNRESOLVED: gcc.dg/guality/pr58791-5.c   -O2 -flto -fno-use-linker-plugin -flto-partition=none  compilation failed to produce executable
FAIL: gcc.dg/guality/pr58791-5.c   -O2 -flto -fuse-linker-plugin -fno-fat-lto-objects  (test for excess errors)
UNRESOLVED: gcc.dg/guality/pr58791-5.c   -O2 -flto -fuse-linker-plugin -fno-fat-lto-objects  compilation failed to produce executable
UNRESOLVED: gcc.dg/guality/pr58791-5.c   -O3 -g  line pr58791-5.c:20 e == 0
ERROR: gcc.dg/guality/pr58791-5.c   -O3 -g : error executing dg-final: couldn't fork child process: resource temporarily unavailable
FAIL: gcc.dg/guality/pr58791-5.c   -Os  (test for excess errors)
UNRESOLVED: gcc.dg/guality/pr58791-5.c   -Os  compilation failed to produce executable
FAIL: gcc.dg/guality/pr68860-1.c   -O2 -flto -fno-use-linker-plugin -flto-partition=none  line 14 arg1 == 1
FAIL: gcc.dg/guality/pr68860-1.c   -O2 -flto -fno-use-linker-plugin -flto-partition=none  line 14 arg2 == 2
FAIL: gcc.dg/guality/pr68860-1.c   -O2 -flto -fno-use-linker-plugin -flto-partition=none  line 14 arg3 == 3
FAIL: gcc.dg/guality/pr68860-1.c   -O2 -flto -fno-use-linker-plugin -flto-partition=none  line 14 arg4 == 4
FAIL: gcc.dg/guality/pr68860-1.c   -O2 -flto -fno-use-linker-plugin -flto-partition=none  line 14 arg5 == 5
FAIL: gcc.dg/guality/pr68860-1.c   -O2 -flto -fno-use-linker-plugin -flto-partition=none  line 14 arg6 == 6
FAIL: gcc.dg/guality/pr68860-1.c   -O2 -flto -fno-use-linker-plugin -flto-partition=none  line 16 arg1 == 1
FAIL: gcc.dg/guality/pr68860-1.c   -O2 -flto -fno-use-linker-plugin -flto-partition=none  line 16 arg2 == 2
FAIL: gcc.dg/guality/pr68860-1.c   -O2 -flto -fno-use-linker-plugin -flto-partition=none  line 16 arg3 == 3
FAIL: gcc.dg/guality/pr68860-1.c   -O2 -flto -fno-use-linker-plugin -flto-partition=none  line 16 arg4 == 4
FAIL: gcc.dg/guality/pr68860-1.c   -O2 -flto -fno-use-linker-plugin -flto-partition=none  line 16 arg5 == 5
FAIL: gcc.dg/guality/pr68860-1.c   -O2 -flto -fno-use-linker-plugin -flto-partition=none  line 16 arg6 == 6
FAIL: gcc.dg/guality/pr68860-1.c   -O2 -flto -fuse-linker-plugin -fno-fat-lto-objects  line 14 arg1 == 1
FAIL: gcc.dg/guality/pr68860-1.c   -O2 -flto -fuse-linker-plugin -fno-fat-lto-objects  line 14 arg2 == 2
FAIL: gcc.dg/guality/pr68860-1.c   -O2 -flto -fuse-linker-plugin -fno-fat-lto-objects  line 14 arg3 == 3
FAIL: gcc.dg/guality/pr68860-1.c   -O2 -flto -fuse-linker-plugin -fno-fat-lto-objects  line 14 arg4 == 4
FAIL: gcc.dg/guality/pr68860-1.c   -O2 -flto -fuse-linker-plugin -fno-fat-lto-objects  line 14 arg5 == 5
FAIL: gcc.dg/guality/pr68860-1.c   -O2 -flto -fuse-linker-plugin -fno-fat-lto-objects  line 14 arg6 == 6
FAIL: gcc.dg/guality/pr68860-1.c   -O2 -flto -fuse-linker-plugin -fno-fat-lto-objects  line 16 arg1 == 1
FAIL: gcc.dg/guality/pr68860-1.c   -O2 -flto -fuse-linker-plugin -fno-fat-lto-objects  line 16 arg2 == 2
FAIL: gcc.dg/guality/pr68860-1.c   -O2 -flto -fuse-linker-plugin -fno-fat-lto-objects  line 16 arg3 == 3
FAIL: gcc.dg/guality/pr68860-1.c   -O2 -flto -fuse-linker-plugin -fno-fat-lto-objects  line 16 arg4 == 4
FAIL: gcc.dg/guality/pr68860-1.c   -O2 -flto -fuse-linker-plugin -fno-fat-lto-objects  line 16 arg5 == 5
FAIL: gcc.dg/guality/pr68860-1.c   -O2 -flto -fuse-linker-plugin -fno-fat-lto-objects  line 16 arg6 == 6
FAIL: gcc.dg/guality/sra-1.c   -O1  line 43 a.j == 14
FAIL: gcc.dg/guality/sra-1.c   -Os  line 43 a.j == 14
FAIL: gcc.dg/guality/vla-1.c   -O1  line 17 sizeof (a) == 6
FAIL: gcc.dg/guality/vla-1.c   -O2  line 17 sizeof (a) == 6
FAIL: gcc.dg/guality/vla-1.c   -O2 -flto -fno-use-linker-plugin -flto-partition=none  line 17 sizeof (a) == 6
FAIL: gcc.dg/guality/vla-1.c   -O2 -flto -fuse-linker-plugin -fno-fat-lto-objects  line 17 sizeof (a) == 6
FAIL: gcc.dg/guality/vla-1.c   -O3 -g  line 17 sizeof (a) == 6
FAIL: gcc.dg/guality/vla-1.c   -Os  line 17 sizeof (a) == 6
FAIL: gcc.dg/ipa/iinline-attr.c scan-ipa-dump inline "hooray[^\\\\n]*inline copy in test"
FAIL: gcc.dg/lto/20100720-3 c_lto_20100720-3_0.o assemble, -O0 -flto -flto-partition=1to1 -fno-use-linker-plugin 
FAIL: gcc.dg/lto/20100720-3 c_lto_20100720-3_0.o assemble, -O0 -flto -fuse-linker-plugin -fno-fat-lto-objects 
FAIL: gcc.dg/lto/20100720-3 c_lto_20100720-3_0.o assemble, -O2 -flto -flto-partition=1to1 -fno-use-linker-plugin 
FAIL: gcc.dg/lto/20100720-3 c_lto_20100720-3_0.o assemble, -O2 -flto -flto-partition=none -fuse-linker-plugin -fno-fat-lto-objects 
FAIL: gcc.dg/lto/20100720-3 c_lto_20100720-3_0.o assemble, -O2 -flto -fuse-linker-plugin
UNRESOLVED: gcc.dg/lto/20100720-3 c_lto_20100720-3_0.o-c_lto_20100720-3_1.o execute -O0 -flto -flto-partition=1to1 -fno-use-linker-plugin 
UNRESOLVED: gcc.dg/lto/20100720-3 c_lto_20100720-3_0.o-c_lto_20100720-3_1.o execute -O0 -flto -fuse-linker-plugin -fno-fat-lto-objects 
UNRESOLVED: gcc.dg/lto/20100720-3 c_lto_20100720-3_0.o-c_lto_20100720-3_1.o execute -O2 -flto -flto-partition=1to1 -fno-use-linker-plugin 
UNRESOLVED: gcc.dg/lto/20100720-3 c_lto_20100720-3_0.o-c_lto_20100720-3_1.o execute -O2 -flto -flto-partition=none -fuse-linker-plugin -fno-fat-lto-objects 
UNRESOLVED: gcc.dg/lto/20100720-3 c_lto_20100720-3_0.o-c_lto_20100720-3_1.o execute -O2 -flto -fuse-linker-plugin
UNRESOLVED: gcc.dg/lto/20100720-3 c_lto_20100720-3_0.o-c_lto_20100720-3_1.o link -O0 -flto -flto-partition=1to1 -fno-use-linker-plugin 
UNRESOLVED: gcc.dg/lto/20100720-3 c_lto_20100720-3_0.o-c_lto_20100720-3_1.o link -O0 -flto -fuse-linker-plugin -fno-fat-lto-objects 
UNRESOLVED: gcc.dg/lto/20100720-3 c_lto_20100720-3_0.o-c_lto_20100720-3_1.o link -O2 -flto -flto-partition=1to1 -fno-use-linker-plugin 
UNRESOLVED: gcc.dg/lto/20100720-3 c_lto_20100720-3_0.o-c_lto_20100720-3_1.o link -O2 -flto -flto-partition=none -fuse-linker-plugin -fno-fat-lto-objects 
UNRESOLVED: gcc.dg/lto/20100720-3 c_lto_20100720-3_0.o-c_lto_20100720-3_1.o link -O2 -flto -fuse-linker-plugin
FAIL: gcc.dg/lto/20100720-3 c_lto_20100720-3_1.o assemble, -O0 -flto -flto-partition=1to1 -fno-use-linker-plugin 
FAIL: gcc.dg/lto/20100720-3 c_lto_20100720-3_1.o assemble, -O0 -flto -fuse-linker-plugin -fno-fat-lto-objects 
FAIL: gcc.dg/lto/20100720-3 c_lto_20100720-3_1.o assemble, -O2 -flto -flto-partition=1to1 -fno-use-linker-plugin 
FAIL: gcc.dg/lto/20100720-3 c_lto_20100720-3_1.o assemble, -O2 -flto -flto-partition=none -fuse-linker-plugin -fno-fat-lto-objects 
FAIL: gcc.dg/lto/20100720-3 c_lto_20100720-3_1.o assemble, -O2 -flto -fuse-linker-plugin
FAIL: gcc.dg/lto/20100720-4 c_lto_20100720-4_0.o assemble, -flto -fsigned-char
FAIL: gcc.dg/lto/20100720-4 c_lto_20100720-4_0.o assemble, -flto -funsigned-char
UNRESOLVED: gcc.dg/lto/20100720-4 c_lto_20100720-4_0.o-c_lto_20100720-4_0.o execute -flto -fsigned-char
UNRESOLVED: gcc.dg/lto/20100720-4 c_lto_20100720-4_0.o-c_lto_20100720-4_0.o execute -flto -funsigned-char
UNRESOLVED: gcc.dg/lto/20100720-4 c_lto_20100720-4_0.o-c_lto_20100720-4_0.o link -flto -fsigned-char
UNRESOLVED: gcc.dg/lto/20100720-4 c_lto_20100720-4_0.o-c_lto_20100720-4_0.o link -flto -funsigned-char
UNRESOLVED: gcc.dg/lto/pr47924 c_lto_pr47924_0.o-c_lto_pr47924_0.o execute -O2 -flto
FAIL: gcc.dg/lto/pr47924 c_lto_pr47924_0.o-c_lto_pr47924_0.o link, -O2 -flto
FAIL: gcc.dg/lto/pr48622 c_lto_pr48622_0.o assemble, -O -flto -finline-small-functions -fno-early-inlining
UNRESOLVED: gcc.dg/lto/pr48622 c_lto_pr48622_0.o-c_lto_pr48622_0.o execute -O -flto -finline-small-functions -fno-early-inlining
UNRESOLVED: gcc.dg/lto/pr48622 c_lto_pr48622_0.o-c_lto_pr48622_0.o link -O -flto -finline-small-functions -fno-early-inlining
FAIL: gcc.dg/lto/pr50199 c_lto_pr50199_0.o assemble, -O2 -flto -fno-merge-constants --param=lto-min-partition=1
UNRESOLVED: gcc.dg/lto/pr50199 c_lto_pr50199_0.o-c_lto_pr50199_0.o execute -O2 -flto -fno-merge-constants --param=lto-min-partition=1
UNRESOLVED: gcc.dg/lto/pr50199 c_lto_pr50199_0.o-c_lto_pr50199_0.o link -O2 -flto -fno-merge-constants --param=lto-min-partition=1
FAIL: gcc.dg/lto/pr51572-1 c_lto_pr51572-1_0.o assemble,  -flto -g 
UNRESOLVED: gcc.dg/lto/pr51572-1 c_lto_pr51572-1_0.o-c_lto_pr51572-1_0.o execute  -flto -g 
UNRESOLVED: gcc.dg/lto/pr51572-1 c_lto_pr51572-1_0.o-c_lto_pr51572-1_0.o link  -flto -g 
FAIL: gcc.dg/noncompile/20020220-1.c   -O0   (test for errors, line 11)
FAIL: gcc.dg/noncompile/20020220-1.c   -O0   (test for warnings, line 9)
FAIL: gcc.dg/noncompile/20020220-1.c   -O0  (test for excess errors)
FAIL: gcc.dg/noncompile/20020220-1.c   -O1   (test for errors, line 11)
FAIL: gcc.dg/noncompile/20020220-1.c   -O1   (test for warnings, line 9)
FAIL: gcc.dg/noncompile/20020220-1.c   -O1  (test for excess errors)
FAIL: gcc.dg/noncompile/20020220-1.c   -O2   (test for errors, line 11)
FAIL: gcc.dg/noncompile/20020220-1.c   -O2   (test for warnings, line 9)
FAIL: gcc.dg/noncompile/20020220-1.c   -O2  (test for excess errors)
FAIL: gcc.dg/noncompile/20020220-1.c   -O2 -flto -fno-use-linker-plugin -flto-partition=none   (test for errors, line 11)
FAIL: gcc.dg/noncompile/20020220-1.c   -O2 -flto -fno-use-linker-plugin -flto-partition=none   (test for warnings, line 9)
FAIL: gcc.dg/noncompile/20020220-1.c   -O2 -flto -fno-use-linker-plugin -flto-partition=none  (test for excess errors)
FAIL: gcc.dg/noncompile/20020220-1.c   -O2 -flto -fuse-linker-plugin -fno-fat-lto-objects   (test for errors, line 11)
FAIL: gcc.dg/noncompile/20020220-1.c   -O2 -flto -fuse-linker-plugin -fno-fat-lto-objects   (test for warnings, line 9)
FAIL: gcc.dg/noncompile/20020220-1.c   -O2 -flto -fuse-linker-plugin -fno-fat-lto-objects  (test for excess errors)
FAIL: gcc.dg/noncompile/20020220-1.c   -O3 -g   (test for errors, line 11)
FAIL: gcc.dg/noncompile/20020220-1.c   -O3 -g   (test for warnings, line 9)
FAIL: gcc.dg/noncompile/20020220-1.c   -O3 -g  (test for excess errors)
FAIL: gcc.dg/noncompile/20020220-1.c   -Os   (test for errors, line 11)
FAIL: gcc.dg/noncompile/20020220-1.c   -Os   (test for warnings, line 9)
FAIL: gcc.dg/noncompile/20020220-1.c   -Os  (test for excess errors)
FAIL: gcc.dg/noncompile/20030818-1.c   -O0   (test for errors, line 3)
FAIL: gcc.dg/noncompile/20030818-1.c   -O0  (test for excess errors)
FAIL: gcc.dg/noncompile/20030818-1.c   -O1   (test for errors, line 3)
FAIL: gcc.dg/noncompile/20030818-1.c   -O1  (test for excess errors)
FAIL: gcc.dg/noncompile/20030818-1.c   -O2   (test for errors, line 3)
FAIL: gcc.dg/noncompile/20030818-1.c   -O2  (test for excess errors)
FAIL: gcc.dg/noncompile/20030818-1.c   -O2 -flto -fno-use-linker-plugin -flto-partition=none   (test for errors, line 3)
FAIL: gcc.dg/noncompile/20030818-1.c   -O2 -flto -fno-use-linker-plugin -flto-partition=none  (test for excess errors)
FAIL: gcc.dg/noncompile/20030818-1.c   -O2 -flto -fuse-linker-plugin -fno-fat-lto-objects   (test for errors, line 3)
FAIL: gcc.dg/noncompile/20030818-1.c   -O2 -flto -fuse-linker-plugin -fno-fat-lto-objects  (test for excess errors)
FAIL: gcc.dg/noncompile/20030818-1.c   -O3 -g   (test for errors, line 3)
FAIL: gcc.dg/noncompile/20030818-1.c   -O3 -g  (test for excess errors)
FAIL: gcc.dg/noncompile/20030818-1.c   -Os   (test for errors, line 3)
FAIL: gcc.dg/noncompile/20030818-1.c   -Os  (test for excess errors)
FAIL: gcc.dg/noncompile/20040629-1.c   -O2 -flto -fno-use-linker-plugin -flto-partition=none   (test for errors, line 6)
FAIL: gcc.dg/noncompile/20040629-1.c   -O2 -flto -fno-use-linker-plugin -flto-partition=none  (test for excess errors)
FAIL: gcc.dg/noncompile/20040629-1.c   -O2 -flto -fno-use-linker-plugin -flto-partition=none  reminder (test for warnings, line )
FAIL: gcc.dg/noncompile/20040629-1.c   -O2 -flto -fuse-linker-plugin -fno-fat-lto-objects   (test for errors, line 6)
FAIL: gcc.dg/noncompile/20040629-1.c   -O2 -flto -fuse-linker-plugin -fno-fat-lto-objects  (test for excess errors)
FAIL: gcc.dg/noncompile/20040629-1.c   -O2 -flto -fuse-linker-plugin -fno-fat-lto-objects  reminder (test for warnings, line )
FAIL: gcc.dg/noncompile/20040629-1.c   -O3 -g   (test for errors, line 6)
FAIL: gcc.dg/noncompile/20040629-1.c   -O3 -g  (test for excess errors)
FAIL: gcc.dg/noncompile/20040629-1.c   -O3 -g  reminder (test for warnings, line )
FAIL: gcc.dg/noncompile/20040629-1.c   -Os   (test for errors, line 6)
FAIL: gcc.dg/noncompile/20040629-1.c   -Os  (test for excess errors)
FAIL: gcc.dg/noncompile/20040629-1.c   -Os  reminder (test for warnings, line )
FAIL: gcc.dg/noncompile/20041207.c   -O0   (test for errors, line 7)
FAIL: gcc.dg/noncompile/20041207.c   -O0  (test for excess errors)
FAIL: gcc.dg/noncompile/20041207.c   -O1   (test for errors, line 7)
FAIL: gcc.dg/noncompile/20041207.c   -O1  (test for excess errors)
FAIL: gcc.dg/noncompile/20041207.c   -O2   (test for errors, line 7)
FAIL: gcc.dg/noncompile/20041207.c   -O2  (test for excess errors)
FAIL: gcc.dg/noncompile/20041207.c   -O2 -flto -fno-use-linker-plugin -flto-partition=none   (test for errors, line 7)
FAIL: gcc.dg/noncompile/20041207.c   -O2 -flto -fno-use-linker-plugin -flto-partition=none  (test for excess errors)
FAIL: gcc.dg/noncompile/20041207.c   -O2 -flto -fuse-linker-plugin -fno-fat-lto-objects   (test for errors, line 7)
FAIL: gcc.dg/noncompile/20041207.c   -O2 -flto -fuse-linker-plugin -fno-fat-lto-objects  (test for excess errors)
FAIL: gcc.dg/noncompile/20041207.c   -O3 -g   (test for errors, line 7)
FAIL: gcc.dg/noncompile/20041207.c   -O3 -g  (test for excess errors)
FAIL: gcc.dg/noncompile/20041207.c   -Os   (test for errors, line 7)
FAIL: gcc.dg/noncompile/20041207.c   -Os  (test for excess errors)
FAIL: gcc.dg/noncompile/20050120-1.c   -O0   (test for errors, line 15)
FAIL: gcc.dg/noncompile/20050120-1.c   -O0   (test for errors, line 8)
FAIL: gcc.dg/noncompile/20050120-1.c   -O0   (test for warnings, line 17)
FAIL: gcc.dg/noncompile/20050120-1.c   -O0   (test for warnings, line 9)
FAIL: gcc.dg/noncompile/20050120-1.c   -O0  (test for excess errors)
FAIL: gcc.dg/noncompile/20050120-1.c   -O1   (test for errors, line 15)
FAIL: gcc.dg/noncompile/20050120-1.c   -O1   (test for errors, line 8)
FAIL: gcc.dg/noncompile/20050120-1.c   -O1   (test for warnings, line 17)
FAIL: gcc.dg/noncompile/20050120-1.c   -O1   (test for warnings, line 9)
FAIL: gcc.dg/noncompile/20050120-1.c   -O1  (test for excess errors)
FAIL: gcc.dg/noncompile/20050120-1.c   -O2   (test for errors, line 15)
FAIL: gcc.dg/noncompile/20050120-1.c   -O2   (test for errors, line 8)
FAIL: gcc.dg/noncompile/20050120-1.c   -O2   (test for warnings, line 17)
FAIL: gcc.dg/noncompile/20050120-1.c   -O2   (test for warnings, line 9)
FAIL: gcc.dg/noncompile/20050120-1.c   -O2  (test for excess errors)
FAIL: gcc.dg/noncompile/20050120-1.c   -O3 -g   (test for errors, line 15)
FAIL: gcc.dg/noncompile/20050120-1.c   -O3 -g   (test for errors, line 8)
FAIL: gcc.dg/noncompile/20050120-1.c   -O3 -g   (test for warnings, line 17)
FAIL: gcc.dg/noncompile/20050120-1.c   -O3 -g   (test for warnings, line 9)
FAIL: gcc.dg/noncompile/20050120-1.c   -O3 -g  (test for excess errors)
FAIL: gcc.dg/noncompile/920923-1.c   -O3 -fomit-frame-pointer -funroll-loops -fpeel-loops -ftracer -finline-functions   (test for errors, line 100)
FAIL: gcc.dg/noncompile/920923-1.c   -O3 -fomit-frame-pointer -funroll-loops -fpeel-loops -ftracer -finline-functions   (test for errors, line 101)
FAIL: gcc.dg/noncompile/920923-1.c   -O3 -fomit-frame-pointer -funroll-loops -fpeel-loops -ftracer -finline-functions   (test for errors, line 102)
FAIL: gcc.dg/noncompile/920923-1.c   -O3 -fomit-frame-pointer -funroll-loops -fpeel-loops -ftracer -finline-functions   (test for errors, line 11)
FAIL: gcc.dg/noncompile/920923-1.c   -O3 -fomit-frame-pointer -funroll-loops -fpeel-loops -ftracer -finline-functions   (test for errors, line 111)
FAIL: gcc.dg/noncompile/920923-1.c   -O3 -fomit-frame-pointer -funroll-loops -fpeel-loops -ftracer -finline-functions   (test for errors, line 112)
FAIL: gcc.dg/noncompile/920923-1.c   -O3 -fomit-frame-pointer -funroll-loops -fpeel-loops -ftracer -finline-functions   (test for errors, line 117)
FAIL: gcc.dg/noncompile/920923-1.c   -O3 -fomit-frame-pointer -funroll-loops -fpeel-loops -ftracer -finline-functions   (test for errors, line 17)
FAIL: gcc.dg/noncompile/920923-1.c   -O3 -fomit-frame-pointer -funroll-loops -fpeel-loops -ftracer -finline-functions   (test for errors, line 2)
FAIL: gcc.dg/noncompile/920923-1.c   -O3 -fomit-frame-pointer -funroll-loops -fpeel-loops -ftracer -finline-functions   (test for errors, line 22)
FAIL: gcc.dg/noncompile/920923-1.c   -O3 -fomit-frame-pointer -funroll-loops -fpeel-loops -ftracer -finline-functions   (test for errors, line 34)
FAIL: gcc.dg/noncompile/920923-1.c   -O3 -fomit-frame-pointer -funroll-loops -fpeel-loops -ftracer -finline-functions   (test for errors, line 36)
FAIL: gcc.dg/noncompile/920923-1.c   -O3 -fomit-frame-pointer -funroll-loops -fpeel-loops -ftracer -finline-functions   (test for errors, line 37)
FAIL: gcc.dg/noncompile/920923-1.c   -O3 -fomit-frame-pointer -funroll-loops -fpeel-loops -ftracer -finline-functions   (test for errors, line 38)
FAIL: gcc.dg/noncompile/920923-1.c   -O3 -fomit-frame-pointer -funroll-loops -fpeel-loops -ftracer -finline-functions   (test for errors, line 40)
FAIL: gcc.dg/noncompile/920923-1.c   -O3 -fomit-frame-pointer -funroll-loops -fpeel-loops -ftracer -finline-functions   (test for errors, line 44)
FAIL: gcc.dg/noncompile/920923-1.c   -O3 -fomit-frame-pointer -funroll-loops -fpeel-loops -ftracer -finline-functions   (test for errors, line 48)
FAIL: gcc.dg/noncompile/920923-1.c   -O3 -fomit-frame-pointer -funroll-loops -fpeel-loops -ftracer -finline-functions   (test for errors, line 5)
FAIL: gcc.dg/noncompile/920923-1.c   -O3 -fomit-frame-pointer -funroll-loops -fpeel-loops -ftracer -finline-functions   (test for errors, line 50)
FAIL: gcc.dg/noncompile/920923-1.c   -O3 -fomit-frame-pointer -funroll-loops -fpeel-loops -ftracer -finline-functions   (test for errors, line 52)
FAIL: gcc.dg/noncompile/920923-1.c   -O3 -fomit-frame-pointer -funroll-loops -fpeel-loops -ftracer -finline-functions   (test for errors, line 54)
FAIL: gcc.dg/noncompile/920923-1.c   -O3 -fomit-frame-pointer -funroll-loops -fpeel-loops -ftracer -finline-functions   (test for errors, line 62)
FAIL: gcc.dg/noncompile/920923-1.c   -O3 -fomit-frame-pointer -funroll-loops -fpeel-loops -ftracer -finline-functions   (test for errors, line 65)
FAIL: gcc.dg/noncompile/920923-1.c   -O3 -fomit-frame-pointer -funroll-loops -fpeel-loops -ftracer -finline-functions   (test for errors, line 66)
FAIL: gcc.dg/noncompile/920923-1.c   -O3 -fomit-frame-pointer -funroll-loops -fpeel-loops -ftracer -finline-functions   (test for errors, line 68)
FAIL: gcc.dg/noncompile/920923-1.c   -O3 -fomit-frame-pointer -funroll-loops -fpeel-loops -ftracer -finline-functions   (test for errors, line 73)
FAIL: gcc.dg/noncompile/920923-1.c   -O3 -fomit-frame-pointer -funroll-loops -fpeel-loops -ftracer -finline-functions   (test for errors, line 76)
FAIL: gcc.dg/noncompile/920923-1.c   -O3 -fomit-frame-pointer -funroll-loops -fpeel-loops -ftracer -finline-functions   (test for errors, line 79)
FAIL: gcc.dg/noncompile/920923-1.c   -O3 -fomit-frame-pointer -funroll-loops -fpeel-loops -ftracer -finline-functions   (test for errors, line 81)
FAIL: gcc.dg/noncompile/920923-1.c   -O3 -fomit-frame-pointer -funroll-loops -fpeel-loops -ftracer -finline-functions   (test for errors, line 84)
FAIL: gcc.dg/noncompile/920923-1.c   -O3 -fomit-frame-pointer -funroll-loops -fpeel-loops -ftracer -finline-functions   (test for errors, line 9)
FAIL: gcc.dg/noncompile/920923-1.c   -O3 -fomit-frame-pointer -funroll-loops -fpeel-loops -ftracer -finline-functions  (test for excess errors)
FAIL: gcc.dg/noncompile/920923-1.c   -O3 -fomit-frame-pointer -funroll-loops -fpeel-loops -ftracer -finline-functions  reminder for mmu_base (test for warnings, line )
FAIL: gcc.dg/noncompile/920923-1.c   -O3 -g   (test for errors, line 100)
FAIL: gcc.dg/noncompile/920923-1.c   -O3 -g   (test for errors, line 101)
FAIL: gcc.dg/noncompile/920923-1.c   -O3 -g   (test for errors, line 102)
FAIL: gcc.dg/noncompile/920923-1.c   -O3 -g   (test for errors, line 11)
FAIL: gcc.dg/noncompile/920923-1.c   -O3 -g   (test for errors, line 111)
FAIL: gcc.dg/noncompile/920923-1.c   -O3 -g   (test for errors, line 112)
FAIL: gcc.dg/noncompile/920923-1.c   -O3 -g   (test for errors, line 117)
FAIL: gcc.dg/noncompile/920923-1.c   -O3 -g   (test for errors, line 17)
FAIL: gcc.dg/noncompile/920923-1.c   -O3 -g   (test for errors, line 2)
FAIL: gcc.dg/noncompile/920923-1.c   -O3 -g   (test for errors, line 22)
FAIL: gcc.dg/noncompile/920923-1.c   -O3 -g   (test for errors, line 34)
FAIL: gcc.dg/noncompile/920923-1.c   -O3 -g   (test for errors, line 36)
FAIL: gcc.dg/noncompile/920923-1.c   -O3 -g   (test for errors, line 37)
FAIL: gcc.dg/noncompile/920923-1.c   -O3 -g   (test for errors, line 38)
FAIL: gcc.dg/noncompile/920923-1.c   -O3 -g   (test for errors, line 40)
FAIL: gcc.dg/noncompile/920923-1.c   -O3 -g   (test for errors, line 44)
FAIL: gcc.dg/noncompile/920923-1.c   -O3 -g   (test for errors, line 48)
FAIL: gcc.dg/noncompile/920923-1.c   -O3 -g   (test for errors, line 5)
FAIL: gcc.dg/noncompile/920923-1.c   -O3 -g   (test for errors, line 50)
FAIL: gcc.dg/noncompile/920923-1.c   -O3 -g   (test for errors, line 52)
FAIL: gcc.dg/noncompile/920923-1.c   -O3 -g   (test for errors, line 54)
FAIL: gcc.dg/noncompile/920923-1.c   -O3 -g   (test for errors, line 62)
FAIL: gcc.dg/noncompile/920923-1.c   -O3 -g   (test for errors, line 65)
FAIL: gcc.dg/noncompile/920923-1.c   -O3 -g   (test for errors, line 66)
FAIL: gcc.dg/noncompile/920923-1.c   -O3 -g   (test for errors, line 68)
FAIL: gcc.dg/noncompile/920923-1.c   -O3 -g   (test for errors, line 73)
FAIL: gcc.dg/noncompile/920923-1.c   -O3 -g   (test for errors, line 76)
FAIL: gcc.dg/noncompile/920923-1.c   -O3 -g   (test for errors, line 79)
FAIL: gcc.dg/noncompile/920923-1.c   -O3 -g   (test for errors, line 81)
FAIL: gcc.dg/noncompile/920923-1.c   -O3 -g   (test for errors, line 84)
FAIL: gcc.dg/noncompile/920923-1.c   -O3 -g   (test for errors, line 9)
FAIL: gcc.dg/noncompile/920923-1.c   -O3 -g  (test for excess errors)
FAIL: gcc.dg/noncompile/920923-1.c   -O3 -g  reminder for mmu_base (test for warnings, line )
FAIL: gcc.dg/noncompile/950825-1.c   -O2 -flto -fuse-linker-plugin -fno-fat-lto-objects   (test for errors, line 4)
FAIL: gcc.dg/noncompile/950825-1.c   -O2 -flto -fuse-linker-plugin -fno-fat-lto-objects  (test for excess errors)
FAIL: gcc.dg/noncompile/950921-1.c   -O0   (test for errors, line 3)
FAIL: gcc.dg/noncompile/950921-1.c   -O0   (test for errors, line 9)
FAIL: gcc.dg/noncompile/950921-1.c   -O0  (test for excess errors)
FAIL: gcc.dg/noncompile/950921-1.c   -O1   (test for errors, line 3)
FAIL: gcc.dg/noncompile/950921-1.c   -O1   (test for errors, line 9)
FAIL: gcc.dg/noncompile/950921-1.c   -O1  (test for excess errors)
FAIL: gcc.dg/noncompile/950921-1.c   -O2   (test for errors, line 3)
FAIL: gcc.dg/noncompile/950921-1.c   -O2   (test for errors, line 9)
FAIL: gcc.dg/noncompile/950921-1.c   -O2  (test for excess errors)
FAIL: gcc.dg/noncompile/950921-1.c   -O2 -flto -fno-use-linker-plugin -flto-partition=none   (test for errors, line 3)
FAIL: gcc.dg/noncompile/950921-1.c   -O2 -flto -fno-use-linker-plugin -flto-partition=none   (test for errors, line 9)
FAIL: gcc.dg/noncompile/950921-1.c   -O2 -flto -fno-use-linker-plugin -flto-partition=none  (test for excess errors)
FAIL: gcc.dg/noncompile/950921-1.c   -O2 -flto -fuse-linker-plugin -fno-fat-lto-objects   (test for errors, line 3)
FAIL: gcc.dg/noncompile/950921-1.c   -O2 -flto -fuse-linker-plugin -fno-fat-lto-objects   (test for errors, line 9)
FAIL: gcc.dg/noncompile/950921-1.c   -O2 -flto -fuse-linker-plugin -fno-fat-lto-objects  (test for excess errors)
FAIL: gcc.dg/noncompile/950921-1.c   -O3 -g   (test for errors, line 3)
FAIL: gcc.dg/noncompile/950921-1.c   -O3 -g   (test for errors, line 9)
FAIL: gcc.dg/noncompile/950921-1.c   -O3 -g  (test for excess errors)
FAIL: gcc.dg/noncompile/950921-1.c   -Os   (test for errors, line 3)
FAIL: gcc.dg/noncompile/950921-1.c   -Os   (test for errors, line 9)
FAIL: gcc.dg/noncompile/950921-1.c   -Os  (test for excess errors)
FAIL: gcc.dg/noncompile/951123-1.c   -O0   (test for errors, line 2)
FAIL: gcc.dg/noncompile/951123-1.c   -O0  (test for excess errors)
FAIL: gcc.dg/noncompile/951123-1.c   -O1   (test for errors, line 2)
FAIL: gcc.dg/noncompile/951123-1.c   -O1  (test for excess errors)
FAIL: gcc.dg/noncompile/951123-1.c   -O2   (test for errors, line 2)
FAIL: gcc.dg/noncompile/951123-1.c   -O2  (test for excess errors)
FAIL: gcc.dg/noncompile/951123-1.c   -O2 -flto -fno-use-linker-plugin -flto-partition=none   (test for errors, line 2)
FAIL: gcc.dg/noncompile/951123-1.c   -O2 -flto -fno-use-linker-plugin -flto-partition=none  (test for excess errors)
FAIL: gcc.dg/noncompile/951123-1.c   -O2 -flto -fuse-linker-plugin -fno-fat-lto-objects   (test for errors, line 2)
FAIL: gcc.dg/noncompile/951123-1.c   -O2 -flto -fuse-linker-plugin -fno-fat-lto-objects  (test for excess errors)
FAIL: gcc.dg/noncompile/951123-1.c   -O3 -g   (test for errors, line 2)
FAIL: gcc.dg/noncompile/951123-1.c   -O3 -g  (test for excess errors)
FAIL: gcc.dg/noncompile/951123-1.c   -Os   (test for errors, line 2)
FAIL: gcc.dg/noncompile/951123-1.c   -Os  (test for excess errors)
FAIL: gcc.dg/noncompile/971104-1.c   -O0   (test for errors, line 30)
FAIL: gcc.dg/noncompile/971104-1.c   -O0   (test for errors, line 31)
FAIL: gcc.dg/noncompile/971104-1.c   -O0  (test for excess errors)
FAIL: gcc.dg/noncompile/971104-1.c   -O1   (test for errors, line 30)
FAIL: gcc.dg/noncompile/971104-1.c   -O1   (test for errors, line 31)
FAIL: gcc.dg/noncompile/971104-1.c   -O1  (test for excess errors)
FAIL: gcc.dg/noncompile/971104-1.c   -O2   (test for errors, line 30)
FAIL: gcc.dg/noncompile/971104-1.c   -O2   (test for errors, line 31)
FAIL: gcc.dg/noncompile/971104-1.c   -O2  (test for excess errors)
FAIL: gcc.dg/noncompile/971104-1.c   -O3 -g   (test for errors, line 30)
FAIL: gcc.dg/noncompile/971104-1.c   -O3 -g   (test for errors, line 31)
FAIL: gcc.dg/noncompile/971104-1.c   -O3 -g  (test for excess errors)
FAIL: gcc.dg/noncompile/incomplete-5.c   -O0   (test for warnings, line 6)
FAIL: gcc.dg/noncompile/incomplete-5.c   -O0  (test for excess errors)
FAIL: gcc.dg/noncompile/incomplete-5.c   -O0  incomplete (test for errors, line 6)
FAIL: gcc.dg/noncompile/incomplete-5.c   -O1   (test for warnings, line 6)
FAIL: gcc.dg/noncompile/incomplete-5.c   -O1  (test for excess errors)
FAIL: gcc.dg/noncompile/incomplete-5.c   -O1  incomplete (test for errors, line 6)
FAIL: gcc.dg/noncompile/incomplete-5.c   -O2   (test for warnings, line 6)
FAIL: gcc.dg/noncompile/incomplete-5.c   -O2  (test for excess errors)
FAIL: gcc.dg/noncompile/incomplete-5.c   -O2  incomplete (test for errors, line 6)
FAIL: gcc.dg/noncompile/incomplete-5.c   -O2 -flto -fno-use-linker-plugin -flto-partition=none   (test for warnings, line 6)
FAIL: gcc.dg/noncompile/incomplete-5.c   -O2 -flto -fno-use-linker-plugin -flto-partition=none  (test for excess errors)
FAIL: gcc.dg/noncompile/incomplete-5.c   -O2 -flto -fno-use-linker-plugin -flto-partition=none  incomplete (test for errors, line 6)
FAIL: gcc.dg/noncompile/incomplete-5.c   -O2 -flto -fuse-linker-plugin -fno-fat-lto-objects   (test for warnings, line 6)
FAIL: gcc.dg/noncompile/incomplete-5.c   -O2 -flto -fuse-linker-plugin -fno-fat-lto-objects  (test for excess errors)
FAIL: gcc.dg/noncompile/incomplete-5.c   -O2 -flto -fuse-linker-plugin -fno-fat-lto-objects  incomplete (test for errors, line 6)
FAIL: gcc.dg/noncompile/incomplete-5.c   -O3 -g   (test for warnings, line 6)
FAIL: gcc.dg/noncompile/incomplete-5.c   -O3 -g  (test for excess errors)
FAIL: gcc.dg/noncompile/incomplete-5.c   -O3 -g  incomplete (test for errors, line 6)
FAIL: gcc.dg/noncompile/incomplete-5.c   -Os   (test for warnings, line 6)
FAIL: gcc.dg/noncompile/incomplete-5.c   -Os  (test for excess errors)
FAIL: gcc.dg/noncompile/incomplete-5.c   -Os  incomplete (test for errors, line 6)
FAIL: gcc.dg/noncompile/init-1.c   -O0   (test for errors, line 12)
FAIL: gcc.dg/noncompile/init-1.c   -O0   (test for errors, line 13)
FAIL: gcc.dg/noncompile/init-1.c   -O0   (test for errors, line 14)
FAIL: gcc.dg/noncompile/init-1.c   -O0   (test for errors, line 15)
FAIL: gcc.dg/noncompile/init-1.c   -O0   (test for errors, line 16)
FAIL: gcc.dg/noncompile/init-1.c   -O0  (test for excess errors)
FAIL: gcc.dg/noncompile/init-1.c   -O1   (test for errors, line 12)
FAIL: gcc.dg/noncompile/init-1.c   -O1   (test for errors, line 13)
FAIL: gcc.dg/noncompile/init-1.c   -O1   (test for errors, line 14)
FAIL: gcc.dg/noncompile/init-1.c   -O1   (test for errors, line 15)
FAIL: gcc.dg/noncompile/init-1.c   -O1   (test for errors, line 16)
FAIL: gcc.dg/noncompile/init-1.c   -O1  (test for excess errors)
FAIL: gcc.dg/noncompile/init-1.c   -O2   (test for errors, line 12)
FAIL: gcc.dg/noncompile/init-1.c   -O2   (test for errors, line 13)
FAIL: gcc.dg/noncompile/init-1.c   -O2   (test for errors, line 14)
FAIL: gcc.dg/noncompile/init-1.c   -O2   (test for errors, line 15)
FAIL: gcc.dg/noncompile/init-1.c   -O2   (test for errors, line 16)
FAIL: gcc.dg/noncompile/init-1.c   -O2  (test for excess errors)
FAIL: gcc.dg/noncompile/old-style-parm-2.c   -O0   (test for errors, line 9)
FAIL: gcc.dg/noncompile/old-style-parm-2.c   -O0  (test for excess errors)
FAIL: gcc.dg/noncompile/old-style-parm-2.c   -O1   (test for errors, line 9)
FAIL: gcc.dg/noncompile/old-style-parm-2.c   -O1  (test for excess errors)
FAIL: gcc.dg/noncompile/old-style-parm-2.c   -O2   (test for errors, line 9)
FAIL: gcc.dg/noncompile/old-style-parm-2.c   -O2  (test for excess errors)
FAIL: gcc.dg/noncompile/old-style-parm-2.c   -O2 -flto -fno-use-linker-plugin -flto-partition=none   (test for errors, line 9)
FAIL: gcc.dg/noncompile/old-style-parm-2.c   -O2 -flto -fno-use-linker-plugin -flto-partition=none  (test for excess errors)
FAIL: gcc.dg/noncompile/old-style-parm-2.c   -O3 -g   (test for errors, line 9)
FAIL: gcc.dg/noncompile/old-style-parm-2.c   -O3 -g  (test for excess errors)
FAIL: gcc.dg/noncompile/old-style-parm-2.c   -Os   (test for errors, line 9)
FAIL: gcc.dg/noncompile/old-style-parm-2.c   -Os  (test for excess errors)
XPASS: gcc.dg/tree-ssa/ssa-dom-cse-2.c scan-tree-dump optimized "return 28;"
FAIL: gcc.dg/vect/bb-slp-pr65935.c -flto -ffat-lto-objects  scan-tree-dump-times slp1 "basic block vectorized" 1
FAIL: gcc.dg/vect/bb-slp-pr65935.c scan-tree-dump-times slp1 "basic block vectorized" 1
FAIL: gcc.dg/vect/bb-slp-subgroups-1.c -flto -ffat-lto-objects  scan-tree-dump-times slp2 "Basic block will be vectorized using SLP" 1
FAIL: gcc.dg/vect/bb-slp-subgroups-1.c -flto -ffat-lto-objects  scan-tree-dump-times slp2 "basic block vectorized" 1
FAIL: gcc.dg/vect/bb-slp-subgroups-1.c scan-tree-dump-times slp2 "Basic block will be vectorized using SLP" 1
FAIL: gcc.dg/vect/bb-slp-subgroups-1.c scan-tree-dump-times slp2 "basic block vectorized" 1
FAIL: gcc.dg/vect/bb-slp-subgroups-2.c -flto -ffat-lto-objects  scan-tree-dump-times slp2 "Basic block will be vectorized using SLP" 1
FAIL: gcc.dg/vect/bb-slp-subgroups-2.c -flto -ffat-lto-objects  scan-tree-dump-times slp2 "basic block vectorized" 1
FAIL: gcc.dg/vect/bb-slp-subgroups-2.c scan-tree-dump-times slp2 "Basic block will be vectorized using SLP" 1
FAIL: gcc.dg/vect/bb-slp-subgroups-2.c scan-tree-dump-times slp2 "basic block vectorized" 1
FAIL: gcc.dg/vect/bb-slp-subgroups-3.c -flto -ffat-lto-objects  scan-tree-dump-times slp2 "Basic block will be vectorized using SLP" 1
FAIL: gcc.dg/vect/bb-slp-subgroups-3.c -flto -ffat-lto-objects  scan-tree-dump-times slp2 "basic block vectorized" 1
FAIL: gcc.dg/vect/bb-slp-subgroups-3.c scan-tree-dump-times slp2 "Basic block will be vectorized using SLP" 1
FAIL: gcc.dg/vect/bb-slp-subgroups-3.c scan-tree-dump-times slp2 "basic block vectorized" 1
FAIL: gcc.dg/vect/no-tree-sra-bb-slp-pr50730.c scan-tree-dump-times slp2 "basic block vectorized" 1
FAIL: gcc.dg/vect/no-vfa-vect-depend-2.c scan-tree-dump-times vect "vectorized 1 loops" 1
FAIL: gcc.dg/vect/no-vfa-vect-depend-3.c scan-tree-dump-times vect "vectorized 1 loops" 4
FAIL: gcc.dg/vect/pr46032.c -flto -ffat-lto-objects  scan-tree-dump-times vect "note: vectorized 1 loop" 1
FAIL: gcc.dg/vect/pr46032.c scan-tree-dump-times vect "note: vectorized 1 loop" 1
FAIL: gcc.dg/vect/pr62171.c -flto -ffat-lto-objects  scan-tree-dump-not vect "versioned"
FAIL: gcc.dg/vect/pr62171.c scan-tree-dump-not vect "versioned"
FAIL: gcc.dg/vect/slp-43.c -flto -ffat-lto-objects  scan-tree-dump-times vect "vectorized 1 loops" 2
FAIL: gcc.dg/vect/slp-43.c scan-tree-dump-times vect "vectorized 1 loops" 2
FAIL: gcc.dg/vect/vect-117.c -flto -ffat-lto-objects  scan-tree-dump-times vect "vectorized 1 loops" 1
FAIL: gcc.dg/vect/vect-117.c scan-tree-dump-times vect "vectorized 1 loops" 1
XPASS: gcc.dg/vect/vect-24.c -flto -ffat-lto-objects  scan-tree-dump-times vect "vectorized 3 loops" 1
XPASS: gcc.dg/vect/vect-24.c scan-tree-dump-times vect "vectorized 3 loops" 1
FAIL: gcc.dg/vect/vect-31.c -flto -ffat-lto-objects  scan-tree-dump-times vect "vectorized 4 loops" 1
FAIL: gcc.dg/vect/vect-31.c scan-tree-dump-times vect "vectorized 4 loops" 1
FAIL: gcc.dg/vect/vect-strided-a-u8-i2-gap.c -flto -ffat-lto-objects  scan-tree-dump-times vect "vectorized 1 loops" 1
FAIL: gcc.dg/vect/vect-strided-a-u8-i2-gap.c scan-tree-dump-times vect "vectorized 1 loops" 1
UNRESOLVED: gcc.target/powerpc/altivec-consts.c scan-assembler-not lvx
FAIL: gcc.target/powerpc/pr58673-2.c (test for excess errors)
FAIL: gcc.target/powerpc/vec-cmpne-long.c execution test

		=== gcc Summary ===

# of expected passes		113767
# of unexpected failures	486
# of unexpected successes	21
# of expected failures		342
# of unresolved testcases	40
# of unsupported tests		2610
/home/gccbuild/build/nightly/build-gcc-7/gcc/xgcc  version 7.3.1 20180527 [gcc-7-branch revision 260810] (GCC) 

		=== gfortran tests ===


Running target unix
XPASS: gfortran.dg/large_real_kind_form_io_2.f90   -O0  execution test
XPASS: gfortran.dg/large_real_kind_form_io_2.f90   -O1  execution test
XPASS: gfortran.dg/large_real_kind_form_io_2.f90   -O2  execution test
XPASS: gfortran.dg/large_real_kind_form_io_2.f90   -O3 -fomit-frame-pointer -funroll-loops -fpeel-loops -ftracer -finline-functions  execution test
XPASS: gfortran.dg/large_real_kind_form_io_2.f90   -O3 -g  execution test
XPASS: gfortran.dg/large_real_kind_form_io_2.f90   -Os  execution test
FAIL: gfortran.dg/submodule_8.f08   -O2  execution test
FAIL: gfortran.dg/submodule_8.f08   -O3 -fomit-frame-pointer -funroll-loops -fpeel-loops -ftracer -finline-functions  (test for excess errors)
UNRESOLVED: gfortran.dg/submodule_8.f08   -O3 -fomit-frame-pointer -funroll-loops -fpeel-loops -ftracer -finline-functions  compilation failed to produce executable
FAIL: gfortran.dg/submodule_8.f08   -O3 -g  (test for excess errors)
UNRESOLVED: gfortran.dg/submodule_8.f08   -O3 -g  compilation failed to produce executable
FAIL: gfortran.dg/submodule_8.f08   -Os  (test for excess errors)
UNRESOLVED: gfortran.dg/submodule_8.f08   -Os  compilation failed to produce executable
UNRESOLVED: gfortran.dg/trim_optimize_3.f90   -O3 -g   scan-tree-dump-times original "string_len_trim" 2
FAIL: gfortran.dg/trim_optimize_3.f90   -O3 -g  (test for excess errors)
UNRESOLVED: gfortran.dg/trim_optimize_3.f90   -O3 -g  compilation failed to produce executable
UNRESOLVED: gfortran.dg/trim_optimize_3.f90   -Os   scan-tree-dump-times original "string_len_trim" 2
FAIL: gfortran.dg/trim_optimize_3.f90   -Os  (test for excess errors)
UNRESOLVED: gfortran.dg/trim_optimize_3.f90   -Os  compilation failed to produce executable
FAIL: gfortran.dg/trim_optimize_4.f90   -O0  (test for excess errors)
UNRESOLVED: gfortran.dg/trim_optimize_4.f90   -O0  compilation failed to produce executable
FAIL: gfortran.dg/trim_optimize_4.f90   -O1  (test for excess errors)
UNRESOLVED: gfortran.dg/trim_optimize_4.f90   -O1  compilation failed to produce executable
FAIL: gfortran.dg/trim_optimize_4.f90   -O2  (test for excess errors)
UNRESOLVED: gfortran.dg/trim_optimize_4.f90   -O2  compilation failed to produce executable
FAIL: gfortran.dg/trim_optimize_4.f90   -O3 -fomit-frame-pointer -funroll-loops -fpeel-loops -ftracer -finline-functions  (test for excess errors)
UNRESOLVED: gfortran.dg/trim_optimize_4.f90   -O3 -fomit-frame-pointer -funroll-loops -fpeel-loops -ftracer -finline-functions  compilation failed to produce executable
FAIL: gfortran.dg/trim_optimize_4.f90   -O3 -g  (test for excess errors)
UNRESOLVED: gfortran.dg/trim_optimize_4.f90   -O3 -g  compilation failed to produce executable
FAIL: gfortran.dg/trim_optimize_4.f90   -Os  (test for excess errors)
UNRESOLVED: gfortran.dg/trim_optimize_4.f90   -Os  compilation failed to produce executable
UNRESOLVED: gfortran.dg/trim_optimize_5.f90   -O0   scan-tree-dump-times original "string_len_trim" 2
FAIL: gfortran.dg/trim_optimize_5.f90   -O0  (test for excess errors)
UNRESOLVED: gfortran.dg/trim_optimize_5.f90   -O0  compilation failed to produce executable
UNRESOLVED: gfortran.dg/trim_optimize_5.f90   -O1   scan-tree-dump-times original "string_len_trim" 2
FAIL: gfortran.dg/trim_optimize_5.f90   -O1  (test for excess errors)
UNRESOLVED: gfortran.dg/trim_optimize_5.f90   -O1  compilation failed to produce executable
UNRESOLVED: gfortran.dg/trim_optimize_5.f90   -O2   scan-tree-dump-times original "string_len_trim" 2
FAIL: gfortran.dg/trim_optimize_5.f90   -O2  (test for excess errors)
UNRESOLVED: gfortran.dg/trim_optimize_5.f90   -O2  compilation failed to produce executable
UNRESOLVED: gfortran.dg/trim_optimize_5.f90   -O3 -fomit-frame-pointer -funroll-loops -fpeel-loops -ftracer -finline-functions   scan-tree-dump-times original "string_len_trim" 2
FAIL: gfortran.dg/trim_optimize_5.f90   -O3 -fomit-frame-pointer -funroll-loops -fpeel-loops -ftracer -finline-functions  (test for excess errors)
UNRESOLVED: gfortran.dg/trim_optimize_5.f90   -O3 -fomit-frame-pointer -funroll-loops -fpeel-loops -ftracer -finline-functions  compilation failed to produce executable
UNRESOLVED: gfortran.dg/trim_optimize_5.f90   -O3 -g   scan-tree-dump-times original "string_len_trim" 2
FAIL: gfortran.dg/trim_optimize_5.f90   -O3 -g  (test for excess errors)
UNRESOLVED: gfortran.dg/trim_optimize_5.f90   -O3 -g  compilation failed to produce executable
UNRESOLVED: gfortran.dg/trim_optimize_5.f90   -Os   scan-tree-dump-times original "string_len_trim" 2
FAIL: gfortran.dg/trim_optimize_5.f90   -Os  (test for excess errors)
UNRESOLVED: gfortran.dg/trim_optimize_5.f90   -Os  compilation failed to produce executable
FAIL: gfortran.dg/trim_optimize_6.f90   -O0  (test for excess errors)
UNRESOLVED: gfortran.dg/trim_optimize_6.f90   -O0  compilation failed to produce executable
FAIL: gfortran.dg/trim_optimize_6.f90   -O1  (test for excess errors)
UNRESOLVED: gfortran.dg/trim_optimize_6.f90   -O1  compilation failed to produce executable
FAIL: gfortran.dg/trim_optimize_6.f90   -O2  (test for excess errors)
UNRESOLVED: gfortran.dg/trim_optimize_6.f90   -O2  compilation failed to produce executable
FAIL: gfortran.dg/trim_optimize_6.f90   -O3 -fomit-frame-pointer -funroll-loops -fpeel-loops -ftracer -finline-functions  (test for excess errors)
UNRESOLVED: gfortran.dg/trim_optimize_6.f90   -O3 -fomit-frame-pointer -funroll-loops -fpeel-loops -ftracer -finline-functions  compilation failed to produce executable
FAIL: gfortran.dg/typebound_call_10.f03   -O3 -g  execution test
FAIL: gfortran.dg/typebound_call_10.f03   -Os  (test for excess errors)
UNRESOLVED: gfortran.dg/typebound_call_10.f03   -Os  compilation failed to produce executable
FAIL: gfortran.dg/typebound_generic_6.f03   -O0  (test for excess errors)
UNRESOLVED: gfortran.dg/typebound_generic_6.f03   -O0  compilation failed to produce executable
FAIL: gfortran.dg/typebound_generic_6.f03   -O1  (test for excess errors)
UNRESOLVED: gfortran.dg/typebound_generic_6.f03   -O1  compilation failed to produce executable
FAIL: gfortran.dg/typebound_generic_6.f03   -O2  (test for excess errors)
UNRESOLVED: gfortran.dg/typebound_generic_6.f03   -O2  compilation failed to produce executable
FAIL: gfortran.dg/typebound_generic_6.f03   -O3 -fomit-frame-pointer -funroll-loops -fpeel-loops -ftracer -finline-functions  (test for excess errors)
UNRESOLVED: gfortran.dg/typebound_generic_6.f03   -O3 -fomit-frame-pointer -funroll-loops -fpeel-loops -ftracer -finline-functions  compilation failed to produce executable
FAIL: gfortran.dg/typebound_generic_6.f03   -O3 -g  (test for excess errors)
UNRESOLVED: gfortran.dg/typebound_generic_6.f03   -O3 -g  compilation failed to produce executable
FAIL: gfortran.dg/typebound_generic_6.f03   -Os  (test for excess errors)
UNRESOLVED: gfortran.dg/typebound_generic_6.f03   -Os  compilation failed to produce executable
FAIL: gfortran.dg/typebound_operator_7.f03   -Os  execution test
FAIL: gfortran.dg/typebound_operator_8.f03   -O0  (test for excess errors)
UNRESOLVED: gfortran.dg/typebound_operator_8.f03   -O0  compilation failed to produce executable
FAIL: gfortran.dg/typebound_operator_8.f03   -O1  (test for excess errors)
UNRESOLVED: gfortran.dg/typebound_operator_8.f03   -O1  compilation failed to produce executable
FAIL: gfortran.dg/typebound_operator_8.f03   -O2  (test for excess errors)
UNRESOLVED: gfortran.dg/typebound_operator_8.f03   -O2  compilation failed to produce executable
FAIL: gfortran.dg/typebound_operator_8.f03   -O3 -fomit-frame-pointer -funroll-loops -fpeel-loops -ftracer -finline-functions  (test for excess errors)
UNRESOLVED: gfortran.dg/typebound_operator_8.f03   -O3 -fomit-frame-pointer -funroll-loops -fpeel-loops -ftracer -finline-functions  compilation failed to produce executable
FAIL: gfortran.dg/typebound_operator_8.f03   -O3 -g  (test for excess errors)
UNRESOLVED: gfortran.dg/typebound_operator_8.f03   -O3 -g  compilation failed to produce executable
FAIL: gfortran.dg/typebound_operator_8.f03   -Os  (test for excess errors)
UNRESOLVED: gfortran.dg/typebound_operator_8.f03   -Os  compilation failed to produce executable
FAIL: gfortran.dg/typebound_operator_9.f03   -O0  (test for excess errors)
UNRESOLVED: gfortran.dg/typebound_operator_9.f03   -O0  compilation failed to produce executable
FAIL: gfortran.dg/typebound_operator_9.f03   -O1  (test for excess errors)
UNRESOLVED: gfortran.dg/typebound_operator_9.f03   -O1  compilation failed to produce executable
FAIL: gfortran.dg/typebound_operator_9.f03   -O2  (test for excess errors)
UNRESOLVED: gfortran.dg/typebound_operator_9.f03   -O2  compilation failed to produce executable
FAIL: gfortran.dg/typebound_proc_35.f90   -O1  (test for excess errors)
UNRESOLVED: gfortran.dg/typebound_proc_35.f90   -O1  compilation failed to produce executable
FAIL: gfortran.dg/typebound_proc_35.f90   -O2  (test for excess errors)
UNRESOLVED: gfortran.dg/typebound_proc_35.f90   -O2  compilation failed to produce executable
FAIL: gfortran.dg/typebound_proc_35.f90   -O3 -fomit-frame-pointer -funroll-loops -fpeel-loops -ftracer -finline-functions  (test for excess errors)
UNRESOLVED: gfortran.dg/typebound_proc_35.f90   -O3 -fomit-frame-pointer -funroll-loops -fpeel-loops -ftracer -finline-functions  compilation failed to produce executable
FAIL: gfortran.dg/typebound_proc_35.f90   -O3 -g  (test for excess errors)
UNRESOLVED: gfortran.dg/typebound_proc_35.f90   -O3 -g  compilation failed to produce executable
FAIL: gfortran.dg/typebound_proc_35.f90   -Os  (test for excess errors)
UNRESOLVED: gfortran.dg/typebound_proc_35.f90   -Os  compilation failed to produce executable
FAIL: gfortran.dg/typed_subroutine_1.f90   -O   (test for errors, line 7)
FAIL: gfortran.dg/typed_subroutine_1.f90   -O   (test for errors, line 8)
FAIL: gfortran.dg/typed_subroutine_1.f90   -O  (test for excess errors)
FAIL: gfortran.dg/unary_operator.f90   -O   (test for warnings, line 5)
FAIL: gfortran.dg/unary_operator.f90   -O  (test for excess errors)
FAIL: gfortran.dg/uncommon_block_data_1.f90   -O   (test for errors, line 8)
FAIL: gfortran.dg/uncommon_block_data_1.f90   -O  (test for excess errors)
FAIL: gfortran.dg/unlimited_polymorphic_20.f90   -O0  execution test
FAIL: gfortran.dg/unlimited_polymorphic_20.f90   -O1  (test for excess errors)
UNRESOLVED: gfortran.dg/unlimited_polymorphic_20.f90   -O1  compilation failed to produce executable
FAIL: gfortran.dg/unlimited_polymorphic_20.f90   -O2  (test for excess errors)
UNRESOLVED: gfortran.dg/unlimited_polymorphic_20.f90   -O2  compilation failed to produce executable
FAIL: gfortran.dg/unlimited_polymorphic_20.f90   -O3 -fomit-frame-pointer -funroll-loops -fpeel-loops -ftracer -finline-functions  (test for excess errors)
UNRESOLVED: gfortran.dg/unlimited_polymorphic_20.f90   -O3 -fomit-frame-pointer -funroll-loops -fpeel-loops -ftracer -finline-functions  compilation failed to produce executable
FAIL: gfortran.dg/unlimited_polymorphic_20.f90   -O3 -g  (test for excess errors)
UNRESOLVED: gfortran.dg/unlimited_polymorphic_20.f90   -O3 -g  compilation failed to produce executable
FAIL: gfortran.dg/unlimited_polymorphic_20.f90   -Os  (test for excess errors)
UNRESOLVED: gfortran.dg/unlimited_polymorphic_20.f90   -Os  compilation failed to produce executable
FAIL: gfortran.dg/unlimited_polymorphic_21.f90   -O0  (test for excess errors)
UNRESOLVED: gfortran.dg/unlimited_polymorphic_21.f90   -O0  compilation failed to produce executable
FAIL: gfortran.dg/unlimited_polymorphic_21.f90   -O1  (test for excess errors)
UNRESOLVED: gfortran.dg/unlimited_polymorphic_21.f90   -O1  compilation failed to produce executable
FAIL: gfortran.dg/unlimited_polymorphic_21.f90   -O2  (test for excess errors)
UNRESOLVED: gfortran.dg/unlimited_polymorphic_21.f90   -O2  compilation failed to produce executable
FAIL: gfortran.dg/unlimited_polymorphic_21.f90   -O3 -fomit-frame-pointer -funroll-loops -fpeel-loops -ftracer -finline-functions  (test for excess errors)
UNRESOLVED: gfortran.dg/unlimited_polymorphic_21.f90   -O3 -fomit-frame-pointer -funroll-loops -fpeel-loops -ftracer -finline-functions  compilation failed to produce executable
FAIL: gfortran.dg/unlimited_polymorphic_21.f90   -O3 -g  (test for excess errors)
UNRESOLVED: gfortran.dg/unlimited_polymorphic_21.f90   -O3 -g  compilation failed to produce executable
FAIL: gfortran.dg/unlimited_polymorphic_21.f90   -Os  (test for excess errors)
UNRESOLVED: gfortran.dg/unlimited_polymorphic_21.f90   -Os  compilation failed to produce executable
FAIL: gfortran.dg/unlimited_polymorphic_22.f90   -O0  (test for excess errors)
UNRESOLVED: gfortran.dg/unlimited_polymorphic_22.f90   -O0  compilation failed to produce executable
FAIL: gfortran.dg/unlimited_polymorphic_29.f90   -O0  execution test
FAIL: gfortran.dg/unlimited_polymorphic_29.f90   -O1  (test for excess errors)
UNRESOLVED: gfortran.dg/unlimited_polymorphic_29.f90   -O1  compilation failed to produce executable
FAIL: gfortran.dg/unlimited_polymorphic_29.f90   -O2  (test for excess errors)
UNRESOLVED: gfortran.dg/unlimited_polymorphic_29.f90   -O2  compilation failed to produce executable
FAIL: gfortran.dg/unlimited_polymorphic_29.f90   -O3 -fomit-frame-pointer -funroll-loops -fpeel-loops -ftracer -finline-functions  (test for excess errors)
UNRESOLVED: gfortran.dg/unlimited_polymorphic_29.f90   -O3 -fomit-frame-pointer -funroll-loops -fpeel-loops -ftracer -finline-functions  compilation failed to produce executable
FAIL: gfortran.dg/unlimited_polymorphic_29.f90   -O3 -g  (test for excess errors)
UNRESOLVED: gfortran.dg/unlimited_polymorphic_29.f90   -O3 -g  compilation failed to produce executable
FAIL: gfortran.dg/unlimited_polymorphic_29.f90   -Os  (test for excess errors)
UNRESOLVED: gfortran.dg/unlimited_polymorphic_29.f90   -Os  compilation failed to produce executable
FAIL: gfortran.dg/unlimited_polymorphic_3.f03   -O0  (test for excess errors)
UNRESOLVED: gfortran.dg/unlimited_polymorphic_3.f03   -O0  compilation failed to produce executable
FAIL: gfortran.dg/unlimited_polymorphic_3.f03   -O1  (test for excess errors)
UNRESOLVED: gfortran.dg/unlimited_polymorphic_3.f03   -O1  compilation failed to produce executable
FAIL: gfortran.dg/unlimited_polymorphic_3.f03   -O2  (test for excess errors)
UNRESOLVED: gfortran.dg/unlimited_polymorphic_3.f03   -O2  compilation failed to produce executable
FAIL: gfortran.dg/unlimited_polymorphic_3.f03   -O3 -fomit-frame-pointer -funroll-loops -fpeel-loops -ftracer -finline-functions  (test for excess errors)
UNRESOLVED: gfortran.dg/unlimited_polymorphic_3.f03   -O3 -fomit-frame-pointer -funroll-loops -fpeel-loops -ftracer -finline-functions  compilation failed to produce executable
FAIL: gfortran.dg/unlimited_polymorphic_3.f03   -O3 -g  (test for excess errors)
UNRESOLVED: gfortran.dg/unlimited_polymorphic_3.f03   -O3 -g  compilation failed to produce executable
FAIL: gfortran.dg/unlimited_polymorphic_3.f03   -Os  (test for excess errors)
UNRESOLVED: gfortran.dg/unlimited_polymorphic_3.f03   -Os  compilation failed to produce executable
FAIL: gfortran.dg/unlimited_polymorphic_4.f03   -O   (test for errors, line 19)
FAIL: gfortran.dg/unlimited_polymorphic_4.f03   -O   (test for errors, line 20)
FAIL: gfortran.dg/unlimited_polymorphic_4.f03   -O  (test for excess errors)
FAIL: gfortran.dg/unlimited_polymorphic_5.f90   -O0  (test for excess errors)
UNRESOLVED: gfortran.dg/unlimited_polymorphic_5.f90   -O0  compilation failed to produce executable
FAIL: gfortran.dg/unpack_bounds_3.f90   -O0  output pattern test
FAIL: gfortran.dg/unpack_bounds_3.f90   -O1  (test for excess errors)
UNRESOLVED: gfortran.dg/unpack_bounds_3.f90   -O1  compilation failed to produce executable
FAIL: gfortran.dg/unpack_bounds_3.f90   -O2  (test for excess errors)
UNRESOLVED: gfortran.dg/unpack_bounds_3.f90   -O2  compilation failed to produce executable
FAIL: gfortran.dg/unpack_bounds_3.f90   -O3 -fomit-frame-pointer -funroll-loops -fpeel-loops -ftracer -finline-functions  (test for excess errors)
UNRESOLVED: gfortran.dg/unpack_bounds_3.f90   -O3 -fomit-frame-pointer -funroll-loops -fpeel-loops -ftracer -finline-functions  compilation failed to produce executable
FAIL: gfortran.dg/unpack_bounds_3.f90   -O3 -g  (test for excess errors)
UNRESOLVED: gfortran.dg/unpack_bounds_3.f90   -O3 -g  compilation failed to produce executable
FAIL: gfortran.dg/unpack_bounds_3.f90   -Os  (test for excess errors)
UNRESOLVED: gfortran.dg/unpack_bounds_3.f90   -Os  compilation failed to produce executable
FAIL: gfortran.dg/unpack_init_expr.f03   -O0  (test for excess errors)
UNRESOLVED: gfortran.dg/unpack_init_expr.f03   -O0  compilation failed to produce executable
FAIL: gfortran.dg/unpack_init_expr.f03   -O1  (test for excess errors)
UNRESOLVED: gfortran.dg/unpack_init_expr.f03   -O1  compilation failed to produce executable
FAIL: gfortran.dg/unpack_init_expr.f03   -O2  (test for excess errors)
UNRESOLVED: gfortran.dg/unpack_init_expr.f03   -O2  compilation failed to produce executable
FAIL: gfortran.dg/unpack_init_expr.f03   -O3 -fomit-frame-pointer -funroll-loops -fpeel-loops -ftracer -finline-functions  (test for excess errors)
UNRESOLVED: gfortran.dg/unpack_init_expr.f03   -O3 -fomit-frame-pointer -funroll-loops -fpeel-loops -ftracer -finline-functions  compilation failed to produce executable
FAIL: gfortran.dg/unpack_init_expr.f03   -O3 -g  (test for excess errors)
UNRESOLVED: gfortran.dg/unpack_init_expr.f03   -O3 -g  compilation failed to produce executable
FAIL: gfortran.dg/unpack_init_expr.f03   -Os  (test for excess errors)
UNRESOLVED: gfortran.dg/unpack_init_expr.f03   -Os  compilation failed to produce executable
FAIL: gfortran.dg/unpack_mask_1.f90   -O0  (test for excess errors)
UNRESOLVED: gfortran.dg/unpack_mask_1.f90   -O0  compilation failed to produce executable
FAIL: gfortran.dg/unpack_mask_1.f90   -O1  (test for excess errors)
UNRESOLVED: gfortran.dg/unpack_mask_1.f90   -O1  compilation failed to produce executable
FAIL: gfortran.dg/unpack_mask_1.f90   -O2  (test for excess errors)
UNRESOLVED: gfortran.dg/unpack_mask_1.f90   -O2  compilation failed to produce executable
FAIL: gfortran.dg/unpack_mask_1.f90   -O3 -fomit-frame-pointer -funroll-loops -fpeel-loops -ftracer -finline-functions  (test for excess errors)
UNRESOLVED: gfortran.dg/unpack_mask_1.f90   -O3 -fomit-frame-pointer -funroll-loops -fpeel-loops -ftracer -finline-functions  compilation failed to produce executable
FAIL: gfortran.dg/unpack_mask_1.f90   -O3 -g  (test for excess errors)
UNRESOLVED: gfortran.dg/unpack_mask_1.f90   -O3 -g  compilation failed to produce executable
FAIL: gfortran.dg/unpack_mask_1.f90   -Os  (test for excess errors)
UNRESOLVED: gfortran.dg/unpack_mask_1.f90   -Os  compilation failed to produce executable
FAIL: gfortran.dg/use_11.f90   -O0  (test for excess errors)
UNRESOLVED: gfortran.dg/use_11.f90   -O0  compilation failed to produce executable
FAIL: gfortran.dg/use_11.f90   -O1  (test for excess errors)
UNRESOLVED: gfortran.dg/use_11.f90   -O1  compilation failed to produce executable
FAIL: gfortran.dg/use_11.f90   -O2  (test for excess errors)
UNRESOLVED: gfortran.dg/use_11.f90   -O2  compilation failed to produce executable
FAIL: gfortran.dg/use_11.f90   -O3 -fomit-frame-pointer -funroll-loops -fpeel-loops -ftracer -finline-functions  (test for excess errors)
UNRESOLVED: gfortran.dg/use_11.f90   -O3 -fomit-frame-pointer -funroll-loops -fpeel-loops -ftracer -finline-functions  compilation failed to produce executable
FAIL: gfortran.dg/use_11.f90   -O3 -g  (test for excess errors)
UNRESOLVED: gfortran.dg/use_11.f90   -O3 -g  compilation failed to produce executable
FAIL: gfortran.dg/use_11.f90   -Os  (test for excess errors)
UNRESOLVED: gfortran.dg/use_11.f90   -Os  compilation failed to produce executable
FAIL: gfortran.dg/use_12.f90   -O   (test for warnings, line 14)
FAIL: gfortran.dg/use_12.f90   -O  (test for excess errors)
FAIL: gfortran.dg/use_13.f90   -O0  (test for excess errors)
UNRESOLVED: gfortran.dg/use_13.f90   -O0  compilation failed to produce executable
FAIL: gfortran.dg/use_13.f90   -O1  (test for excess errors)
UNRESOLVED: gfortran.dg/use_13.f90   -O1  compilation failed to produce executable
FAIL: gfortran.dg/use_13.f90   -O2  (test for excess errors)
UNRESOLVED: gfortran.dg/use_13.f90   -O2  compilation failed to produce executable
FAIL: gfortran.dg/use_13.f90   -O3 -fomit-frame-pointer -funroll-loops -fpeel-loops -ftracer -finline-functions  (test for excess errors)
UNRESOLVED: gfortran.dg/use_13.f90   -O3 -fomit-frame-pointer -funroll-loops -fpeel-loops -ftracer -finline-functions  compilation failed to produce executable
FAIL: gfortran.dg/use_13.f90   -O3 -g  (test for excess errors)
UNRESOLVED: gfortran.dg/use_13.f90   -O3 -g  compilation failed to produce executable
FAIL: gfortran.dg/use_13.f90   -Os  (test for excess errors)
UNRESOLVED: gfortran.dg/use_13.f90   -Os  compilation failed to produce executable
FAIL: gfortran.dg/use_20.f90   -O  (test for excess errors)
FAIL: gfortran.dg/use_21.f90   -O  (test for excess errors)
FAIL: gfortran.dg/use_22.f90   -O  (test for excess errors)
FAIL: gfortran.dg/use_23.f90   -O  (test for excess errors)
FAIL: gfortran.dg/use_24.f90   -O0  (test for excess errors)
UNRESOLVED: gfortran.dg/use_24.f90   -O0  compilation failed to produce executable
FAIL: gfortran.dg/use_24.f90   -O1  (test for excess errors)
UNRESOLVED: gfortran.dg/use_24.f90   -O1  compilation failed to produce executable
FAIL: gfortran.dg/use_24.f90   -O2  (test for excess errors)
UNRESOLVED: gfortran.dg/use_24.f90   -O2  compilation failed to produce executable
FAIL: gfortran.dg/use_24.f90   -O3 -fomit-frame-pointer -funroll-loops -fpeel-loops -ftracer -finline-functions  (test for excess errors)
UNRESOLVED: gfortran.dg/use_24.f90   -O3 -fomit-frame-pointer -funroll-loops -fpeel-loops -ftracer -finline-functions  compilation failed to produce executable
FAIL: gfortran.dg/use_24.f90   -O3 -g  (test for excess errors)
UNRESOLVED: gfortran.dg/use_24.f90   -O3 -g  compilation failed to produce executable
FAIL: gfortran.dg/use_24.f90   -Os  (test for excess errors)
UNRESOLVED: gfortran.dg/use_24.f90   -Os  compilation failed to produce executable
FAIL: gfortran.dg/use_25.f90   -O  (test for excess errors)
FAIL: gfortran.dg/use_26.f90   -O  (test for excess errors)
FAIL: gfortran.dg/use_27.f90   -O0  (test for excess errors)
UNRESOLVED: gfortran.dg/use_27.f90   -O0  compilation failed to produce executable
FAIL: gfortran.dg/use_27.f90   -O1  (test for excess errors)
UNRESOLVED: gfortran.dg/use_27.f90   -O1  compilation failed to produce executable
FAIL: gfortran.dg/use_27.f90   -O2  (test for excess errors)
UNRESOLVED: gfortran.dg/use_27.f90   -O2  compilation failed to produce executable
FAIL: gfortran.dg/use_27.f90   -O3 -fomit-frame-pointer -funroll-loops -fpeel-loops -ftracer -finline-functions  (test for excess errors)
UNRESOLVED: gfortran.dg/use_27.f90   -O3 -fomit-frame-pointer -funroll-loops -fpeel-loops -ftracer -finline-functions  compilation failed to produce executable
FAIL: gfortran.dg/use_27.f90   -O3 -g  (test for excess errors)
UNRESOLVED: gfortran.dg/use_27.f90   -O3 -g  compilation failed to produce executable
FAIL: gfortran.dg/use_27.f90   -Os  (test for excess errors)
UNRESOLVED: gfortran.dg/use_27.f90   -Os  compilation failed to produce executable
FAIL: gfortran.dg/use_3.f90   -O   (test for errors, line 7)
FAIL: gfortran.dg/use_3.f90   -O   (test for errors, line 8)
FAIL: gfortran.dg/use_3.f90   -O   (test for errors, line 9)
FAIL: gfortran.dg/use_3.f90   -O  (test for excess errors)
FAIL: gfortran.dg/use_4.f90   -O   (test for errors, line 15)
FAIL: gfortran.dg/use_4.f90   -O   (test for errors, line 26)
FAIL: gfortran.dg/use_4.f90   -O   (test for errors, line 30)
FAIL: gfortran.dg/use_4.f90   -O   (test for errors, line 31)
FAIL: gfortran.dg/use_4.f90   -O   (test for errors, line 32)
FAIL: gfortran.dg/use_4.f90   -O  (test for excess errors)
FAIL: gfortran.dg/use_5.f90   -O0  (test for excess errors)
UNRESOLVED: gfortran.dg/use_5.f90   -O0  compilation failed to produce executable
FAIL: gfortran.dg/use_5.f90   -O1  (test for excess errors)
UNRESOLVED: gfortran.dg/use_5.f90   -O1  compilation failed to produce executable
FAIL: gfortran.dg/use_5.f90   -O2  (test for excess errors)
UNRESOLVED: gfortran.dg/use_5.f90   -O2  compilation failed to produce executable
FAIL: gfortran.dg/use_5.f90   -O3 -fomit-frame-pointer -funroll-loops -fpeel-loops -ftracer -finline-functions  (test for excess errors)
UNRESOLVED: gfortran.dg/use_5.f90   -O3 -fomit-frame-pointer -funroll-loops -fpeel-loops -ftracer -finline-functions  compilation failed to produce executable
FAIL: gfortran.dg/use_5.f90   -O3 -g  (test for excess errors)
UNRESOLVED: gfortran.dg/use_5.f90   -O3 -g  compilation failed to produce executable
FAIL: gfortran.dg/use_5.f90   -Os  (test for excess errors)
UNRESOLVED: gfortran.dg/use_5.f90   -Os  compilation failed to produce executable
FAIL: gfortran.dg/use_6.f90   -O   (test for errors, line 40)
FAIL: gfortran.dg/use_6.f90   -O   (test for errors, line 41)
FAIL: gfortran.dg/use_6.f90   -O  (test for excess errors)
FAIL: gfortran.dg/use_7.f90   -O   (test for errors, line 42)
FAIL: gfortran.dg/use_7.f90   -O   (test for errors, line 43)
FAIL: gfortran.dg/use_7.f90   -O   (test for errors, line 44)
FAIL: gfortran.dg/use_7.f90   -O   (test for errors, line 45)
FAIL: gfortran.dg/use_7.f90   -O   (test for errors, line 46)
FAIL: gfortran.dg/use_7.f90   -O  (test for excess errors)
FAIL: gfortran.dg/use_only_2.f90   -O  (test for excess errors)
FAIL: gfortran.dg/use_only_3.f90   -O  (test for excess errors)
FAIL: gfortran.dg/use_only_4.f90   -O  (test for excess errors)
FAIL: gfortran.dg/use_only_5.f90   -O  (test for excess errors)
FAIL: gfortran.dg/use_only_6.f90   -O  (test for excess errors)
FAIL: gfortran.dg/use_rename_1.f90   -O  (test for excess errors)
FAIL: gfortran.dg/use_rename_2.f90   -O0  (test for excess errors)
UNRESOLVED: gfortran.dg/use_rename_2.f90   -O0  compilation failed to produce executable
FAIL: gfortran.dg/use_rename_2.f90   -O1  (test for excess errors)
UNRESOLVED: gfortran.dg/use_rename_2.f90   -O1  compilation failed to produce executable
FAIL: gfortran.dg/use_rename_2.f90   -O2  (test for excess errors)
UNRESOLVED: gfortran.dg/use_rename_2.f90   -O2  compilation failed to produce executable
FAIL: gfortran.dg/use_rename_2.f90   -O3 -fomit-frame-pointer -funroll-loops -fpeel-loops -ftracer -finline-functions  (test for excess errors)
UNRESOLVED: gfortran.dg/use_rename_2.f90   -O3 -fomit-frame-pointer -funroll-loops -fpeel-loops -ftracer -finline-functions  compilation failed to produce executable
FAIL: gfortran.dg/use_rename_2.f90   -O3 -g  (test for excess errors)
UNRESOLVED: gfortran.dg/use_rename_2.f90   -O3 -g  compilation failed to produce executable
UNRESOLVED: gfortran.dg/use_rename_6.f90   -O   scan-tree-dump-times original "shall_not_be_there" 0
FAIL: gfortran.dg/use_rename_6.f90   -O  (test for excess errors)
FAIL: gfortran.dg/use_rename_7.f90   -O  (test for excess errors)
FAIL: gfortran.dg/use_rename_8.f90   -O   (test for errors, line 23)
FAIL: gfortran.dg/use_rename_8.f90   -O   (test for errors, line 40)
FAIL: gfortran.dg/use_rename_8.f90   -O   (test for errors, line 44)
FAIL: gfortran.dg/use_rename_8.f90   -O   (test for errors, line 48)
FAIL: gfortran.dg/use_rename_8.f90   -O  (test for excess errors)
FAIL: gfortran.dg/ieee/large_2.f90   -O0  execution test
FAIL: gfortran.dg/ieee/large_2.f90   -O1  execution test
FAIL: gfortran.dg/ieee/large_2.f90   -O2  execution test
FAIL: gfortran.dg/ieee/large_2.f90   -O3 -fomit-frame-pointer -funroll-loops -fpeel-loops -ftracer -finline-functions  execution test
FAIL: gfortran.dg/ieee/large_2.f90   -O3 -g  execution test
FAIL: gfortran.dg/ieee/large_2.f90   -Os  execution test
FAIL: gfortran.dg/vect/fast-math-pr37021.f90   -O   scan-tree-dump vect "vectorized 2 loops"
FAIL: gfortran.dg/vect/pr52580.f   -O   scan-tree-dump-times vect "LOOP VECTORIZED" 1
FAIL: gfortran.dg/vect/pr62283-2.f   -O   scan-tree-dump slp2 "basic block vectorized"
FAIL: gfortran.dg/vect/vect-8.f90   -O   scan-tree-dump-times vect "vectorized 21 loops" 1
FAIL: gfortran.dg/vect/vect-gems.f90   -O   scan-tree-dump-times vect "vectorized 1 loops" 1

		=== gfortran Summary ===

# of expected passes		45182
# of unexpected failures	185
# of unexpected successes	6
# of expected failures		89
# of unresolved testcases	127
# of unsupported tests		91
/home/gccbuild/build/nightly/build-gcc-7/gcc/gfortran  version 7.3.1 20180527 [gcc-7-branch revision 260810] (GCC) 

		=== go tests ===


Running target unix
FAIL: go.test/test/ken/cplx2.go execution,  -O2 -g 

		=== go Summary ===

# of expected passes		7250
# of unexpected failures	1
# of expected failures		1
# of untested testcases		7
# of unsupported tests		3
/home/gccbuild/build/nightly/build-gcc-7/gcc/gccgo  version 7.3.1 20180527 [gcc-7-branch revision 260810] (GCC) 

		=== obj-c++ tests ===


Running target unix

		=== obj-c++ Summary ===

# of expected passes		1451
# of expected failures		10
# of unsupported tests		77
/home/gccbuild/build/nightly/build-gcc-7/gcc/xg++  version 7.3.1 20180527 [gcc-7-branch revision 260810] (GCC) 

		=== objc tests ===


Running target unix

		=== objc Summary ===

# of expected passes		2803
# of unsupported tests		68
/home/gccbuild/build/nightly/build-gcc-7/gcc/xgcc  version 7.3.1 20180527 [gcc-7-branch revision 260810] (GCC) 

		=== libatomic tests ===


Running target unix

		=== libatomic Summary ===

# of expected passes		54
		=== libffi tests ===


Running target unix

		=== libffi Summary ===

# of expected passes		1934
# of unsupported tests		28
		=== libgo tests ===


Running target unix

		=== libgo Summary ===

# of expected passes		145
/home/gccbuild/build/nightly/build-gcc-7/./gcc/gccgo version 7.3.1 20180527 [gcc-7-branch revision 260810] (GCC)

		=== libgomp tests ===


Running target unix
FAIL: libgomp.oacc-c/../libgomp.oacc-c-c++-common/data-clauses-kernels-ipa-pta.c -DACC_DEVICE_TYPE_host=1 -DACC_MEM_SHARED=1  -O2  (test for excess errors)
UNRESOLVED: libgomp.oacc-c/../libgomp.oacc-c-c++-common/data-clauses-kernels-ipa-pta.c -DACC_DEVICE_TYPE_host=1 -DACC_MEM_SHARED=1  -O2  compilation failed to produce executable
FAIL: libgomp.oacc-c/../libgomp.oacc-c-c++-common/data-clauses-parallel-ipa-pta.c -DACC_DEVICE_TYPE_host=1 -DACC_MEM_SHARED=1  -O2  (test for excess errors)
UNRESOLVED: libgomp.oacc-c/../libgomp.oacc-c-c++-common/data-clauses-parallel-ipa-pta.c -DACC_DEVICE_TYPE_host=1 -DACC_MEM_SHARED=1  -O2  compilation failed to produce executable

		=== libgomp Summary ===

# of expected passes		5068
# of unexpected failures	2
# of unresolved testcases	2
# of unsupported tests		391
		=== libitm tests ===


Running target unix

		=== libitm Summary ===

# of expected passes		42
# of expected failures		3
# of unsupported tests		1
		=== libstdc++ tests ===


Running target unix
FAIL: libstdc++-prettyprinters/cxx17.cc print ab
FAIL: libstdc++-prettyprinters/cxx17.cc print ai
FAIL: libstdc++-prettyprinters/cxx17.cc print am
FAIL: libstdc++-prettyprinters/cxx17.cc print ap
FAIL: libstdc++-prettyprinters/cxx17.cc print as
FAIL: libstdc++-prettyprinters/cxx17.cc print as2
FAIL: libstdc++-prettyprinters/libfundts.cc print ab
FAIL: libstdc++-prettyprinters/libfundts.cc print ai
FAIL: libstdc++-prettyprinters/libfundts.cc print am
FAIL: libstdc++-prettyprinters/libfundts.cc print ap
FAIL: libstdc++-prettyprinters/libfundts.cc print as
FAIL: libstdc++-prettyprinters/libfundts.cc print as2

		=== libstdc++ Summary ===

# of expected passes		12212
# of unexpected failures	12
# of expected failures		66
# of unsupported tests		258

Compiler version: 7.3.1 20180527 [gcc-7-branch revision 260810] (GCC) 
Platform: powerpc64-unknown-linux-gnu
configure flags: --prefix=/opt/gcc-nightly/7 --with-as=/usr/bin/as --with-ld=/usr/bin/ld --enable-languages=c,c++,fortran,objc,obj-c++,go --disable-multilib --disable-multilib --with-cpu=power7


Index Nav: [Date Index] [Subject Index] [Author Index] [Thread Index]
Message Nav: [Date Prev] [Date Next] [Thread Prev] [Thread Next]