This is the mail archive of the gcc-testresults@gcc.gnu.org mailing list for the GCC project.


Index Nav: [Date Index] [Subject Index] [Author Index] [Thread Index]
Message Nav: [Date Prev] [Date Next] [Thread Prev] [Thread Next]
Other format: [Raw text]

Results for 7.3.1 20180526 [gcc-7-branch revision 260787] (GCC) testsuite on x86_64-pc-linux-gnu


Native configuration is x86_64-pc-linux-gnu

		=== gcc tests ===


Running target unix
XPASS: gcc.dg/guality/example.c   -O0  execution test
XPASS: gcc.dg/guality/example.c   -O1  execution test
XPASS: gcc.dg/guality/example.c   -O2  execution test
XPASS: gcc.dg/guality/example.c   -O2 -flto -fno-use-linker-plugin -flto-partition=none  execution test
XPASS: gcc.dg/guality/guality.c   -O0  execution test
XPASS: gcc.dg/guality/guality.c   -O1  execution test
XPASS: gcc.dg/guality/guality.c   -O2  execution test
XPASS: gcc.dg/guality/guality.c   -O2 -flto -fno-use-linker-plugin -flto-partition=none  execution test
XPASS: gcc.dg/guality/guality.c   -O2 -flto -fuse-linker-plugin -fno-fat-lto-objects  execution test
XPASS: gcc.dg/guality/guality.c   -O3 -g  execution test
XPASS: gcc.dg/guality/guality.c   -Os  execution test
XPASS: gcc.dg/guality/inline-params.c   -O2  execution test
XPASS: gcc.dg/guality/inline-params.c   -O2 -flto -fno-use-linker-plugin -flto-partition=none  execution test
XPASS: gcc.dg/guality/inline-params.c   -O3 -g  execution test
XPASS: gcc.dg/guality/inline-params.c   -Os  execution test
XPASS: gcc.dg/guality/pr41353-1.c   -O0  line 28 j == 28 + 37
XPASS: gcc.dg/guality/pr41353-1.c   -O1  line 28 j == 28 + 37
XPASS: gcc.dg/guality/pr41353-1.c   -O2  line 28 j == 28 + 37
XPASS: gcc.dg/guality/pr41353-1.c   -O2 -flto -fno-use-linker-plugin -flto-partition=none  line 28 j == 28 + 37
XPASS: gcc.dg/guality/pr41353-1.c   -O2 -flto -fuse-linker-plugin -fno-fat-lto-objects  line 28 j == 28 + 37
XPASS: gcc.dg/guality/pr41353-1.c   -O3 -g  line 28 j == 28 + 37
XPASS: gcc.dg/guality/pr41353-1.c   -Os  line 28 j == 28 + 37
FAIL: gcc.dg/guality/pr41616-1.c   -O2 -flto -fuse-linker-plugin -fno-fat-lto-objects  execution test
FAIL: gcc.dg/guality/pr45882.c   -O2 -flto -fuse-linker-plugin -fno-fat-lto-objects  line 16 d == 112
FAIL: gcc.dg/guality/pr45882.c   -O2 -flto -fuse-linker-plugin -fno-fat-lto-objects  line 16 e == 142
FAIL: gcc.dg/guality/pr54200.c   -Os  line 20 z == 3
FAIL: gcc.dg/guality/pr54519-1.c   -O2 -flto -fno-use-linker-plugin -flto-partition=none  line 20 y == 25
FAIL: gcc.dg/guality/pr54519-1.c   -O2 -flto -fno-use-linker-plugin -flto-partition=none  line 20 z == 6
FAIL: gcc.dg/guality/pr54519-1.c   -O2 -flto -fno-use-linker-plugin -flto-partition=none  line 23 y == 117
FAIL: gcc.dg/guality/pr54519-1.c   -O2 -flto -fno-use-linker-plugin -flto-partition=none  line 23 z == 8
FAIL: gcc.dg/guality/pr54519-2.c   -O2 -flto -fno-use-linker-plugin -flto-partition=none  line 17 y == 25
FAIL: gcc.dg/guality/pr54519-2.c   -O2 -flto -fuse-linker-plugin -fno-fat-lto-objects  line 17 y == 25
FAIL: gcc.dg/guality/pr54519-3.c   -O2 -flto -fno-use-linker-plugin -flto-partition=none  line 20 y == 25
FAIL: gcc.dg/guality/pr54519-3.c   -O2 -flto -fno-use-linker-plugin -flto-partition=none  line 20 z == 6
FAIL: gcc.dg/guality/pr54519-3.c   -O2 -flto -fno-use-linker-plugin -flto-partition=none  line 23 y == 117
FAIL: gcc.dg/guality/pr54519-3.c   -O2 -flto -fno-use-linker-plugin -flto-partition=none  line 23 z == 8
FAIL: gcc.dg/guality/pr54519-3.c   -O2 -flto -fuse-linker-plugin -fno-fat-lto-objects  line 20 y == 25
FAIL: gcc.dg/guality/pr54519-3.c   -O2 -flto -fuse-linker-plugin -fno-fat-lto-objects  line 20 z == 6
FAIL: gcc.dg/guality/pr54519-3.c   -O2 -flto -fuse-linker-plugin -fno-fat-lto-objects  line 23 y == 117
FAIL: gcc.dg/guality/pr54519-3.c   -O2 -flto -fuse-linker-plugin -fno-fat-lto-objects  line 23 z == 8
FAIL: gcc.dg/guality/pr54519-4.c   -O2 -flto -fno-use-linker-plugin -flto-partition=none  line 17 y == 25
FAIL: gcc.dg/guality/pr54519-4.c   -O2 -flto -fuse-linker-plugin -fno-fat-lto-objects  line 17 y == 25
FAIL: gcc.dg/guality/pr54519-5.c   -O2 -flto -fno-use-linker-plugin -flto-partition=none  line 17 y == 25
FAIL: gcc.dg/guality/pr54519-5.c   -O2 -flto -fuse-linker-plugin -fno-fat-lto-objects  line 17 y == 25
FAIL: gcc.dg/guality/pr54693-2.c   -Os  line 21 x == 10 - i
FAIL: gcc.dg/guality/pr54693-2.c   -Os  line 21 y == 20 - 2 * i
FAIL: gcc.dg/guality/pr68860-1.c   -O2 -flto -fno-use-linker-plugin -flto-partition=none  line 14 arg1 == 1
FAIL: gcc.dg/guality/pr68860-1.c   -O2 -flto -fno-use-linker-plugin -flto-partition=none  line 14 arg2 == 2
FAIL: gcc.dg/guality/pr68860-1.c   -O2 -flto -fno-use-linker-plugin -flto-partition=none  line 14 arg3 == 3
FAIL: gcc.dg/guality/pr68860-1.c   -O2 -flto -fno-use-linker-plugin -flto-partition=none  line 14 arg4 == 4
FAIL: gcc.dg/guality/pr68860-1.c   -O2 -flto -fno-use-linker-plugin -flto-partition=none  line 14 arg5 == 5
FAIL: gcc.dg/guality/pr68860-1.c   -O2 -flto -fno-use-linker-plugin -flto-partition=none  line 14 arg6 == 6
FAIL: gcc.dg/guality/pr68860-1.c   -O2 -flto -fno-use-linker-plugin -flto-partition=none  line 16 arg1 == 1
FAIL: gcc.dg/guality/pr68860-1.c   -O2 -flto -fno-use-linker-plugin -flto-partition=none  line 16 arg2 == 2
FAIL: gcc.dg/guality/pr68860-1.c   -O2 -flto -fno-use-linker-plugin -flto-partition=none  line 16 arg3 == 3
FAIL: gcc.dg/guality/pr68860-1.c   -O2 -flto -fno-use-linker-plugin -flto-partition=none  line 16 arg4 == 4
FAIL: gcc.dg/guality/pr68860-1.c   -O2 -flto -fno-use-linker-plugin -flto-partition=none  line 16 arg5 == 5
FAIL: gcc.dg/guality/pr68860-1.c   -O2 -flto -fno-use-linker-plugin -flto-partition=none  line 16 arg6 == 6
FAIL: gcc.dg/guality/pr68860-1.c   -O2 -flto -fuse-linker-plugin -fno-fat-lto-objects  line 14 arg1 == 1
FAIL: gcc.dg/guality/pr68860-1.c   -O2 -flto -fuse-linker-plugin -fno-fat-lto-objects  line 14 arg2 == 2
FAIL: gcc.dg/guality/pr68860-1.c   -O2 -flto -fuse-linker-plugin -fno-fat-lto-objects  line 14 arg3 == 3
FAIL: gcc.dg/guality/pr68860-1.c   -O2 -flto -fuse-linker-plugin -fno-fat-lto-objects  line 14 arg4 == 4
FAIL: gcc.dg/guality/pr68860-1.c   -O2 -flto -fuse-linker-plugin -fno-fat-lto-objects  line 14 arg5 == 5
FAIL: gcc.dg/guality/pr68860-1.c   -O2 -flto -fuse-linker-plugin -fno-fat-lto-objects  line 14 arg6 == 6
FAIL: gcc.dg/guality/pr68860-1.c   -O2 -flto -fuse-linker-plugin -fno-fat-lto-objects  line 16 arg1 == 1
FAIL: gcc.dg/guality/pr68860-1.c   -O2 -flto -fuse-linker-plugin -fno-fat-lto-objects  line 16 arg2 == 2
FAIL: gcc.dg/guality/pr68860-1.c   -O2 -flto -fuse-linker-plugin -fno-fat-lto-objects  line 16 arg3 == 3
FAIL: gcc.dg/guality/pr68860-1.c   -O2 -flto -fuse-linker-plugin -fno-fat-lto-objects  line 16 arg4 == 4
FAIL: gcc.dg/guality/pr68860-1.c   -O2 -flto -fuse-linker-plugin -fno-fat-lto-objects  line 16 arg5 == 5
FAIL: gcc.dg/guality/pr68860-1.c   -O2 -flto -fuse-linker-plugin -fno-fat-lto-objects  line 16 arg6 == 6
FAIL: gcc.dg/guality/vla-1.c   -O1  line 17 sizeof (a) == 6
FAIL: gcc.dg/guality/vla-1.c   -O2  line 17 sizeof (a) == 6
FAIL: gcc.dg/guality/vla-1.c   -O2 -flto -fno-use-linker-plugin -flto-partition=none  line 17 sizeof (a) == 6
FAIL: gcc.dg/guality/vla-1.c   -O2 -flto -fuse-linker-plugin -fno-fat-lto-objects  line 17 sizeof (a) == 6
FAIL: gcc.dg/guality/vla-1.c   -O3 -g  line 17 sizeof (a) == 6
FAIL: gcc.dg/guality/vla-1.c   -Os  line 17 sizeof (a) == 6

		=== gcc Summary for unix ===

# of expected passes		134107
# of unexpected failures	54
# of unexpected successes	22
# of expected failures		377
# of unsupported tests		2176

Running target unix/-m32
FAIL: c-c++-common/asan/asan-interface-1.c   -O0  execution test
FAIL: c-c++-common/asan/asan-interface-1.c   -O1  execution test
FAIL: c-c++-common/asan/asan-interface-1.c   -O2  execution test
FAIL: c-c++-common/asan/asan-interface-1.c   -O2 -flto -fno-use-linker-plugin -flto-partition=none  execution test
FAIL: c-c++-common/asan/asan-interface-1.c   -O2 -flto -fuse-linker-plugin -fno-fat-lto-objects  execution test
FAIL: c-c++-common/asan/asan-interface-1.c   -O3 -g  execution test
FAIL: c-c++-common/asan/asan-interface-1.c   -Os  execution test
FAIL: c-c++-common/asan/bitfield-1.c   -O0  output pattern test
FAIL: c-c++-common/asan/bitfield-1.c   -O1  output pattern test
FAIL: c-c++-common/asan/bitfield-1.c   -O2  output pattern test
FAIL: c-c++-common/asan/bitfield-1.c   -O2 -flto -fno-use-linker-plugin -flto-partition=none  output pattern test
FAIL: c-c++-common/asan/bitfield-1.c   -O2 -flto -fuse-linker-plugin -fno-fat-lto-objects  output pattern test
FAIL: c-c++-common/asan/bitfield-1.c   -O3 -g  output pattern test
FAIL: c-c++-common/asan/bitfield-1.c   -Os  output pattern test
FAIL: c-c++-common/asan/bitfield-2.c   -O0  output pattern test
FAIL: c-c++-common/asan/bitfield-2.c   -O1  output pattern test
FAIL: c-c++-common/asan/bitfield-2.c   -O2  output pattern test
FAIL: c-c++-common/asan/bitfield-2.c   -O2 -flto -fno-use-linker-plugin -flto-partition=none  output pattern test
FAIL: c-c++-common/asan/bitfield-2.c   -O2 -flto -fuse-linker-plugin -fno-fat-lto-objects  output pattern test
FAIL: c-c++-common/asan/bitfield-2.c   -O3 -g  output pattern test
FAIL: c-c++-common/asan/bitfield-2.c   -Os  output pattern test
FAIL: c-c++-common/asan/bitfield-3.c   -O0  output pattern test
FAIL: c-c++-common/asan/bitfield-3.c   -O1  output pattern test
FAIL: c-c++-common/asan/bitfield-3.c   -O2  output pattern test
FAIL: c-c++-common/asan/bitfield-3.c   -O2 -flto -fno-use-linker-plugin -flto-partition=none  output pattern test
FAIL: c-c++-common/asan/bitfield-3.c   -O2 -flto -fuse-linker-plugin -fno-fat-lto-objects  output pattern test
FAIL: c-c++-common/asan/bitfield-3.c   -O3 -g  output pattern test
FAIL: c-c++-common/asan/bitfield-3.c   -Os  output pattern test
FAIL: c-c++-common/asan/bitfield-4.c   -O0  output pattern test
FAIL: c-c++-common/asan/bitfield-4.c   -O1  output pattern test
FAIL: c-c++-common/asan/bitfield-4.c   -O2  output pattern test
FAIL: c-c++-common/asan/bitfield-4.c   -O2 -flto -fno-use-linker-plugin -flto-partition=none  output pattern test
FAIL: c-c++-common/asan/bitfield-4.c   -O2 -flto -fuse-linker-plugin -fno-fat-lto-objects  output pattern test
FAIL: c-c++-common/asan/bitfield-4.c   -O3 -g  output pattern test
FAIL: c-c++-common/asan/bitfield-4.c   -Os  output pattern test
FAIL: c-c++-common/asan/bitfield-5.c   -O0  output pattern test
FAIL: c-c++-common/asan/bitfield-5.c   -O1  output pattern test
FAIL: c-c++-common/asan/bitfield-5.c   -O2  output pattern test
FAIL: c-c++-common/asan/bitfield-5.c   -O2 -flto -fno-use-linker-plugin -flto-partition=none  output pattern test
FAIL: c-c++-common/asan/bitfield-5.c   -O2 -flto -fuse-linker-plugin -fno-fat-lto-objects  output pattern test
FAIL: c-c++-common/asan/bitfield-5.c   -O3 -g  output pattern test
FAIL: c-c++-common/asan/bitfield-5.c   -Os  output pattern test
FAIL: c-c++-common/asan/clone-test-1.c   -O0  execution test
FAIL: c-c++-common/asan/clone-test-1.c   -O1  execution test
FAIL: c-c++-common/asan/clone-test-1.c   -O2  execution test
FAIL: c-c++-common/asan/clone-test-1.c   -O2 -flto -fno-use-linker-plugin -flto-partition=none  execution test
FAIL: c-c++-common/asan/clone-test-1.c   -O2 -flto -fuse-linker-plugin -fno-fat-lto-objects  execution test
FAIL: c-c++-common/asan/clone-test-1.c   -O3 -fomit-frame-pointer -funroll-loops -fpeel-loops -ftracer -finline-functions  execution test
FAIL: c-c++-common/asan/clone-test-1.c   -O3 -g  execution test
FAIL: c-c++-common/asan/clone-test-1.c   -Os  execution test
FAIL: c-c++-common/asan/global-overflow-1.c   -O0  output pattern test
FAIL: c-c++-common/asan/global-overflow-1.c   -O1  output pattern test
FAIL: c-c++-common/asan/global-overflow-1.c   -O2  output pattern test
FAIL: c-c++-common/asan/global-overflow-1.c   -O2 -flto -fno-use-linker-plugin -flto-partition=none  output pattern test
FAIL: c-c++-common/asan/global-overflow-1.c   -O2 -flto -fuse-linker-plugin -fno-fat-lto-objects  output pattern test
FAIL: c-c++-common/asan/global-overflow-1.c   -O3 -g  output pattern test
FAIL: c-c++-common/asan/global-overflow-1.c   -Os  output pattern test
FAIL: c-c++-common/asan/halt_on_error-1.c   -O0  execution test
FAIL: c-c++-common/asan/halt_on_error-1.c   -O1  execution test
FAIL: c-c++-common/asan/halt_on_error-1.c   -O2  execution test
FAIL: c-c++-common/asan/halt_on_error-1.c   -O2 -flto -fno-use-linker-plugin -flto-partition=none  execution test
FAIL: c-c++-common/asan/halt_on_error-1.c   -O2 -flto -fuse-linker-plugin -fno-fat-lto-objects  execution test
FAIL: c-c++-common/asan/halt_on_error-1.c   -O3 -g  execution test
FAIL: c-c++-common/asan/halt_on_error-1.c   -Os  execution test
FAIL: c-c++-common/asan/halt_on_error-2.c   -O0  output pattern test
FAIL: c-c++-common/asan/halt_on_error-2.c   -O1  output pattern test
FAIL: c-c++-common/asan/halt_on_error-2.c   -O2  output pattern test
FAIL: c-c++-common/asan/halt_on_error-2.c   -O2 -flto -fno-use-linker-plugin -flto-partition=none  output pattern test
FAIL: c-c++-common/asan/halt_on_error-2.c   -O2 -flto -fuse-linker-plugin -fno-fat-lto-objects  output pattern test
FAIL: c-c++-common/asan/halt_on_error-2.c   -O3 -g  output pattern test
FAIL: c-c++-common/asan/halt_on_error-2.c   -Os  output pattern test
FAIL: c-c++-common/asan/heap-overflow-1.c   -O0  output pattern test
FAIL: c-c++-common/asan/heap-overflow-1.c   -O1  output pattern test
FAIL: c-c++-common/asan/heap-overflow-1.c   -O2  output pattern test
FAIL: c-c++-common/asan/heap-overflow-1.c   -O2 -flto -fno-use-linker-plugin -flto-partition=none  output pattern test
FAIL: c-c++-common/asan/heap-overflow-1.c   -O2 -flto -fuse-linker-plugin -fno-fat-lto-objects  output pattern test
FAIL: c-c++-common/asan/heap-overflow-1.c   -O3 -g  output pattern test
FAIL: c-c++-common/asan/heap-overflow-1.c   -Os  output pattern test
FAIL: c-c++-common/asan/memcmp-1.c   -O0  output pattern test
FAIL: c-c++-common/asan/memcmp-1.c   -O1  output pattern test
FAIL: c-c++-common/asan/memcmp-1.c   -O2  output pattern test
FAIL: c-c++-common/asan/memcmp-1.c   -O2 -flto -fno-use-linker-plugin -flto-partition=none  output pattern test
FAIL: c-c++-common/asan/memcmp-1.c   -O2 -flto -fuse-linker-plugin -fno-fat-lto-objects  output pattern test
FAIL: c-c++-common/asan/memcmp-1.c   -O3 -g  output pattern test
FAIL: c-c++-common/asan/memcmp-1.c   -Os  output pattern test
FAIL: c-c++-common/asan/misalign-1.c   -O2  output pattern test
FAIL: c-c++-common/asan/misalign-1.c   -O2 -flto -fno-use-linker-plugin -flto-partition=none  output pattern test
FAIL: c-c++-common/asan/misalign-1.c   -O2 -flto -fuse-linker-plugin -fno-fat-lto-objects  output pattern test
FAIL: c-c++-common/asan/misalign-2.c   -O2  output pattern test
FAIL: c-c++-common/asan/misalign-2.c   -O2 -flto -fno-use-linker-plugin -flto-partition=none  output pattern test
FAIL: c-c++-common/asan/misalign-2.c   -O2 -flto -fuse-linker-plugin -fno-fat-lto-objects  output pattern test
FAIL: c-c++-common/asan/null-deref-1.c   -O0  output pattern test
FAIL: c-c++-common/asan/null-deref-1.c   -O1  output pattern test
FAIL: c-c++-common/asan/null-deref-1.c   -O2  output pattern test
FAIL: c-c++-common/asan/null-deref-1.c   -O2 -flto -fno-use-linker-plugin -flto-partition=none  output pattern test
FAIL: c-c++-common/asan/null-deref-1.c   -O2 -flto -fuse-linker-plugin -fno-fat-lto-objects  output pattern test
FAIL: c-c++-common/asan/null-deref-1.c   -O3 -g  output pattern test
FAIL: c-c++-common/asan/null-deref-1.c   -Os  output pattern test
FAIL: c-c++-common/asan/pr59063-1.c   -O0  execution test
FAIL: c-c++-common/asan/pr59063-1.c   -O1  execution test
FAIL: c-c++-common/asan/pr59063-1.c   -O2  execution test
FAIL: c-c++-common/asan/pr59063-1.c   -O2 -flto -fno-use-linker-plugin -flto-partition=none  execution test
FAIL: c-c++-common/asan/pr59063-1.c   -O2 -flto -fuse-linker-plugin -fno-fat-lto-objects  execution test
FAIL: c-c++-common/asan/pr59063-1.c   -O3 -g  execution test
FAIL: c-c++-common/asan/pr59063-1.c   -Os  execution test
FAIL: c-c++-common/asan/pr59063-2.c   -O0  execution test
FAIL: c-c++-common/asan/pr59063-2.c   -O1  execution test
FAIL: c-c++-common/asan/pr59063-2.c   -O2  execution test
FAIL: c-c++-common/asan/pr59063-2.c   -O2 -flto -fno-use-linker-plugin -flto-partition=none  execution test
FAIL: c-c++-common/asan/pr59063-2.c   -O2 -flto -fuse-linker-plugin -fno-fat-lto-objects  execution test
FAIL: c-c++-common/asan/pr59063-2.c   -O3 -g  execution test
FAIL: c-c++-common/asan/pr59063-2.c   -Os  execution test
FAIL: c-c++-common/asan/pr61530.c   -O0  output pattern test
FAIL: c-c++-common/asan/pr61530.c   -O1  output pattern test
FAIL: c-c++-common/asan/pr61530.c   -O2  output pattern test
FAIL: c-c++-common/asan/pr61530.c   -O2 -flto -fno-use-linker-plugin -flto-partition=none  output pattern test
FAIL: c-c++-common/asan/pr61530.c   -O2 -flto -fuse-linker-plugin -fno-fat-lto-objects  output pattern test
FAIL: c-c++-common/asan/pr61530.c   -O3 -g  output pattern test
FAIL: c-c++-common/asan/pr61530.c   -Os  output pattern test
FAIL: c-c++-common/asan/pr62089.c   -O0  output pattern test
FAIL: c-c++-common/asan/pr62089.c   -O1  output pattern test
FAIL: c-c++-common/asan/pr62089.c   -O2  output pattern test
FAIL: c-c++-common/asan/pr62089.c   -O2 -flto -fno-use-linker-plugin -flto-partition=none  output pattern test
FAIL: c-c++-common/asan/pr62089.c   -O2 -flto -fuse-linker-plugin -fno-fat-lto-objects  output pattern test
FAIL: c-c++-common/asan/pr62089.c   -O3 -g  output pattern test
FAIL: c-c++-common/asan/pr62089.c   -Os  output pattern test
FAIL: c-c++-common/asan/pr63316.c   -O2  execution test
FAIL: c-c++-common/asan/pr63316.c   -O2 -flto -fno-use-linker-plugin -flto-partition=none  execution test
FAIL: c-c++-common/asan/pr63316.c   -O2 -flto -fuse-linker-plugin -fno-fat-lto-objects  execution test
FAIL: c-c++-common/asan/pr63888.c   -O0  execution test
FAIL: c-c++-common/asan/pr63888.c   -O1  execution test
FAIL: c-c++-common/asan/pr63888.c   -O2  execution test
FAIL: c-c++-common/asan/pr63888.c   -O2 -flto -fno-use-linker-plugin -flto-partition=none  execution test
FAIL: c-c++-common/asan/pr63888.c   -O2 -flto -fuse-linker-plugin -fno-fat-lto-objects  execution test
FAIL: c-c++-common/asan/pr63888.c   -O3 -g  execution test
FAIL: c-c++-common/asan/pr63888.c   -Os  execution test
FAIL: c-c++-common/asan/pr70541.c   -O0  output pattern test
FAIL: c-c++-common/asan/pr70712.c   -O0  execution test
FAIL: c-c++-common/asan/pr70712.c   -O1  execution test
FAIL: c-c++-common/asan/pr70712.c   -O2  execution test
FAIL: c-c++-common/asan/pr70712.c   -O2 -flto -fno-use-linker-plugin -flto-partition=none  execution test
FAIL: c-c++-common/asan/pr70712.c   -O2 -flto -fuse-linker-plugin -fno-fat-lto-objects  execution test
FAIL: c-c++-common/asan/pr70712.c   -O3 -g  execution test
FAIL: c-c++-common/asan/pr70712.c   -Os  execution test
FAIL: c-c++-common/asan/pr71480.c   -O0  execution test
FAIL: c-c++-common/asan/pr71480.c   -O1  execution test
FAIL: c-c++-common/asan/pr71480.c   -O2  execution test
FAIL: c-c++-common/asan/pr71480.c   -O2 -flto -fno-use-linker-plugin -flto-partition=none  execution test
FAIL: c-c++-common/asan/pr71480.c   -O2 -flto -fuse-linker-plugin -fno-fat-lto-objects  execution test
FAIL: c-c++-common/asan/pr71480.c   -O3 -g  execution test
FAIL: c-c++-common/asan/pr71480.c   -Os  execution test
FAIL: c-c++-common/asan/pr79944.c   -O0  execution test
FAIL: c-c++-common/asan/pr79944.c   -O1  execution test
FAIL: c-c++-common/asan/pr79944.c   -O2  execution test
FAIL: c-c++-common/asan/pr79944.c   -O2 -flto -fno-use-linker-plugin -flto-partition=none  execution test
FAIL: c-c++-common/asan/pr79944.c   -O2 -flto -fuse-linker-plugin -fno-fat-lto-objects  execution test
FAIL: c-c++-common/asan/pr79944.c   -O3 -g  execution test
FAIL: c-c++-common/asan/pr79944.c   -Os  execution test
FAIL: c-c++-common/asan/pr80308.c   -O0  execution test
FAIL: c-c++-common/asan/pr80308.c   -O1  execution test
FAIL: c-c++-common/asan/pr80308.c   -O2  execution test
FAIL: c-c++-common/asan/pr80308.c   -O2 -flto -fno-use-linker-plugin -flto-partition=none  execution test
FAIL: c-c++-common/asan/pr80308.c   -O2 -flto -fuse-linker-plugin -fno-fat-lto-objects  execution test
FAIL: c-c++-common/asan/pr80308.c   -O3 -fomit-frame-pointer -funroll-loops -fpeel-loops -ftracer -finline-functions  execution test
FAIL: c-c++-common/asan/pr80308.c   -O3 -g  execution test
FAIL: c-c++-common/asan/pr80308.c   -Os  execution test
FAIL: c-c++-common/asan/rlimit-mmap-test-1.c   -O0  output pattern test
FAIL: c-c++-common/asan/sanity-check-pure-c-1.c   -O0  output pattern test
FAIL: c-c++-common/asan/sanity-check-pure-c-1.c   -O1  output pattern test
FAIL: c-c++-common/asan/sanity-check-pure-c-1.c   -O2  output pattern test
FAIL: c-c++-common/asan/sanity-check-pure-c-1.c   -O2 -flto -fno-use-linker-plugin -flto-partition=none  output pattern test
FAIL: c-c++-common/asan/sanity-check-pure-c-1.c   -O2 -flto -fuse-linker-plugin -fno-fat-lto-objects  output pattern test
FAIL: c-c++-common/asan/sanity-check-pure-c-1.c   -O3 -g  output pattern test
FAIL: c-c++-common/asan/sanity-check-pure-c-1.c   -Os  output pattern test
FAIL: c-c++-common/asan/stack-overflow-1.c   -O0  output pattern test
FAIL: c-c++-common/asan/stack-overflow-1.c   -O1  output pattern test
FAIL: c-c++-common/asan/stack-overflow-1.c   -O2  output pattern test
FAIL: c-c++-common/asan/stack-overflow-1.c   -O2 -flto -fno-use-linker-plugin -flto-partition=none  output pattern test
FAIL: c-c++-common/asan/stack-overflow-1.c   -O2 -flto -fuse-linker-plugin -fno-fat-lto-objects  output pattern test
FAIL: c-c++-common/asan/stack-overflow-1.c   -O3 -g  output pattern test
FAIL: c-c++-common/asan/stack-overflow-1.c   -Os  output pattern test
FAIL: c-c++-common/asan/strip-path-prefix-1.c   -O2  output pattern test
FAIL: c-c++-common/asan/strip-path-prefix-1.c   -O2 -flto -fno-use-linker-plugin -flto-partition=none  output pattern test
FAIL: c-c++-common/asan/strip-path-prefix-1.c   -O2 -flto -fuse-linker-plugin -fno-fat-lto-objects  output pattern test
FAIL: c-c++-common/asan/strlen-overflow-1.c   -O0  output pattern test
FAIL: c-c++-common/asan/strlen-overflow-1.c   -O1  output pattern test
FAIL: c-c++-common/asan/strlen-overflow-1.c   -O2  output pattern test
FAIL: c-c++-common/asan/strlen-overflow-1.c   -O3 -g  output pattern test
FAIL: c-c++-common/asan/strlen-overflow-1.c   -Os  output pattern test
FAIL: c-c++-common/asan/strncpy-overflow-1.c   -O0  output pattern test
FAIL: c-c++-common/asan/strncpy-overflow-1.c   -O1  output pattern test
FAIL: c-c++-common/asan/strncpy-overflow-1.c   -O2  output pattern test
FAIL: c-c++-common/asan/strncpy-overflow-1.c   -O2 -flto -fno-use-linker-plugin -flto-partition=none  output pattern test
FAIL: c-c++-common/asan/strncpy-overflow-1.c   -O2 -flto -fuse-linker-plugin -fno-fat-lto-objects  output pattern test
FAIL: c-c++-common/asan/strncpy-overflow-1.c   -O3 -g  output pattern test
FAIL: c-c++-common/asan/strncpy-overflow-1.c   -Os  output pattern test
FAIL: c-c++-common/asan/swapcontext-test-1.c   -O0  execution test
FAIL: c-c++-common/asan/swapcontext-test-1.c   -O1  execution test
FAIL: c-c++-common/asan/swapcontext-test-1.c   -O2  execution test
FAIL: c-c++-common/asan/swapcontext-test-1.c   -O2 -flto -fno-use-linker-plugin -flto-partition=none  execution test
FAIL: c-c++-common/asan/swapcontext-test-1.c   -O2 -flto -fuse-linker-plugin -fno-fat-lto-objects  execution test
FAIL: c-c++-common/asan/swapcontext-test-1.c   -O3 -fomit-frame-pointer -funroll-loops -fpeel-loops -ftracer -finline-functions  execution test
FAIL: c-c++-common/asan/swapcontext-test-1.c   -O3 -g  execution test
FAIL: c-c++-common/asan/swapcontext-test-1.c   -Os  execution test
FAIL: c-c++-common/asan/use-after-free-1.c   -O0  output pattern test
FAIL: c-c++-common/asan/use-after-free-1.c   -O1  output pattern test
FAIL: c-c++-common/asan/use-after-free-1.c   -O2  output pattern test
FAIL: c-c++-common/asan/use-after-free-1.c   -O2 -flto -fno-use-linker-plugin -flto-partition=none  output pattern test
FAIL: c-c++-common/asan/use-after-free-1.c   -O2 -flto -fuse-linker-plugin -fno-fat-lto-objects  output pattern test
FAIL: c-c++-common/asan/use-after-free-1.c   -O3 -g  output pattern test
FAIL: c-c++-common/asan/use-after-free-1.c   -Os  output pattern test
FAIL: c-c++-common/asan/use-after-return-1.c   -O0  output pattern test
FAIL: c-c++-common/asan/use-after-return-1.c   -O1  output pattern test
FAIL: c-c++-common/asan/use-after-return-1.c   -O2  output pattern test
FAIL: c-c++-common/asan/use-after-return-1.c   -O2 -flto -fno-use-linker-plugin -flto-partition=none  output pattern test
FAIL: c-c++-common/asan/use-after-return-1.c   -O2 -flto -fuse-linker-plugin -fno-fat-lto-objects  output pattern test
FAIL: c-c++-common/asan/use-after-return-1.c   -O3 -g  output pattern test
FAIL: c-c++-common/asan/use-after-return-1.c   -Os  output pattern test
FAIL: gcc.dg/asan/nosanitize-and-inline.c   -O0  execution test
FAIL: gcc.dg/asan/nosanitize-and-inline.c   -O1  execution test
FAIL: gcc.dg/asan/nosanitize-and-inline.c   -O2  execution test
FAIL: gcc.dg/asan/nosanitize-and-inline.c   -O2 -flto -fno-use-linker-plugin -flto-partition=none  execution test
FAIL: gcc.dg/asan/nosanitize-and-inline.c   -O2 -flto -fuse-linker-plugin -fno-fat-lto-objects  execution test
FAIL: gcc.dg/asan/nosanitize-and-inline.c   -O3 -fomit-frame-pointer -funroll-loops -fpeel-loops -ftracer -finline-functions  execution test
FAIL: gcc.dg/asan/nosanitize-and-inline.c   -O3 -g  execution test
FAIL: gcc.dg/asan/nosanitize-and-inline.c   -Os  execution test
FAIL: gcc.dg/asan/pr78541.c   -O0  output pattern test
FAIL: gcc.dg/asan/pr78541.c   -O1  output pattern test
FAIL: gcc.dg/asan/pr78541.c   -O2  output pattern test
FAIL: gcc.dg/asan/pr78541.c   -O2 -flto -fno-use-linker-plugin -flto-partition=none  output pattern test
FAIL: gcc.dg/asan/pr78541.c   -O2 -flto -fuse-linker-plugin -fno-fat-lto-objects  output pattern test
FAIL: gcc.dg/asan/pr78541.c   -O3 -g  output pattern test
FAIL: gcc.dg/asan/pr78541.c   -Os  output pattern test
FAIL: gcc.dg/asan/pr79196.c   -O0  execution test
FAIL: gcc.dg/asan/pr79196.c   -O1  execution test
FAIL: gcc.dg/asan/pr79196.c   -O2  execution test
FAIL: gcc.dg/asan/pr79196.c   -O2 -flto -fno-use-linker-plugin -flto-partition=none  execution test
FAIL: gcc.dg/asan/pr79196.c   -O2 -flto -fuse-linker-plugin -fno-fat-lto-objects  execution test
FAIL: gcc.dg/asan/pr79196.c   -O3 -g  execution test
FAIL: gcc.dg/asan/pr79196.c   -Os  execution test
FAIL: gcc.dg/asan/pr80166.c   -O0  execution test
FAIL: gcc.dg/asan/pr80166.c   -O1  execution test
FAIL: gcc.dg/asan/pr80166.c   -O2  execution test
FAIL: gcc.dg/asan/pr80166.c   -O2 -flto -fno-use-linker-plugin -flto-partition=none  execution test
FAIL: gcc.dg/asan/pr80166.c   -O2 -flto -fuse-linker-plugin -fno-fat-lto-objects  execution test
FAIL: gcc.dg/asan/pr80166.c   -O3 -g  execution test
FAIL: gcc.dg/asan/pr80166.c   -Os  execution test
FAIL: gcc.dg/asan/pr81186.c   -O0  execution test
FAIL: gcc.dg/asan/pr81186.c   -O1  execution test
FAIL: gcc.dg/asan/pr81186.c   -O2  execution test
FAIL: gcc.dg/asan/pr81186.c   -O2 -flto -fno-use-linker-plugin -flto-partition=none  execution test
FAIL: gcc.dg/asan/pr81186.c   -O2 -flto -fuse-linker-plugin -fno-fat-lto-objects  execution test
FAIL: gcc.dg/asan/pr81186.c   -O3 -g  execution test
FAIL: gcc.dg/asan/pr81186.c   -Os  execution test
FAIL: gcc.dg/asan/use-after-scope-1.c   -O0  output pattern test
FAIL: gcc.dg/asan/use-after-scope-1.c   -O1  output pattern test
FAIL: gcc.dg/asan/use-after-scope-1.c   -O2  output pattern test
FAIL: gcc.dg/asan/use-after-scope-1.c   -O2 -flto -fno-use-linker-plugin -flto-partition=none  output pattern test
FAIL: gcc.dg/asan/use-after-scope-1.c   -O2 -flto -fuse-linker-plugin -fno-fat-lto-objects  output pattern test
FAIL: gcc.dg/asan/use-after-scope-1.c   -O3 -g  output pattern test
FAIL: gcc.dg/asan/use-after-scope-1.c   -Os  output pattern test
FAIL: gcc.dg/asan/use-after-scope-10.c   -O2  output pattern test
FAIL: gcc.dg/asan/use-after-scope-10.c   -O2 -flto -fno-use-linker-plugin -flto-partition=none  output pattern test
FAIL: gcc.dg/asan/use-after-scope-10.c   -O2 -flto -fuse-linker-plugin -fno-fat-lto-objects  output pattern test
FAIL: gcc.dg/asan/use-after-scope-11.c   -O0  execution test
FAIL: gcc.dg/asan/use-after-scope-11.c   -O1  execution test
FAIL: gcc.dg/asan/use-after-scope-11.c   -O2  execution test
FAIL: gcc.dg/asan/use-after-scope-11.c   -O2 -flto -fno-use-linker-plugin -flto-partition=none  execution test
FAIL: gcc.dg/asan/use-after-scope-11.c   -O2 -flto -fuse-linker-plugin -fno-fat-lto-objects  execution test
FAIL: gcc.dg/asan/use-after-scope-11.c   -O3 -fomit-frame-pointer -funroll-loops -fpeel-loops -ftracer -finline-functions  execution test
FAIL: gcc.dg/asan/use-after-scope-11.c   -O3 -g  execution test
FAIL: gcc.dg/asan/use-after-scope-11.c   -Os  execution test
FAIL: gcc.dg/asan/use-after-scope-2.c   -O0  output pattern test
FAIL: gcc.dg/asan/use-after-scope-2.c   -O1  output pattern test
FAIL: gcc.dg/asan/use-after-scope-2.c   -O2  output pattern test
FAIL: gcc.dg/asan/use-after-scope-2.c   -O2 -flto -fno-use-linker-plugin -flto-partition=none  output pattern test
FAIL: gcc.dg/asan/use-after-scope-2.c   -O2 -flto -fuse-linker-plugin -fno-fat-lto-objects  output pattern test
FAIL: gcc.dg/asan/use-after-scope-2.c   -O3 -g  output pattern test
FAIL: gcc.dg/asan/use-after-scope-2.c   -Os  output pattern test
FAIL: gcc.dg/asan/use-after-scope-3.c   -O0  output pattern test
FAIL: gcc.dg/asan/use-after-scope-4.c   -O0  execution test
FAIL: gcc.dg/asan/use-after-scope-4.c   -O1  execution test
FAIL: gcc.dg/asan/use-after-scope-4.c   -O2  execution test
FAIL: gcc.dg/asan/use-after-scope-4.c   -O2 -flto -fno-use-linker-plugin -flto-partition=none  execution test
FAIL: gcc.dg/asan/use-after-scope-4.c   -O2 -flto -fuse-linker-plugin -fno-fat-lto-objects  execution test
FAIL: gcc.dg/asan/use-after-scope-4.c   -O3 -g  execution test
FAIL: gcc.dg/asan/use-after-scope-4.c   -Os  execution test
FAIL: gcc.dg/asan/use-after-scope-5.c   -O0  output pattern test
FAIL: gcc.dg/asan/use-after-scope-5.c   -O1  output pattern test
FAIL: gcc.dg/asan/use-after-scope-5.c   -O2  output pattern test
FAIL: gcc.dg/asan/use-after-scope-5.c   -O2 -flto -fno-use-linker-plugin -flto-partition=none  output pattern test
FAIL: gcc.dg/asan/use-after-scope-5.c   -O2 -flto -fuse-linker-plugin -fno-fat-lto-objects  output pattern test
FAIL: gcc.dg/asan/use-after-scope-5.c   -O3 -fomit-frame-pointer -funroll-loops -fpeel-loops -ftracer -finline-functions  output pattern test
FAIL: gcc.dg/asan/use-after-scope-5.c   -O3 -g  output pattern test
FAIL: gcc.dg/asan/use-after-scope-5.c   -Os  output pattern test
FAIL: gcc.dg/asan/use-after-scope-6.c   -O0  execution test
FAIL: gcc.dg/asan/use-after-scope-6.c   -O1  execution test
FAIL: gcc.dg/asan/use-after-scope-6.c   -O2  execution test
FAIL: gcc.dg/asan/use-after-scope-6.c   -O2 -flto -fno-use-linker-plugin -flto-partition=none  execution test
FAIL: gcc.dg/asan/use-after-scope-6.c   -O2 -flto -fuse-linker-plugin -fno-fat-lto-objects  execution test
FAIL: gcc.dg/asan/use-after-scope-6.c   -O3 -g  execution test
FAIL: gcc.dg/asan/use-after-scope-6.c   -Os  execution test
FAIL: gcc.dg/asan/use-after-scope-7.c   -O0  execution test
FAIL: gcc.dg/asan/use-after-scope-7.c   -O1  execution test
FAIL: gcc.dg/asan/use-after-scope-7.c   -O2  execution test
FAIL: gcc.dg/asan/use-after-scope-7.c   -O2 -flto -fno-use-linker-plugin -flto-partition=none  execution test
FAIL: gcc.dg/asan/use-after-scope-7.c   -O2 -flto -fuse-linker-plugin -fno-fat-lto-objects  execution test
FAIL: gcc.dg/asan/use-after-scope-7.c   -O3 -g  execution test
FAIL: gcc.dg/asan/use-after-scope-7.c   -Os  execution test
FAIL: gcc.dg/asan/use-after-scope-9.c   -O2  output pattern test
FAIL: gcc.dg/asan/use-after-scope-9.c   -O2 -flto -fno-use-linker-plugin -flto-partition=none  output pattern test
FAIL: gcc.dg/asan/use-after-scope-9.c   -O2 -flto -fuse-linker-plugin -fno-fat-lto-objects  output pattern test
FAIL: gcc.dg/asan/use-after-scope-goto-1.c   -O0  execution test
FAIL: gcc.dg/asan/use-after-scope-goto-2.c   -O0  execution test
FAIL: gcc.dg/asan/use-after-scope-switch-1.c   -O0  execution test
FAIL: gcc.dg/asan/use-after-scope-switch-1.c   -O1  execution test
FAIL: gcc.dg/asan/use-after-scope-switch-1.c   -O2  execution test
FAIL: gcc.dg/asan/use-after-scope-switch-1.c   -O2 -flto -fno-use-linker-plugin -flto-partition=none  execution test
FAIL: gcc.dg/asan/use-after-scope-switch-1.c   -O2 -flto -fuse-linker-plugin -fno-fat-lto-objects  execution test
FAIL: gcc.dg/asan/use-after-scope-switch-1.c   -O3 -fomit-frame-pointer -funroll-loops -fpeel-loops -ftracer -finline-functions  execution test
FAIL: gcc.dg/asan/use-after-scope-switch-1.c   -O3 -g  execution test
FAIL: gcc.dg/asan/use-after-scope-switch-1.c   -Os  execution test
FAIL: gcc.dg/asan/use-after-scope-switch-2.c   -O0  execution test
FAIL: gcc.dg/asan/use-after-scope-switch-2.c   -O1  execution test
FAIL: gcc.dg/asan/use-after-scope-switch-2.c   -O2  execution test
FAIL: gcc.dg/asan/use-after-scope-switch-2.c   -O2 -flto -fno-use-linker-plugin -flto-partition=none  execution test
FAIL: gcc.dg/asan/use-after-scope-switch-2.c   -O2 -flto -fuse-linker-plugin -fno-fat-lto-objects  execution test
FAIL: gcc.dg/asan/use-after-scope-switch-2.c   -O3 -fomit-frame-pointer -funroll-loops -fpeel-loops -ftracer -finline-functions  execution test
FAIL: gcc.dg/asan/use-after-scope-switch-2.c   -O3 -g  execution test
FAIL: gcc.dg/asan/use-after-scope-switch-2.c   -Os  execution test
FAIL: gcc.dg/asan/use-after-scope-switch-3.c   -O0  execution test
FAIL: gcc.dg/asan/use-after-scope-switch-3.c   -O1  execution test
FAIL: gcc.dg/asan/use-after-scope-switch-3.c   -O2  execution test
FAIL: gcc.dg/asan/use-after-scope-switch-3.c   -O2 -flto -fno-use-linker-plugin -flto-partition=none  execution test
FAIL: gcc.dg/asan/use-after-scope-switch-3.c   -O2 -flto -fuse-linker-plugin -fno-fat-lto-objects  execution test
FAIL: gcc.dg/asan/use-after-scope-switch-3.c   -O3 -fomit-frame-pointer -funroll-loops -fpeel-loops -ftracer -finline-functions  execution test
FAIL: gcc.dg/asan/use-after-scope-switch-3.c   -O3 -g  execution test
FAIL: gcc.dg/asan/use-after-scope-switch-3.c   -Os  execution test
FAIL: gcc.dg/asan/use-after-scope-switch-4.c   -O0  execution test
FAIL: gcc.dg/asan/use-after-scope-switch-4.c   -O1  execution test
FAIL: gcc.dg/asan/use-after-scope-switch-4.c   -O2  execution test
FAIL: gcc.dg/asan/use-after-scope-switch-4.c   -O2 -flto -fno-use-linker-plugin -flto-partition=none  execution test
FAIL: gcc.dg/asan/use-after-scope-switch-4.c   -O2 -flto -fuse-linker-plugin -fno-fat-lto-objects  execution test
FAIL: gcc.dg/asan/use-after-scope-switch-4.c   -O3 -fomit-frame-pointer -funroll-loops -fpeel-loops -ftracer -finline-functions  execution test
FAIL: gcc.dg/asan/use-after-scope-switch-4.c   -O3 -g  execution test
FAIL: gcc.dg/asan/use-after-scope-switch-4.c   -Os  execution test
XPASS: gcc.dg/guality/example.c   -O0  execution test
XPASS: gcc.dg/guality/example.c   -O1  execution test
XPASS: gcc.dg/guality/guality.c   -O0  execution test
XPASS: gcc.dg/guality/guality.c   -O1  execution test
XPASS: gcc.dg/guality/guality.c   -O2  execution test
XPASS: gcc.dg/guality/guality.c   -O2 -flto -fno-use-linker-plugin -flto-partition=none  execution test
XPASS: gcc.dg/guality/guality.c   -O2 -flto -fuse-linker-plugin -fno-fat-lto-objects  execution test
XPASS: gcc.dg/guality/guality.c   -O3 -g  execution test
XPASS: gcc.dg/guality/guality.c   -Os  execution test
XPASS: gcc.dg/guality/inline-params.c   -O2  execution test
XPASS: gcc.dg/guality/inline-params.c   -O2 -flto -fno-use-linker-plugin -flto-partition=none  execution test
XPASS: gcc.dg/guality/inline-params.c   -O3 -g  execution test
XPASS: gcc.dg/guality/inline-params.c   -Os  execution test
XPASS: gcc.dg/guality/pr41353-1.c   -O0  line 28 j == 28 + 37
XPASS: gcc.dg/guality/pr41353-1.c   -O1  line 28 j == 28 + 37
XPASS: gcc.dg/guality/pr41353-1.c   -O2  line 28 j == 28 + 37
XPASS: gcc.dg/guality/pr41353-1.c   -O2 -flto -fno-use-linker-plugin -flto-partition=none  line 28 j == 28 + 37
XPASS: gcc.dg/guality/pr41353-1.c   -O2 -flto -fuse-linker-plugin -fno-fat-lto-objects  line 28 j == 28 + 37
XPASS: gcc.dg/guality/pr41353-1.c   -O3 -g  line 28 j == 28 + 37
XPASS: gcc.dg/guality/pr41353-1.c   -Os  line 28 j == 28 + 37
FAIL: gcc.dg/guality/pr41447-1.c   -O2  execution test
FAIL: gcc.dg/guality/pr41447-1.c   -O2 -flto -fno-use-linker-plugin -flto-partition=none  execution test
FAIL: gcc.dg/guality/pr41447-1.c   -O3 -g  execution test
FAIL: gcc.dg/guality/pr41616-1.c   -O2 -flto -fuse-linker-plugin -fno-fat-lto-objects  execution test
FAIL: gcc.dg/guality/pr45882.c   -O2 -flto -fuse-linker-plugin -fno-fat-lto-objects  line 16 d == 112
FAIL: gcc.dg/guality/pr45882.c   -O2 -flto -fuse-linker-plugin -fno-fat-lto-objects  line 16 e == 142
FAIL: gcc.dg/guality/pr54519-1.c   -O2 -flto -fno-use-linker-plugin -flto-partition=none  line 20 y == 25
FAIL: gcc.dg/guality/pr54519-1.c   -O2 -flto -fno-use-linker-plugin -flto-partition=none  line 20 z == 6
FAIL: gcc.dg/guality/pr54519-1.c   -O2 -flto -fno-use-linker-plugin -flto-partition=none  line 23 y == 117
FAIL: gcc.dg/guality/pr54519-1.c   -O2 -flto -fno-use-linker-plugin -flto-partition=none  line 23 z == 8
FAIL: gcc.dg/guality/pr54519-2.c   -O2 -flto -fno-use-linker-plugin -flto-partition=none  line 17 y == 25
FAIL: gcc.dg/guality/pr54519-2.c   -O2 -flto -fuse-linker-plugin -fno-fat-lto-objects  line 17 y == 25
FAIL: gcc.dg/guality/pr54519-3.c   -O2 -flto -fno-use-linker-plugin -flto-partition=none  line 20 y == 25
FAIL: gcc.dg/guality/pr54519-3.c   -O2 -flto -fno-use-linker-plugin -flto-partition=none  line 20 z == 6
FAIL: gcc.dg/guality/pr54519-3.c   -O2 -flto -fno-use-linker-plugin -flto-partition=none  line 23 y == 117
FAIL: gcc.dg/guality/pr54519-3.c   -O2 -flto -fno-use-linker-plugin -flto-partition=none  line 23 z == 8
FAIL: gcc.dg/guality/pr54519-3.c   -O2 -flto -fuse-linker-plugin -fno-fat-lto-objects  line 20 y == 25
FAIL: gcc.dg/guality/pr54519-3.c   -O2 -flto -fuse-linker-plugin -fno-fat-lto-objects  line 20 z == 6
FAIL: gcc.dg/guality/pr54519-3.c   -O2 -flto -fuse-linker-plugin -fno-fat-lto-objects  line 23 y == 117
FAIL: gcc.dg/guality/pr54519-3.c   -O2 -flto -fuse-linker-plugin -fno-fat-lto-objects  line 23 z == 8
FAIL: gcc.dg/guality/pr54519-4.c   -O2 -flto -fno-use-linker-plugin -flto-partition=none  line 17 y == 25
FAIL: gcc.dg/guality/pr54519-4.c   -O2 -flto -fuse-linker-plugin -fno-fat-lto-objects  line 17 y == 25
FAIL: gcc.dg/guality/pr54519-5.c   -O2 -flto -fno-use-linker-plugin -flto-partition=none  line 17 y == 25
FAIL: gcc.dg/guality/pr54519-5.c   -O2 -flto -fuse-linker-plugin -fno-fat-lto-objects  line 17 y == 25
FAIL: gcc.dg/guality/pr68860-1.c   -O2 -flto -fno-use-linker-plugin -flto-partition=none  line 14 arg1 == 1
FAIL: gcc.dg/guality/pr68860-1.c   -O2 -flto -fno-use-linker-plugin -flto-partition=none  line 14 arg2 == 2
FAIL: gcc.dg/guality/pr68860-1.c   -O2 -flto -fno-use-linker-plugin -flto-partition=none  line 14 arg3 == 3
FAIL: gcc.dg/guality/pr68860-1.c   -O2 -flto -fno-use-linker-plugin -flto-partition=none  line 14 arg4 == 4
FAIL: gcc.dg/guality/pr68860-1.c   -O2 -flto -fno-use-linker-plugin -flto-partition=none  line 14 arg5 == 5
FAIL: gcc.dg/guality/pr68860-1.c   -O2 -flto -fno-use-linker-plugin -flto-partition=none  line 14 arg6 == 6
FAIL: gcc.dg/guality/pr68860-1.c   -O2 -flto -fno-use-linker-plugin -flto-partition=none  line 16 arg1 == 1
FAIL: gcc.dg/guality/pr68860-1.c   -O2 -flto -fno-use-linker-plugin -flto-partition=none  line 16 arg2 == 2
FAIL: gcc.dg/guality/pr68860-1.c   -O2 -flto -fno-use-linker-plugin -flto-partition=none  line 16 arg3 == 3
FAIL: gcc.dg/guality/pr68860-1.c   -O2 -flto -fno-use-linker-plugin -flto-partition=none  line 16 arg4 == 4
FAIL: gcc.dg/guality/pr68860-1.c   -O2 -flto -fno-use-linker-plugin -flto-partition=none  line 16 arg5 == 5
FAIL: gcc.dg/guality/pr68860-1.c   -O2 -flto -fno-use-linker-plugin -flto-partition=none  line 16 arg6 == 6
FAIL: gcc.dg/guality/pr68860-1.c   -O2 -flto -fuse-linker-plugin -fno-fat-lto-objects  line 14 arg1 == 1
FAIL: gcc.dg/guality/pr68860-1.c   -O2 -flto -fuse-linker-plugin -fno-fat-lto-objects  line 14 arg2 == 2
FAIL: gcc.dg/guality/pr68860-1.c   -O2 -flto -fuse-linker-plugin -fno-fat-lto-objects  line 14 arg3 == 3
FAIL: gcc.dg/guality/pr68860-1.c   -O2 -flto -fuse-linker-plugin -fno-fat-lto-objects  line 14 arg4 == 4
FAIL: gcc.dg/guality/pr68860-1.c   -O2 -flto -fuse-linker-plugin -fno-fat-lto-objects  line 14 arg5 == 5
FAIL: gcc.dg/guality/pr68860-1.c   -O2 -flto -fuse-linker-plugin -fno-fat-lto-objects  line 14 arg6 == 6
FAIL: gcc.dg/guality/pr68860-1.c   -O2 -flto -fuse-linker-plugin -fno-fat-lto-objects  line 16 arg1 == 1
FAIL: gcc.dg/guality/pr68860-1.c   -O2 -flto -fuse-linker-plugin -fno-fat-lto-objects  line 16 arg2 == 2
FAIL: gcc.dg/guality/pr68860-1.c   -O2 -flto -fuse-linker-plugin -fno-fat-lto-objects  line 16 arg3 == 3
FAIL: gcc.dg/guality/pr68860-1.c   -O2 -flto -fuse-linker-plugin -fno-fat-lto-objects  line 16 arg4 == 4
FAIL: gcc.dg/guality/pr68860-1.c   -O2 -flto -fuse-linker-plugin -fno-fat-lto-objects  line 16 arg5 == 5
FAIL: gcc.dg/guality/pr68860-1.c   -O2 -flto -fuse-linker-plugin -fno-fat-lto-objects  line 16 arg6 == 6
FAIL: gcc.dg/guality/vla-1.c   -O1  line 17 sizeof (a) == 6
FAIL: gcc.dg/guality/vla-1.c   -O2  line 17 sizeof (a) == 6
FAIL: gcc.dg/guality/vla-1.c   -O2 -flto -fno-use-linker-plugin -flto-partition=none  line 17 sizeof (a) == 6
FAIL: gcc.dg/guality/vla-1.c   -O2 -flto -fuse-linker-plugin -fno-fat-lto-objects  line 17 sizeof (a) == 6
FAIL: gcc.dg/guality/vla-1.c   -O3 -g  line 17 sizeof (a) == 6
FAIL: gcc.dg/guality/vla-1.c   -Os  line 17 sizeof (a) == 6

		=== gcc Summary for unix/-m32 ===

# of expected passes		131594
# of unexpected failures	400
# of unexpected successes	20
# of expected failures		383
# of unsupported tests		2331

		=== gcc Summary ===

# of expected passes		265701
# of unexpected failures	454
# of unexpected successes	42
# of expected failures		760
# of unsupported tests		4507
/export/gnu/import/git/gcc-test/bld/gcc/xgcc  version 7.3.1 20180526 [gcc-7-branch revision 260787] (GCC) 

		=== gfortran tests ===


Running target unix

		=== gfortran Summary for unix ===

# of expected passes		45701
# of expected failures		87
# of unsupported tests		74

Running target unix/-m32
FAIL: gfortran.dg/bessel_6.f90   -O0  execution test
FAIL: gfortran.dg/bessel_6.f90   -O1  execution test
FAIL: gfortran.dg/bessel_6.f90   -O2  execution test
FAIL: gfortran.dg/bessel_6.f90   -O3 -fomit-frame-pointer -funroll-loops -fpeel-loops -ftracer -finline-functions  execution test
FAIL: gfortran.dg/bessel_6.f90   -O3 -g  execution test
FAIL: gfortran.dg/bessel_6.f90   -Os  execution test

		=== gfortran Summary for unix/-m32 ===

# of expected passes		45478
# of unexpected failures	6
# of expected failures		87
# of unsupported tests		177

		=== gfortran Summary ===

# of expected passes		91179
# of unexpected failures	6
# of expected failures		174
# of unsupported tests		251
/export/gnu/import/git/gcc-test/bld/gcc/gfortran  version 7.3.1 20180526 [gcc-7-branch revision 260787] (GCC) 

		=== g++ tests ===


Running target unix
FAIL: g++.dg/guality/pr55665.C   -O2  line 23 p == 40
FAIL: g++.dg/guality/pr55665.C   -O3 -g  line 23 p == 40

		=== g++ Summary for unix ===

# of expected passes		115247
# of unexpected failures	2
# of expected failures		392
# of unsupported tests		4439

Running target unix/-m32
FAIL: c-c++-common/asan/asan-interface-1.c   -O0  execution test
FAIL: c-c++-common/asan/asan-interface-1.c   -O1  execution test
FAIL: c-c++-common/asan/asan-interface-1.c   -O2  execution test
FAIL: c-c++-common/asan/asan-interface-1.c   -O2 -flto -fno-use-linker-plugin -flto-partition=none  execution test
FAIL: c-c++-common/asan/asan-interface-1.c   -O2 -flto -fuse-linker-plugin -fno-fat-lto-objects  execution test
FAIL: c-c++-common/asan/asan-interface-1.c   -O3 -g  execution test
FAIL: c-c++-common/asan/asan-interface-1.c   -Os  execution test
FAIL: c-c++-common/asan/bitfield-1.c   -O0  output pattern test
FAIL: c-c++-common/asan/bitfield-1.c   -O1  output pattern test
FAIL: c-c++-common/asan/bitfield-1.c   -O2  output pattern test
FAIL: c-c++-common/asan/bitfield-1.c   -O2 -flto -fno-use-linker-plugin -flto-partition=none  output pattern test
FAIL: c-c++-common/asan/bitfield-1.c   -O2 -flto -fuse-linker-plugin -fno-fat-lto-objects  output pattern test
FAIL: c-c++-common/asan/bitfield-1.c   -O3 -g  output pattern test
FAIL: c-c++-common/asan/bitfield-1.c   -Os  output pattern test
FAIL: c-c++-common/asan/bitfield-2.c   -O0  output pattern test
FAIL: c-c++-common/asan/bitfield-2.c   -O1  output pattern test
FAIL: c-c++-common/asan/bitfield-2.c   -O2  output pattern test
FAIL: c-c++-common/asan/bitfield-2.c   -O2 -flto -fno-use-linker-plugin -flto-partition=none  output pattern test
FAIL: c-c++-common/asan/bitfield-2.c   -O2 -flto -fuse-linker-plugin -fno-fat-lto-objects  output pattern test
FAIL: c-c++-common/asan/bitfield-2.c   -O3 -g  output pattern test
FAIL: c-c++-common/asan/bitfield-2.c   -Os  output pattern test
FAIL: c-c++-common/asan/bitfield-3.c   -O0  output pattern test
FAIL: c-c++-common/asan/bitfield-3.c   -O1  output pattern test
FAIL: c-c++-common/asan/bitfield-3.c   -O2  output pattern test
FAIL: c-c++-common/asan/bitfield-3.c   -O2 -flto -fno-use-linker-plugin -flto-partition=none  output pattern test
FAIL: c-c++-common/asan/bitfield-3.c   -O2 -flto -fuse-linker-plugin -fno-fat-lto-objects  output pattern test
FAIL: c-c++-common/asan/bitfield-3.c   -O3 -g  output pattern test
FAIL: c-c++-common/asan/bitfield-3.c   -Os  output pattern test
FAIL: c-c++-common/asan/bitfield-4.c   -O0  output pattern test
FAIL: c-c++-common/asan/bitfield-4.c   -O1  output pattern test
FAIL: c-c++-common/asan/bitfield-4.c   -O2  output pattern test
FAIL: c-c++-common/asan/bitfield-4.c   -O2 -flto -fno-use-linker-plugin -flto-partition=none  output pattern test
FAIL: c-c++-common/asan/bitfield-4.c   -O2 -flto -fuse-linker-plugin -fno-fat-lto-objects  output pattern test
FAIL: c-c++-common/asan/bitfield-4.c   -O3 -g  output pattern test
FAIL: c-c++-common/asan/bitfield-4.c   -Os  output pattern test
FAIL: c-c++-common/asan/bitfield-5.c   -O0  output pattern test
FAIL: c-c++-common/asan/bitfield-5.c   -O1  output pattern test
FAIL: c-c++-common/asan/bitfield-5.c   -O2  output pattern test
FAIL: c-c++-common/asan/bitfield-5.c   -O2 -flto -fno-use-linker-plugin -flto-partition=none  output pattern test
FAIL: c-c++-common/asan/bitfield-5.c   -O2 -flto -fuse-linker-plugin -fno-fat-lto-objects  output pattern test
FAIL: c-c++-common/asan/bitfield-5.c   -O3 -g  output pattern test
FAIL: c-c++-common/asan/bitfield-5.c   -Os  output pattern test
FAIL: c-c++-common/asan/clone-test-1.c   -O0  execution test
FAIL: c-c++-common/asan/clone-test-1.c   -O1  execution test
FAIL: c-c++-common/asan/clone-test-1.c   -O2  execution test
FAIL: c-c++-common/asan/clone-test-1.c   -O2 -flto -fno-use-linker-plugin -flto-partition=none  execution test
FAIL: c-c++-common/asan/clone-test-1.c   -O2 -flto -fuse-linker-plugin -fno-fat-lto-objects  execution test
FAIL: c-c++-common/asan/clone-test-1.c   -O3 -fomit-frame-pointer -funroll-loops -fpeel-loops -ftracer -finline-functions  execution test
FAIL: c-c++-common/asan/clone-test-1.c   -O3 -g  execution test
FAIL: c-c++-common/asan/clone-test-1.c   -Os  execution test
FAIL: c-c++-common/asan/global-overflow-1.c   -O0  output pattern test
FAIL: c-c++-common/asan/global-overflow-1.c   -O1  output pattern test
FAIL: c-c++-common/asan/global-overflow-1.c   -O2  output pattern test
FAIL: c-c++-common/asan/global-overflow-1.c   -O2 -flto -fno-use-linker-plugin -flto-partition=none  output pattern test
FAIL: c-c++-common/asan/global-overflow-1.c   -O2 -flto -fuse-linker-plugin -fno-fat-lto-objects  output pattern test
FAIL: c-c++-common/asan/global-overflow-1.c   -O3 -g  output pattern test
FAIL: c-c++-common/asan/global-overflow-1.c   -Os  output pattern test
FAIL: c-c++-common/asan/halt_on_error-1.c   -O0  execution test
FAIL: c-c++-common/asan/halt_on_error-1.c   -O1  execution test
FAIL: c-c++-common/asan/halt_on_error-1.c   -O2  execution test
FAIL: c-c++-common/asan/halt_on_error-1.c   -O2 -flto -fno-use-linker-plugin -flto-partition=none  execution test
FAIL: c-c++-common/asan/halt_on_error-1.c   -O2 -flto -fuse-linker-plugin -fno-fat-lto-objects  execution test
FAIL: c-c++-common/asan/halt_on_error-1.c   -O3 -g  execution test
FAIL: c-c++-common/asan/halt_on_error-1.c   -Os  execution test
FAIL: c-c++-common/asan/halt_on_error-2.c   -O0  output pattern test
FAIL: c-c++-common/asan/halt_on_error-2.c   -O1  output pattern test
FAIL: c-c++-common/asan/halt_on_error-2.c   -O2  output pattern test
FAIL: c-c++-common/asan/halt_on_error-2.c   -O2 -flto -fno-use-linker-plugin -flto-partition=none  output pattern test
FAIL: c-c++-common/asan/halt_on_error-2.c   -O2 -flto -fuse-linker-plugin -fno-fat-lto-objects  output pattern test
FAIL: c-c++-common/asan/halt_on_error-2.c   -O3 -g  output pattern test
FAIL: c-c++-common/asan/halt_on_error-2.c   -Os  output pattern test
FAIL: c-c++-common/asan/heap-overflow-1.c   -O0  output pattern test
FAIL: c-c++-common/asan/heap-overflow-1.c   -O1  output pattern test
FAIL: c-c++-common/asan/heap-overflow-1.c   -O2  output pattern test
FAIL: c-c++-common/asan/heap-overflow-1.c   -O2 -flto -fno-use-linker-plugin -flto-partition=none  output pattern test
FAIL: c-c++-common/asan/heap-overflow-1.c   -O2 -flto -fuse-linker-plugin -fno-fat-lto-objects  output pattern test
FAIL: c-c++-common/asan/heap-overflow-1.c   -O3 -g  output pattern test
FAIL: c-c++-common/asan/heap-overflow-1.c   -Os  output pattern test
FAIL: c-c++-common/asan/memcmp-1.c   -O0  output pattern test
FAIL: c-c++-common/asan/memcmp-1.c   -O1  output pattern test
FAIL: c-c++-common/asan/memcmp-1.c   -O2  output pattern test
FAIL: c-c++-common/asan/memcmp-1.c   -O2 -flto -fno-use-linker-plugin -flto-partition=none  output pattern test
FAIL: c-c++-common/asan/memcmp-1.c   -O2 -flto -fuse-linker-plugin -fno-fat-lto-objects  output pattern test
FAIL: c-c++-common/asan/memcmp-1.c   -O3 -g  output pattern test
FAIL: c-c++-common/asan/memcmp-1.c   -Os  output pattern test
FAIL: c-c++-common/asan/misalign-1.c   -O2  output pattern test
FAIL: c-c++-common/asan/misalign-1.c   -O2 -flto -fno-use-linker-plugin -flto-partition=none  output pattern test
FAIL: c-c++-common/asan/misalign-1.c   -O2 -flto -fuse-linker-plugin -fno-fat-lto-objects  output pattern test
FAIL: c-c++-common/asan/misalign-2.c   -O2  output pattern test
FAIL: c-c++-common/asan/misalign-2.c   -O2 -flto -fno-use-linker-plugin -flto-partition=none  output pattern test
FAIL: c-c++-common/asan/misalign-2.c   -O2 -flto -fuse-linker-plugin -fno-fat-lto-objects  output pattern test
FAIL: c-c++-common/asan/null-deref-1.c   -O0  output pattern test
FAIL: c-c++-common/asan/null-deref-1.c   -O1  output pattern test
FAIL: c-c++-common/asan/null-deref-1.c   -O2  output pattern test
FAIL: c-c++-common/asan/null-deref-1.c   -O2 -flto -fno-use-linker-plugin -flto-partition=none  output pattern test
FAIL: c-c++-common/asan/null-deref-1.c   -O2 -flto -fuse-linker-plugin -fno-fat-lto-objects  output pattern test
FAIL: c-c++-common/asan/null-deref-1.c   -O3 -g  output pattern test
FAIL: c-c++-common/asan/null-deref-1.c   -Os  output pattern test
FAIL: c-c++-common/asan/pr59063-1.c   -O0  execution test
FAIL: c-c++-common/asan/pr59063-1.c   -O1  execution test
FAIL: c-c++-common/asan/pr59063-1.c   -O2  execution test
FAIL: c-c++-common/asan/pr59063-1.c   -O2 -flto -fno-use-linker-plugin -flto-partition=none  execution test
FAIL: c-c++-common/asan/pr59063-1.c   -O2 -flto -fuse-linker-plugin -fno-fat-lto-objects  execution test
FAIL: c-c++-common/asan/pr59063-1.c   -O3 -g  execution test
FAIL: c-c++-common/asan/pr59063-1.c   -Os  execution test
FAIL: c-c++-common/asan/pr59063-2.c   -O0  execution test
FAIL: c-c++-common/asan/pr59063-2.c   -O1  execution test
FAIL: c-c++-common/asan/pr59063-2.c   -O2  execution test
FAIL: c-c++-common/asan/pr59063-2.c   -O2 -flto -fno-use-linker-plugin -flto-partition=none  execution test
FAIL: c-c++-common/asan/pr59063-2.c   -O2 -flto -fuse-linker-plugin -fno-fat-lto-objects  execution test
FAIL: c-c++-common/asan/pr59063-2.c   -O3 -g  execution test
FAIL: c-c++-common/asan/pr59063-2.c   -Os  execution test
FAIL: c-c++-common/asan/pr61530.c   -O0  output pattern test
FAIL: c-c++-common/asan/pr61530.c   -O1  output pattern test
FAIL: c-c++-common/asan/pr61530.c   -O2  output pattern test
FAIL: c-c++-common/asan/pr61530.c   -O2 -flto -fno-use-linker-plugin -flto-partition=none  output pattern test
FAIL: c-c++-common/asan/pr61530.c   -O2 -flto -fuse-linker-plugin -fno-fat-lto-objects  output pattern test
FAIL: c-c++-common/asan/pr61530.c   -O3 -g  output pattern test
FAIL: c-c++-common/asan/pr61530.c   -Os  output pattern test
FAIL: c-c++-common/asan/pr62089.c   -O0  output pattern test
FAIL: c-c++-common/asan/pr62089.c   -O1  output pattern test
FAIL: c-c++-common/asan/pr62089.c   -O2  output pattern test
FAIL: c-c++-common/asan/pr62089.c   -O2 -flto -fno-use-linker-plugin -flto-partition=none  output pattern test
FAIL: c-c++-common/asan/pr62089.c   -O2 -flto -fuse-linker-plugin -fno-fat-lto-objects  output pattern test
FAIL: c-c++-common/asan/pr62089.c   -O3 -g  output pattern test
FAIL: c-c++-common/asan/pr62089.c   -Os  output pattern test
FAIL: c-c++-common/asan/pr63316.c   -O2  execution test
FAIL: c-c++-common/asan/pr63316.c   -O2 -flto -fno-use-linker-plugin -flto-partition=none  execution test
FAIL: c-c++-common/asan/pr63316.c   -O2 -flto -fuse-linker-plugin -fno-fat-lto-objects  execution test
FAIL: c-c++-common/asan/pr63888.c   -O0  execution test
FAIL: c-c++-common/asan/pr63888.c   -O1  execution test
FAIL: c-c++-common/asan/pr63888.c   -O2  execution test
FAIL: c-c++-common/asan/pr63888.c   -O2 -flto -fno-use-linker-plugin -flto-partition=none  execution test
FAIL: c-c++-common/asan/pr63888.c   -O2 -flto -fuse-linker-plugin -fno-fat-lto-objects  execution test
FAIL: c-c++-common/asan/pr63888.c   -O3 -g  execution test
FAIL: c-c++-common/asan/pr63888.c   -Os  execution test
FAIL: c-c++-common/asan/pr70541.c   -O0  output pattern test
FAIL: c-c++-common/asan/pr70712.c   -O0  execution test
FAIL: c-c++-common/asan/pr70712.c   -O1  execution test
FAIL: c-c++-common/asan/pr70712.c   -O2  execution test
FAIL: c-c++-common/asan/pr70712.c   -O2 -flto -fno-use-linker-plugin -flto-partition=none  execution test
FAIL: c-c++-common/asan/pr70712.c   -O2 -flto -fuse-linker-plugin -fno-fat-lto-objects  execution test
FAIL: c-c++-common/asan/pr70712.c   -O3 -g  execution test
FAIL: c-c++-common/asan/pr70712.c   -Os  execution test
FAIL: c-c++-common/asan/pr71480.c   -O0  execution test
FAIL: c-c++-common/asan/pr71480.c   -O1  execution test
FAIL: c-c++-common/asan/pr71480.c   -O2  execution test
FAIL: c-c++-common/asan/pr71480.c   -O2 -flto -fno-use-linker-plugin -flto-partition=none  execution test
FAIL: c-c++-common/asan/pr71480.c   -O2 -flto -fuse-linker-plugin -fno-fat-lto-objects  execution test
FAIL: c-c++-common/asan/pr71480.c   -O3 -g  execution test
FAIL: c-c++-common/asan/pr71480.c   -Os  execution test
FAIL: c-c++-common/asan/pr79944.c   -O0  execution test
FAIL: c-c++-common/asan/pr79944.c   -O1  execution test
FAIL: c-c++-common/asan/pr79944.c   -O2  execution test
FAIL: c-c++-common/asan/pr79944.c   -O2 -flto -fno-use-linker-plugin -flto-partition=none  execution test
FAIL: c-c++-common/asan/pr79944.c   -O2 -flto -fuse-linker-plugin -fno-fat-lto-objects  execution test
FAIL: c-c++-common/asan/pr79944.c   -O3 -g  execution test
FAIL: c-c++-common/asan/pr79944.c   -Os  execution test
FAIL: c-c++-common/asan/pr80308.c   -O0  execution test
FAIL: c-c++-common/asan/pr80308.c   -O1  execution test
FAIL: c-c++-common/asan/pr80308.c   -O2  execution test
FAIL: c-c++-common/asan/pr80308.c   -O2 -flto -fno-use-linker-plugin -flto-partition=none  execution test
FAIL: c-c++-common/asan/pr80308.c   -O2 -flto -fuse-linker-plugin -fno-fat-lto-objects  execution test
FAIL: c-c++-common/asan/pr80308.c   -O3 -fomit-frame-pointer -funroll-loops -fpeel-loops -ftracer -finline-functions  execution test
FAIL: c-c++-common/asan/pr80308.c   -O3 -g  execution test
FAIL: c-c++-common/asan/pr80308.c   -Os  execution test
FAIL: c-c++-common/asan/rlimit-mmap-test-1.c   -O0  output pattern test
FAIL: c-c++-common/asan/sanity-check-pure-c-1.c   -O0  output pattern test
FAIL: c-c++-common/asan/sanity-check-pure-c-1.c   -O1  output pattern test
FAIL: c-c++-common/asan/sanity-check-pure-c-1.c   -O2  output pattern test
FAIL: c-c++-common/asan/sanity-check-pure-c-1.c   -O2 -flto -fno-use-linker-plugin -flto-partition=none  output pattern test
FAIL: c-c++-common/asan/sanity-check-pure-c-1.c   -O2 -flto -fuse-linker-plugin -fno-fat-lto-objects  output pattern test
FAIL: c-c++-common/asan/sanity-check-pure-c-1.c   -O3 -g  output pattern test
FAIL: c-c++-common/asan/sanity-check-pure-c-1.c   -Os  output pattern test
FAIL: c-c++-common/asan/stack-overflow-1.c   -O0  output pattern test
FAIL: c-c++-common/asan/stack-overflow-1.c   -O1  output pattern test
FAIL: c-c++-common/asan/stack-overflow-1.c   -O2  output pattern test
FAIL: c-c++-common/asan/stack-overflow-1.c   -O2 -flto -fno-use-linker-plugin -flto-partition=none  output pattern test
FAIL: c-c++-common/asan/stack-overflow-1.c   -O2 -flto -fuse-linker-plugin -fno-fat-lto-objects  output pattern test
FAIL: c-c++-common/asan/stack-overflow-1.c   -O3 -g  output pattern test
FAIL: c-c++-common/asan/stack-overflow-1.c   -Os  output pattern test
FAIL: c-c++-common/asan/strip-path-prefix-1.c   -O2  output pattern test
FAIL: c-c++-common/asan/strip-path-prefix-1.c   -O2 -flto -fno-use-linker-plugin -flto-partition=none  output pattern test
FAIL: c-c++-common/asan/strip-path-prefix-1.c   -O2 -flto -fuse-linker-plugin -fno-fat-lto-objects  output pattern test
FAIL: c-c++-common/asan/strlen-overflow-1.c   -O0  output pattern test
FAIL: c-c++-common/asan/strlen-overflow-1.c   -O1  output pattern test
FAIL: c-c++-common/asan/strlen-overflow-1.c   -O2  output pattern test
FAIL: c-c++-common/asan/strlen-overflow-1.c   -O3 -g  output pattern test
FAIL: c-c++-common/asan/strlen-overflow-1.c   -Os  output pattern test
FAIL: c-c++-common/asan/strncpy-overflow-1.c   -O0  output pattern test
FAIL: c-c++-common/asan/strncpy-overflow-1.c   -O1  output pattern test
FAIL: c-c++-common/asan/strncpy-overflow-1.c   -O2  output pattern test
FAIL: c-c++-common/asan/strncpy-overflow-1.c   -O2 -flto -fno-use-linker-plugin -flto-partition=none  output pattern test
FAIL: c-c++-common/asan/strncpy-overflow-1.c   -O2 -flto -fuse-linker-plugin -fno-fat-lto-objects  output pattern test
FAIL: c-c++-common/asan/strncpy-overflow-1.c   -O3 -g  output pattern test
FAIL: c-c++-common/asan/strncpy-overflow-1.c   -Os  output pattern test
FAIL: c-c++-common/asan/swapcontext-test-1.c   -O0  execution test
FAIL: c-c++-common/asan/swapcontext-test-1.c   -O1  execution test
FAIL: c-c++-common/asan/swapcontext-test-1.c   -O2  execution test
FAIL: c-c++-common/asan/swapcontext-test-1.c   -O2 -flto -fno-use-linker-plugin -flto-partition=none  execution test
FAIL: c-c++-common/asan/swapcontext-test-1.c   -O2 -flto -fuse-linker-plugin -fno-fat-lto-objects  execution test
FAIL: c-c++-common/asan/swapcontext-test-1.c   -O3 -fomit-frame-pointer -funroll-loops -fpeel-loops -ftracer -finline-functions  execution test
FAIL: c-c++-common/asan/swapcontext-test-1.c   -O3 -g  execution test
FAIL: c-c++-common/asan/swapcontext-test-1.c   -Os  execution test
FAIL: c-c++-common/asan/use-after-free-1.c   -O0  output pattern test
FAIL: c-c++-common/asan/use-after-free-1.c   -O1  output pattern test
FAIL: c-c++-common/asan/use-after-free-1.c   -O2  output pattern test
FAIL: c-c++-common/asan/use-after-free-1.c   -O2 -flto -fno-use-linker-plugin -flto-partition=none  output pattern test
FAIL: c-c++-common/asan/use-after-free-1.c   -O2 -flto -fuse-linker-plugin -fno-fat-lto-objects  output pattern test
FAIL: c-c++-common/asan/use-after-free-1.c   -O3 -g  output pattern test
FAIL: c-c++-common/asan/use-after-free-1.c   -Os  output pattern test
FAIL: c-c++-common/asan/use-after-return-1.c   -O0  output pattern test
FAIL: c-c++-common/asan/use-after-return-1.c   -O1  output pattern test
FAIL: c-c++-common/asan/use-after-return-1.c   -O2  output pattern test
FAIL: c-c++-common/asan/use-after-return-1.c   -O2 -flto -fno-use-linker-plugin -flto-partition=none  output pattern test
FAIL: c-c++-common/asan/use-after-return-1.c   -O2 -flto -fuse-linker-plugin -fno-fat-lto-objects  output pattern test
FAIL: c-c++-common/asan/use-after-return-1.c   -O3 -g  output pattern test
FAIL: c-c++-common/asan/use-after-return-1.c   -Os  output pattern test
FAIL: g++.dg/asan/deep-stack-uaf-1.C   -O0  output pattern test
FAIL: g++.dg/asan/deep-stack-uaf-1.C   -O1  output pattern test
FAIL: g++.dg/asan/deep-stack-uaf-1.C   -O2  output pattern test
FAIL: g++.dg/asan/deep-stack-uaf-1.C   -O3 -g  output pattern test
FAIL: g++.dg/asan/deep-stack-uaf-1.C   -Os  output pattern test
FAIL: g++.dg/asan/deep-tail-call-1.C   -O0  output pattern test
FAIL: g++.dg/asan/deep-tail-call-1.C   -O1  output pattern test
FAIL: g++.dg/asan/deep-tail-call-1.C   -O2  output pattern test
FAIL: g++.dg/asan/deep-tail-call-1.C   -O2 -flto -fno-use-linker-plugin -flto-partition=none  output pattern test
FAIL: g++.dg/asan/deep-tail-call-1.C   -O2 -flto -fuse-linker-plugin -fno-fat-lto-objects  output pattern test
FAIL: g++.dg/asan/deep-tail-call-1.C   -O3 -g  output pattern test
FAIL: g++.dg/asan/deep-tail-call-1.C   -Os  output pattern test
FAIL: g++.dg/asan/deep-thread-stack-1.C   -O0  output pattern test
FAIL: g++.dg/asan/deep-thread-stack-1.C   -O1  output pattern test
FAIL: g++.dg/asan/deep-thread-stack-1.C   -O2  output pattern test
FAIL: g++.dg/asan/deep-thread-stack-1.C   -O2 -flto -fno-use-linker-plugin -flto-partition=none  output pattern test
FAIL: g++.dg/asan/deep-thread-stack-1.C   -O2 -flto -fuse-linker-plugin -fno-fat-lto-objects  output pattern test
FAIL: g++.dg/asan/deep-thread-stack-1.C   -O3 -g  output pattern test
FAIL: g++.dg/asan/deep-thread-stack-1.C   -Os  output pattern test
FAIL: g++.dg/asan/default-options-1.C   -O0  execution test
FAIL: g++.dg/asan/default-options-1.C   -O1  execution test
FAIL: g++.dg/asan/default-options-1.C   -O2  execution test
FAIL: g++.dg/asan/default-options-1.C   -O2 -flto -fno-use-linker-plugin -flto-partition=none  execution test
FAIL: g++.dg/asan/default-options-1.C   -O2 -flto -fuse-linker-plugin -fno-fat-lto-objects  execution test
FAIL: g++.dg/asan/default-options-1.C   -O3 -g  execution test
FAIL: g++.dg/asan/default-options-1.C   -Os  execution test
FAIL: g++.dg/asan/interception-failure-test-1.C   -O0  execution test
FAIL: g++.dg/asan/interception-failure-test-1.C   -O1  execution test
FAIL: g++.dg/asan/interception-failure-test-1.C   -O2  execution test
FAIL: g++.dg/asan/interception-failure-test-1.C   -O2 -flto -fno-use-linker-plugin -flto-partition=none  execution test
FAIL: g++.dg/asan/interception-failure-test-1.C   -O2 -flto -fuse-linker-plugin -fno-fat-lto-objects  execution test
FAIL: g++.dg/asan/interception-failure-test-1.C   -O3 -g  execution test
FAIL: g++.dg/asan/interception-failure-test-1.C   -Os  execution test
FAIL: g++.dg/asan/interception-malloc-test-1.C   -O0  output pattern test
FAIL: g++.dg/asan/interception-malloc-test-1.C   -O1  output pattern test
FAIL: g++.dg/asan/interception-malloc-test-1.C   -O2  output pattern test
FAIL: g++.dg/asan/interception-malloc-test-1.C   -O2 -flto -fno-use-linker-plugin -flto-partition=none  output pattern test
FAIL: g++.dg/asan/interception-malloc-test-1.C   -O2 -flto -fuse-linker-plugin -fno-fat-lto-objects  output pattern test
FAIL: g++.dg/asan/interception-malloc-test-1.C   -O3 -g  output pattern test
FAIL: g++.dg/asan/interception-malloc-test-1.C   -Os  output pattern test
FAIL: g++.dg/asan/interception-test-1.C   -O0  output pattern test
FAIL: g++.dg/asan/interception-test-1.C   -O1  output pattern test
FAIL: g++.dg/asan/interception-test-1.C   -O2  output pattern test
FAIL: g++.dg/asan/interception-test-1.C   -O2 -flto -fno-use-linker-plugin -flto-partition=none  output pattern test
FAIL: g++.dg/asan/interception-test-1.C   -O2 -flto -fuse-linker-plugin -fno-fat-lto-objects  output pattern test
FAIL: g++.dg/asan/interception-test-1.C   -O3 -g  output pattern test
FAIL: g++.dg/asan/interception-test-1.C   -Os  output pattern test
FAIL: g++.dg/asan/large-func-test-1.C   -O0  output pattern test
FAIL: g++.dg/asan/large-func-test-1.C   -O1  output pattern test
FAIL: g++.dg/asan/large-func-test-1.C   -O2  output pattern test
FAIL: g++.dg/asan/large-func-test-1.C   -O2 -flto -fno-use-linker-plugin -flto-partition=none  output pattern test
FAIL: g++.dg/asan/large-func-test-1.C   -O2 -flto -fuse-linker-plugin -fno-fat-lto-objects  output pattern test
FAIL: g++.dg/asan/large-func-test-1.C   -O3 -g  output pattern test
FAIL: g++.dg/asan/large-func-test-1.C   -Os  output pattern test
FAIL: g++.dg/asan/pr55617.C   -O0  execution test
FAIL: g++.dg/asan/pr55617.C   -O1  execution test
FAIL: g++.dg/asan/pr55617.C   -O2  execution test
FAIL: g++.dg/asan/pr55617.C   -O2 -flto -fno-use-linker-plugin -flto-partition=none  execution test
FAIL: g++.dg/asan/pr55617.C   -O2 -flto -fuse-linker-plugin -fno-fat-lto-objects  execution test
FAIL: g++.dg/asan/pr55617.C   -O3 -g  execution test
FAIL: g++.dg/asan/pr55617.C   -Os  execution test
FAIL: g++.dg/asan/pr62017.C   -O0  execution test
FAIL: g++.dg/asan/pr62017.C   -O1  execution test
FAIL: g++.dg/asan/pr62017.C   -O2  execution test
FAIL: g++.dg/asan/pr62017.C   -O2 -flto -fno-use-linker-plugin -flto-partition=none  execution test
FAIL: g++.dg/asan/pr62017.C   -O2 -flto -fuse-linker-plugin -fno-fat-lto-objects  execution test
FAIL: g++.dg/asan/pr62017.C   -O3 -g  execution test
FAIL: g++.dg/asan/pr62017.C   -Os  execution test
FAIL: g++.dg/asan/pr69276.C   -O0  output pattern test
FAIL: g++.dg/asan/pr77396-2.C   -O0  execution test
FAIL: g++.dg/asan/pr77396-2.C   -O1  execution test
FAIL: g++.dg/asan/pr77396-2.C   -O2  execution test
FAIL: g++.dg/asan/pr77396-2.C   -O2 -flto -fno-use-linker-plugin -flto-partition=none  execution test
FAIL: g++.dg/asan/pr77396-2.C   -O2 -flto -fuse-linker-plugin -fno-fat-lto-objects  execution test
FAIL: g++.dg/asan/pr77396-2.C   -O3 -g  execution test
FAIL: g++.dg/asan/pr77396-2.C   -Os  execution test
FAIL: g++.dg/asan/pr77396.C   -O0  execution test
FAIL: g++.dg/asan/pr77396.C   -O1  execution test
FAIL: g++.dg/asan/pr77396.C   -O2  execution test
FAIL: g++.dg/asan/pr77396.C   -O2 -flto -fno-use-linker-plugin -flto-partition=none  execution test
FAIL: g++.dg/asan/pr77396.C   -O2 -flto -fuse-linker-plugin -fno-fat-lto-objects  execution test
FAIL: g++.dg/asan/pr77396.C   -O3 -g  execution test
FAIL: g++.dg/asan/pr77396.C   -Os  execution test
FAIL: g++.dg/asan/pr81021.C   -O0  execution test
FAIL: g++.dg/asan/pr81021.C   -O1  execution test
FAIL: g++.dg/asan/pr81021.C   -O2  execution test
FAIL: g++.dg/asan/pr81021.C   -O2 -flto -fno-use-linker-plugin -flto-partition=none  execution test
FAIL: g++.dg/asan/pr81021.C   -O2 -flto -fuse-linker-plugin -fno-fat-lto-objects  execution test
FAIL: g++.dg/asan/pr81021.C   -O3 -g  execution test
FAIL: g++.dg/asan/pr81021.C   -Os  execution test
FAIL: g++.dg/asan/pr85081.C   -O0  execution test
FAIL: g++.dg/asan/pr85081.C   -O1  execution test
FAIL: g++.dg/asan/pr85081.C   -O2  execution test
FAIL: g++.dg/asan/pr85081.C   -O2 -flto -fno-use-linker-plugin -flto-partition=none  execution test
FAIL: g++.dg/asan/pr85081.C   -O2 -flto -fuse-linker-plugin -fno-fat-lto-objects  execution test
FAIL: g++.dg/asan/pr85081.C   -O3 -fomit-frame-pointer -funroll-loops -fpeel-loops -ftracer -finline-functions  execution test
FAIL: g++.dg/asan/pr85081.C   -O3 -g  execution test
FAIL: g++.dg/asan/pr85081.C   -Os  execution test
FAIL: g++.dg/asan/use-after-scope-1.C   -O0  output pattern test
FAIL: g++.dg/asan/use-after-scope-1.C   -O1  output pattern test
FAIL: g++.dg/asan/use-after-scope-1.C   -O2  output pattern test
FAIL: g++.dg/asan/use-after-scope-1.C   -O2 -flto -fno-use-linker-plugin -flto-partition=none  output pattern test
FAIL: g++.dg/asan/use-after-scope-1.C   -O2 -flto -fuse-linker-plugin -fno-fat-lto-objects  output pattern test
FAIL: g++.dg/asan/use-after-scope-1.C   -O3 -g  output pattern test
FAIL: g++.dg/asan/use-after-scope-1.C   -Os  output pattern test
FAIL: g++.dg/asan/use-after-scope-2.C   -O0  output pattern test
FAIL: g++.dg/asan/use-after-scope-2.C   -O1  output pattern test
FAIL: g++.dg/asan/use-after-scope-2.C   -O2  output pattern test
FAIL: g++.dg/asan/use-after-scope-2.C   -O2 -flto -fno-use-linker-plugin -flto-partition=none  output pattern test
FAIL: g++.dg/asan/use-after-scope-2.C   -O2 -flto -fuse-linker-plugin -fno-fat-lto-objects  output pattern test
FAIL: g++.dg/asan/use-after-scope-2.C   -O3 -g  output pattern test
FAIL: g++.dg/asan/use-after-scope-2.C   -Os  output pattern test
FAIL: g++.dg/asan/use-after-scope-3.C   -O0  output pattern test
FAIL: g++.dg/asan/use-after-scope-3.C   -O1  output pattern test
FAIL: g++.dg/asan/use-after-scope-3.C   -O2  output pattern test
FAIL: g++.dg/asan/use-after-scope-3.C   -O2 -flto -fno-use-linker-plugin -flto-partition=none  output pattern test
FAIL: g++.dg/asan/use-after-scope-3.C   -O2 -flto -fuse-linker-plugin -fno-fat-lto-objects  output pattern test
FAIL: g++.dg/asan/use-after-scope-3.C   -O3 -g  output pattern test
FAIL: g++.dg/asan/use-after-scope-3.C   -Os  output pattern test
FAIL: g++.dg/asan/use-after-scope-5.C   -O0  execution test
FAIL: g++.dg/asan/use-after-scope-5.C   -O1  execution test
FAIL: g++.dg/asan/use-after-scope-5.C   -O2  execution test
FAIL: g++.dg/asan/use-after-scope-5.C   -O2 -flto -fno-use-linker-plugin -flto-partition=none  execution test
FAIL: g++.dg/asan/use-after-scope-5.C   -O2 -flto -fuse-linker-plugin -fno-fat-lto-objects  execution test
FAIL: g++.dg/asan/use-after-scope-5.C   -O3 -fomit-frame-pointer -funroll-loops -fpeel-loops -ftracer -finline-functions  execution test
FAIL: g++.dg/asan/use-after-scope-5.C   -O3 -g  execution test
FAIL: g++.dg/asan/use-after-scope-5.C   -Os  execution test
FAIL: g++.dg/asan/use-after-scope-types-1.C   -O0  output pattern test
FAIL: g++.dg/asan/use-after-scope-types-1.C   -O1  output pattern test
FAIL: g++.dg/asan/use-after-scope-types-1.C   -O2  output pattern test
FAIL: g++.dg/asan/use-after-scope-types-1.C   -O2 -flto -fno-use-linker-plugin -flto-partition=none  output pattern test
FAIL: g++.dg/asan/use-after-scope-types-1.C   -O2 -flto -fuse-linker-plugin -fno-fat-lto-objects  output pattern test
FAIL: g++.dg/asan/use-after-scope-types-1.C   -O3 -g  output pattern test
FAIL: g++.dg/asan/use-after-scope-types-1.C   -Os  output pattern test
FAIL: g++.dg/asan/use-after-scope-types-2.C   -O0  output pattern test
FAIL: g++.dg/asan/use-after-scope-types-2.C   -O1  output pattern test
FAIL: g++.dg/asan/use-after-scope-types-2.C   -O2  output pattern test
FAIL: g++.dg/asan/use-after-scope-types-2.C   -O2 -flto -fno-use-linker-plugin -flto-partition=none  output pattern test
FAIL: g++.dg/asan/use-after-scope-types-2.C   -O2 -flto -fuse-linker-plugin -fno-fat-lto-objects  output pattern test
FAIL: g++.dg/asan/use-after-scope-types-2.C   -O3 -g  output pattern test
FAIL: g++.dg/asan/use-after-scope-types-2.C   -Os  output pattern test
FAIL: g++.dg/asan/use-after-scope-types-3.C   -O0  output pattern test
FAIL: g++.dg/asan/use-after-scope-types-3.C   -O1  output pattern test
FAIL: g++.dg/asan/use-after-scope-types-3.C   -O2  output pattern test
FAIL: g++.dg/asan/use-after-scope-types-3.C   -O2 -flto -fno-use-linker-plugin -flto-partition=none  output pattern test
FAIL: g++.dg/asan/use-after-scope-types-3.C   -O2 -flto -fuse-linker-plugin -fno-fat-lto-objects  output pattern test
FAIL: g++.dg/asan/use-after-scope-types-3.C   -O3 -g  output pattern test
FAIL: g++.dg/asan/use-after-scope-types-3.C   -Os  output pattern test
FAIL: g++.dg/asan/use-after-scope-types-4.C   -O0  output pattern test
FAIL: g++.dg/asan/use-after-scope-types-4.C   -O1  output pattern test
FAIL: g++.dg/asan/use-after-scope-types-4.C   -O2  output pattern test
FAIL: g++.dg/asan/use-after-scope-types-4.C   -O2 -flto -fno-use-linker-plugin -flto-partition=none  output pattern test
FAIL: g++.dg/asan/use-after-scope-types-4.C   -O2 -flto -fuse-linker-plugin -fno-fat-lto-objects  output pattern test
FAIL: g++.dg/asan/use-after-scope-types-4.C   -O3 -g  output pattern test
FAIL: g++.dg/asan/use-after-scope-types-4.C   -Os  output pattern test
FAIL: g++.dg/asan/use-after-scope-types-5.C   -O0  output pattern test
FAIL: g++.dg/asan/use-after-scope-types-5.C   -O1  output pattern test
FAIL: g++.dg/asan/use-after-scope-types-5.C   -O2  output pattern test
FAIL: g++.dg/asan/use-after-scope-types-5.C   -O2 -flto -fno-use-linker-plugin -flto-partition=none  output pattern test
FAIL: g++.dg/asan/use-after-scope-types-5.C   -O2 -flto -fuse-linker-plugin -fno-fat-lto-objects  output pattern test
FAIL: g++.dg/asan/use-after-scope-types-5.C   -O3 -g  output pattern test
FAIL: g++.dg/asan/use-after-scope-types-5.C   -Os  output pattern test
FAIL: g++.dg/guality/pr55665.C   -O2  line 23 p == 40
FAIL: g++.dg/guality/pr55665.C   -O3 -g  line 23 p == 40

		=== g++ Summary for unix/-m32 ===

# of expected passes		112028
# of unexpected failures	382
# of expected failures		392
# of unsupported tests		4225

		=== g++ Summary ===

# of expected passes		227275
# of unexpected failures	384
# of expected failures		784
# of unsupported tests		8664
/export/gnu/import/git/gcc-test/bld/gcc/xg++  version 7.3.1 20180526 [gcc-7-branch revision 260787] (GCC) 

		=== objc tests ===


Running target unix

		=== objc Summary for unix ===

# of expected passes		2797
# of expected failures		6
# of unsupported tests		68

Running target unix/-m32

		=== objc Summary for unix/-m32 ===

# of expected passes		2797
# of expected failures		6
# of unsupported tests		68

		=== objc Summary ===

# of expected passes		5594
# of expected failures		12
# of unsupported tests		136
/export/gnu/import/git/gcc-test/bld/gcc/xgcc  version 7.3.1 20180526 [gcc-7-branch revision 260787] (GCC) 

		=== libatomic tests ===


Running target unix/-m32

		=== libatomic Summary for unix/-m32 ===

# of expected passes		44
# of unsupported tests		5

Running target unix

		=== libatomic Summary for unix ===

# of expected passes		54

		=== libatomic Summary ===

# of expected passes		98
# of unsupported tests		5
		=== libgomp tests ===


Running target unix/-m32

		=== libgomp Summary for unix/-m32 ===

# of expected passes		5238
# of unsupported tests		331

Running target unix

		=== libgomp Summary for unix ===

# of expected passes		5238
# of unsupported tests		331

		=== libgomp Summary ===

# of expected passes		10476
# of unsupported tests		662
		=== libitm tests ===


Running target unix/-m32

		=== libitm Summary for unix/-m32 ===

# of expected passes		42
# of expected failures		3
# of unsupported tests		1

Running target unix

		=== libitm Summary for unix ===

# of expected passes		42
# of expected failures		3
# of unsupported tests		1

		=== libitm Summary ===

# of expected passes		84
# of expected failures		6
# of unsupported tests		2
		=== libstdc++ tests ===


Running target unix

		=== libstdc++ Summary for unix ===

# of expected passes		12246
# of expected failures		66
# of unsupported tests		247

Running target unix/-m32

		=== libstdc++ Summary for unix/-m32 ===

# of expected passes		12254
# of expected failures		66
# of unsupported tests		243

		=== libstdc++ Summary ===

# of expected passes		24500
# of expected failures		132
# of unsupported tests		490

Compiler version: 7.3.1 20180526 [gcc-7-branch revision 260787] (GCC) 
Platform: x86_64-pc-linux-gnu
configure flags: --prefix=/usr/7.3.1 --enable-clocale=gnu --with-system-zlib --enable-shared --enable-cet --with-demangler-in-ld --enable-libmpx --with-fpmath=sse


Index Nav: [Date Index] [Subject Index] [Author Index] [Thread Index]
Message Nav: [Date Prev] [Date Next] [Thread Prev] [Thread Next]