This is the mail archive of the gcc-testresults@gcc.gnu.org mailing list for the GCC project.


Index Nav: [Date Index] [Subject Index] [Author Index] [Thread Index]
Message Nav: [Date Prev] [Date Next] [Thread Prev] [Thread Next]
Other format: [Raw text]

Results for 9.0.0 20180525 (experimental) [trunk revision 260754] (GCC) testsuite on i386-pc-solaris2.11


LAST_UPDATED: Fri May 25 11:34:31 UTC 2018 (revision 260754)

		=== acats tests ===

		=== acats Summary ===
# of expected passes		2320
# of unexpected failures	0
Native configuration is i386-pc-solaris2.11

		=== g++ tests ===


Running target unix
FAIL: g++.dg/init/cleanup3.C  -std=c++11  scan-assembler-not _tcf
FAIL: g++.dg/init/cleanup3.C  -std=c++14  scan-assembler-not _tcf
FAIL: g++.dg/init/cleanup3.C  -std=c++98  scan-assembler-not _tcf
FAIL: g++.dg/tls/thread_local-order1.C  -std=c++11 execution test
FAIL: g++.dg/tls/thread_local-order1.C  -std=c++14 execution test
FAIL: g++.dg/tls/thread_local3g.C  -std=gnu++11 execution test
FAIL: g++.dg/tls/thread_local3g.C  -std=gnu++14 execution test
FAIL: g++.dg/tls/thread_local4g.C  -std=gnu++11 execution test
FAIL: g++.dg/tls/thread_local4g.C  -std=gnu++14 execution test
FAIL: g++.dg/tls/thread_local5g.C  -std=gnu++11 execution test
FAIL: g++.dg/tls/thread_local5g.C  -std=gnu++14 execution test
FAIL: g++.dg/tls/thread_local6g.C  -std=c++11 execution test
FAIL: g++.dg/tls/thread_local6g.C  -std=c++14 execution test
FAIL: g++.old-deja/g++.other/init5.C  -std=c++11 execution test
FAIL: g++.old-deja/g++.other/init5.C  -std=c++14 execution test
FAIL: g++.old-deja/g++.other/init5.C  -std=c++98 execution test

		=== g++ Summary for unix ===

# of expected passes		114977
# of unexpected failures	16
# of expected failures		504
# of unsupported tests		4657

Running target unix/-m64
FAIL: g++.dg/init/cleanup3.C  -std=c++11  scan-assembler-not _tcf
FAIL: g++.dg/init/cleanup3.C  -std=c++14  scan-assembler-not _tcf
FAIL: g++.dg/init/cleanup3.C  -std=c++98  scan-assembler-not _tcf
FAIL: g++.dg/pr80481.C  -std=gnu++11  scan-assembler-not vmovaps
FAIL: g++.dg/pr80481.C  -std=gnu++14  scan-assembler-not vmovaps
FAIL: g++.dg/pr80481.C  -std=gnu++98  scan-assembler-not vmovaps
FAIL: g++.dg/tls/thread_local-order1.C  -std=c++11 execution test
FAIL: g++.dg/tls/thread_local-order1.C  -std=c++14 execution test
FAIL: g++.dg/tls/thread_local3g.C  -std=gnu++11 execution test
FAIL: g++.dg/tls/thread_local3g.C  -std=gnu++14 execution test
FAIL: g++.dg/tls/thread_local4g.C  -std=gnu++11 execution test
FAIL: g++.dg/tls/thread_local4g.C  -std=gnu++14 execution test
FAIL: g++.dg/tls/thread_local5g.C  -std=gnu++11 execution test
FAIL: g++.dg/tls/thread_local5g.C  -std=gnu++14 execution test
FAIL: g++.dg/tls/thread_local6g.C  -std=c++11 execution test
FAIL: g++.dg/tls/thread_local6g.C  -std=c++14 execution test
FAIL: g++.old-deja/g++.other/init5.C  -std=c++11 execution test
FAIL: g++.old-deja/g++.other/init5.C  -std=c++14 execution test
FAIL: g++.old-deja/g++.other/init5.C  -std=c++98 execution test

		=== g++ Summary for unix/-m64 ===

# of expected passes		116472
# of unexpected failures	19
# of expected failures		507
# of unsupported tests		4849

		=== g++ Summary ===

# of expected passes		231449
# of unexpected failures	35
# of expected failures		1011
# of unsupported tests		9506
/var/gcc/regression/trunk/11-gcc-gas-gld/build/gcc/xg++  version 9.0.0 20180525 (experimental) [trunk revision 260754] (GCC) 

		=== gcc tests ===


Running target unix
FAIL: gcc.dg/torture/pr60092.c   -O0  execution test

		=== gcc Summary for unix ===

# of expected passes		122302
# of unexpected failures	1
# of expected failures		408
# of unsupported tests		2249

Running target unix/-m64
FAIL: gcc.dg/torture/pr60092.c   -O0  execution test

		=== gcc Summary for unix/-m64 ===

# of expected passes		124051
# of unexpected failures	1
# of expected failures		399
# of unsupported tests		2133

		=== gcc Summary ===

# of expected passes		246353
# of unexpected failures	2
# of expected failures		807
# of unsupported tests		4382
/var/gcc/regression/trunk/11-gcc-gas-gld/build/gcc/xgcc  version 9.0.0 20180525 (experimental) [trunk revision 260754] (GCC) 

		=== gfortran tests ===


Running target unix

		=== gfortran Summary for unix ===

# of expected passes		47075
# of expected failures		93
# of unsupported tests		194

Running target unix/-m64

		=== gfortran Summary for unix/-m64 ===

# of expected passes		47292
# of expected failures		93
# of unsupported tests		91

		=== gfortran Summary ===

# of expected passes		94367
# of expected failures		186
# of unsupported tests		285
/var/gcc/regression/trunk/11-gcc-gas-gld/build/gcc/gfortran  version 9.0.0 20180525 (experimental) [trunk revision 260754] (GCC) 

		=== gnat tests ===


Running target unix

		=== gnat Summary for unix ===

# of expected passes		2761
# of expected failures		23
# of unsupported tests		7

Running target unix/-m64

		=== gnat Summary for unix/-m64 ===

# of expected passes		2761
# of expected failures		23
# of unsupported tests		7

		=== gnat Summary ===

# of expected passes		5522
# of expected failures		46
# of unsupported tests		14
/var/gcc/regression/trunk/11-gcc-gas-gld/build/gcc/gnatmake version 9.0.0 20180525 (experimental) [trunk revision 260754]

		=== go tests ===


Running target unix
FAIL: ./index0-out.go execution,  -O0 -g -fno-var-tracking-assignments 

		=== go Summary for unix ===

# of expected passes		7396
# of unexpected failures	1
# of expected failures		1
# of untested testcases		10
# of unsupported tests		2

Running target unix/-m64
FAIL: ./index0-out.go execution,  -O0 -g -fno-var-tracking-assignments 

		=== go Summary for unix/-m64 ===

# of expected passes		7277
# of unexpected failures	1
# of expected failures		1
# of untested testcases		10
# of unsupported tests		1

		=== go Summary ===

# of expected passes		14673
# of unexpected failures	2
# of expected failures		2
# of untested testcases		20
# of unsupported tests		3
/var/gcc/regression/trunk/11-gcc-gas-gld/build/gcc/gccgo  version 9.0.0 20180525 (experimental) [trunk revision 260754] (GCC) 

		=== obj-c++ tests ===


Running target unix

		=== obj-c++ Summary for unix ===

# of expected passes		1464
# of expected failures		2
# of unsupported tests		77

Running target unix/-m64

		=== obj-c++ Summary for unix/-m64 ===

# of expected passes		1456
# of expected failures		10
# of unsupported tests		77

		=== obj-c++ Summary ===

# of expected passes		2920
# of expected failures		12
# of unsupported tests		154
/var/gcc/regression/trunk/11-gcc-gas-gld/build/gcc/xg++  version 9.0.0 20180525 (experimental) [trunk revision 260754] (GCC) 

		=== objc tests ===


Running target unix

		=== objc Summary for unix ===

# of expected passes		2797
# of expected failures		6
# of unsupported tests		68

Running target unix/-m64

		=== objc Summary for unix/-m64 ===

# of expected passes		2797
# of expected failures		6
# of unsupported tests		68

		=== objc Summary ===

# of expected passes		5594
# of expected failures		12
# of unsupported tests		136
/var/gcc/regression/trunk/11-gcc-gas-gld/build/gcc/xgcc  version 9.0.0 20180525 (experimental) [trunk revision 260754] (GCC) 

		=== gotools tests ===

FAIL: go test cmd/go
FAIL: TestCgoSignalDeadlock
FAIL: TestCrashHandler
FAIL: TestSelectStackAdjust
FAIL: go test runtime
FAIL: Test4029
FAIL: go test misc/cgo/test
FAIL: TestCompileWithoutShared
FAIL: TestEarlySignalHandler
FAIL: TestInstall
FAIL: TestOsSignal
FAIL: TestPIE
FAIL: TestSIGPROF
FAIL: TestSigaltstack
FAIL: TestSignalForwarding
FAIL: TestSignalForwardingExternal
FAIL: go test misc/cgo/testcarchive

		=== gotools Summary ===
# of expected passes		328
# of unexpected failures	17
# of untested testcases		179
/var/gcc/regression/trunk/11-gcc-gas-gld/build/./gcc/gccgo version 9.0.0 20180525 (experimental) [trunk revision 260754] (GCC)

		=== libatomic tests ===


Running target unix

		=== libatomic Summary for unix ===

# of expected passes		44
# of unsupported tests		5

Running target unix/-m64

		=== libatomic Summary for unix/-m64 ===

# of expected passes		54

		=== libatomic Summary ===

# of expected passes		98
# of unsupported tests		5
		=== libffi tests ===


Running target unix

		=== libffi Summary for unix ===

# of expected passes		2799

Running target unix/-m64

		=== libffi Summary for unix/-m64 ===

# of expected passes		2214

		=== libffi Summary ===

# of expected passes		5013
		=== libgo tests ===


Running target unix
FAIL: go/build
FAIL: net/http
FAIL: runtime

		=== libgo Summary for unix ===

# of expected passes		160
# of unexpected failures	3

Running target unix/-m64
FAIL: go/build
FAIL: net/http
FAIL: runtime

		=== libgo Summary for unix/-m64 ===

# of expected passes		160
# of unexpected failures	3

		=== libgo Summary ===

# of expected passes		320
# of unexpected failures	6
/var/gcc/regression/trunk/11-gcc-gas-gld/build/./gcc/gccgo version 9.0.0 20180525 (experimental) [trunk revision 260754] (GCC)

		=== libgomp tests ===


Running target unix

		=== libgomp Summary for unix ===

# of expected passes		5570
# of expected failures		1
# of unsupported tests		302

Running target unix/-m64

		=== libgomp Summary for unix/-m64 ===

# of expected passes		5570
# of expected failures		1
# of unsupported tests		302

		=== libgomp Summary ===

# of expected passes		11140
# of expected failures		2
# of unsupported tests		604
		=== libitm tests ===


Running target unix

		=== libitm Summary for unix ===

# of expected passes		42
# of expected failures		3
# of unsupported tests		1

Running target unix/-m64

		=== libitm Summary for unix/-m64 ===

# of expected passes		42
# of expected failures		3
# of unsupported tests		1

		=== libitm Summary ===

# of expected passes		84
# of expected failures		6
# of unsupported tests		2
		=== libstdc++ tests ===


Running target unix
XPASS: experimental/memory_resource/resource_adaptor.cc execution test

		=== libstdc++ Summary for unix ===

# of expected passes		11424
# of unexpected successes	1
# of expected failures		74
# of unsupported tests		632

Running target unix/-m64

		=== libstdc++ Summary for unix/-m64 ===

# of expected passes		11417
# of expected failures		74
# of unsupported tests		636

		=== libstdc++ Summary ===

# of expected passes		22841
# of unexpected successes	1
# of expected failures		148
# of unsupported tests		1268

Compiler version: 9.0.0 20180525 (experimental) [trunk revision 260754] (GCC) 
Platform: i386-pc-solaris2.11
configure flags: --prefix=/vol/gcc --target=i386-pc-solaris2.11 --enable-objc-gc --with-target-bdw-gc-include=/vol/gcc/include --with-target-bdw-gc-lib=/vol/gcc/lib,amd64=/vol/gcc/lib/amd64 --enable-libmudflap --with-as=/vol/gcc/bin/gas-2.30 --with-gnu-as --with-ld=/vol/gcc/bin/gld-2.30 --with-gnu-ld --with-gmp-include=/vol/gcc/include --with-gmp-lib=/vol/gcc/lib --with-mpfr-include=/vol/gcc/include --with-mpfr-lib=/vol/gcc/lib --with-mpc-include=/vol/gcc/include --with-mpc-lib=/vol/gcc/lib --enable-languages=all,ada,obj-c++,go --with-isl-include=/vol/gcc/include --with-isl-lib=/vol/gcc/lib --build=i386-pc-solaris2.11 --host=i386-pc-solaris2.11
BOOT_CFLAGS=-g -O2


Index Nav: [Date Index] [Subject Index] [Author Index] [Thread Index]
Message Nav: [Date Prev] [Date Next] [Thread Prev] [Thread Next]