This is the mail archive of the gcc-testresults@gcc.gnu.org mailing list for the GCC project.


Index Nav: [Date Index] [Subject Index] [Author Index] [Thread Index]
Message Nav: [Date Prev] [Date Next] [Thread Prev] [Thread Next]
Other format: [Raw text]

Results for 9.0.0 20180522 (experimental) [master revision 260499] (GCC) testsuite on armv8l-unknown-linux-gnueabihf


LAST_UPDATED: Tue May 22 08:25:37 UTC 2018 (revision 260499)

Native configuration is armv8l-unknown-linux-gnueabihf

		=== libatomic tests ===


Running target tcwg-local

		=== libatomic Summary ===

# of expected passes		44
# of unsupported tests		5
		=== libgomp tests ===


Running target tcwg-local

		=== libgomp Summary ===

# of expected passes		5406
# of unsupported tests		361
		=== libitm tests ===


Running target tcwg-local

		=== libitm Summary ===

# of expected passes		42
# of expected failures		3
# of unsupported tests		1
		=== libstdc++ tests ===


Running target tcwg-local
FAIL: 17_intro/names.cc (test for excess errors)
FAIL: 26_numerics/headers/cmath/hypot.cc execution test
FAIL: libstdc++-prettyprinters/whatis.cc whatis filebuf_holder
FAIL: libstdc++-prettyprinters/whatis.cc whatis filebuf_holder
FAIL: libstdc++-prettyprinters/whatis.cc whatis fstream_holder
FAIL: libstdc++-prettyprinters/whatis.cc whatis fstream_holder
FAIL: libstdc++-prettyprinters/whatis.cc whatis ifstream_holder
FAIL: libstdc++-prettyprinters/whatis.cc whatis ifstream_holder
FAIL: libstdc++-prettyprinters/whatis.cc whatis ios_holder
FAIL: libstdc++-prettyprinters/whatis.cc whatis ios_holder
FAIL: libstdc++-prettyprinters/whatis.cc whatis iostream_holder
FAIL: libstdc++-prettyprinters/whatis.cc whatis iostream_holder
FAIL: libstdc++-prettyprinters/whatis.cc whatis istream_holder
FAIL: libstdc++-prettyprinters/whatis.cc whatis istream_holder
FAIL: libstdc++-prettyprinters/whatis.cc whatis istringstream_holder
FAIL: libstdc++-prettyprinters/whatis.cc whatis istringstream_holder
FAIL: libstdc++-prettyprinters/whatis.cc whatis ofstream_holder
FAIL: libstdc++-prettyprinters/whatis.cc whatis ofstream_holder
FAIL: libstdc++-prettyprinters/whatis.cc whatis ostream_holder
FAIL: libstdc++-prettyprinters/whatis.cc whatis ostream_holder
FAIL: libstdc++-prettyprinters/whatis.cc whatis ostringstream_holder
FAIL: libstdc++-prettyprinters/whatis.cc whatis ostringstream_holder
FAIL: libstdc++-prettyprinters/whatis.cc whatis streambuf_holder
FAIL: libstdc++-prettyprinters/whatis.cc whatis streambuf_holder
FAIL: libstdc++-prettyprinters/whatis.cc whatis stringbuf_holder
FAIL: libstdc++-prettyprinters/whatis.cc whatis stringbuf_holder
FAIL: libstdc++-prettyprinters/whatis.cc whatis stringstream_holder
FAIL: libstdc++-prettyprinters/whatis.cc whatis stringstream_holder

		=== libstdc++ Summary ===

# of expected passes		11482
# of unexpected failures	28
# of expected failures		74
# of unsupported tests		663
		=== g++ tests ===


Running target tcwg-local
FAIL: c-c++-common/asan/heap-overflow-1.c   -O0  output pattern test
FAIL: c-c++-common/asan/heap-overflow-1.c   -O1  output pattern test
FAIL: c-c++-common/asan/heap-overflow-1.c   -O2  output pattern test
FAIL: c-c++-common/asan/heap-overflow-1.c   -O2 -flto -fno-use-linker-plugin -flto-partition=none  output pattern test
FAIL: c-c++-common/asan/heap-overflow-1.c   -O2 -flto -fuse-linker-plugin -fno-fat-lto-objects  output pattern test
FAIL: c-c++-common/asan/heap-overflow-1.c   -O3 -g  output pattern test
FAIL: c-c++-common/asan/heap-overflow-1.c   -Os  output pattern test
FAIL: c-c++-common/asan/pr70541.c   -O0  output pattern test
FAIL: c-c++-common/asan/sanity-check-pure-c-1.c   -O0  output pattern test
FAIL: c-c++-common/asan/sanity-check-pure-c-1.c   -O1  output pattern test
FAIL: c-c++-common/asan/sanity-check-pure-c-1.c   -O2  output pattern test
FAIL: c-c++-common/asan/sanity-check-pure-c-1.c   -O2 -flto -fno-use-linker-plugin -flto-partition=none  output pattern test
FAIL: c-c++-common/asan/sanity-check-pure-c-1.c   -O2 -flto -fuse-linker-plugin -fno-fat-lto-objects  output pattern test
FAIL: c-c++-common/asan/sanity-check-pure-c-1.c   -O3 -g  output pattern test
FAIL: c-c++-common/asan/sanity-check-pure-c-1.c   -Os  output pattern test
FAIL: c-c++-common/asan/strncpy-overflow-1.c   -O0  output pattern test
FAIL: c-c++-common/asan/strncpy-overflow-1.c   -O1  output pattern test
FAIL: c-c++-common/asan/strncpy-overflow-1.c   -O2  output pattern test
FAIL: c-c++-common/asan/strncpy-overflow-1.c   -O2 -flto -fno-use-linker-plugin -flto-partition=none  output pattern test
FAIL: c-c++-common/asan/strncpy-overflow-1.c   -O2 -flto -fuse-linker-plugin -fno-fat-lto-objects  output pattern test
FAIL: c-c++-common/asan/strncpy-overflow-1.c   -O3 -g  output pattern test
FAIL: c-c++-common/asan/strncpy-overflow-1.c   -Os  output pattern test
FAIL: c-c++-common/asan/use-after-free-1.c   -O0  output pattern test
FAIL: c-c++-common/asan/use-after-free-1.c   -O1  output pattern test
FAIL: c-c++-common/asan/use-after-free-1.c   -O2  output pattern test
FAIL: c-c++-common/asan/use-after-free-1.c   -O2 -flto -fno-use-linker-plugin -flto-partition=none  output pattern test
FAIL: c-c++-common/asan/use-after-free-1.c   -O2 -flto -fuse-linker-plugin -fno-fat-lto-objects  output pattern test
FAIL: c-c++-common/asan/use-after-free-1.c   -O3 -g  output pattern test
FAIL: c-c++-common/asan/use-after-free-1.c   -Os  output pattern test
FAIL: g++.dg/asan/deep-stack-uaf-1.C   -O0  output pattern test
FAIL: g++.dg/asan/deep-stack-uaf-1.C   -O1  output pattern test
FAIL: g++.dg/asan/deep-stack-uaf-1.C   -O2  output pattern test
FAIL: g++.dg/asan/deep-stack-uaf-1.C   -O3 -g  output pattern test
FAIL: g++.dg/asan/deep-stack-uaf-1.C   -Os  output pattern test
FAIL: g++.dg/gcov/gcov-8.C  -std=gnu++11  gcov failed: File '/home/tcwg-buildslave/workspace/tcwg-buildfarm/tcwg-apm_32-build/snapshots/gcc.git~master_rev_2e2156cf0a314c1d0a6535f97d061b74c1dee284/gcc/testsuite/g++.dg/gcov/gcov-8.C'
FAIL: g++.dg/gcov/gcov-8.C  -std=gnu++14  gcov failed: File '/home/tcwg-buildslave/workspace/tcwg-buildfarm/tcwg-apm_32-build/snapshots/gcc.git~master_rev_2e2156cf0a314c1d0a6535f97d061b74c1dee284/gcc/testsuite/g++.dg/gcov/gcov-8.C'
FAIL: g++.dg/gcov/gcov-8.C  -std=gnu++98  gcov failed: File '/home/tcwg-buildslave/workspace/tcwg-buildfarm/tcwg-apm_32-build/snapshots/gcc.git~master_rev_2e2156cf0a314c1d0a6535f97d061b74c1dee284/gcc/testsuite/g++.dg/gcov/gcov-8.C'
FAIL: g++.dg/guality/pr67192.C   -O0  line 27 cnt == 5
FAIL: g++.dg/guality/pr67192.C   -O0  line 39 cnt == 10
FAIL: g++.dg/guality/pr67192.C   -O0  line 48 cnt == 15
FAIL: g++.dg/guality/pr67192.C   -O0  line 54 cnt == 15
FAIL: g++.dg/guality/pr67192.C   -O0  line 59 cnt == 20
FAIL: g++.dg/guality/pr67192.C   -O1  line 27 cnt == 5
FAIL: g++.dg/guality/pr67192.C   -O1  line 39 cnt == 10
FAIL: g++.dg/guality/pr67192.C   -O1  line 48 cnt == 15
FAIL: g++.dg/guality/pr67192.C   -O1  line 54 cnt == 15
FAIL: g++.dg/guality/pr67192.C   -O1  line 59 cnt == 20
FAIL: g++.dg/guality/pr67192.C   -O2  line 27 cnt == 5
FAIL: g++.dg/guality/pr67192.C   -O2  line 39 cnt == 10
FAIL: g++.dg/guality/pr67192.C   -O2  line 48 cnt == 15
FAIL: g++.dg/guality/pr67192.C   -O2  line 54 cnt == 15
FAIL: g++.dg/guality/pr67192.C   -O2  line 59 cnt == 20
FAIL: g++.dg/guality/pr67192.C   -O2 -flto -fno-use-linker-plugin -flto-partition=none  line 27 cnt == 5
FAIL: g++.dg/guality/pr67192.C   -O2 -flto -fno-use-linker-plugin -flto-partition=none  line 39 cnt == 10
FAIL: g++.dg/guality/pr67192.C   -O2 -flto -fno-use-linker-plugin -flto-partition=none  line 48 cnt == 15
FAIL: g++.dg/guality/pr67192.C   -O2 -flto -fno-use-linker-plugin -flto-partition=none  line 54 cnt == 15
FAIL: g++.dg/guality/pr67192.C   -O2 -flto -fno-use-linker-plugin -flto-partition=none  line 59 cnt == 20
FAIL: g++.dg/guality/pr67192.C   -O2 -flto -fuse-linker-plugin -fno-fat-lto-objects  line 27 cnt == 5
FAIL: g++.dg/guality/pr67192.C   -O2 -flto -fuse-linker-plugin -fno-fat-lto-objects  line 39 cnt == 10
FAIL: g++.dg/guality/pr67192.C   -O2 -flto -fuse-linker-plugin -fno-fat-lto-objects  line 48 cnt == 15
FAIL: g++.dg/guality/pr67192.C   -O2 -flto -fuse-linker-plugin -fno-fat-lto-objects  line 54 cnt == 15
FAIL: g++.dg/guality/pr67192.C   -O2 -flto -fuse-linker-plugin -fno-fat-lto-objects  line 59 cnt == 20
FAIL: g++.dg/guality/pr67192.C   -O3 -fomit-frame-pointer -funroll-loops -fpeel-loops -ftracer -finline-functions  line 27 cnt == 5
FAIL: g++.dg/guality/pr67192.C   -O3 -fomit-frame-pointer -funroll-loops -fpeel-loops -ftracer -finline-functions  line 39 cnt == 10
FAIL: g++.dg/guality/pr67192.C   -O3 -fomit-frame-pointer -funroll-loops -fpeel-loops -ftracer -finline-functions  line 48 cnt == 15
FAIL: g++.dg/guality/pr67192.C   -O3 -fomit-frame-pointer -funroll-loops -fpeel-loops -ftracer -finline-functions  line 54 cnt == 15
FAIL: g++.dg/guality/pr67192.C   -O3 -fomit-frame-pointer -funroll-loops -fpeel-loops -ftracer -finline-functions  line 59 cnt == 20
FAIL: g++.dg/guality/pr67192.C   -O3 -g  line 27 cnt == 5
FAIL: g++.dg/guality/pr67192.C   -O3 -g  line 39 cnt == 10
FAIL: g++.dg/guality/pr67192.C   -O3 -g  line 48 cnt == 15
FAIL: g++.dg/guality/pr67192.C   -O3 -g  line 54 cnt == 15
FAIL: g++.dg/guality/pr67192.C   -O3 -g  line 59 cnt == 20
FAIL: g++.dg/guality/pr67192.C   -Os  line 27 cnt == 5
FAIL: g++.dg/guality/pr67192.C   -Os  line 39 cnt == 10
FAIL: g++.dg/guality/pr67192.C   -Os  line 48 cnt == 15
FAIL: g++.dg/guality/pr67192.C   -Os  line 54 cnt == 15
FAIL: g++.dg/guality/pr67192.C   -Os  line 59 cnt == 20
FAIL: g++.dg/lto/pr65276 cp_lto_pr65276_0.o-cp_lto_pr65276_1.o link, -flto -O0 -std=c++11

		=== g++ Summary ===

# of expected passes		120996
# of unexpected failures	78
# of expected failures		507
# of unsupported tests		5585
/home/tcwg-buildslave/workspace/tcwg-buildfarm/tcwg-apm_32-build/_build/builds/armv8l-unknown-linux-gnueabihf/armv8l-unknown-linux-gnueabihf/gcc.git~master_rev_2e2156cf0a314c1d0a6535f97d061b74c1dee284-stage2/gcc/xg++  version 9.0.0 20180522 (experimental) [master revision 260499] (GCC) 

		=== gcc tests ===


Running target tcwg-local
FAIL: c-c++-common/asan/heap-overflow-1.c   -O0  output pattern test
FAIL: c-c++-common/asan/heap-overflow-1.c   -O1  output pattern test
FAIL: c-c++-common/asan/heap-overflow-1.c   -O2  output pattern test
FAIL: c-c++-common/asan/heap-overflow-1.c   -O2 -flto -fno-use-linker-plugin -flto-partition=none  output pattern test
FAIL: c-c++-common/asan/heap-overflow-1.c   -O2 -flto -fuse-linker-plugin -fno-fat-lto-objects  output pattern test
FAIL: c-c++-common/asan/heap-overflow-1.c   -O3 -g  output pattern test
FAIL: c-c++-common/asan/heap-overflow-1.c   -Os  output pattern test
FAIL: c-c++-common/asan/pr70541.c   -O0  output pattern test
FAIL: c-c++-common/asan/sanity-check-pure-c-1.c   -O0  output pattern test
FAIL: c-c++-common/asan/sanity-check-pure-c-1.c   -O1  output pattern test
FAIL: c-c++-common/asan/sanity-check-pure-c-1.c   -O2  output pattern test
FAIL: c-c++-common/asan/sanity-check-pure-c-1.c   -O2 -flto -fno-use-linker-plugin -flto-partition=none  output pattern test
FAIL: c-c++-common/asan/sanity-check-pure-c-1.c   -O2 -flto -fuse-linker-plugin -fno-fat-lto-objects  output pattern test
FAIL: c-c++-common/asan/sanity-check-pure-c-1.c   -O3 -g  output pattern test
FAIL: c-c++-common/asan/sanity-check-pure-c-1.c   -Os  output pattern test
FAIL: c-c++-common/asan/strncpy-overflow-1.c   -O0  output pattern test
FAIL: c-c++-common/asan/strncpy-overflow-1.c   -O1  output pattern test
FAIL: c-c++-common/asan/strncpy-overflow-1.c   -O2  output pattern test
FAIL: c-c++-common/asan/strncpy-overflow-1.c   -O2 -flto -fno-use-linker-plugin -flto-partition=none  output pattern test
FAIL: c-c++-common/asan/strncpy-overflow-1.c   -O2 -flto -fuse-linker-plugin -fno-fat-lto-objects  output pattern test
FAIL: c-c++-common/asan/strncpy-overflow-1.c   -O3 -g  output pattern test
FAIL: c-c++-common/asan/strncpy-overflow-1.c   -Os  output pattern test
FAIL: c-c++-common/asan/use-after-free-1.c   -O0  output pattern test
FAIL: c-c++-common/asan/use-after-free-1.c   -O1  output pattern test
FAIL: c-c++-common/asan/use-after-free-1.c   -O2  output pattern test
FAIL: c-c++-common/asan/use-after-free-1.c   -O2 -flto -fno-use-linker-plugin -flto-partition=none  output pattern test
FAIL: c-c++-common/asan/use-after-free-1.c   -O2 -flto -fuse-linker-plugin -fno-fat-lto-objects  output pattern test
FAIL: c-c++-common/asan/use-after-free-1.c   -O3 -g  output pattern test
FAIL: c-c++-common/asan/use-after-free-1.c   -Os  output pattern test
XPASS: gcc.dg/guality/example.c   -O0  execution test
XPASS: gcc.dg/guality/example.c   -O1  execution test
XPASS: gcc.dg/guality/example.c   -O3 -fomit-frame-pointer -funroll-loops -fpeel-loops -ftracer -finline-functions  execution test
XPASS: gcc.dg/guality/example.c   -O3 -g  execution test
XPASS: gcc.dg/guality/guality.c   -O0  execution test
XPASS: gcc.dg/guality/guality.c   -O1  execution test
XPASS: gcc.dg/guality/guality.c   -O2  execution test
XPASS: gcc.dg/guality/guality.c   -O2 -flto -fno-use-linker-plugin -flto-partition=none  execution test
XPASS: gcc.dg/guality/guality.c   -O2 -flto -fuse-linker-plugin -fno-fat-lto-objects  execution test
XPASS: gcc.dg/guality/guality.c   -O3 -g  execution test
XPASS: gcc.dg/guality/guality.c   -Os  execution test
XPASS: gcc.dg/guality/inline-params.c   -O2  execution test
XPASS: gcc.dg/guality/inline-params.c   -O2 -flto -fno-use-linker-plugin -flto-partition=none  execution test
XPASS: gcc.dg/guality/inline-params.c   -O2 -flto -fuse-linker-plugin -fno-fat-lto-objects  execution test
XPASS: gcc.dg/guality/inline-params.c   -O3 -g  execution test
XPASS: gcc.dg/guality/inline-params.c   -Os  execution test
FAIL: gcc.dg/guality/pr41447-1.c   -O2 -flto -fuse-linker-plugin -fno-fat-lto-objects  execution test
FAIL: gcc.dg/guality/pr41447-1.c   -O3 -g  execution test
FAIL: gcc.dg/guality/pr43077-1.c   -O0  line 11 varb == 2
FAIL: gcc.dg/guality/pr43077-1.c   -O0  line 19 varb == 3
FAIL: gcc.dg/guality/pr43077-1.c   -O0  line 42 varb == 2
FAIL: gcc.dg/guality/pr43077-1.c   -O1  line 11 varb == 2
FAIL: gcc.dg/guality/pr43077-1.c   -O1  line 19 varb == 3
FAIL: gcc.dg/guality/pr43077-1.c   -O1  line 42 varb == 2
FAIL: gcc.dg/guality/pr43077-1.c   -O2  line 11 varb == 2
FAIL: gcc.dg/guality/pr43077-1.c   -O2  line 19 varb == 3
FAIL: gcc.dg/guality/pr43077-1.c   -O2  line 42 varb == 2
FAIL: gcc.dg/guality/pr43077-1.c   -O2 -flto -fno-use-linker-plugin -flto-partition=none  line 11 varb == 2
FAIL: gcc.dg/guality/pr43077-1.c   -O2 -flto -fno-use-linker-plugin -flto-partition=none  line 19 varb == 3
FAIL: gcc.dg/guality/pr43077-1.c   -O2 -flto -fno-use-linker-plugin -flto-partition=none  line 42 varb == 2
FAIL: gcc.dg/guality/pr43077-1.c   -O2 -flto -fuse-linker-plugin -fno-fat-lto-objects  line 11 varb == 2
FAIL: gcc.dg/guality/pr43077-1.c   -O2 -flto -fuse-linker-plugin -fno-fat-lto-objects  line 19 varb == 3
FAIL: gcc.dg/guality/pr43077-1.c   -O2 -flto -fuse-linker-plugin -fno-fat-lto-objects  line 42 varb == 2
FAIL: gcc.dg/guality/pr43077-1.c   -O3 -g  line 11 varb == 2
FAIL: gcc.dg/guality/pr43077-1.c   -O3 -g  line 19 varb == 3
FAIL: gcc.dg/guality/pr43077-1.c   -O3 -g  line 42 varb == 2
FAIL: gcc.dg/guality/pr43077-1.c   -Os  line 11 varb == 2
FAIL: gcc.dg/guality/pr43077-1.c   -Os  line 19 varb == 3
FAIL: gcc.dg/guality/pr43077-1.c   -Os  line 42 varb == 2
FAIL: gcc.dg/guality/pr67192.c   -O0  line 27 cnt == 5
FAIL: gcc.dg/guality/pr67192.c   -O0  line 39 cnt == 10
FAIL: gcc.dg/guality/pr67192.c   -O0  line 48 cnt == 15
FAIL: gcc.dg/guality/pr67192.c   -O0  line 54 cnt == 15
FAIL: gcc.dg/guality/pr67192.c   -O0  line 59 cnt == 20
FAIL: gcc.dg/guality/pr67192.c   -O1  line 27 cnt == 5
FAIL: gcc.dg/guality/pr67192.c   -O1  line 39 cnt == 10
FAIL: gcc.dg/guality/pr67192.c   -O1  line 48 cnt == 15
FAIL: gcc.dg/guality/pr67192.c   -O1  line 54 cnt == 15
FAIL: gcc.dg/guality/pr67192.c   -O1  line 59 cnt == 20
FAIL: gcc.dg/guality/pr67192.c   -O2  line 27 cnt == 5
FAIL: gcc.dg/guality/pr67192.c   -O2  line 39 cnt == 10
FAIL: gcc.dg/guality/pr67192.c   -O2  line 48 cnt == 15
FAIL: gcc.dg/guality/pr67192.c   -O2  line 54 cnt == 15
FAIL: gcc.dg/guality/pr67192.c   -O2  line 59 cnt == 20
FAIL: gcc.dg/guality/pr67192.c   -O2 -flto -fno-use-linker-plugin -flto-partition=none  line 27 cnt == 5
FAIL: gcc.dg/guality/pr67192.c   -O2 -flto -fno-use-linker-plugin -flto-partition=none  line 39 cnt == 10
FAIL: gcc.dg/guality/pr67192.c   -O2 -flto -fno-use-linker-plugin -flto-partition=none  line 48 cnt == 15
FAIL: gcc.dg/guality/pr67192.c   -O2 -flto -fno-use-linker-plugin -flto-partition=none  line 54 cnt == 15
FAIL: gcc.dg/guality/pr67192.c   -O2 -flto -fno-use-linker-plugin -flto-partition=none  line 59 cnt == 20
FAIL: gcc.dg/guality/pr67192.c   -O2 -flto -fuse-linker-plugin -fno-fat-lto-objects  line 27 cnt == 5
FAIL: gcc.dg/guality/pr67192.c   -O2 -flto -fuse-linker-plugin -fno-fat-lto-objects  line 39 cnt == 10
FAIL: gcc.dg/guality/pr67192.c   -O2 -flto -fuse-linker-plugin -fno-fat-lto-objects  line 48 cnt == 15
FAIL: gcc.dg/guality/pr67192.c   -O2 -flto -fuse-linker-plugin -fno-fat-lto-objects  line 54 cnt == 15
FAIL: gcc.dg/guality/pr67192.c   -O2 -flto -fuse-linker-plugin -fno-fat-lto-objects  line 59 cnt == 20
FAIL: gcc.dg/guality/pr67192.c   -O3 -fomit-frame-pointer -funroll-loops -fpeel-loops -ftracer -finline-functions  line 27 cnt == 5
FAIL: gcc.dg/guality/pr67192.c   -O3 -fomit-frame-pointer -funroll-loops -fpeel-loops -ftracer -finline-functions  line 39 cnt == 10
FAIL: gcc.dg/guality/pr67192.c   -O3 -fomit-frame-pointer -funroll-loops -fpeel-loops -ftracer -finline-functions  line 48 cnt == 15
FAIL: gcc.dg/guality/pr67192.c   -O3 -fomit-frame-pointer -funroll-loops -fpeel-loops -ftracer -finline-functions  line 54 cnt == 15
FAIL: gcc.dg/guality/pr67192.c   -O3 -fomit-frame-pointer -funroll-loops -fpeel-loops -ftracer -finline-functions  line 59 cnt == 20
FAIL: gcc.dg/guality/pr67192.c   -O3 -g  line 27 cnt == 5
FAIL: gcc.dg/guality/pr67192.c   -O3 -g  line 39 cnt == 10
FAIL: gcc.dg/guality/pr67192.c   -O3 -g  line 48 cnt == 15
FAIL: gcc.dg/guality/pr67192.c   -O3 -g  line 54 cnt == 15
FAIL: gcc.dg/guality/pr67192.c   -O3 -g  line 59 cnt == 20
FAIL: gcc.dg/guality/pr67192.c   -Os  line 27 cnt == 5
FAIL: gcc.dg/guality/pr67192.c   -Os  line 39 cnt == 10
FAIL: gcc.dg/guality/pr67192.c   -Os  line 48 cnt == 15
FAIL: gcc.dg/guality/pr67192.c   -Os  line 54 cnt == 15
FAIL: gcc.dg/guality/pr67192.c   -Os  line 59 cnt == 20
UNRESOLVED: gcc.dg/tree-prof/update-loopch.c scan-tree-dump switchlower "Removing basic block"
UNRESOLVED: gcc.dg/tree-prof/update-loopch.c scan-tree-dump switchlower "loop depth 1, count 33333"
UNRESOLVED: gcc.dg/tree-prof/update-loopch.c scan-tree-dump-not switchlower "Invalid sum"
UNRESOLVED: gcc.dg/tree-prof/update-loopch.c scan-tree-dump-not switchlower "loop depth 1, count 33332"
FAIL: gcc.dg/tree-ssa/builtin-sprintf-warn-18.c  (test for warnings, line 119)
FAIL: gcc.dg/tree-ssa/builtin-sprintf-warn-18.c  (test for warnings, line 121)
XPASS: gcc.dg/vect/vect-24.c -flto -ffat-lto-objects  scan-tree-dump-times vect "vectorized 3 loops" 1
XPASS: gcc.dg/vect/vect-24.c scan-tree-dump-times vect "vectorized 3 loops" 1
UNRESOLVED: gcc.target/aarch64/advsimd-intrinsics/vld1x2.c   -O0  compilation failed to produce executable
UNRESOLVED: gcc.target/aarch64/advsimd-intrinsics/vld1x2.c   -O1  compilation failed to produce executable
UNRESOLVED: gcc.target/aarch64/advsimd-intrinsics/vld1x2.c   -O2  compilation failed to produce executable
UNRESOLVED: gcc.target/aarch64/advsimd-intrinsics/vld1x2.c   -O2 -flto -fno-use-linker-plugin -flto-partition=none  compilation failed to produce executable
UNRESOLVED: gcc.target/aarch64/advsimd-intrinsics/vld1x2.c   -O2 -flto -fuse-linker-plugin -fno-fat-lto-objects  compilation failed to produce executable
UNRESOLVED: gcc.target/aarch64/advsimd-intrinsics/vld1x2.c   -O3 -fomit-frame-pointer -funroll-loops -fpeel-loops -ftracer -finline-functions  compilation failed to produce executable
UNRESOLVED: gcc.target/aarch64/advsimd-intrinsics/vld1x2.c   -O3 -g  compilation failed to produce executable
UNRESOLVED: gcc.target/aarch64/advsimd-intrinsics/vld1x2.c   -Og -g  compilation failed to produce executable
UNRESOLVED: gcc.target/aarch64/advsimd-intrinsics/vld1x2.c   -Os  compilation failed to produce executable
FAIL: gcc.target/arm/pr43920-2.c scan-assembler-times pop 2

		=== gcc Summary ===

# of expected passes		118719
# of unexpected failures	95
# of unexpected successes	18
# of expected failures		400
# of unresolved testcases	13
# of unsupported tests		6594
/home/tcwg-buildslave/workspace/tcwg-buildfarm/tcwg-apm_32-build/_build/builds/armv8l-unknown-linux-gnueabihf/armv8l-unknown-linux-gnueabihf/gcc.git~master_rev_2e2156cf0a314c1d0a6535f97d061b74c1dee284-stage2/gcc/xgcc  version 9.0.0 20180522 (experimental) [master revision 260499] (GCC) 

		=== gfortran tests ===


Running target tcwg-local
FAIL: gfortran.dg/elemental_subroutine_3.f90   -O1  (test for excess errors)
FAIL: gfortran.dg/elemental_subroutine_3.f90   -O2  (test for excess errors)
FAIL: gfortran.dg/elemental_subroutine_3.f90   -O3 -fomit-frame-pointer -funroll-loops -fpeel-loops -ftracer -finline-functions  (test for excess errors)
FAIL: gfortran.dg/elemental_subroutine_3.f90   -O3 -g  (test for excess errors)
FAIL: gfortran.dg/elemental_subroutine_3.f90   -Os  (test for excess errors)
FAIL: gfortran.dg/vect/pr48329.f90   -O   scan-tree-dump-times vect "vectorized 1 loops" 1

		=== gfortran Summary ===

# of expected passes		45979
# of unexpected failures	6
# of expected failures		88
# of unsupported tests		382
/home/tcwg-buildslave/workspace/tcwg-buildfarm/tcwg-apm_32-build/_build/builds/armv8l-unknown-linux-gnueabihf/armv8l-unknown-linux-gnueabihf/gcc.git~master_rev_2e2156cf0a314c1d0a6535f97d061b74c1dee284-stage2/gcc/gfortran  version 9.0.0 20180522 (experimental) [master revision 260499] (GCC) 

		=== obj-c++ tests ===


Running target tcwg-local

		=== obj-c++ Summary ===

# of expected passes		1464
# of expected failures		2
# of unsupported tests		77
/home/tcwg-buildslave/workspace/tcwg-buildfarm/tcwg-apm_32-build/_build/builds/armv8l-unknown-linux-gnueabihf/armv8l-unknown-linux-gnueabihf/gcc.git~master_rev_2e2156cf0a314c1d0a6535f97d061b74c1dee284-stage2/gcc/xg++  version 9.0.0 20180522 (experimental) [master revision 260499] (GCC) 

		=== objc tests ===


Running target tcwg-local

		=== objc Summary ===

# of expected passes		2803
# of unsupported tests		68
/home/tcwg-buildslave/workspace/tcwg-buildfarm/tcwg-apm_32-build/_build/builds/armv8l-unknown-linux-gnueabihf/armv8l-unknown-linux-gnueabihf/gcc.git~master_rev_2e2156cf0a314c1d0a6535f97d061b74c1dee284-stage2/gcc/xgcc  version 9.0.0 20180522 (experimental) [master revision 260499] (GCC) 


Compiler version: 9.0.0 20180522 (experimental) [master revision 260499] (GCC) 
Platform: armv8l-unknown-linux-gnueabihf
configure flags: SHELL=/bin/bash --with-mpc=/home/tcwg-buildslave/workspace/tcwg-buildfarm/tcwg-apm_32-build/_build/builds/destdir/armv8l-unknown-linux-gnueabihf --with-mpfr=/home/tcwg-buildslave/workspace/tcwg-buildfarm/tcwg-apm_32-build/_build/builds/destdir/armv8l-unknown-linux-gnueabihf --with-gmp=/home/tcwg-buildslave/workspace/tcwg-buildfarm/tcwg-apm_32-build/_build/builds/destdir/armv8l-unknown-linux-gnueabihf --with-gnu-as --with-gnu-ld --disable-libmudflap --enable-lto --enable-shared --without-included-gettext --enable-nls --with-system-zlib --disable-sjlj-exceptions --enable-gnu-unique-object --enable-linker-build-id --disable-libstdcxx-pch --enable-c99 --enable-clocale=gnu --enable-libstdcxx-debug --enable-long-long --with-cloog=no --with-ppl=no --with-isl=no --disable-multilib --with-float=hard --with-fpu=neon-fp-armv8 --with-mode=thumb --with-arch=armv8-a --enable-threads=posix --enable-multiarch --enable-libstdcxx-time=yes --enable-gnu-indirect-function --enable-checki
 ng=yes --enable-bootstrap --enable-languages=c,c++,fortran,lto,objc,obj-c++ --build=armv8l-unknown-linux-gnueabihf --host=armv8l-unknown-linux-gnueabihf --target=armv8l-unknown-linux-gnueabihf --prefix=/home/tcwg-buildslave/workspace/tcwg-buildfarm/tcwg-apm_32-build/_build/builds/destdir/armv8l-unknown-linux-gnueabihf


Index Nav: [Date Index] [Subject Index] [Author Index] [Thread Index]
Message Nav: [Date Prev] [Date Next] [Thread Prev] [Thread Next]