This is the mail archive of the gcc-testresults@gcc.gnu.org mailing list for the GCC project.


Index Nav: [Date Index] [Subject Index] [Author Index] [Thread Index]
Message Nav: [Date Prev] [Date Next] [Thread Prev] [Thread Next]
Other format: [Raw text]

Results for 9.0.0 20180521 (experimental) [trunk revision 260472] (GCC) testsuite on x86_64-pc-linux-gnu


Native configuration is x86_64-pc-linux-gnu

		=== gcc tests ===


Running target unix/-mx32
FAIL: gcc.dg/graphite/interchange-3.c scan-tree-dump graphite "tiled"
FAIL: gcc.dg/graphite/interchange-7.c scan-tree-dump graphite "tiled"
FAIL: gcc.dg/graphite/interchange-9.c scan-tree-dump graphite "tiled"
FAIL: gcc.dg/graphite/uns-interchange-9.c scan-tree-dump graphite "tiled"
XPASS: gcc.dg/guality/example.c   -O0  execution test
XPASS: gcc.dg/guality/guality.c   -O0  execution test
XPASS: gcc.dg/guality/guality.c   -O1  execution test
XPASS: gcc.dg/guality/guality.c   -O2  execution test
XPASS: gcc.dg/guality/guality.c   -O2 -flto -fno-use-linker-plugin -flto-partition=none  execution test
XPASS: gcc.dg/guality/guality.c   -O2 -flto -fuse-linker-plugin -fno-fat-lto-objects  execution test
XPASS: gcc.dg/guality/guality.c   -O3 -g  execution test
XPASS: gcc.dg/guality/guality.c   -Os  execution test
XPASS: gcc.dg/guality/inline-params.c   -O2  execution test
XPASS: gcc.dg/guality/inline-params.c   -O2 -flto -fno-use-linker-plugin -flto-partition=none  execution test
XPASS: gcc.dg/guality/inline-params.c   -O2 -flto -fuse-linker-plugin -fno-fat-lto-objects  execution test
XPASS: gcc.dg/guality/inline-params.c   -O3 -g  execution test
XPASS: gcc.dg/guality/inline-params.c   -Os  execution test
XPASS: gcc.dg/guality/pr41353-1.c   -O0  line 28 j == 28 + 37
FAIL: gcc.dg/guality/pr41447-1.c   -O2  execution test
FAIL: gcc.dg/guality/pr41447-1.c   -O2 -flto -fno-use-linker-plugin -flto-partition=none  execution test
FAIL: gcc.dg/guality/pr41447-1.c   -Os  execution test
FAIL: gcc.dg/guality/pr43051-1.c   -O1  line 36 e == &a[1]
FAIL: gcc.dg/guality/pr43051-1.c   -O1  line 41 e == &a[1]
FAIL: gcc.dg/guality/pr43051-1.c   -O2  line 36 e == &a[1]
FAIL: gcc.dg/guality/pr43051-1.c   -O2  line 41 e == &a[1]
FAIL: gcc.dg/guality/pr43051-1.c   -O2 -flto -fno-use-linker-plugin -flto-partition=none  line 36 e == &a[1]
FAIL: gcc.dg/guality/pr43051-1.c   -O2 -flto -fno-use-linker-plugin -flto-partition=none  line 41 e == &a[1]
FAIL: gcc.dg/guality/pr43051-1.c   -O2 -flto -fuse-linker-plugin -fno-fat-lto-objects  line 36 e == &a[1]
FAIL: gcc.dg/guality/pr43051-1.c   -O2 -flto -fuse-linker-plugin -fno-fat-lto-objects  line 41 e == &a[1]
FAIL: gcc.dg/guality/pr43051-1.c   -O3 -fomit-frame-pointer -funroll-loops -fpeel-loops -ftracer -finline-functions  line 39 c == &a[0]
FAIL: gcc.dg/guality/pr43051-1.c   -Os  line 34 c == &a[0]
FAIL: gcc.dg/guality/pr43051-1.c   -Os  line 36 e == &a[1]
FAIL: gcc.dg/guality/pr43051-1.c   -Os  line 39 c == &a[0]
FAIL: gcc.dg/guality/pr43051-1.c   -Os  line 41 e == &a[1]
FAIL: gcc.dg/guality/pr45882.c   -O2 -flto -fuse-linker-plugin -fno-fat-lto-objects  line 16 d == 112
FAIL: gcc.dg/guality/pr45882.c   -O2 -flto -fuse-linker-plugin -fno-fat-lto-objects  line 16 e == 142
FAIL: gcc.dg/guality/pr54519-1.c   -O2 -flto -fno-use-linker-plugin -flto-partition=none  line 20 y == 25
FAIL: gcc.dg/guality/pr54519-1.c   -O2 -flto -fno-use-linker-plugin -flto-partition=none  line 20 z == 6
FAIL: gcc.dg/guality/pr54519-1.c   -O2 -flto -fno-use-linker-plugin -flto-partition=none  line 23 y == 117
FAIL: gcc.dg/guality/pr54519-1.c   -O2 -flto -fno-use-linker-plugin -flto-partition=none  line 23 z == 8
FAIL: gcc.dg/guality/pr54519-2.c   -O2 -flto -fno-use-linker-plugin -flto-partition=none  line 17 y == 25
FAIL: gcc.dg/guality/pr54519-2.c   -O2 -flto -fuse-linker-plugin -fno-fat-lto-objects  line 17 y == 25
FAIL: gcc.dg/guality/pr54519-3.c   -O2 -flto -fno-use-linker-plugin -flto-partition=none  line 20 y == 25
FAIL: gcc.dg/guality/pr54519-3.c   -O2 -flto -fno-use-linker-plugin -flto-partition=none  line 20 z == 6
FAIL: gcc.dg/guality/pr54519-3.c   -O2 -flto -fno-use-linker-plugin -flto-partition=none  line 23 y == 117
FAIL: gcc.dg/guality/pr54519-3.c   -O2 -flto -fno-use-linker-plugin -flto-partition=none  line 23 z == 8
FAIL: gcc.dg/guality/pr54519-3.c   -O2 -flto -fuse-linker-plugin -fno-fat-lto-objects  line 20 y == 25
FAIL: gcc.dg/guality/pr54519-3.c   -O2 -flto -fuse-linker-plugin -fno-fat-lto-objects  line 20 z == 6
FAIL: gcc.dg/guality/pr54519-3.c   -O2 -flto -fuse-linker-plugin -fno-fat-lto-objects  line 23 y == 117
FAIL: gcc.dg/guality/pr54519-3.c   -O2 -flto -fuse-linker-plugin -fno-fat-lto-objects  line 23 z == 8
FAIL: gcc.dg/guality/pr54519-4.c   -O2 -flto -fno-use-linker-plugin -flto-partition=none  line 17 y == 25
FAIL: gcc.dg/guality/pr54519-4.c   -O2 -flto -fuse-linker-plugin -fno-fat-lto-objects  line 17 y == 25
FAIL: gcc.dg/guality/pr54519-5.c   -O2 -flto -fno-use-linker-plugin -flto-partition=none  line 17 y == 25
FAIL: gcc.dg/guality/pr54519-5.c   -O2 -flto -fuse-linker-plugin -fno-fat-lto-objects  line 17 y == 25
XPASS: gcc.dg/guality/pr54970.c   -O0  line 31 a[0] == 4
XPASS: gcc.dg/guality/pr54970.c   -O0  line 36 a[0] == 4
XPASS: gcc.dg/guality/pr54970.c   -O0  line 45 a[0] == 4
XPASS: gcc.dg/guality/pr54970.c   -O0  line 45 p[-2] == 4
XPASS: gcc.dg/guality/pr54970.c   -O0  line 45 q[-1] == 4
FAIL: gcc.dg/guality/pr68860-1.c   -O2 -flto -fno-use-linker-plugin -flto-partition=none  line 14 arg1 == 1
FAIL: gcc.dg/guality/pr68860-1.c   -O2 -flto -fno-use-linker-plugin -flto-partition=none  line 14 arg2 == 2
FAIL: gcc.dg/guality/pr68860-1.c   -O2 -flto -fno-use-linker-plugin -flto-partition=none  line 14 arg3 == 3
FAIL: gcc.dg/guality/pr68860-1.c   -O2 -flto -fno-use-linker-plugin -flto-partition=none  line 14 arg4 == 4
FAIL: gcc.dg/guality/pr68860-1.c   -O2 -flto -fno-use-linker-plugin -flto-partition=none  line 14 arg5 == 5
FAIL: gcc.dg/guality/pr68860-1.c   -O2 -flto -fno-use-linker-plugin -flto-partition=none  line 14 arg6 == 6
FAIL: gcc.dg/guality/pr68860-1.c   -O2 -flto -fno-use-linker-plugin -flto-partition=none  line 16 arg1 == 1
FAIL: gcc.dg/guality/pr68860-1.c   -O2 -flto -fno-use-linker-plugin -flto-partition=none  line 16 arg2 == 2
FAIL: gcc.dg/guality/pr68860-1.c   -O2 -flto -fno-use-linker-plugin -flto-partition=none  line 16 arg3 == 3
FAIL: gcc.dg/guality/pr68860-1.c   -O2 -flto -fno-use-linker-plugin -flto-partition=none  line 16 arg4 == 4
FAIL: gcc.dg/guality/pr68860-1.c   -O2 -flto -fno-use-linker-plugin -flto-partition=none  line 16 arg5 == 5
FAIL: gcc.dg/guality/pr68860-1.c   -O2 -flto -fno-use-linker-plugin -flto-partition=none  line 16 arg6 == 6
FAIL: gcc.dg/guality/pr68860-1.c   -O2 -flto -fuse-linker-plugin -fno-fat-lto-objects  line 14 arg1 == 1
FAIL: gcc.dg/guality/pr68860-1.c   -O2 -flto -fuse-linker-plugin -fno-fat-lto-objects  line 14 arg2 == 2
FAIL: gcc.dg/guality/pr68860-1.c   -O2 -flto -fuse-linker-plugin -fno-fat-lto-objects  line 14 arg3 == 3
FAIL: gcc.dg/guality/pr68860-1.c   -O2 -flto -fuse-linker-plugin -fno-fat-lto-objects  line 14 arg4 == 4
FAIL: gcc.dg/guality/pr68860-1.c   -O2 -flto -fuse-linker-plugin -fno-fat-lto-objects  line 14 arg5 == 5
FAIL: gcc.dg/guality/pr68860-1.c   -O2 -flto -fuse-linker-plugin -fno-fat-lto-objects  line 14 arg6 == 6
FAIL: gcc.dg/guality/pr68860-1.c   -O2 -flto -fuse-linker-plugin -fno-fat-lto-objects  line 16 arg1 == 1
FAIL: gcc.dg/guality/pr68860-1.c   -O2 -flto -fuse-linker-plugin -fno-fat-lto-objects  line 16 arg2 == 2
FAIL: gcc.dg/guality/pr68860-1.c   -O2 -flto -fuse-linker-plugin -fno-fat-lto-objects  line 16 arg3 == 3
FAIL: gcc.dg/guality/pr68860-1.c   -O2 -flto -fuse-linker-plugin -fno-fat-lto-objects  line 16 arg4 == 4
FAIL: gcc.dg/guality/pr68860-1.c   -O2 -flto -fuse-linker-plugin -fno-fat-lto-objects  line 16 arg5 == 5
FAIL: gcc.dg/guality/pr68860-1.c   -O2 -flto -fuse-linker-plugin -fno-fat-lto-objects  line 16 arg6 == 6
FAIL: gcc.dg/guality/vla-1.c   -O1  line 17 sizeof (a) == 6
FAIL: gcc.dg/guality/vla-1.c   -O2  line 17 sizeof (a) == 6
FAIL: gcc.dg/guality/vla-1.c   -O2 -flto -fno-use-linker-plugin -flto-partition=none  line 17 sizeof (a) == 6
FAIL: gcc.dg/guality/vla-1.c   -O2 -flto -fno-use-linker-plugin -flto-partition=none  line 24 sizeof (a) == 17 * sizeof (short)
FAIL: gcc.dg/guality/vla-1.c   -O2 -flto -fuse-linker-plugin -fno-fat-lto-objects  line 17 sizeof (a) == 6
FAIL: gcc.dg/guality/vla-1.c   -O2 -flto -fuse-linker-plugin -fno-fat-lto-objects  line 24 sizeof (a) == 17 * sizeof (short)
FAIL: gcc.dg/guality/vla-1.c   -O3 -g  line 17 sizeof (a) == 6
FAIL: gcc.dg/guality/vla-1.c   -Os  line 17 sizeof (a) == 6
UNRESOLVED: gcc.dg/tree-prof/update-loopch.c scan-tree-dump switchlower "Removing basic block"
UNRESOLVED: gcc.dg/tree-prof/update-loopch.c scan-tree-dump switchlower "loop depth 1, count 33333"
UNRESOLVED: gcc.dg/tree-prof/update-loopch.c scan-tree-dump-not switchlower "Invalid sum"
UNRESOLVED: gcc.dg/tree-prof/update-loopch.c scan-tree-dump-not switchlower "loop depth 1, count 33332"

		=== gcc Summary ===

# of expected passes		133715
# of unexpected failures	72
# of unexpected successes	19
# of expected failures		440
# of unresolved testcases	4
# of unsupported tests		2515
/export/gnu/import/git/gcc-test-x32/bld/gcc/xgcc  version 9.0.0 20180521 (experimental) [trunk revision 260472] (GCC) 

		=== gfortran tests ===


Running target unix/-mx32
FAIL: gfortran.dg/pr30667.f   -O  (test for excess errors)
FAIL: gfortran.dg/graphite/block-2.f   -O  (test for excess errors)
FAIL: gfortran.dg/graphite/id-19.f   -O  (test for excess errors)
FAIL: gfortran.dg/graphite/id-20.f   -O  (test for excess errors)
FAIL: gfortran.dg/graphite/id-27.f90   -O  (test for excess errors)
FAIL: gfortran.dg/graphite/pr82449.f   -O  (test for excess errors)
UNRESOLVED: gfortran.dg/vect/pr52580.f   -O   scan-tree-dump-times vect "LOOP VECTORIZED" 1

		=== gfortran Summary ===

# of expected passes		47321
# of unexpected failures	6
# of expected failures		93
# of unresolved testcases	1
# of unsupported tests		68
/export/gnu/import/git/gcc-test-x32/bld/gcc/gfortran  version 9.0.0 20180521 (experimental) [trunk revision 260472] (GCC) 

		=== g++ tests ===


Running target unix/-mx32
FAIL: g++.dg/pr80481.C  -std=gnu++11  scan-assembler-not vmovaps
FAIL: g++.dg/pr80481.C  -std=gnu++14  scan-assembler-not vmovaps
FAIL: g++.dg/pr80481.C  -std=gnu++98  scan-assembler-not vmovaps
FAIL: g++.dg/guality/pr55665.C   -O2  line 23 p == 40

		=== g++ Summary ===

# of expected passes		125347
# of unexpected failures	4
# of expected failures		502
# of unsupported tests		4915
/export/gnu/import/git/gcc-test-x32/bld/gcc/xg++  version 9.0.0 20180521 (experimental) [trunk revision 260472] (GCC) 

		=== objc tests ===


Running target unix/-mx32

		=== objc Summary ===

# of expected passes		2797
# of expected failures		6
# of unsupported tests		68
/export/gnu/import/git/gcc-test-x32/bld/gcc/xgcc  version 9.0.0 20180521 (experimental) [trunk revision 260472] (GCC) 

		=== libatomic tests ===


Running target unix/-mx32

		=== libatomic Summary ===

# of expected passes		54
		=== libgomp tests ===


Running target unix/-mx32
FAIL: libgomp.fortran/collapse2.f90   -O0  (test for excess errors)
FAIL: libgomp.fortran/collapse2.f90   -O1  (test for excess errors)
FAIL: libgomp.fortran/collapse2.f90   -O2  (test for excess errors)
FAIL: libgomp.fortran/collapse2.f90   -O3 -fomit-frame-pointer -funroll-loops -fpeel-loops -ftracer -finline-functions  (test for excess errors)
FAIL: libgomp.fortran/collapse2.f90   -O3 -g  (test for excess errors)
FAIL: libgomp.fortran/collapse2.f90   -Os  (test for excess errors)
FAIL: libgomp.fortran/omp_atomic2.f90   -O0  (test for excess errors)
FAIL: libgomp.fortran/omp_atomic2.f90   -O1  (test for excess errors)
FAIL: libgomp.fortran/omp_atomic2.f90   -O2  (test for excess errors)
FAIL: libgomp.fortran/omp_atomic2.f90   -O3 -fomit-frame-pointer -funroll-loops -fpeel-loops -ftracer -finline-functions  (test for excess errors)
FAIL: libgomp.fortran/omp_atomic2.f90   -O3 -g  (test for excess errors)
FAIL: libgomp.fortran/omp_atomic2.f90   -Os  (test for excess errors)
FAIL: libgomp.fortran/omp_parse1.f90   -O0  (test for excess errors)
FAIL: libgomp.fortran/omp_parse1.f90   -O1  (test for excess errors)
FAIL: libgomp.fortran/omp_parse1.f90   -O2  (test for excess errors)
FAIL: libgomp.fortran/omp_parse1.f90   -O3 -fomit-frame-pointer -funroll-loops -fpeel-loops -ftracer -finline-functions  (test for excess errors)
FAIL: libgomp.fortran/omp_parse1.f90   -O3 -g  (test for excess errors)
FAIL: libgomp.fortran/omp_parse1.f90   -Os  (test for excess errors)
FAIL: libgomp.fortran/omp_parse3.f90   -O0  (test for excess errors)
FAIL: libgomp.fortran/omp_parse3.f90   -O1  (test for excess errors)
FAIL: libgomp.fortran/omp_parse3.f90   -O2  (test for excess errors)
FAIL: libgomp.fortran/omp_parse3.f90   -O3 -fomit-frame-pointer -funroll-loops -fpeel-loops -ftracer -finline-functions  (test for excess errors)
FAIL: libgomp.fortran/omp_parse3.f90   -O3 -g  (test for excess errors)
FAIL: libgomp.fortran/omp_parse3.f90   -Os  (test for excess errors)
FAIL: libgomp.fortran/task2.f90   -O  (test for excess errors)
FAIL: libgomp.fortran/vla1.f90   -O0  (test for excess errors)
FAIL: libgomp.fortran/vla1.f90   -O1  (test for excess errors)
FAIL: libgomp.fortran/vla1.f90   -O2  (test for excess errors)
FAIL: libgomp.fortran/vla1.f90   -O3 -fomit-frame-pointer -funroll-loops -fpeel-loops -ftracer -finline-functions  (test for excess errors)
FAIL: libgomp.fortran/vla1.f90   -O3 -g  (test for excess errors)
FAIL: libgomp.fortran/vla1.f90   -Os  (test for excess errors)
FAIL: libgomp.fortran/vla2.f90   -O0  (test for excess errors)
FAIL: libgomp.fortran/vla2.f90   -O1  (test for excess errors)
FAIL: libgomp.fortran/vla2.f90   -O2  (test for excess errors)
FAIL: libgomp.fortran/vla2.f90   -O3 -fomit-frame-pointer -funroll-loops -fpeel-loops -ftracer -finline-functions  (test for excess errors)
FAIL: libgomp.fortran/vla2.f90   -O3 -g  (test for excess errors)
FAIL: libgomp.fortran/vla2.f90   -Os  (test for excess errors)
FAIL: libgomp.fortran/vla3.f90   -O0  (test for excess errors)
FAIL: libgomp.fortran/vla3.f90   -O1  (test for excess errors)
FAIL: libgomp.fortran/vla3.f90   -O2  (test for excess errors)
FAIL: libgomp.fortran/vla3.f90   -O3 -fomit-frame-pointer -funroll-loops -fpeel-loops -ftracer -finline-functions  (test for excess errors)
FAIL: libgomp.fortran/vla3.f90   -O3 -g  (test for excess errors)
FAIL: libgomp.fortran/vla3.f90   -Os  (test for excess errors)
FAIL: libgomp.fortran/vla4.f90   -O0  (test for excess errors)
FAIL: libgomp.fortran/vla4.f90   -O1  (test for excess errors)
FAIL: libgomp.fortran/vla4.f90   -O2  (test for excess errors)
FAIL: libgomp.fortran/vla4.f90   -O3 -fomit-frame-pointer -funroll-loops -fpeel-loops -ftracer -finline-functions  (test for excess errors)
FAIL: libgomp.fortran/vla4.f90   -O3 -g  (test for excess errors)
FAIL: libgomp.fortran/vla4.f90   -Os  (test for excess errors)
FAIL: libgomp.fortran/vla5.f90   -O0  (test for excess errors)
FAIL: libgomp.fortran/vla5.f90   -O1  (test for excess errors)
FAIL: libgomp.fortran/vla5.f90   -O2  (test for excess errors)
FAIL: libgomp.fortran/vla5.f90   -O3 -fomit-frame-pointer -funroll-loops -fpeel-loops -ftracer -finline-functions  (test for excess errors)
FAIL: libgomp.fortran/vla5.f90   -O3 -g  (test for excess errors)
FAIL: libgomp.fortran/vla5.f90   -Os  (test for excess errors)
FAIL: libgomp.fortran/vla6.f90   -O0  (test for excess errors)
FAIL: libgomp.fortran/vla6.f90   -O1  (test for excess errors)
FAIL: libgomp.fortran/vla6.f90   -O2  (test for excess errors)
FAIL: libgomp.fortran/vla6.f90   -O3 -fomit-frame-pointer -funroll-loops -fpeel-loops -ftracer -finline-functions  (test for excess errors)
FAIL: libgomp.fortran/vla6.f90   -O3 -g  (test for excess errors)
FAIL: libgomp.fortran/vla6.f90   -Os  (test for excess errors)
FAIL: libgomp.fortran/vla8.f90   -O0  (test for excess errors)
FAIL: libgomp.fortran/vla8.f90   -O1  (test for excess errors)
FAIL: libgomp.fortran/vla8.f90   -O2  (test for excess errors)
FAIL: libgomp.fortran/vla8.f90   -O3 -fomit-frame-pointer -funroll-loops -fpeel-loops -ftracer -finline-functions  (test for excess errors)
FAIL: libgomp.fortran/vla8.f90   -O3 -g  (test for excess errors)
FAIL: libgomp.fortran/vla8.f90   -Os  (test for excess errors)
FAIL: libgomp.oacc-fortran/collapse-2.f90 -DACC_DEVICE_TYPE_host=1 -DACC_MEM_SHARED=1  -O0  (test for excess errors)
FAIL: libgomp.oacc-fortran/collapse-2.f90 -DACC_DEVICE_TYPE_host=1 -DACC_MEM_SHARED=1  -O1  (test for excess errors)
FAIL: libgomp.oacc-fortran/collapse-2.f90 -DACC_DEVICE_TYPE_host=1 -DACC_MEM_SHARED=1  -O2  (test for excess errors)
FAIL: libgomp.oacc-fortran/collapse-2.f90 -DACC_DEVICE_TYPE_host=1 -DACC_MEM_SHARED=1  -O3 -fomit-frame-pointer -funroll-loops -fpeel-loops -ftracer -finline-functions  (test for excess errors)
FAIL: libgomp.oacc-fortran/collapse-2.f90 -DACC_DEVICE_TYPE_host=1 -DACC_MEM_SHARED=1  -O3 -g  (test for excess errors)
FAIL: libgomp.oacc-fortran/collapse-2.f90 -DACC_DEVICE_TYPE_host=1 -DACC_MEM_SHARED=1  -Os  (test for excess errors)
FAIL: libgomp.oacc-fortran/nested-function-1.f90 -DACC_DEVICE_TYPE_host=1 -DACC_MEM_SHARED=1  -O0  (test for excess errors)
FAIL: libgomp.oacc-fortran/nested-function-1.f90 -DACC_DEVICE_TYPE_host=1 -DACC_MEM_SHARED=1  -O1  (test for excess errors)
FAIL: libgomp.oacc-fortran/nested-function-1.f90 -DACC_DEVICE_TYPE_host=1 -DACC_MEM_SHARED=1  -O2  (test for excess errors)
FAIL: libgomp.oacc-fortran/nested-function-1.f90 -DACC_DEVICE_TYPE_host=1 -DACC_MEM_SHARED=1  -O3 -fomit-frame-pointer -funroll-loops -fpeel-loops -ftracer -finline-functions  (test for excess errors)
FAIL: libgomp.oacc-fortran/nested-function-1.f90 -DACC_DEVICE_TYPE_host=1 -DACC_MEM_SHARED=1  -O3 -g  (test for excess errors)
FAIL: libgomp.oacc-fortran/nested-function-1.f90 -DACC_DEVICE_TYPE_host=1 -DACC_MEM_SHARED=1  -Os  (test for excess errors)

		=== libgomp Summary ===

# of expected passes		5495
# of unexpected failures	79
# of expected failures		1
# of unsupported tests		300
		=== libitm tests ===


Running target unix/-mx32

		=== libitm Summary ===

# of expected passes		42
# of expected failures		3
# of unsupported tests		1
		=== libstdc++ tests ===


Running target unix/-mx32
FAIL: 21_strings/basic_string_view/operators/wchar_t/2.cc execution test
FAIL: 23_containers/map/59872.cc (test for excess errors)
FAIL: 23_containers/map/allocator/minimal.cc (test for excess errors)
UNRESOLVED: 23_containers/map/allocator/minimal.cc compilation failed to produce executable
FAIL: 23_containers/map/allocator/move.cc (test for excess errors)
UNRESOLVED: 23_containers/map/allocator/move.cc compilation failed to produce executable
FAIL: 23_containers/map/debug/construct5_neg.cc (test for excess errors)
UNRESOLVED: 23_containers/map/debug/construct5_neg.cc compilation failed to produce executable
FAIL: 23_containers/map/debug/move_neg.cc (test for excess errors)
UNRESOLVED: 23_containers/map/debug/move_neg.cc compilation failed to produce executable
FAIL: 23_containers/map/requirements/explicit_instantiation/1.cc (test for excess errors)
FAIL: 23_containers/map/requirements/explicit_instantiation/1_c++0x.cc (test for excess errors)
FAIL: 23_containers/map/requirements/explicit_instantiation/2.cc (test for excess errors)
FAIL: 23_containers/map/requirements/explicit_instantiation/3.cc (test for excess errors)
FAIL: 23_containers/map/requirements/explicit_instantiation/4.cc (test for excess errors)
FAIL: 23_containers/map/requirements/explicit_instantiation/5.cc (test for excess errors)
FAIL: 23_containers/map/requirements/explicit_instantiation/5_c++0x.cc (test for excess errors)
FAIL: 23_containers/multimap/allocator/minimal.cc (test for excess errors)
UNRESOLVED: 23_containers/multimap/allocator/minimal.cc compilation failed to produce executable
FAIL: 23_containers/multimap/allocator/move.cc (test for excess errors)
UNRESOLVED: 23_containers/multimap/allocator/move.cc compilation failed to produce executable
FAIL: 23_containers/multimap/debug/construct5_neg.cc (test for excess errors)
UNRESOLVED: 23_containers/multimap/debug/construct5_neg.cc compilation failed to produce executable
FAIL: 23_containers/multimap/debug/move_neg.cc (test for excess errors)
UNRESOLVED: 23_containers/multimap/debug/move_neg.cc compilation failed to produce executable
FAIL: 23_containers/multimap/requirements/explicit_instantiation/1.cc (test for excess errors)
FAIL: 23_containers/multimap/requirements/explicit_instantiation/1_c++0x.cc (test for excess errors)
FAIL: 23_containers/multimap/requirements/explicit_instantiation/2.cc (test for excess errors)
FAIL: 23_containers/multimap/requirements/explicit_instantiation/3.cc (test for excess errors)
FAIL: 23_containers/multimap/requirements/explicit_instantiation/4.cc (test for excess errors)
FAIL: 23_containers/multimap/requirements/explicit_instantiation/5.cc (test for excess errors)
FAIL: 23_containers/multimap/requirements/explicit_instantiation/5_c++0x.cc (test for excess errors)
FAIL: 23_containers/multiset/allocator/minimal.cc (test for excess errors)
UNRESOLVED: 23_containers/multiset/allocator/minimal.cc compilation failed to produce executable
FAIL: 23_containers/multiset/allocator/move.cc (test for excess errors)
UNRESOLVED: 23_containers/multiset/allocator/move.cc compilation failed to produce executable
FAIL: 23_containers/multiset/debug/construct5_neg.cc (test for excess errors)
UNRESOLVED: 23_containers/multiset/debug/construct5_neg.cc compilation failed to produce executable
FAIL: 23_containers/multiset/debug/move_neg.cc (test for excess errors)
UNRESOLVED: 23_containers/multiset/debug/move_neg.cc compilation failed to produce executable
FAIL: 23_containers/multiset/requirements/explicit_instantiation/1.cc (test for excess errors)
FAIL: 23_containers/multiset/requirements/explicit_instantiation/1_c++0x.cc (test for excess errors)
FAIL: 23_containers/multiset/requirements/explicit_instantiation/2.cc (test for excess errors)
FAIL: 23_containers/multiset/requirements/explicit_instantiation/3.cc (test for excess errors)
FAIL: 23_containers/multiset/requirements/explicit_instantiation/4.cc (test for excess errors)
FAIL: 23_containers/multiset/requirements/explicit_instantiation/5.cc (test for excess errors)
FAIL: 23_containers/multiset/requirements/explicit_instantiation/5_c++0x.cc (test for excess errors)
FAIL: 23_containers/set/allocator/minimal.cc (test for excess errors)
UNRESOLVED: 23_containers/set/allocator/minimal.cc compilation failed to produce executable
FAIL: 23_containers/set/allocator/move.cc (test for excess errors)
UNRESOLVED: 23_containers/set/allocator/move.cc compilation failed to produce executable
FAIL: 23_containers/set/debug/construct5_neg.cc (test for excess errors)
UNRESOLVED: 23_containers/set/debug/construct5_neg.cc compilation failed to produce executable
FAIL: 23_containers/set/debug/move_neg.cc (test for excess errors)
UNRESOLVED: 23_containers/set/debug/move_neg.cc compilation failed to produce executable
FAIL: 23_containers/set/requirements/explicit_instantiation/1.cc (test for excess errors)
FAIL: 23_containers/set/requirements/explicit_instantiation/1_c++0x.cc (test for excess errors)
FAIL: 23_containers/set/requirements/explicit_instantiation/2.cc (test for excess errors)
FAIL: 23_containers/set/requirements/explicit_instantiation/3.cc (test for excess errors)
FAIL: 23_containers/set/requirements/explicit_instantiation/4.cc (test for excess errors)
FAIL: 23_containers/set/requirements/explicit_instantiation/5.cc (test for excess errors)
FAIL: 23_containers/set/requirements/explicit_instantiation/5_c++0x.cc (test for excess errors)
FAIL: experimental/string_view/operators/wchar_t/2.cc execution test

		=== libstdc++ Summary ===

# of expected passes		12953
# of unexpected failures	47
# of expected failures		66
# of unresolved testcases	16
# of unsupported tests		255

Compiler version: 9.0.0 20180521 (experimental) [trunk revision 260472] (GCC) 
Platform: x86_64-pc-linux-gnu
configure flags: --prefix=/usr/9.0.0 --enable-clocale=gnu --with-system-zlib --enable-shared --enable-cet --with-demangler-in-ld --enable-libmpx --with-multilib-list=m32,m64,mx32 --with-fpmath=sse


Index Nav: [Date Index] [Subject Index] [Author Index] [Thread Index]
Message Nav: [Date Prev] [Date Next] [Thread Prev] [Thread Next]