This is the mail archive of the gcc-testresults@gcc.gnu.org mailing list for the GCC project.


Index Nav: [Date Index] [Subject Index] [Author Index] [Thread Index]
Message Nav: [Date Prev] [Date Next] [Thread Prev] [Thread Next]
Other format: [Raw text]

Results for 9.0.0 20180520 (experimental) [trunk revision 260408] (GCC) testsuite on x86_64-pc-linux-gnu


Native configuration is x86_64-pc-linux-gnu

		=== gcc tests ===


Running target unix
FAIL: gcc.dg/stack-layout-dynamic-1.c scan-assembler-not cfi_def_cfa_register
FAIL: gcc.dg/graphite/interchange-3.c scan-tree-dump graphite "tiled"
FAIL: gcc.dg/graphite/interchange-7.c scan-tree-dump graphite "tiled"
FAIL: gcc.dg/graphite/interchange-9.c scan-tree-dump graphite "tiled"
FAIL: gcc.dg/graphite/uns-interchange-9.c scan-tree-dump graphite "tiled"
XPASS: gcc.dg/guality/example.c   -O0  execution test
XPASS: gcc.dg/guality/example.c   -O1  execution test
XPASS: gcc.dg/guality/example.c   -O3 -g  execution test
XPASS: gcc.dg/guality/guality.c   -O0  execution test
XPASS: gcc.dg/guality/guality.c   -O1  execution test
XPASS: gcc.dg/guality/guality.c   -O2  execution test
XPASS: gcc.dg/guality/guality.c   -O2 -flto -fno-use-linker-plugin -flto-partition=none  execution test
XPASS: gcc.dg/guality/guality.c   -O2 -flto -fuse-linker-plugin -fno-fat-lto-objects  execution test
XPASS: gcc.dg/guality/guality.c   -O3 -g  execution test
XPASS: gcc.dg/guality/guality.c   -Os  execution test
XPASS: gcc.dg/guality/inline-params.c   -O2  execution test
XPASS: gcc.dg/guality/inline-params.c   -O2 -flto -fno-use-linker-plugin -flto-partition=none  execution test
XPASS: gcc.dg/guality/inline-params.c   -O2 -flto -fuse-linker-plugin -fno-fat-lto-objects  execution test
XPASS: gcc.dg/guality/inline-params.c   -O3 -g  execution test
XPASS: gcc.dg/guality/inline-params.c   -Os  execution test
XPASS: gcc.dg/guality/pr41353-1.c   -O0  line 28 j == 28 + 37
FAIL: gcc.dg/guality/pr45882.c   -O2 -flto -fuse-linker-plugin -fno-fat-lto-objects  line 16 d == 112
FAIL: gcc.dg/guality/pr45882.c   -O2 -flto -fuse-linker-plugin -fno-fat-lto-objects  line 16 e == 142
FAIL: gcc.dg/guality/pr54519-1.c   -O2 -flto -fno-use-linker-plugin -flto-partition=none  line 20 y == 25
FAIL: gcc.dg/guality/pr54519-1.c   -O2 -flto -fno-use-linker-plugin -flto-partition=none  line 20 z == 6
FAIL: gcc.dg/guality/pr54519-1.c   -O2 -flto -fno-use-linker-plugin -flto-partition=none  line 23 y == 117
FAIL: gcc.dg/guality/pr54519-1.c   -O2 -flto -fno-use-linker-plugin -flto-partition=none  line 23 z == 8
FAIL: gcc.dg/guality/pr54519-2.c   -O2 -flto -fno-use-linker-plugin -flto-partition=none  line 17 y == 25
FAIL: gcc.dg/guality/pr54519-2.c   -O2 -flto -fuse-linker-plugin -fno-fat-lto-objects  line 17 y == 25
FAIL: gcc.dg/guality/pr54519-3.c   -O2 -flto -fno-use-linker-plugin -flto-partition=none  line 20 y == 25
FAIL: gcc.dg/guality/pr54519-3.c   -O2 -flto -fno-use-linker-plugin -flto-partition=none  line 20 z == 6
FAIL: gcc.dg/guality/pr54519-3.c   -O2 -flto -fno-use-linker-plugin -flto-partition=none  line 23 y == 117
FAIL: gcc.dg/guality/pr54519-3.c   -O2 -flto -fno-use-linker-plugin -flto-partition=none  line 23 z == 8
FAIL: gcc.dg/guality/pr54519-3.c   -O2 -flto -fuse-linker-plugin -fno-fat-lto-objects  line 20 y == 25
FAIL: gcc.dg/guality/pr54519-3.c   -O2 -flto -fuse-linker-plugin -fno-fat-lto-objects  line 20 z == 6
FAIL: gcc.dg/guality/pr54519-3.c   -O2 -flto -fuse-linker-plugin -fno-fat-lto-objects  line 23 y == 117
FAIL: gcc.dg/guality/pr54519-3.c   -O2 -flto -fuse-linker-plugin -fno-fat-lto-objects  line 23 z == 8
FAIL: gcc.dg/guality/pr54519-4.c   -O2 -flto -fno-use-linker-plugin -flto-partition=none  line 17 y == 25
FAIL: gcc.dg/guality/pr54519-4.c   -O2 -flto -fuse-linker-plugin -fno-fat-lto-objects  line 17 y == 25
FAIL: gcc.dg/guality/pr54519-5.c   -O2 -flto -fno-use-linker-plugin -flto-partition=none  line 17 y == 25
FAIL: gcc.dg/guality/pr54519-5.c   -O2 -flto -fuse-linker-plugin -fno-fat-lto-objects  line 17 y == 25
XPASS: gcc.dg/guality/pr54970.c   -O0  line 31 a[0] == 4
XPASS: gcc.dg/guality/pr54970.c   -O0  line 36 a[0] == 4
XPASS: gcc.dg/guality/pr54970.c   -O0  line 45 a[0] == 4
XPASS: gcc.dg/guality/pr54970.c   -O0  line 45 p[-2] == 4
XPASS: gcc.dg/guality/pr54970.c   -O0  line 45 q[-1] == 4
FAIL: gcc.dg/guality/pr68860-1.c   -O2 -flto -fno-use-linker-plugin -flto-partition=none  line 14 arg1 == 1
FAIL: gcc.dg/guality/pr68860-1.c   -O2 -flto -fno-use-linker-plugin -flto-partition=none  line 14 arg2 == 2
FAIL: gcc.dg/guality/pr68860-1.c   -O2 -flto -fno-use-linker-plugin -flto-partition=none  line 14 arg3 == 3
FAIL: gcc.dg/guality/pr68860-1.c   -O2 -flto -fno-use-linker-plugin -flto-partition=none  line 14 arg4 == 4
FAIL: gcc.dg/guality/pr68860-1.c   -O2 -flto -fno-use-linker-plugin -flto-partition=none  line 14 arg5 == 5
FAIL: gcc.dg/guality/pr68860-1.c   -O2 -flto -fno-use-linker-plugin -flto-partition=none  line 14 arg6 == 6
FAIL: gcc.dg/guality/pr68860-1.c   -O2 -flto -fno-use-linker-plugin -flto-partition=none  line 16 arg1 == 1
FAIL: gcc.dg/guality/pr68860-1.c   -O2 -flto -fno-use-linker-plugin -flto-partition=none  line 16 arg2 == 2
FAIL: gcc.dg/guality/pr68860-1.c   -O2 -flto -fno-use-linker-plugin -flto-partition=none  line 16 arg3 == 3
FAIL: gcc.dg/guality/pr68860-1.c   -O2 -flto -fno-use-linker-plugin -flto-partition=none  line 16 arg4 == 4
FAIL: gcc.dg/guality/pr68860-1.c   -O2 -flto -fno-use-linker-plugin -flto-partition=none  line 16 arg5 == 5
FAIL: gcc.dg/guality/pr68860-1.c   -O2 -flto -fno-use-linker-plugin -flto-partition=none  line 16 arg6 == 6
FAIL: gcc.dg/guality/pr68860-1.c   -O2 -flto -fuse-linker-plugin -fno-fat-lto-objects  line 14 arg1 == 1
FAIL: gcc.dg/guality/pr68860-1.c   -O2 -flto -fuse-linker-plugin -fno-fat-lto-objects  line 14 arg2 == 2
FAIL: gcc.dg/guality/pr68860-1.c   -O2 -flto -fuse-linker-plugin -fno-fat-lto-objects  line 14 arg3 == 3
FAIL: gcc.dg/guality/pr68860-1.c   -O2 -flto -fuse-linker-plugin -fno-fat-lto-objects  line 14 arg4 == 4
FAIL: gcc.dg/guality/pr68860-1.c   -O2 -flto -fuse-linker-plugin -fno-fat-lto-objects  line 14 arg5 == 5
FAIL: gcc.dg/guality/pr68860-1.c   -O2 -flto -fuse-linker-plugin -fno-fat-lto-objects  line 14 arg6 == 6
FAIL: gcc.dg/guality/pr68860-1.c   -O2 -flto -fuse-linker-plugin -fno-fat-lto-objects  line 16 arg1 == 1
FAIL: gcc.dg/guality/pr68860-1.c   -O2 -flto -fuse-linker-plugin -fno-fat-lto-objects  line 16 arg2 == 2
FAIL: gcc.dg/guality/pr68860-1.c   -O2 -flto -fuse-linker-plugin -fno-fat-lto-objects  line 16 arg3 == 3
FAIL: gcc.dg/guality/pr68860-1.c   -O2 -flto -fuse-linker-plugin -fno-fat-lto-objects  line 16 arg4 == 4
FAIL: gcc.dg/guality/pr68860-1.c   -O2 -flto -fuse-linker-plugin -fno-fat-lto-objects  line 16 arg5 == 5
FAIL: gcc.dg/guality/pr68860-1.c   -O2 -flto -fuse-linker-plugin -fno-fat-lto-objects  line 16 arg6 == 6
FAIL: gcc.dg/guality/vla-1.c   -O1  line 17 sizeof (a) == 6
FAIL: gcc.dg/guality/vla-1.c   -O2  line 17 sizeof (a) == 6
FAIL: gcc.dg/guality/vla-1.c   -O2 -flto -fno-use-linker-plugin -flto-partition=none  line 17 sizeof (a) == 6
FAIL: gcc.dg/guality/vla-1.c   -O2 -flto -fno-use-linker-plugin -flto-partition=none  line 24 sizeof (a) == 17 * sizeof (short)
FAIL: gcc.dg/guality/vla-1.c   -O2 -flto -fuse-linker-plugin -fno-fat-lto-objects  line 17 sizeof (a) == 6
FAIL: gcc.dg/guality/vla-1.c   -O2 -flto -fuse-linker-plugin -fno-fat-lto-objects  line 24 sizeof (a) == 17 * sizeof (short)
FAIL: gcc.dg/guality/vla-1.c   -O3 -g  line 17 sizeof (a) == 6
FAIL: gcc.dg/guality/vla-1.c   -Os  line 17 sizeof (a) == 6
UNRESOLVED: gcc.dg/tree-prof/update-loopch.c scan-tree-dump switchlower "Removing basic block"
UNRESOLVED: gcc.dg/tree-prof/update-loopch.c scan-tree-dump switchlower "loop depth 1, count 33333"
UNRESOLVED: gcc.dg/tree-prof/update-loopch.c scan-tree-dump-not switchlower "Invalid sum"
UNRESOLVED: gcc.dg/tree-prof/update-loopch.c scan-tree-dump-not switchlower "loop depth 1, count 33332"
FAIL: gcc.dg/tree-ssa/pr84512.c scan-tree-dump optimized "return 285;"
FAIL: gcc.dg/vect/costmodel/i386/costmodel-fast-math-vect-pr29925.c scan-tree-dump-times vect "vectorized 1 loops" 1
FAIL: gcc.dg/vect/costmodel/i386/costmodel-vect-reduc-1char.c scan-tree-dump-times vect "vectorization not profitable" 0
FAIL: gcc.dg/vect/costmodel/i386/costmodel-vect-reduc-1char.c scan-tree-dump-times vect "vectorized 3 loops" 1
FAIL: gcc.dg/vect/costmodel/x86_64/costmodel-fast-math-vect-pr29925.c scan-tree-dump-times vect "vectorized 1 loops" 1
FAIL: gcc.dg/vect/costmodel/x86_64/costmodel-pr84986.c scan-tree-dump vect "vectorized 1 loops"
FAIL: gcc.dg/vect/costmodel/x86_64/costmodel-vect-reduc-1char.c scan-tree-dump-times vect "vectorization not profitable" 0
FAIL: gcc.dg/vect/costmodel/x86_64/costmodel-vect-reduc-1char.c scan-tree-dump-times vect "vectorized 3 loops" 1
FAIL: gcc.target/i386/pr78899.c scan-assembler vpadd
FAIL: gcc.target/i386/pr78899.c scan-assembler vpmaskmov
FAIL: gcc.target/i386/pr79690.c scan-assembler mov[au]p.[ \\t][^,]+, %gs:
FAIL: gcc.target/i386/pr79723.c scan-assembler mov[au]p.[ \\t][^,]+, %gs:
FAIL: gcc.target/i386/rotate-5.c scan-tree-dump-times vect "vectorized 1 loops" 1

		=== gcc Summary for unix ===

# of expected passes		139463
# of unexpected failures	70
# of unexpected successes	21
# of expected failures		443
# of unresolved testcases	4
# of unsupported tests		2285

Running target unix/-m32
FAIL: gcc.dg/stack-layout-dynamic-1.c scan-assembler-not cfi_def_cfa_register
FAIL: gcc.dg/graphite/interchange-3.c scan-tree-dump graphite "tiled"
FAIL: gcc.dg/graphite/interchange-7.c scan-tree-dump graphite "tiled"
FAIL: gcc.dg/graphite/interchange-9.c scan-tree-dump graphite "tiled"
FAIL: gcc.dg/graphite/uns-interchange-9.c scan-tree-dump graphite "tiled"
XPASS: gcc.dg/guality/example.c   -O0  execution test
XPASS: gcc.dg/guality/example.c   -O1  execution test
XPASS: gcc.dg/guality/guality.c   -O0  execution test
XPASS: gcc.dg/guality/guality.c   -O1  execution test
XPASS: gcc.dg/guality/guality.c   -O2  execution test
XPASS: gcc.dg/guality/guality.c   -O2 -flto -fno-use-linker-plugin -flto-partition=none  execution test
XPASS: gcc.dg/guality/guality.c   -O2 -flto -fuse-linker-plugin -fno-fat-lto-objects  execution test
XPASS: gcc.dg/guality/guality.c   -O3 -g  execution test
XPASS: gcc.dg/guality/guality.c   -Os  execution test
XPASS: gcc.dg/guality/inline-params.c   -O2  execution test
XPASS: gcc.dg/guality/inline-params.c   -O2 -flto -fno-use-linker-plugin -flto-partition=none  execution test
XPASS: gcc.dg/guality/inline-params.c   -O2 -flto -fuse-linker-plugin -fno-fat-lto-objects  execution test
XPASS: gcc.dg/guality/inline-params.c   -O3 -g  execution test
XPASS: gcc.dg/guality/inline-params.c   -Os  execution test
XPASS: gcc.dg/guality/pr41353-1.c   -O0  line 28 j == 28 + 37
XPASS: gcc.dg/guality/pr41353-1.c   -Os  line 28 j == 28 + 37
FAIL: gcc.dg/guality/pr41447-1.c   -O2  execution test
FAIL: gcc.dg/guality/pr41447-1.c   -O2 -flto -fno-use-linker-plugin -flto-partition=none  execution test
FAIL: gcc.dg/guality/pr41447-1.c   -O3 -g  execution test
FAIL: gcc.dg/guality/pr45882.c   -O2 -flto -fuse-linker-plugin -fno-fat-lto-objects  line 16 d == 112
FAIL: gcc.dg/guality/pr45882.c   -O2 -flto -fuse-linker-plugin -fno-fat-lto-objects  line 16 e == 142
FAIL: gcc.dg/guality/pr54519-1.c   -O2 -flto -fno-use-linker-plugin -flto-partition=none  line 20 y == 25
FAIL: gcc.dg/guality/pr54519-1.c   -O2 -flto -fno-use-linker-plugin -flto-partition=none  line 20 z == 6
FAIL: gcc.dg/guality/pr54519-1.c   -O2 -flto -fno-use-linker-plugin -flto-partition=none  line 23 y == 117
FAIL: gcc.dg/guality/pr54519-1.c   -O2 -flto -fno-use-linker-plugin -flto-partition=none  line 23 z == 8
FAIL: gcc.dg/guality/pr54519-2.c   -O2 -flto -fno-use-linker-plugin -flto-partition=none  line 17 y == 25
FAIL: gcc.dg/guality/pr54519-2.c   -O2 -flto -fuse-linker-plugin -fno-fat-lto-objects  line 17 y == 25
FAIL: gcc.dg/guality/pr54519-3.c   -O2 -flto -fno-use-linker-plugin -flto-partition=none  line 20 y == 25
FAIL: gcc.dg/guality/pr54519-3.c   -O2 -flto -fno-use-linker-plugin -flto-partition=none  line 20 z == 6
FAIL: gcc.dg/guality/pr54519-3.c   -O2 -flto -fno-use-linker-plugin -flto-partition=none  line 23 y == 117
FAIL: gcc.dg/guality/pr54519-3.c   -O2 -flto -fno-use-linker-plugin -flto-partition=none  line 23 z == 8
FAIL: gcc.dg/guality/pr54519-3.c   -O2 -flto -fuse-linker-plugin -fno-fat-lto-objects  line 20 y == 25
FAIL: gcc.dg/guality/pr54519-3.c   -O2 -flto -fuse-linker-plugin -fno-fat-lto-objects  line 20 z == 6
FAIL: gcc.dg/guality/pr54519-3.c   -O2 -flto -fuse-linker-plugin -fno-fat-lto-objects  line 23 y == 117
FAIL: gcc.dg/guality/pr54519-3.c   -O2 -flto -fuse-linker-plugin -fno-fat-lto-objects  line 23 z == 8
FAIL: gcc.dg/guality/pr54519-4.c   -O2 -flto -fno-use-linker-plugin -flto-partition=none  line 17 y == 25
FAIL: gcc.dg/guality/pr54519-4.c   -O2 -flto -fuse-linker-plugin -fno-fat-lto-objects  line 17 y == 25
FAIL: gcc.dg/guality/pr54519-5.c   -O2 -flto -fno-use-linker-plugin -flto-partition=none  line 17 y == 25
FAIL: gcc.dg/guality/pr54519-5.c   -O2 -flto -fuse-linker-plugin -fno-fat-lto-objects  line 17 y == 25
FAIL: gcc.dg/guality/pr54693-2.c   -O3 -fomit-frame-pointer -funroll-loops -fpeel-loops -ftracer -finline-functions  line 21 i == v + 1
XPASS: gcc.dg/guality/pr54970.c   -O0  line 31 a[0] == 4
XPASS: gcc.dg/guality/pr54970.c   -O0  line 36 a[0] == 4
XPASS: gcc.dg/guality/pr54970.c   -O0  line 45 a[0] == 4
XPASS: gcc.dg/guality/pr54970.c   -O0  line 45 p[-2] == 4
XPASS: gcc.dg/guality/pr54970.c   -O0  line 45 q[-1] == 4
FAIL: gcc.dg/guality/pr68860-1.c   -O2 -flto -fno-use-linker-plugin -flto-partition=none  line 14 arg1 == 1
FAIL: gcc.dg/guality/pr68860-1.c   -O2 -flto -fno-use-linker-plugin -flto-partition=none  line 14 arg2 == 2
FAIL: gcc.dg/guality/pr68860-1.c   -O2 -flto -fno-use-linker-plugin -flto-partition=none  line 14 arg3 == 3
FAIL: gcc.dg/guality/pr68860-1.c   -O2 -flto -fno-use-linker-plugin -flto-partition=none  line 14 arg4 == 4
FAIL: gcc.dg/guality/pr68860-1.c   -O2 -flto -fno-use-linker-plugin -flto-partition=none  line 14 arg5 == 5
FAIL: gcc.dg/guality/pr68860-1.c   -O2 -flto -fno-use-linker-plugin -flto-partition=none  line 14 arg6 == 6
FAIL: gcc.dg/guality/pr68860-1.c   -O2 -flto -fno-use-linker-plugin -flto-partition=none  line 16 arg1 == 1
FAIL: gcc.dg/guality/pr68860-1.c   -O2 -flto -fno-use-linker-plugin -flto-partition=none  line 16 arg2 == 2
FAIL: gcc.dg/guality/pr68860-1.c   -O2 -flto -fno-use-linker-plugin -flto-partition=none  line 16 arg3 == 3
FAIL: gcc.dg/guality/pr68860-1.c   -O2 -flto -fno-use-linker-plugin -flto-partition=none  line 16 arg4 == 4
FAIL: gcc.dg/guality/pr68860-1.c   -O2 -flto -fno-use-linker-plugin -flto-partition=none  line 16 arg5 == 5
FAIL: gcc.dg/guality/pr68860-1.c   -O2 -flto -fno-use-linker-plugin -flto-partition=none  line 16 arg6 == 6
FAIL: gcc.dg/guality/pr68860-1.c   -O2 -flto -fuse-linker-plugin -fno-fat-lto-objects  line 14 arg1 == 1
FAIL: gcc.dg/guality/pr68860-1.c   -O2 -flto -fuse-linker-plugin -fno-fat-lto-objects  line 14 arg2 == 2
FAIL: gcc.dg/guality/pr68860-1.c   -O2 -flto -fuse-linker-plugin -fno-fat-lto-objects  line 14 arg3 == 3
FAIL: gcc.dg/guality/pr68860-1.c   -O2 -flto -fuse-linker-plugin -fno-fat-lto-objects  line 14 arg4 == 4
FAIL: gcc.dg/guality/pr68860-1.c   -O2 -flto -fuse-linker-plugin -fno-fat-lto-objects  line 14 arg5 == 5
FAIL: gcc.dg/guality/pr68860-1.c   -O2 -flto -fuse-linker-plugin -fno-fat-lto-objects  line 14 arg6 == 6
FAIL: gcc.dg/guality/pr68860-1.c   -O2 -flto -fuse-linker-plugin -fno-fat-lto-objects  line 16 arg1 == 1
FAIL: gcc.dg/guality/pr68860-1.c   -O2 -flto -fuse-linker-plugin -fno-fat-lto-objects  line 16 arg2 == 2
FAIL: gcc.dg/guality/pr68860-1.c   -O2 -flto -fuse-linker-plugin -fno-fat-lto-objects  line 16 arg3 == 3
FAIL: gcc.dg/guality/pr68860-1.c   -O2 -flto -fuse-linker-plugin -fno-fat-lto-objects  line 16 arg4 == 4
FAIL: gcc.dg/guality/pr68860-1.c   -O2 -flto -fuse-linker-plugin -fno-fat-lto-objects  line 16 arg5 == 5
FAIL: gcc.dg/guality/pr68860-1.c   -O2 -flto -fuse-linker-plugin -fno-fat-lto-objects  line 16 arg6 == 6
FAIL: gcc.dg/guality/vla-1.c   -O1  line 17 sizeof (a) == 6
FAIL: gcc.dg/guality/vla-1.c   -O2  line 17 sizeof (a) == 6
FAIL: gcc.dg/guality/vla-1.c   -O2 -flto -fno-use-linker-plugin -flto-partition=none  line 17 sizeof (a) == 6
FAIL: gcc.dg/guality/vla-1.c   -O2 -flto -fno-use-linker-plugin -flto-partition=none  line 24 sizeof (a) == 17 * sizeof (short)
FAIL: gcc.dg/guality/vla-1.c   -O2 -flto -fuse-linker-plugin -fno-fat-lto-objects  line 17 sizeof (a) == 6
FAIL: gcc.dg/guality/vla-1.c   -O2 -flto -fuse-linker-plugin -fno-fat-lto-objects  line 24 sizeof (a) == 17 * sizeof (short)
FAIL: gcc.dg/guality/vla-1.c   -O3 -g  line 17 sizeof (a) == 6
FAIL: gcc.dg/guality/vla-1.c   -Os  line 17 sizeof (a) == 6
UNRESOLVED: gcc.dg/tree-prof/update-loopch.c scan-tree-dump switchlower "Removing basic block"
UNRESOLVED: gcc.dg/tree-prof/update-loopch.c scan-tree-dump switchlower "loop depth 1, count 33333"
UNRESOLVED: gcc.dg/tree-prof/update-loopch.c scan-tree-dump-not switchlower "Invalid sum"
UNRESOLVED: gcc.dg/tree-prof/update-loopch.c scan-tree-dump-not switchlower "loop depth 1, count 33332"
FAIL: gcc.dg/tree-ssa/pr64910-2.c scan-assembler-times and|test 20
FAIL: gcc.dg/tree-ssa/pr84512.c scan-tree-dump optimized "return 285;"
FAIL: gcc.dg/vect/costmodel/i386/costmodel-fast-math-vect-pr29925.c scan-tree-dump-times vect "vectorized 1 loops" 1
FAIL: gcc.dg/vect/costmodel/i386/costmodel-vect-reduc-1char.c scan-tree-dump-times vect "vectorization not profitable" 0
FAIL: gcc.dg/vect/costmodel/i386/costmodel-vect-reduc-1char.c scan-tree-dump-times vect "vectorized 3 loops" 1
XPASS: gcc.dg/vect/vect-reduc-in-order-1.c -flto -ffat-lto-objects execution test
XPASS: gcc.dg/vect/vect-reduc-in-order-1.c execution test
XPASS: gcc.dg/vect/vect-reduc-in-order-2.c -flto -ffat-lto-objects execution test
XPASS: gcc.dg/vect/vect-reduc-in-order-2.c execution test
XPASS: gcc.dg/vect/vect-reduc-in-order-3.c -flto -ffat-lto-objects execution test
XPASS: gcc.dg/vect/vect-reduc-in-order-3.c execution test
XPASS: gcc.dg/vect/vect-reduc-in-order-4.c -flto -ffat-lto-objects execution test
XPASS: gcc.dg/vect/vect-reduc-in-order-4.c execution test
FAIL: gcc.target/i386/pr68483-1.c scan-assembler psrldq[^\\n\\r]*(4,|, 4)
FAIL: gcc.target/i386/pr68483-1.c scan-assembler psrldq[^\\n\\r]*(8,|, 8)
FAIL: gcc.target/i386/pr78899.c scan-assembler vpadd
FAIL: gcc.target/i386/pr78899.c scan-assembler vpmaskmov
FAIL: gcc.target/i386/pr79690.c scan-assembler mov[au]p.[ \\t][^,]+, %gs:
FAIL: gcc.target/i386/pr79723.c scan-assembler mov[au]p.[ \\t][^,]+, %gs:
FAIL: gcc.target/i386/rotate-5.c scan-tree-dump-times vect "vectorized 1 loops" 1

		=== gcc Summary for unix/-m32 ===

# of expected passes		137158
# of unexpected failures	73
# of unexpected successes	29
# of expected failures		444
# of unresolved testcases	4
# of unsupported tests		2495

		=== gcc Summary ===

# of expected passes		276621
# of unexpected failures	143
# of unexpected successes	50
# of expected failures		887
# of unresolved testcases	8
# of unsupported tests		4780
/export/gnu/import/git/gcc-test-intel64corei7/bld/gcc/xgcc  version 9.0.0 20180520 (experimental) [trunk revision 260408] (GCC) 

		=== gfortran tests ===


Running target unix
FAIL: gfortran.dg/vect/fast-math-mgrid-resid.f   -O   scan-tree-dump pcom "Executing predictive commoning without unrolling"
FAIL: gfortran.dg/vect/fast-math-mgrid-resid.f   -O   scan-tree-dump pcom "vectp_u.*__lsm.* = PHI <.*vectp_u.*__lsm"

		=== gfortran Summary for unix ===

# of expected passes		47349
# of unexpected failures	2
# of expected failures		93
# of unsupported tests		79

Running target unix/-m32
FAIL: gfortran.dg/bessel_6.f90   -O0  execution test
FAIL: gfortran.dg/bessel_6.f90   -O1  execution test
FAIL: gfortran.dg/bessel_6.f90   -O2  execution test
FAIL: gfortran.dg/bessel_6.f90   -O3 -fomit-frame-pointer -funroll-loops -fpeel-loops -ftracer -finline-functions  execution test
FAIL: gfortran.dg/bessel_6.f90   -O3 -g  execution test
FAIL: gfortran.dg/bessel_6.f90   -Os  execution test
FAIL: gfortran.dg/vect/fast-math-mgrid-resid.f   -O   scan-tree-dump pcom "vectp_u.*__lsm.* = PHI <.*vectp_u.*__lsm"

		=== gfortran Summary for unix/-m32 ===

# of expected passes		47127
# of unexpected failures	7
# of expected failures		93
# of unsupported tests		182

		=== gfortran Summary ===

# of expected passes		94476
# of unexpected failures	9
# of expected failures		186
# of unsupported tests		261
/export/gnu/import/git/gcc-test-intel64corei7/bld/gcc/gfortran  version 9.0.0 20180520 (experimental) [trunk revision 260408] (GCC) 

		=== g++ tests ===


Running target unix
FAIL: g++.dg/pr80481.C  -std=gnu++11  scan-assembler-not vmovaps
FAIL: g++.dg/pr80481.C  -std=gnu++14  scan-assembler-not vmovaps
FAIL: g++.dg/pr80481.C  -std=gnu++98  scan-assembler-not vmovaps
FAIL: g++.dg/guality/pr55665.C   -O2  line 23 p == 40
FAIL: g++.dg/vect/slp-pr56812.cc  -std=c++11  (test for warnings, line 17)
FAIL: g++.dg/vect/slp-pr56812.cc  -std=c++14  (test for warnings, line 17)
FAIL: g++.dg/vect/slp-pr56812.cc  -std=c++98  (test for warnings, line 17)

		=== g++ Summary for unix ===

# of expected passes		125402
# of unexpected failures	7
# of expected failures		505
# of unsupported tests		4934

Running target unix/-m32
FAIL: g++.dg/guality/pr55665.C   -O2  line 23 p == 40
FAIL: g++.dg/vect/slp-pr56812.cc  -std=c++11  (test for warnings, line 17)
FAIL: g++.dg/vect/slp-pr56812.cc  -std=c++14  (test for warnings, line 17)
FAIL: g++.dg/vect/slp-pr56812.cc  -std=c++98  (test for warnings, line 17)

		=== g++ Summary for unix/-m32 ===

# of expected passes		123632
# of unexpected failures	4
# of expected failures		502
# of unsupported tests		4765

		=== g++ Summary ===

# of expected passes		249034
# of unexpected failures	11
# of expected failures		1007
# of unsupported tests		9699
/export/gnu/import/git/gcc-test-intel64corei7/bld/gcc/xg++  version 9.0.0 20180520 (experimental) [trunk revision 260408] (GCC) 

		=== objc tests ===


Running target unix

		=== objc Summary for unix ===

# of expected passes		2797
# of expected failures		6
# of unsupported tests		68

Running target unix/-m32

		=== objc Summary for unix/-m32 ===

# of expected passes		2797
# of expected failures		6
# of unsupported tests		68

		=== objc Summary ===

# of expected passes		5594
# of expected failures		12
# of unsupported tests		136
/export/gnu/import/git/gcc-test-intel64corei7/bld/gcc/xgcc  version 9.0.0 20180520 (experimental) [trunk revision 260408] (GCC) 

		=== libatomic tests ===


Running target unix/-m32

		=== libatomic Summary for unix/-m32 ===

# of expected passes		44
# of unsupported tests		5

Running target unix

		=== libatomic Summary for unix ===

# of expected passes		54

		=== libatomic Summary ===

# of expected passes		98
# of unsupported tests		5
		=== libgomp tests ===


Running target unix/-m32

		=== libgomp Summary for unix/-m32 ===

# of expected passes		5574
# of expected failures		1
# of unsupported tests		300

Running target unix

		=== libgomp Summary for unix ===

# of expected passes		5574
# of expected failures		1
# of unsupported tests		300

		=== libgomp Summary ===

# of expected passes		11148
# of expected failures		2
# of unsupported tests		600
		=== libitm tests ===


Running target unix/-m32

		=== libitm Summary for unix/-m32 ===

# of expected passes		42
# of expected failures		3
# of unsupported tests		1

Running target unix

		=== libitm Summary for unix ===

# of expected passes		42
# of expected failures		3
# of unsupported tests		1

		=== libitm Summary ===

# of expected passes		84
# of expected failures		6
# of unsupported tests		2
		=== libstdc++ tests ===


Running target unix
FAIL: 23_containers/map/59872.cc (test for excess errors)
FAIL: 23_containers/map/allocator/minimal.cc (test for excess errors)
UNRESOLVED: 23_containers/map/allocator/minimal.cc compilation failed to produce executable
FAIL: 23_containers/map/allocator/move.cc (test for excess errors)
UNRESOLVED: 23_containers/map/allocator/move.cc compilation failed to produce executable
FAIL: 23_containers/map/debug/construct5_neg.cc (test for excess errors)
UNRESOLVED: 23_containers/map/debug/construct5_neg.cc compilation failed to produce executable
FAIL: 23_containers/map/debug/move_neg.cc (test for excess errors)
UNRESOLVED: 23_containers/map/debug/move_neg.cc compilation failed to produce executable
FAIL: 23_containers/map/requirements/explicit_instantiation/1.cc (test for excess errors)
FAIL: 23_containers/map/requirements/explicit_instantiation/1_c++0x.cc (test for excess errors)
FAIL: 23_containers/map/requirements/explicit_instantiation/2.cc (test for excess errors)
FAIL: 23_containers/map/requirements/explicit_instantiation/3.cc (test for excess errors)
FAIL: 23_containers/map/requirements/explicit_instantiation/4.cc (test for excess errors)
FAIL: 23_containers/map/requirements/explicit_instantiation/5.cc (test for excess errors)
FAIL: 23_containers/map/requirements/explicit_instantiation/5_c++0x.cc (test for excess errors)
FAIL: 23_containers/multimap/allocator/minimal.cc (test for excess errors)
UNRESOLVED: 23_containers/multimap/allocator/minimal.cc compilation failed to produce executable
FAIL: 23_containers/multimap/allocator/move.cc (test for excess errors)
UNRESOLVED: 23_containers/multimap/allocator/move.cc compilation failed to produce executable
FAIL: 23_containers/multimap/debug/construct5_neg.cc (test for excess errors)
UNRESOLVED: 23_containers/multimap/debug/construct5_neg.cc compilation failed to produce executable
FAIL: 23_containers/multimap/debug/move_neg.cc (test for excess errors)
UNRESOLVED: 23_containers/multimap/debug/move_neg.cc compilation failed to produce executable
FAIL: 23_containers/multimap/requirements/explicit_instantiation/1.cc (test for excess errors)
FAIL: 23_containers/multimap/requirements/explicit_instantiation/1_c++0x.cc (test for excess errors)
FAIL: 23_containers/multimap/requirements/explicit_instantiation/2.cc (test for excess errors)
FAIL: 23_containers/multimap/requirements/explicit_instantiation/3.cc (test for excess errors)
FAIL: 23_containers/multimap/requirements/explicit_instantiation/4.cc (test for excess errors)
FAIL: 23_containers/multimap/requirements/explicit_instantiation/5.cc (test for excess errors)
FAIL: 23_containers/multimap/requirements/explicit_instantiation/5_c++0x.cc (test for excess errors)
FAIL: 23_containers/multiset/allocator/minimal.cc (test for excess errors)
UNRESOLVED: 23_containers/multiset/allocator/minimal.cc compilation failed to produce executable
FAIL: 23_containers/multiset/allocator/move.cc (test for excess errors)
UNRESOLVED: 23_containers/multiset/allocator/move.cc compilation failed to produce executable
FAIL: 23_containers/multiset/debug/construct5_neg.cc (test for excess errors)
UNRESOLVED: 23_containers/multiset/debug/construct5_neg.cc compilation failed to produce executable
FAIL: 23_containers/multiset/debug/move_neg.cc (test for excess errors)
UNRESOLVED: 23_containers/multiset/debug/move_neg.cc compilation failed to produce executable
FAIL: 23_containers/multiset/requirements/explicit_instantiation/1.cc (test for excess errors)
FAIL: 23_containers/multiset/requirements/explicit_instantiation/1_c++0x.cc (test for excess errors)
FAIL: 23_containers/multiset/requirements/explicit_instantiation/2.cc (test for excess errors)
FAIL: 23_containers/multiset/requirements/explicit_instantiation/3.cc (test for excess errors)
FAIL: 23_containers/multiset/requirements/explicit_instantiation/4.cc (test for excess errors)
FAIL: 23_containers/multiset/requirements/explicit_instantiation/5.cc (test for excess errors)
FAIL: 23_containers/multiset/requirements/explicit_instantiation/5_c++0x.cc (test for excess errors)
FAIL: 23_containers/set/allocator/minimal.cc (test for excess errors)
UNRESOLVED: 23_containers/set/allocator/minimal.cc compilation failed to produce executable
FAIL: 23_containers/set/allocator/move.cc (test for excess errors)
UNRESOLVED: 23_containers/set/allocator/move.cc compilation failed to produce executable
FAIL: 23_containers/set/debug/construct5_neg.cc (test for excess errors)
UNRESOLVED: 23_containers/set/debug/construct5_neg.cc compilation failed to produce executable
FAIL: 23_containers/set/debug/move_neg.cc (test for excess errors)
UNRESOLVED: 23_containers/set/debug/move_neg.cc compilation failed to produce executable
FAIL: 23_containers/set/requirements/explicit_instantiation/1.cc (test for excess errors)
FAIL: 23_containers/set/requirements/explicit_instantiation/1_c++0x.cc (test for excess errors)
FAIL: 23_containers/set/requirements/explicit_instantiation/2.cc (test for excess errors)
FAIL: 23_containers/set/requirements/explicit_instantiation/3.cc (test for excess errors)
FAIL: 23_containers/set/requirements/explicit_instantiation/4.cc (test for excess errors)
FAIL: 23_containers/set/requirements/explicit_instantiation/5.cc (test for excess errors)
FAIL: 23_containers/set/requirements/explicit_instantiation/5_c++0x.cc (test for excess errors)

		=== libstdc++ Summary for unix ===

# of expected passes		12955
# of unexpected failures	45
# of expected failures		66
# of unresolved testcases	16
# of unsupported tests		255

Running target unix/-m32
FAIL: 23_containers/map/59872.cc (test for excess errors)
FAIL: 23_containers/map/allocator/minimal.cc (test for excess errors)
UNRESOLVED: 23_containers/map/allocator/minimal.cc compilation failed to produce executable
FAIL: 23_containers/map/allocator/move.cc (test for excess errors)
UNRESOLVED: 23_containers/map/allocator/move.cc compilation failed to produce executable
FAIL: 23_containers/map/debug/construct5_neg.cc (test for excess errors)
UNRESOLVED: 23_containers/map/debug/construct5_neg.cc compilation failed to produce executable
FAIL: 23_containers/map/debug/move_neg.cc (test for excess errors)
UNRESOLVED: 23_containers/map/debug/move_neg.cc compilation failed to produce executable
FAIL: 23_containers/map/requirements/explicit_instantiation/1.cc (test for excess errors)
FAIL: 23_containers/map/requirements/explicit_instantiation/1_c++0x.cc (test for excess errors)
FAIL: 23_containers/map/requirements/explicit_instantiation/2.cc (test for excess errors)
FAIL: 23_containers/map/requirements/explicit_instantiation/3.cc (test for excess errors)
FAIL: 23_containers/map/requirements/explicit_instantiation/4.cc (test for excess errors)
FAIL: 23_containers/map/requirements/explicit_instantiation/5.cc (test for excess errors)
FAIL: 23_containers/map/requirements/explicit_instantiation/5_c++0x.cc (test for excess errors)
FAIL: 23_containers/multimap/allocator/minimal.cc (test for excess errors)
UNRESOLVED: 23_containers/multimap/allocator/minimal.cc compilation failed to produce executable
FAIL: 23_containers/multimap/allocator/move.cc (test for excess errors)
UNRESOLVED: 23_containers/multimap/allocator/move.cc compilation failed to produce executable
FAIL: 23_containers/multimap/debug/construct5_neg.cc (test for excess errors)
UNRESOLVED: 23_containers/multimap/debug/construct5_neg.cc compilation failed to produce executable
FAIL: 23_containers/multimap/debug/move_neg.cc (test for excess errors)
UNRESOLVED: 23_containers/multimap/debug/move_neg.cc compilation failed to produce executable
FAIL: 23_containers/multimap/requirements/explicit_instantiation/1.cc (test for excess errors)
FAIL: 23_containers/multimap/requirements/explicit_instantiation/1_c++0x.cc (test for excess errors)
FAIL: 23_containers/multimap/requirements/explicit_instantiation/2.cc (test for excess errors)
FAIL: 23_containers/multimap/requirements/explicit_instantiation/3.cc (test for excess errors)
FAIL: 23_containers/multimap/requirements/explicit_instantiation/4.cc (test for excess errors)
FAIL: 23_containers/multimap/requirements/explicit_instantiation/5.cc (test for excess errors)
FAIL: 23_containers/multimap/requirements/explicit_instantiation/5_c++0x.cc (test for excess errors)
FAIL: 23_containers/multiset/allocator/minimal.cc (test for excess errors)
UNRESOLVED: 23_containers/multiset/allocator/minimal.cc compilation failed to produce executable
FAIL: 23_containers/multiset/allocator/move.cc (test for excess errors)
UNRESOLVED: 23_containers/multiset/allocator/move.cc compilation failed to produce executable
FAIL: 23_containers/multiset/debug/construct5_neg.cc (test for excess errors)
UNRESOLVED: 23_containers/multiset/debug/construct5_neg.cc compilation failed to produce executable
FAIL: 23_containers/multiset/debug/move_neg.cc (test for excess errors)
UNRESOLVED: 23_containers/multiset/debug/move_neg.cc compilation failed to produce executable
FAIL: 23_containers/multiset/requirements/explicit_instantiation/1.cc (test for excess errors)
FAIL: 23_containers/multiset/requirements/explicit_instantiation/1_c++0x.cc (test for excess errors)
FAIL: 23_containers/multiset/requirements/explicit_instantiation/2.cc (test for excess errors)
FAIL: 23_containers/multiset/requirements/explicit_instantiation/3.cc (test for excess errors)
FAIL: 23_containers/multiset/requirements/explicit_instantiation/4.cc (test for excess errors)
FAIL: 23_containers/multiset/requirements/explicit_instantiation/5.cc (test for excess errors)
FAIL: 23_containers/multiset/requirements/explicit_instantiation/5_c++0x.cc (test for excess errors)
FAIL: 23_containers/set/allocator/minimal.cc (test for excess errors)
UNRESOLVED: 23_containers/set/allocator/minimal.cc compilation failed to produce executable
FAIL: 23_containers/set/allocator/move.cc (test for excess errors)
UNRESOLVED: 23_containers/set/allocator/move.cc compilation failed to produce executable
FAIL: 23_containers/set/debug/construct5_neg.cc (test for excess errors)
UNRESOLVED: 23_containers/set/debug/construct5_neg.cc compilation failed to produce executable
FAIL: 23_containers/set/debug/move_neg.cc (test for excess errors)
UNRESOLVED: 23_containers/set/debug/move_neg.cc compilation failed to produce executable
FAIL: 23_containers/set/requirements/explicit_instantiation/1.cc (test for excess errors)
FAIL: 23_containers/set/requirements/explicit_instantiation/1_c++0x.cc (test for excess errors)
FAIL: 23_containers/set/requirements/explicit_instantiation/2.cc (test for excess errors)
FAIL: 23_containers/set/requirements/explicit_instantiation/3.cc (test for excess errors)
FAIL: 23_containers/set/requirements/explicit_instantiation/4.cc (test for excess errors)
FAIL: 23_containers/set/requirements/explicit_instantiation/5.cc (test for excess errors)
FAIL: 23_containers/set/requirements/explicit_instantiation/5_c++0x.cc (test for excess errors)

		=== libstdc++ Summary for unix/-m32 ===

# of expected passes		12963
# of unexpected failures	45
# of expected failures		66
# of unresolved testcases	16
# of unsupported tests		251

		=== libstdc++ Summary ===

# of expected passes		25918
# of unexpected failures	90
# of expected failures		132
# of unresolved testcases	32
# of unsupported tests		506

Compiler version: 9.0.0 20180520 (experimental) [trunk revision 260408] (GCC) 
Platform: x86_64-pc-linux-gnu
configure flags: --with-arch=corei7 --with-cpu=intel --prefix=/usr/9.0.0 --enable-clocale=gnu --with-system-zlib --enable-shared --enable-cet --with-demangler-in-ld --enable-libmpx --with-fpmath=sse


Index Nav: [Date Index] [Subject Index] [Author Index] [Thread Index]
Message Nav: [Date Prev] [Date Next] [Thread Prev] [Thread Next]