This is the mail archive of the gcc-testresults@gcc.gnu.org mailing list for the GCC project.


Index Nav: [Date Index] [Subject Index] [Author Index] [Thread Index]
Message Nav: [Date Prev] [Date Next] [Thread Prev] [Thread Next]
Other format: [Raw text]

Results for 9.0.0 20180518 (experimental) [trunk revision 260354] (GCC) testsuite on i386-pc-solaris2.11


LAST_UPDATED: Fri May 18 11:35:35 UTC 2018 (revision 260354)

		=== acats tests ===
FAIL:	c2a001b
FAIL:	c32001c

		=== acats Summary ===
# of expected passes		2318
# of unexpected failures	2
Native configuration is i386-pc-solaris2.11

		=== g++ tests ===


Running target unix
FAIL: g++.dg/init/cleanup3.C  -std=c++11  scan-assembler-not _tcf
FAIL: g++.dg/init/cleanup3.C  -std=c++14  scan-assembler-not _tcf
FAIL: g++.dg/init/cleanup3.C  -std=c++98  scan-assembler-not _tcf
FAIL: g++.dg/tls/thread_local-order1.C  -std=c++11 execution test
FAIL: g++.dg/tls/thread_local-order1.C  -std=c++14 execution test
FAIL: g++.dg/tls/thread_local3g.C  -std=gnu++11 execution test
FAIL: g++.dg/tls/thread_local3g.C  -std=gnu++14 execution test
FAIL: g++.dg/tls/thread_local4g.C  -std=gnu++11 execution test
FAIL: g++.dg/tls/thread_local4g.C  -std=gnu++14 execution test
FAIL: g++.dg/tls/thread_local5g.C  -std=gnu++11 execution test
FAIL: g++.dg/tls/thread_local5g.C  -std=gnu++14 execution test
FAIL: g++.dg/tls/thread_local6g.C  -std=c++11 execution test
FAIL: g++.dg/tls/thread_local6g.C  -std=c++14 execution test
FAIL: g++.old-deja/g++.other/init5.C  -std=c++11 execution test
FAIL: g++.old-deja/g++.other/init5.C  -std=c++14 execution test
FAIL: g++.old-deja/g++.other/init5.C  -std=c++98 execution test

		=== g++ Summary for unix ===

# of expected passes		114707
# of unexpected failures	16
# of expected failures		503
# of unsupported tests		4639

Running target unix/-m64
FAIL: g++.dg/init/cleanup3.C  -std=c++11  scan-assembler-not _tcf
FAIL: g++.dg/init/cleanup3.C  -std=c++14  scan-assembler-not _tcf
FAIL: g++.dg/init/cleanup3.C  -std=c++98  scan-assembler-not _tcf
FAIL: g++.dg/pr80481.C  -std=gnu++11  scan-assembler-not vmovaps
FAIL: g++.dg/pr80481.C  -std=gnu++14  scan-assembler-not vmovaps
FAIL: g++.dg/pr80481.C  -std=gnu++98  scan-assembler-not vmovaps
FAIL: g++.dg/tls/thread_local-order1.C  -std=c++11 execution test
FAIL: g++.dg/tls/thread_local-order1.C  -std=c++14 execution test
FAIL: g++.dg/tls/thread_local3g.C  -std=gnu++11 execution test
FAIL: g++.dg/tls/thread_local3g.C  -std=gnu++14 execution test
FAIL: g++.dg/tls/thread_local4g.C  -std=gnu++11 execution test
FAIL: g++.dg/tls/thread_local4g.C  -std=gnu++14 execution test
FAIL: g++.dg/tls/thread_local5g.C  -std=gnu++11 execution test
FAIL: g++.dg/tls/thread_local5g.C  -std=gnu++14 execution test
FAIL: g++.dg/tls/thread_local6g.C  -std=c++11 execution test
FAIL: g++.dg/tls/thread_local6g.C  -std=c++14 execution test
FAIL: g++.old-deja/g++.other/init5.C  -std=c++11 execution test
FAIL: g++.old-deja/g++.other/init5.C  -std=c++14 execution test
FAIL: g++.old-deja/g++.other/init5.C  -std=c++98 execution test

		=== g++ Summary for unix/-m64 ===

# of expected passes		116202
# of unexpected failures	19
# of expected failures		506
# of unsupported tests		4831

		=== g++ Summary ===

# of expected passes		230909
# of unexpected failures	35
# of expected failures		1009
# of unsupported tests		9470
/var/gcc/regression/trunk/11-gcc-gas-gld/build/gcc/xg++  version 9.0.0 20180518 (experimental) [trunk revision 260354] (GCC) 

		=== gcc tests ===


Running target unix
FAIL: gcc.dg/pr68766.c (test for excess errors)
FAIL: gcc.dg/torture/pr60092.c   -O0  execution test
FAIL: gcc.dg/tree-prof/update-loopch.c scan-tree-dump switchlower1 "Removing basic block"

		=== gcc Summary for unix ===

# of expected passes		122158
# of unexpected failures	3
# of expected failures		407
# of unsupported tests		2246

Running target unix/-m64
FAIL: gcc.dg/pr68766.c (test for excess errors)
FAIL: gcc.dg/torture/pr60092.c   -O0  execution test
FAIL: gcc.dg/tree-prof/update-loopch.c scan-tree-dump switchlower1 "Removing basic block"

		=== gcc Summary for unix/-m64 ===

# of expected passes		123907
# of unexpected failures	3
# of expected failures		398
# of unsupported tests		2130

		=== gcc Summary ===

# of expected passes		246065
# of unexpected failures	6
# of expected failures		805
# of unsupported tests		4376
/var/gcc/regression/trunk/11-gcc-gas-gld/build/gcc/xgcc  version 9.0.0 20180518 (experimental) [trunk revision 260354] (GCC) 

		=== gfortran tests ===


Running target unix

		=== gfortran Summary for unix ===

# of expected passes		47056
# of expected failures		93
# of unsupported tests		194

Running target unix/-m64

		=== gfortran Summary for unix/-m64 ===

# of expected passes		47273
# of expected failures		93
# of unsupported tests		91

		=== gfortran Summary ===

# of expected passes		94329
# of expected failures		186
# of unsupported tests		285
/var/gcc/regression/trunk/11-gcc-gas-gld/build/gcc/gfortran  version 9.0.0 20180518 (experimental) [trunk revision 260354] (GCC) 

		=== gnat tests ===


Running target unix
FAIL: gnat.dg/generic_disp.adb (test for excess errors)
UNRESOLVED: gnat.dg/generic_disp.adb compilation failed to produce executable

		=== gnat Summary for unix ===

# of expected passes		2699
# of unexpected failures	1
# of expected failures		23
# of unresolved testcases	1
# of unsupported tests		7

Running target unix/-m64

		=== gnat Summary for unix/-m64 ===

# of expected passes		2701
# of expected failures		23
# of unsupported tests		7

		=== gnat Summary ===

# of expected passes		5400
# of unexpected failures	1
# of expected failures		46
# of unresolved testcases	1
# of unsupported tests		14
/var/gcc/regression/trunk/11-gcc-gas-gld/build/gcc/gnatmake version 9.0.0 20180518 (experimental) [trunk revision 260354]

		=== go tests ===


Running target unix
FAIL: ./index0-out.go execution,  -O0 -g -fno-var-tracking-assignments 

		=== go Summary for unix ===

# of expected passes		7396
# of unexpected failures	1
# of expected failures		1
# of untested testcases		10
# of unsupported tests		2

Running target unix/-m64
FAIL: ./index0-out.go execution,  -O0 -g -fno-var-tracking-assignments 

		=== go Summary for unix/-m64 ===

# of expected passes		7277
# of unexpected failures	1
# of expected failures		1
# of untested testcases		10
# of unsupported tests		1

		=== go Summary ===

# of expected passes		14673
# of unexpected failures	2
# of expected failures		2
# of untested testcases		20
# of unsupported tests		3
/var/gcc/regression/trunk/11-gcc-gas-gld/build/gcc/gccgo  version 9.0.0 20180518 (experimental) [trunk revision 260354] (GCC) 

		=== obj-c++ tests ===


Running target unix

		=== obj-c++ Summary for unix ===

# of expected passes		1464
# of expected failures		2
# of unsupported tests		77

Running target unix/-m64

		=== obj-c++ Summary for unix/-m64 ===

# of expected passes		1456
# of expected failures		10
# of unsupported tests		77

		=== obj-c++ Summary ===

# of expected passes		2920
# of expected failures		12
# of unsupported tests		154
/var/gcc/regression/trunk/11-gcc-gas-gld/build/gcc/xg++  version 9.0.0 20180518 (experimental) [trunk revision 260354] (GCC) 

		=== objc tests ===


Running target unix

		=== objc Summary for unix ===

# of expected passes		2797
# of expected failures		6
# of unsupported tests		68

Running target unix/-m64

		=== objc Summary for unix/-m64 ===

# of expected passes		2797
# of expected failures		6
# of unsupported tests		68

		=== objc Summary ===

# of expected passes		5594
# of expected failures		12
# of unsupported tests		136
/var/gcc/regression/trunk/11-gcc-gas-gld/build/gcc/xgcc  version 9.0.0 20180518 (experimental) [trunk revision 260354] (GCC) 

		=== gotools tests ===

FAIL: go test cmd/go
FAIL: TestCgoCrashHandler
FAIL: TestCgoSignalDeadlock
FAIL: TestCrashHandler
FAIL: TestSelectStackAdjust
FAIL: go test runtime
FAIL: Test18146
FAIL: Test4029
FAIL: go test misc/cgo/test
FAIL: TestCompileWithoutShared
FAIL: TestEarlySignalHandler
FAIL: TestInstall
FAIL: TestOsSignal
FAIL: TestPIE
FAIL: TestSIGPROF
FAIL: TestSigaltstack
FAIL: TestSignalForwarding
FAIL: TestSignalForwardingExternal
FAIL: go test misc/cgo/testcarchive

		=== gotools Summary ===
# of expected passes		295
# of unexpected failures	19
# of untested testcases		124
/var/gcc/regression/trunk/11-gcc-gas-gld/build/./gcc/gccgo version 9.0.0 20180518 (experimental) [trunk revision 260354] (GCC)

		=== libatomic tests ===


Running target unix

		=== libatomic Summary for unix ===

# of expected passes		44
# of unsupported tests		5

Running target unix/-m64

		=== libatomic Summary for unix/-m64 ===

# of expected passes		54

		=== libatomic Summary ===

# of expected passes		98
# of unsupported tests		5
		=== libffi tests ===


Running target unix

		=== libffi Summary for unix ===

# of expected passes		2799

Running target unix/-m64

		=== libffi Summary for unix/-m64 ===

# of expected passes		2214

		=== libffi Summary ===

# of expected passes		5013
		=== libgo tests ===


Running target unix
FAIL: go/build
FAIL: runtime
FAIL: runtime/pprof

		=== libgo Summary for unix ===

# of expected passes		160
# of unexpected failures	3

Running target unix/-m64
FAIL: bytes
FAIL: go/build

		=== libgo Summary for unix/-m64 ===

# of expected passes		161
# of unexpected failures	2

		=== libgo Summary ===

# of expected passes		321
# of unexpected failures	5
/var/gcc/regression/trunk/11-gcc-gas-gld/build/./gcc/gccgo version 9.0.0 20180518 (experimental) [trunk revision 260354] (GCC)

		=== libgomp tests ===


Running target unix

		=== libgomp Summary for unix ===

# of expected passes		5566
# of expected failures		1
# of unsupported tests		302

Running target unix/-m64

		=== libgomp Summary for unix/-m64 ===

# of expected passes		5566
# of expected failures		1
# of unsupported tests		302

		=== libgomp Summary ===

# of expected passes		11132
# of expected failures		2
# of unsupported tests		604
		=== libitm tests ===


Running target unix

		=== libitm Summary for unix ===

# of expected passes		42
# of expected failures		3
# of unsupported tests		1

Running target unix/-m64

		=== libitm Summary for unix/-m64 ===

# of expected passes		42
# of expected failures		3
# of unsupported tests		1

		=== libitm Summary ===

# of expected passes		84
# of expected failures		6
# of unsupported tests		2
		=== libstdc++ tests ===


Running target unix
FAIL: 17_intro/headers/c++1998/all_no_rtti.cc (test for excess errors)
FAIL: 17_intro/headers/c++2011/all_pedantic_errors.cc (test for excess errors)
FAIL: 20_util/duration/literals/61166.cc (test for excess errors)
UNRESOLVED: 20_util/duration/literals/61166.cc compilation failed to produce executable
FAIL: 20_util/enable_shared_from_this/56383.cc (test for excess errors)
UNRESOLVED: 20_util/enable_shared_from_this/56383.cc compilation failed to produce executable
FAIL: 20_util/enable_shared_from_this/cons/constexpr.cc (test for excess errors)
UNRESOLVED: 20_util/enable_shared_from_this/cons/constexpr.cc scan-assembler-not _ZN7derivedC2Ev
UNRESOLVED: 20_util/enable_shared_from_this/cons/constexpr.cc scan-assembler-not _ZNSt23enable_shared_from_thisIiEC2Ev
FAIL: 20_util/enable_shared_from_this/members/const.cc (test for excess errors)
UNRESOLVED: 20_util/enable_shared_from_this/members/const.cc compilation failed to produce executable
FAIL: 20_util/enable_shared_from_this/members/reinit.cc (test for excess errors)
UNRESOLVED: 20_util/enable_shared_from_this/members/reinit.cc compilation failed to produce executable
FAIL: 20_util/enable_shared_from_this/members/unique_ptr.cc (test for excess errors)
UNRESOLVED: 20_util/enable_shared_from_this/members/unique_ptr.cc compilation failed to produce executable
FAIL: 20_util/enable_shared_from_this/members/weak_from_this.cc (test for excess errors)
UNRESOLVED: 20_util/enable_shared_from_this/members/weak_from_this.cc compilation failed to produce executable
FAIL: 20_util/forward/a.cc (test for excess errors)
UNRESOLVED: 20_util/forward/a.cc compilation failed to produce executable
FAIL: 20_util/forward/b.cc (test for excess errors)
UNRESOLVED: 20_util/forward/b.cc compilation failed to produce executable
FAIL: 20_util/from_chars/2.cc (test for excess errors)
UNRESOLVED: 20_util/from_chars/2.cc compilation failed to produce executable
FAIL: 20_util/function/1.cc (test for excess errors)
UNRESOLVED: 20_util/function/1.cc compilation failed to produce executable
FAIL: 20_util/function/77322.cc (test for excess errors)
FAIL: 20_util/function/8.cc (test for excess errors)
UNRESOLVED: 20_util/function/8.cc compilation failed to produce executable
FAIL: 20_util/function/9.cc (test for excess errors)
UNRESOLVED: 20_util/function/9.cc compilation failed to produce executable
FAIL: 20_util/function/cons/callable.cc (test for excess errors)
FAIL: 20_util/function_objects/83607.cc (test for excess errors)
XPASS: experimental/memory_resource/resource_adaptor.cc execution test

		=== libstdc++ Summary for unix ===

# of expected passes		11349
# of unexpected failures	18
# of unexpected successes	1
# of expected failures		74
# of unresolved testcases	14
# of unsupported tests		626

Running target unix/-m64

		=== libstdc++ Summary for unix/-m64 ===

# of expected passes		11375
# of expected failures		74
# of unsupported tests		629

		=== libstdc++ Summary ===

# of expected passes		22724
# of unexpected failures	18
# of unexpected successes	1
# of expected failures		148
# of unresolved testcases	14
# of unsupported tests		1255

Compiler version: 9.0.0 20180518 (experimental) [trunk revision 260354] (GCC) 
Platform: i386-pc-solaris2.11
configure flags: --prefix=/vol/gcc --target=i386-pc-solaris2.11 --enable-objc-gc --with-target-bdw-gc-include=/vol/gcc/include --with-target-bdw-gc-lib=/vol/gcc/lib,amd64=/vol/gcc/lib/amd64 --enable-libmudflap --with-as=/vol/gcc/bin/gas-2.30 --with-gnu-as --with-ld=/vol/gcc/bin/gld-2.30 --with-gnu-ld --with-gmp-include=/vol/gcc/include --with-gmp-lib=/vol/gcc/lib --with-mpfr-include=/vol/gcc/include --with-mpfr-lib=/vol/gcc/lib --with-mpc-include=/vol/gcc/include --with-mpc-lib=/vol/gcc/lib --enable-languages=all,ada,obj-c++,go --with-isl-include=/vol/gcc/include --with-isl-lib=/vol/gcc/lib --build=i386-pc-solaris2.11 --host=i386-pc-solaris2.11
BOOT_CFLAGS=-g -O2


Index Nav: [Date Index] [Subject Index] [Author Index] [Thread Index]
Message Nav: [Date Prev] [Date Next] [Thread Prev] [Thread Next]