This is the mail archive of the
gcc-testresults@gcc.gnu.org
mailing list for the GCC project.
Results for 8.1.1 20180518 [gcc-8-branch revision 260353] (GCC) testsuite on sparc-sun-solaris2.11
- From: Rainer Orth <ro at CeBiTec dot Uni-Bielefeld dot DE>
- To: gcc-testresults at gcc dot gnu dot org
- Date: Sat, 19 May 2018 00:11:24 +0200 (MEST)
- Subject: Results for 8.1.1 20180518 [gcc-8-branch revision 260353] (GCC) testsuite on sparc-sun-solaris2.11
LAST_UPDATED: Fri May 18 11:38:10 UTC 2018 (revision 260353)
=== acats tests ===
=== acats Summary ===
# of expected passes 2320
# of unexpected failures 0
Native configuration is sparc-sun-solaris2.11
=== g++ tests ===
Running target unix
UNRESOLVED: tmpdir-g++.dg-struct-layout-1/t001 cp_compat_x_tst.o-cp_compat_y_tst.o execute
UNRESOLVED: tmpdir-g++.dg-struct-layout-1/t001 cp_compat_x_tst.o-cp_compat_y_tst.o link
FAIL: tmpdir-g++.dg-struct-layout-1/t001 cp_compat_y_tst.o compile
=== g++ Summary for unix ===
# of expected passes 112881
# of unexpected failures 1
# of expected failures 503
# of unresolved testcases 2
# of unsupported tests 5268
Running target unix/-m64
=== g++ Summary for unix/-m64 ===
# of expected passes 114781
# of expected failures 506
# of unsupported tests 5237
=== g++ Summary ===
# of expected passes 227662
# of unexpected failures 1
# of expected failures 1009
# of unresolved testcases 2
# of unsupported tests 10505
/var/gcc/regression/gcc-8-branch/11-gcc/build/gcc/xg++ version 8.1.1 20180518 [gcc-8-branch revision 260353] (GCC)
=== gcc tests ===
Running target unix
FAIL: gcc.c-torture/compile/20010202-1.c -O2 -flto -flto-partition=none (internal compiler error)
FAIL: gcc.c-torture/compile/20010202-1.c -O2 -flto -flto-partition=none (test for excess errors)
FAIL: gcc.dg/visibility-22.c execution test
FAIL: gcc.dg/simulate-thread/atomic-other-int.c -O2 -g thread simulation test
FAIL: gcc.dg/simulate-thread/atomic-other-int.c -O3 -g thread simulation test
FAIL: gcc.dg/simulate-thread/speculative-store-4.c -O0 -g thread simulation test
FAIL: gcc.dg/simulate-thread/speculative-store-4.c -O2 -g thread simulation test
FAIL: gcc.dg/simulate-thread/speculative-store-4.c -O3 -g thread simulation test
FAIL: gcc.dg/simulate-thread/speculative-store.c -O0 -g thread simulation test
FAIL: gcc.dg/torture/pr60092.c -O0 execution test
FAIL: gcc.dg/vect/no-section-anchors-vect-69.c scan-tree-dump-times vect "vectorized 4 loops" 1
=== gcc Summary for unix ===
# of expected passes 102269
# of unexpected failures 11
# of expected failures 473
# of unsupported tests 2765
Running target unix/-m64
FAIL: gcc.dg/visibility-22.c execution test
FAIL: gcc.dg/torture/pr60092.c -O0 execution test
FAIL: gcc.dg/vect/no-section-anchors-vect-69.c scan-tree-dump-times vect "vectorized 4 loops" 1
=== gcc Summary for unix/-m64 ===
# of expected passes 103372
# of unexpected failures 3
# of expected failures 463
# of unsupported tests 2530
=== gcc Summary ===
# of expected passes 205641
# of unexpected failures 14
# of expected failures 936
# of unsupported tests 5295
/var/gcc/regression/gcc-8-branch/11-gcc/build/gcc/xgcc version 8.1.1 20180518 [gcc-8-branch revision 260353] (GCC)
=== gfortran tests ===
Running target unix
FAIL: gfortran.dg/elemental_subroutine_3.f90 -O1 (test for excess errors)
FAIL: gfortran.dg/elemental_subroutine_3.f90 -O2 (test for excess errors)
FAIL: gfortran.dg/elemental_subroutine_3.f90 -O3 -fomit-frame-pointer -funroll-loops -fpeel-loops -ftracer -finline-functions (test for excess errors)
FAIL: gfortran.dg/elemental_subroutine_3.f90 -O3 -g (test for excess errors)
FAIL: gfortran.dg/elemental_subroutine_3.f90 -Os (test for excess errors)
=== gfortran Summary for unix ===
# of expected passes 46903
# of unexpected failures 5
# of expected failures 92
# of unsupported tests 262
Running target unix/-m64
FAIL: gfortran.dg/elemental_subroutine_3.f90 -O1 (test for excess errors)
FAIL: gfortran.dg/elemental_subroutine_3.f90 -O2 (test for excess errors)
FAIL: gfortran.dg/elemental_subroutine_3.f90 -O3 -fomit-frame-pointer -funroll-loops -fpeel-loops -ftracer -finline-functions (test for excess errors)
FAIL: gfortran.dg/elemental_subroutine_3.f90 -O3 -g (test for excess errors)
FAIL: gfortran.dg/elemental_subroutine_3.f90 -Os (test for excess errors)
=== gfortran Summary for unix/-m64 ===
# of expected passes 47150
# of unexpected failures 5
# of expected failures 92
# of unsupported tests 141
=== gfortran Summary ===
# of expected passes 94053
# of unexpected failures 10
# of expected failures 184
# of unsupported tests 403
/var/gcc/regression/gcc-8-branch/11-gcc/build/gcc/gfortran version 8.1.1 20180518 [gcc-8-branch revision 260353] (GCC)
=== gnat tests ===
Running target unix
FAIL: gnat.dg/sync_iface_call_pkg2.adb (test for excess errors)
=== gnat Summary for unix ===
# of expected passes 2661
# of unexpected failures 1
# of expected failures 23
# of unsupported tests 23
Running target unix/-m64
=== gnat Summary for unix/-m64 ===
# of expected passes 2662
# of expected failures 23
# of unsupported tests 23
=== gnat Summary ===
# of expected passes 5323
# of unexpected failures 1
# of expected failures 46
# of unsupported tests 46
/var/gcc/regression/gcc-8-branch/11-gcc/build/gcc/gnatmake version 8.1.1 20180518 [gcc-8-branch revision 260353]
=== go tests ===
Running target unix
FAIL: ./index0-out.go execution, -O0 -g -fno-var-tracking-assignments
FAIL: go.test/test/fixedbugs/issue4562.go execution, -O2 -g
FAIL: go.test/test/nil.go execution, -O2 -g
=== go Summary for unix ===
# of expected passes 7391
# of unexpected failures 3
# of expected failures 1
# of untested testcases 11
# of unsupported tests 3
Running target unix/-m64
FAIL: ./index0-out.go execution, -O0 -g -fno-var-tracking-assignments
=== go Summary for unix/-m64 ===
# of expected passes 7273
# of unexpected failures 1
# of expected failures 1
# of untested testcases 11
# of unsupported tests 3
=== go Summary ===
# of expected passes 14664
# of unexpected failures 4
# of expected failures 2
# of untested testcases 22
# of unsupported tests 6
=== obj-c++ tests ===
Running target unix
=== obj-c++ Summary for unix ===
# of expected passes 1464
# of expected failures 2
# of unsupported tests 77
Running target unix/-m64
=== obj-c++ Summary for unix/-m64 ===
# of expected passes 1456
# of expected failures 10
# of unsupported tests 77
=== obj-c++ Summary ===
# of expected passes 2920
# of expected failures 12
# of unsupported tests 154
/var/gcc/regression/gcc-8-branch/11-gcc/build/gcc/xg++ version 8.1.1 20180518 [gcc-8-branch revision 260353] (GCC)
=== objc tests ===
Running target unix
=== objc Summary for unix ===
# of expected passes 2803
# of unsupported tests 68
Running target unix/-m64
=== objc Summary for unix/-m64 ===
# of expected passes 2803
# of unsupported tests 68
=== objc Summary ===
# of expected passes 5606
# of unsupported tests 136
/var/gcc/regression/gcc-8-branch/11-gcc/build/gcc/xgcc version 8.1.1 20180518 [gcc-8-branch revision 260353] (GCC)
=== gotools tests ===
FAIL: TestAlwaysLinkSysoFiles
FAIL: TestBuildComplex
FAIL: TestCacheOutput
FAIL: TestCaseCollisions
FAIL: TestCgoAsmError
FAIL: TestCgoShowsFullPathNames
FAIL: TestCpuprofileTwice
FAIL: TestDefaultGOPATH
FAIL: TestFFLAGS
FAIL: TestGOTMPDIR
FAIL: TestGenerateUsesBuildContext
FAIL: TestGoEnv
FAIL: TestGoVetWithOnlyTestFiles
FAIL: TestIssue22588
FAIL: TestListTemplateContextFunction
FAIL: TestMentionGOPATHInFirstGOPATHEntry
FAIL: TestMentionGOPATHNotOnSecondEntry
FAIL: TestMultipleGOPATHEntriesReportedSeparately
FAIL: TestNoCache
FAIL: TestNonCanonicalImportPaths
FAIL: TestPackageMainTestCompilerFlags
FAIL: TestSymlinkWarning
FAIL: TestTestRebuild
FAIL: go test cmd/go
FAIL: TestBreakpoint
FAIL: TestCgoSignalDeadlock
FAIL: TestGccgoCrashTracebackNodebug
FAIL: TestPanicInlined
FAIL: TestSelectStackAdjust
FAIL: go test runtime
FAIL: go test misc/cgo/test
FAIL: TestCompileWithoutShared
FAIL: TestEarlySignalHandler
FAIL: TestInstall
FAIL: TestOsSignal
FAIL: TestPIE
FAIL: TestSIGPROF
FAIL: TestSigaltstack
FAIL: TestSignalForwarding
FAIL: TestSignalForwardingExternal
FAIL: go test misc/cgo/testcarchive
=== gotools Summary ===
# of expected passes 245
# of unexpected failures 41
# of untested testcases 186
=== libatomic tests ===
Running target unix
=== libatomic Summary for unix ===
# of expected passes 44
# of unsupported tests 5
Running target unix/-m64
=== libatomic Summary for unix/-m64 ===
# of expected passes 54
=== libatomic Summary ===
# of expected passes 98
# of unsupported tests 5
=== libffi tests ===
Running target unix
FAIL: libffi.complex/complex_double.c -W -Wall -Wno-psabi -O2 (test for excess errors)
UNRESOLVED: libffi.complex/complex_double.c -W -Wall -Wno-psabi -O2 compilation failed to produce executable
FAIL: libffi.complex/complex_double.c -W -Wall -Wno-psabi -O3 (test for excess errors)
UNRESOLVED: libffi.complex/complex_double.c -W -Wall -Wno-psabi -O3 compilation failed to produce executable
FAIL: libffi.complex/complex_double.c -W -Wall -Wno-psabi -Os (test for excess errors)
UNRESOLVED: libffi.complex/complex_double.c -W -Wall -Wno-psabi -Os compilation failed to produce executable
=== libffi Summary for unix ===
# of expected passes 2208
# of unexpected failures 3
# of unresolved testcases 3
Running target unix/-m64
=== libffi Summary for unix/-m64 ===
# of expected passes 2214
=== libffi Summary ===
# of expected passes 4422
# of unexpected failures 3
# of unresolved testcases 3
=== libgo tests ===
Running target unix
FAIL: runtime
FAIL: go/build
FAIL: net/http
FAIL: runtime/pprof
=== libgo Summary for unix ===
# of expected passes 159
# of unexpected failures 4
Running target unix/-m64
FAIL: runtime
FAIL: go/build
FAIL: os/signal
=== libgo Summary for unix/-m64 ===
# of expected passes 160
# of unexpected failures 3
=== libgo Summary ===
# of expected passes 319
# of unexpected failures 7
=== libgomp tests ===
Running target unix
FAIL: libgomp.c/target-18.c (test for excess errors)
UNRESOLVED: libgomp.c/target-18.c compilation failed to produce executable
=== libgomp Summary for unix ===
# of expected passes 5432
# of unexpected failures 1
# of expected failures 1
# of unresolved testcases 1
# of unsupported tests 365
Running target unix/-m64
=== libgomp Summary for unix/-m64 ===
# of expected passes 5434
# of expected failures 1
# of unsupported tests 365
=== libgomp Summary ===
# of expected passes 10866
# of unexpected failures 1
# of expected failures 2
# of unresolved testcases 1
# of unsupported tests 730
=== libitm tests ===
Running target unix
=== libitm Summary for unix ===
# of expected passes 42
# of expected failures 3
# of unsupported tests 1
Running target unix/-m64
=== libitm Summary for unix/-m64 ===
# of expected passes 42
# of expected failures 3
# of unsupported tests 1
=== libitm Summary ===
# of expected passes 84
# of expected failures 6
# of unsupported tests 2
=== libstdc++ tests ===
Running target unix
FAIL: libstdc++-abi/abi_check
FAIL: 23_containers/unordered_map/modifiers/try_emplace.cc (test for excess errors)
UNRESOLVED: 23_containers/unordered_map/modifiers/try_emplace.cc compilation failed to produce executable
FAIL: 23_containers/unordered_map/requirements/exception/generation_prohibited.cc (test for excess errors)
UNRESOLVED: 23_containers/unordered_map/requirements/exception/generation_prohibited.cc compilation failed to produce executable
FAIL: 23_containers/unordered_multimap/allocator/move.cc (test for excess errors)
UNRESOLVED: 23_containers/unordered_multimap/allocator/move.cc compilation failed to produce executable
FAIL: 23_containers/unordered_multiset/55043.cc (test for excess errors)
FAIL: 23_containers/unordered_multiset/allocator/swap.cc (test for excess errors)
UNRESOLVED: 23_containers/unordered_multiset/allocator/swap.cc compilation failed to produce executable
FAIL: 23_containers/unordered_multiset/cons/66055.cc (test for excess errors)
FAIL: 23_containers/unordered_multiset/modifiers/merge.cc (test for excess errors)
UNRESOLVED: 23_containers/unordered_multiset/modifiers/merge.cc compilation failed to produce executable
FAIL: 23_containers/unordered_multiset/requirements/exception/basic.cc (test for excess errors)
UNRESOLVED: 23_containers/unordered_multiset/requirements/exception/basic.cc compilation failed to produce executable
FAIL: 23_containers/unordered_set/insert/83709.cc (test for excess errors)
UNRESOLVED: 23_containers/unordered_set/insert/83709.cc compilation failed to produce executable
FAIL: 23_containers/unordered_set/modifiers/extract.cc (test for excess errors)
UNRESOLVED: 23_containers/unordered_set/modifiers/extract.cc compilation failed to produce executable
FAIL: 23_containers/unordered_set/requirements/explicit_instantiation/3.cc (test for excess errors)
FAIL: 23_containers/vector/52591.cc (test for excess errors)
FAIL: 23_containers/vector/bool/allocator/move_assign.cc (test for excess errors)
UNRESOLVED: 23_containers/vector/bool/allocator/move_assign.cc compilation failed to produce executable
=== libstdc++ Summary for unix ===
# of expected passes 11272
# of unexpected failures 14
# of expected failures 71
# of unresolved testcases 9
# of unsupported tests 646
Running target unix/-m64
FAIL: libstdc++-abi/abi_check
=== libstdc++ Summary for unix/-m64 ===
# of expected passes 11296
# of unexpected failures 1
# of expected failures 71
# of unsupported tests 645
=== libstdc++ Summary ===
# of expected passes 22568
# of unexpected failures 15
# of expected failures 142
# of unresolved testcases 9
# of unsupported tests 1291
Compiler version: 8.1.1 20180518 [gcc-8-branch revision 260353] (GCC)
Platform: sparc-sun-solaris2.11
configure flags: --prefix=/vol/gcc --target=sparc-sun-solaris2.11 --enable-objc-gc --with-target-bdw-gc-include=/vol/gcc/include --with-target-bdw-gc-lib=/vol/gcc/lib,sparcv9=/vol/gcc/lib/sparcv9 --enable-libmudflap --with-as=/usr/ccs/bin/as --without-gnu-as --with-gmp-include=/vol/gcc/include --with-gmp-lib=/vol/gcc/lib --with-mpfr-include=/vol/gcc/include --with-mpfr-lib=/vol/gcc/lib --with-mpc-include=/vol/gcc/include --with-mpc-lib=/vol/gcc/lib --enable-languages=all,ada,obj-c++,go --with-isl-include=/vol/gcc/include --with-isl-lib=/vol/gcc/lib --build=sparc-sun-solaris2.11 --host=sparc-sun-solaris2.11
BOOT_CFLAGS=-g -O2