This is the mail archive of the gcc-testresults@gcc.gnu.org mailing list for the GCC project.


Index Nav: [Date Index] [Subject Index] [Author Index] [Thread Index]
Message Nav: [Date Prev] [Date Next] [Thread Prev] [Thread Next]
Other format: [Raw text]

Results for 9.0.0 20180511 (experimental) [trunk revision 260156] (GCC) testsuite on sparcv9-sun-solaris2.11


LAST_UPDATED: Fri May 11 08:50:57 UTC 2018 (revision 260156)

		=== acats tests ===

		=== acats Summary ===
# of expected passes		2320
# of unexpected failures	0
Native configuration is sparcv9-sun-solaris2.11

		=== g++ tests ===


Running target unix

		=== g++ Summary for unix ===

# of expected passes		114880
# of expected failures		506
# of unsupported tests		5240

Running target unix/-m32

		=== g++ Summary for unix/-m32 ===

# of expected passes		112983
# of expected failures		503
# of unsupported tests		5271

		=== g++ Summary ===

# of expected passes		227863
# of expected failures		1009
# of unsupported tests		10511
/var/gcc/regression/trunk/11-gcc-gas-64/build/gcc/xg++  version 9.0.0 20180511 (experimental) [trunk revision 260156] (GCC) 

		=== gcc tests ===


Running target unix
FAIL: gcc.dg/visibility-22.c execution test
FAIL: gcc.dg/ipa/ipa-icf-38.c scan-ltrans-tree-dump-not fixup_cfg4 "Function bar"
FAIL: gcc.dg/torture/pr60092.c   -O0  execution test
FAIL: gcc.dg/vect/no-section-anchors-vect-69.c scan-tree-dump-times vect "vectorized 4 loops" 1

		=== gcc Summary for unix ===

# of expected passes		103552
# of unexpected failures	4
# of expected failures		463
# of unsupported tests		2526

Running target unix/-m32
FAIL: gcc.dg/visibility-22.c execution test
FAIL: gcc.dg/ipa/ipa-icf-38.c scan-ltrans-tree-dump-not fixup_cfg4 "Function bar"
FAIL: gcc.dg/simulate-thread/atomic-other-int.c   -O2 -g  thread simulation test
FAIL: gcc.dg/simulate-thread/atomic-other-int.c   -O3 -g  thread simulation test
FAIL: gcc.dg/simulate-thread/speculative-store-4.c   -O0 -g  thread simulation test
FAIL: gcc.dg/simulate-thread/speculative-store-4.c   -O2 -g  thread simulation test
FAIL: gcc.dg/simulate-thread/speculative-store-4.c   -O3 -g  thread simulation test
FAIL: gcc.dg/simulate-thread/speculative-store.c   -O0 -g  thread simulation test
FAIL: gcc.dg/torture/pr60092.c   -O0  execution test
FAIL: gcc.dg/vect/no-section-anchors-vect-69.c scan-tree-dump-times vect "vectorized 4 loops" 1

		=== gcc Summary for unix/-m32 ===

# of expected passes		102450
# of unexpected failures	10
# of expected failures		473
# of unsupported tests		2761

		=== gcc Summary ===

# of expected passes		206002
# of unexpected failures	14
# of expected failures		936
# of unsupported tests		5287
/var/gcc/regression/trunk/11-gcc-gas-64/build/gcc/xgcc  version 9.0.0 20180511 (experimental) [trunk revision 260156] (GCC) 

		=== gfortran tests ===


Running target unix
FAIL: gfortran.dg/elemental_subroutine_3.f90   -O1  (test for excess errors)
FAIL: gfortran.dg/elemental_subroutine_3.f90   -O2  (test for excess errors)
FAIL: gfortran.dg/elemental_subroutine_3.f90   -O3 -fomit-frame-pointer -funroll-loops -fpeel-loops -ftracer -finline-functions  (test for excess errors)
FAIL: gfortran.dg/elemental_subroutine_3.f90   -O3 -g  (test for excess errors)
FAIL: gfortran.dg/elemental_subroutine_3.f90   -Os  (test for excess errors)

		=== gfortran Summary for unix ===

# of expected passes		47144
# of unexpected failures	5
# of expected failures		92
# of unsupported tests		141

Running target unix/-m32
FAIL: gfortran.dg/elemental_subroutine_3.f90   -O1  (test for excess errors)
FAIL: gfortran.dg/elemental_subroutine_3.f90   -O2  (test for excess errors)
FAIL: gfortran.dg/elemental_subroutine_3.f90   -O3 -fomit-frame-pointer -funroll-loops -fpeel-loops -ftracer -finline-functions  (test for excess errors)
FAIL: gfortran.dg/elemental_subroutine_3.f90   -O3 -g  (test for excess errors)
FAIL: gfortran.dg/elemental_subroutine_3.f90   -Os  (test for excess errors)

		=== gfortran Summary for unix/-m32 ===

# of expected passes		46897
# of unexpected failures	5
# of expected failures		92
# of unsupported tests		262

		=== gfortran Summary ===

# of expected passes		94041
# of unexpected failures	10
# of expected failures		184
# of unsupported tests		403
/var/gcc/regression/trunk/11-gcc-gas-64/build/gcc/gfortran  version 9.0.0 20180511 (experimental) [trunk revision 260156] (GCC) 

		=== gnat tests ===


Running target unix

		=== gnat Summary for unix ===

# of expected passes		2664
# of expected failures		23
# of unsupported tests		23

Running target unix/-m32

		=== gnat Summary for unix/-m32 ===

# of expected passes		2664
# of expected failures		23
# of unsupported tests		23

		=== gnat Summary ===

# of expected passes		5328
# of expected failures		46
# of unsupported tests		46
/var/gcc/regression/trunk/11-gcc-gas-64/build/gcc/gnatmake version 9.0.0 20180511 (experimental) [trunk revision 260156]

		=== go tests ===


Running target unix
FAIL: ./index0-out.go execution,  -O0 -g -fno-var-tracking-assignments 

		=== go Summary for unix ===

# of expected passes		7273
# of unexpected failures	1
# of expected failures		1
# of untested testcases		11
# of unsupported tests		3

Running target unix/-m32
FAIL: ./index0-out.go execution,  -O0 -g -fno-var-tracking-assignments 
FAIL: go.test/test/fixedbugs/issue4562.go execution,  -O2 -g 
FAIL: go.test/test/nil.go execution,  -O2 -g 

		=== go Summary for unix/-m32 ===

# of expected passes		7391
# of unexpected failures	3
# of expected failures		1
# of untested testcases		11
# of unsupported tests		3

		=== go Summary ===

# of expected passes		14664
# of unexpected failures	4
# of expected failures		2
# of untested testcases		22
# of unsupported tests		6
		=== obj-c++ tests ===


Running target unix/-m32

		=== obj-c++ Summary for unix/-m32 ===

# of expected passes		1464
# of expected failures		2
# of unsupported tests		77

Running target unix

		=== obj-c++ Summary for unix ===

# of expected passes		1456
# of expected failures		10
# of unsupported tests		77

		=== obj-c++ Summary ===

# of expected passes		2920
# of expected failures		12
# of unsupported tests		154
/var/gcc/regression/trunk/11-gcc-gas-64/build/gcc/xg++  version 9.0.0 20180511 (experimental) [trunk revision 260156] (GCC) 

		=== objc tests ===


Running target unix

		=== objc Summary for unix ===

# of expected passes		2803
# of unsupported tests		68

Running target unix/-m32

		=== objc Summary for unix/-m32 ===

# of expected passes		2803
# of unsupported tests		68

		=== objc Summary ===

# of expected passes		5606
# of unsupported tests		136
/var/gcc/regression/trunk/11-gcc-gas-64/build/gcc/xgcc  version 9.0.0 20180511 (experimental) [trunk revision 260156] (GCC) 

		=== gotools tests ===

FAIL: go test cmd/go
FAIL: TestCompileWithoutShared
FAIL: TestEarlySignalHandler
FAIL: TestInstall
FAIL: TestOsSignal
FAIL: TestPIE
FAIL: TestSIGPROF
FAIL: TestSigaltstack
FAIL: TestSignalForwarding
FAIL: TestSignalForwardingExternal
FAIL: go test misc/cgo/testcarchive

		=== gotools Summary ===
# of expected passes		266
# of unexpected failures	11
# of untested testcases		79

		=== libatomic tests ===


Running target unix/-m32

		=== libatomic Summary for unix/-m32 ===

# of expected passes		44
# of unsupported tests		5

Running target unix

		=== libatomic Summary for unix ===

# of expected passes		54

		=== libatomic Summary ===

# of expected passes		98
# of unsupported tests		5
		=== libffi tests ===


Running target unix/-m32

		=== libffi Summary for unix/-m32 ===

# of expected passes		2214

Running target unix

		=== libffi Summary for unix ===

# of expected passes		2214

		=== libffi Summary ===

# of expected passes		4428
		=== libgo tests ===


Running target unix
FAIL: go/build
FAIL: net/http

		=== libgo Summary for unix ===

# of expected passes		161
# of unexpected failures	2

Running target unix/-m32
FAIL: go/build
FAIL: net/http
FAIL: os/signal
FAIL: runtime

		=== libgo Summary for unix/-m32 ===

# of expected passes		159
# of unexpected failures	4

		=== libgo Summary ===

# of expected passes		320
# of unexpected failures	6
		=== libgomp tests ===


Running target unix/-m32

		=== libgomp Summary for unix/-m32 ===

# of expected passes		5444
# of expected failures		1
# of unsupported tests		363

Running target unix

		=== libgomp Summary for unix ===

# of expected passes		5444
# of expected failures		1
# of unsupported tests		363

		=== libgomp Summary ===

# of expected passes		10888
# of expected failures		2
# of unsupported tests		726
		=== libitm tests ===


Running target unix/-m32

		=== libitm Summary for unix/-m32 ===

# of expected passes		42
# of expected failures		3
# of unsupported tests		1

Running target unix

		=== libitm Summary for unix ===

# of expected passes		42
# of expected failures		3
# of unsupported tests		1

		=== libitm Summary ===

# of expected passes		84
# of expected failures		6
# of unsupported tests		2
		=== libstdc++ tests ===


Running target unix
FAIL: libstdc++-abi/abi_check
FAIL: tr1/5_numerical_facilities/special_functions/02_assoc_legendre/check_value.cc (test for excess errors)
UNRESOLVED: tr1/5_numerical_facilities/special_functions/02_assoc_legendre/check_value.cc compilation failed to produce executable

		=== libstdc++ Summary for unix ===

# of expected passes		11311
# of unexpected failures	2
# of expected failures		74
# of unresolved testcases	1
# of unsupported tests		645

Running target unix/-m32
FAIL: libstdc++-abi/abi_check
FAIL: tr1/5_numerical_facilities/special_functions/02_assoc_legendre/check_value.cc (test for excess errors)
UNRESOLVED: tr1/5_numerical_facilities/special_functions/02_assoc_legendre/check_value.cc compilation failed to produce executable

		=== libstdc++ Summary for unix/-m32 ===

# of expected passes		11311
# of unexpected failures	2
# of expected failures		74
# of unresolved testcases	1
# of unsupported tests		645

		=== libstdc++ Summary ===

# of expected passes		22622
# of unexpected failures	4
# of expected failures		148
# of unresolved testcases	2
# of unsupported tests		1290

Compiler version: 9.0.0 20180511 (experimental) [trunk revision 260156] (GCC) 
Platform: sparcv9-sun-solaris2.11
configure flags: --prefix=/vol/gcc --target=sparcv9-sun-solaris2.11 --enable-objc-gc --with-target-bdw-gc-include=/vol/gcc/include --with-target-bdw-gc-lib=/vol/gcc/lib/sparcv9,sparcv8plus=/vol/gcc/lib --enable-libmudflap --with-as=/vol/gcc/bin/sparcv9/gas-2.30 --with-gnu-as --with-gmp-include=/vol/gcc/include --with-gmp-lib=/vol/gcc/lib/sparcv9 --with-mpfr-include=/vol/gcc/include --with-mpfr-lib=/vol/gcc/lib/sparcv9 --with-mpc-include=/vol/gcc/include --with-mpc-lib=/vol/gcc/lib/sparcv9 --enable-languages=all,ada,obj-c++,go --with-isl-include=/vol/gcc/include --with-isl-lib=/vol/gcc/lib/sparcv9 --build=sparcv9-sun-solaris2.11 --host=sparcv9-sun-solaris2.11
BOOT_CFLAGS=-g -O2


Index Nav: [Date Index] [Subject Index] [Author Index] [Thread Index]
Message Nav: [Date Prev] [Date Next] [Thread Prev] [Thread Next]