This is the mail archive of the gcc-testresults@gcc.gnu.org mailing list for the GCC project.


Index Nav: [Date Index] [Subject Index] [Author Index] [Thread Index]
Message Nav: [Date Prev] [Date Next] [Thread Prev] [Thread Next]
Other format: [Raw text]

Results for 9.0.0 20180511 (experimental) [trunk revision 260156] (GCC) testsuite on x86_64-pc-solaris2.11


LAST_UPDATED: Fri May 11 08:50:57 UTC 2018 (revision 260156)

Native configuration is x86_64-pc-solaris2.11

		=== libatomic tests ===


Running target unix/-m32

		=== libatomic Summary for unix/-m32 ===

# of expected passes		44
# of unsupported tests		5

Running target unix

		=== libatomic Summary for unix ===

# of expected passes		54

		=== libatomic Summary ===

# of expected passes		98
# of unsupported tests		5
		=== libffi tests ===


Running target unix/-m32

		=== libffi Summary for unix/-m32 ===

# of expected passes		2799

Running target unix

		=== libffi Summary for unix ===

# of expected passes		2214

		=== libffi Summary ===

# of expected passes		5013
		=== libgo tests ===


Running target unix
FAIL: go/build
FAIL: net/http

		=== libgo Summary for unix ===

# of expected passes		161
# of unexpected failures	2

Running target unix/-m32
FAIL: go/build
FAIL: runtime

		=== libgo Summary for unix/-m32 ===

# of expected passes		161
# of unexpected failures	2

		=== libgo Summary ===

# of expected passes		322
# of unexpected failures	4
/var/gcc/regression/trunk/11.5-gcc-64/build/./gcc/gccgo version 9.0.0 20180511 (experimental) [trunk revision 260156] (GCC)

		=== libgomp tests ===


Running target unix/-m32

		=== libgomp Summary for unix/-m32 ===

# of expected passes		5446
# of expected failures		1
# of unsupported tests		362

Running target unix

		=== libgomp Summary for unix ===

# of expected passes		5446
# of expected failures		1
# of unsupported tests		362

		=== libgomp Summary ===

# of expected passes		10892
# of expected failures		2
# of unsupported tests		724
		=== libitm tests ===


Running target unix/-m32

		=== libitm Summary for unix/-m32 ===

# of expected passes		42
# of expected failures		3
# of unsupported tests		1

Running target unix

		=== libitm Summary for unix ===

# of expected passes		42
# of expected failures		3
# of unsupported tests		1

		=== libitm Summary ===

# of expected passes		84
# of expected failures		6
# of unsupported tests		2
		=== libstdc++ tests ===


Running target unix
FAIL: tr1/5_numerical_facilities/special_functions/02_assoc_legendre/check_value.cc (test for excess errors)
UNRESOLVED: tr1/5_numerical_facilities/special_functions/02_assoc_legendre/check_value.cc compilation failed to produce executable

		=== libstdc++ Summary for unix ===

# of expected passes		11345
# of unexpected failures	1
# of expected failures		74
# of unresolved testcases	1
# of unsupported tests		629

Running target unix/-m32
FAIL: tr1/5_numerical_facilities/special_functions/02_assoc_legendre/check_value.cc (test for excess errors)
UNRESOLVED: tr1/5_numerical_facilities/special_functions/02_assoc_legendre/check_value.cc compilation failed to produce executable

		=== libstdc++ Summary for unix/-m32 ===

# of expected passes		11352
# of unexpected failures	1
# of expected failures		75
# of unresolved testcases	1
# of unsupported tests		625

		=== libstdc++ Summary ===

# of expected passes		22697
# of unexpected failures	2
# of expected failures		149
# of unresolved testcases	2
# of unsupported tests		1254
		=== acats tests ===

		=== acats Summary ===
# of expected passes		2320
# of unexpected failures	0

		=== g++ tests ===


Running target unix
FAIL: g++.dg/pr80481.C  -std=gnu++11  scan-assembler-not vmovaps
FAIL: g++.dg/pr80481.C  -std=gnu++14  scan-assembler-not vmovaps
FAIL: g++.dg/pr80481.C  -std=gnu++98  scan-assembler-not vmovaps
FAIL: g++.dg/gcov/pr16855-priority.C  -std=gnu++11  gcov: 1 failures in line counts, 0 in branch percentages, 0 in return percentages, 0 in intermediate format
FAIL: g++.dg/gcov/pr16855-priority.C  -std=gnu++11  line 22: is #####:should be 1
FAIL: g++.dg/gcov/pr16855-priority.C  -std=gnu++14  gcov: 1 failures in line counts, 0 in branch percentages, 0 in return percentages, 0 in intermediate format
FAIL: g++.dg/gcov/pr16855-priority.C  -std=gnu++14  line 22: is #####:should be 1
FAIL: g++.dg/gcov/pr16855-priority.C  -std=gnu++98  gcov: 1 failures in line counts, 0 in branch percentages, 0 in return percentages, 0 in intermediate format
FAIL: g++.dg/gcov/pr16855-priority.C  -std=gnu++98  line 22: is #####:should be 1
FAIL: g++.dg/gcov/pr16855.C  -std=gnu++11  gcov: 1 failures in line counts, 0 in branch percentages, 0 in return percentages, 0 in intermediate format
FAIL: g++.dg/gcov/pr16855.C  -std=gnu++11  line 21: is #####:should be 1
FAIL: g++.dg/gcov/pr16855.C  -std=gnu++14  gcov: 1 failures in line counts, 0 in branch percentages, 0 in return percentages, 0 in intermediate format
FAIL: g++.dg/gcov/pr16855.C  -std=gnu++14  line 21: is #####:should be 1
FAIL: g++.dg/gcov/pr16855.C  -std=gnu++98  gcov: 1 failures in line counts, 0 in branch percentages, 0 in return percentages, 0 in intermediate format
FAIL: g++.dg/gcov/pr16855.C  -std=gnu++98  line 21: is #####:should be 1

		=== g++ Summary for unix ===

# of expected passes		116128
# of unexpected failures	15
# of expected failures		503
# of unsupported tests		4837

Running target unix/-m32
FAIL: g++.dg/opt/pr59470.C  -std=gnu++11 (test for excess errors)
UNRESOLVED: g++.dg/opt/pr59470.C  -std=gnu++11 compilation failed to produce executable
FAIL: g++.dg/opt/pr59470.C  -std=gnu++14 (test for excess errors)
UNRESOLVED: g++.dg/opt/pr59470.C  -std=gnu++14 compilation failed to produce executable
FAIL: g++.dg/opt/pr59470.C  -std=gnu++98 (test for excess errors)
UNRESOLVED: g++.dg/opt/pr59470.C  -std=gnu++98 compilation failed to produce executable
FAIL: g++.dg/gcov/pr16855-priority.C  -std=gnu++11  gcov: 1 failures in line counts, 0 in branch percentages, 0 in return percentages, 0 in intermediate format
FAIL: g++.dg/gcov/pr16855-priority.C  -std=gnu++11  line 22: is #####:should be 1
FAIL: g++.dg/gcov/pr16855-priority.C  -std=gnu++14  gcov: 1 failures in line counts, 0 in branch percentages, 0 in return percentages, 0 in intermediate format
FAIL: g++.dg/gcov/pr16855-priority.C  -std=gnu++14  line 22: is #####:should be 1
FAIL: g++.dg/gcov/pr16855-priority.C  -std=gnu++98  gcov: 1 failures in line counts, 0 in branch percentages, 0 in return percentages, 0 in intermediate format
FAIL: g++.dg/gcov/pr16855-priority.C  -std=gnu++98  line 22: is #####:should be 1
FAIL: g++.dg/gcov/pr16855.C  -std=gnu++11  gcov: 1 failures in line counts, 0 in branch percentages, 0 in return percentages, 0 in intermediate format
FAIL: g++.dg/gcov/pr16855.C  -std=gnu++11  line 21: is #####:should be 1
FAIL: g++.dg/gcov/pr16855.C  -std=gnu++14  gcov: 1 failures in line counts, 0 in branch percentages, 0 in return percentages, 0 in intermediate format
FAIL: g++.dg/gcov/pr16855.C  -std=gnu++14  line 21: is #####:should be 1
FAIL: g++.dg/gcov/pr16855.C  -std=gnu++98  gcov: 1 failures in line counts, 0 in branch percentages, 0 in return percentages, 0 in intermediate format
FAIL: g++.dg/gcov/pr16855.C  -std=gnu++98  line 21: is #####:should be 1

		=== g++ Summary for unix/-m32 ===

# of expected passes		114627
# of unexpected failures	15
# of expected failures		500
# of unresolved testcases	3
# of unsupported tests		4645

		=== g++ Summary ===

# of expected passes		230755
# of unexpected failures	30
# of expected failures		1003
# of unresolved testcases	3
# of unsupported tests		9482
/var/gcc/regression/trunk/11.5-gcc-64/build/gcc/xg++  version 9.0.0 20180511 (experimental) [trunk revision 260156] (GCC) 

		=== gcc tests ===


Running target unix
FAIL: gcc.c-torture/compile/pr61159.c   -O0  (test for excess errors)
FAIL: gcc.c-torture/compile/pr61159.c   -O1  (test for excess errors)
FAIL: gcc.c-torture/compile/pr61159.c   -O2  (test for excess errors)
FAIL: gcc.c-torture/compile/pr61159.c   -O2 -flto  (test for excess errors)
FAIL: gcc.c-torture/compile/pr61159.c   -O2 -flto -flto-partition=none  (test for excess errors)
FAIL: gcc.c-torture/compile/pr61159.c   -O3 -g  (test for excess errors)
FAIL: gcc.c-torture/compile/pr61159.c   -Os  (test for excess errors)
FAIL: gcc.dg/attr-weakref-1.c (test for excess errors)
UNRESOLVED: gcc.dg/attr-weakref-1.c compilation failed to produce executable
FAIL: gcc.dg/ipa/ipa-icf-38.c scan-ltrans-tree-dump-not fixup_cfg4 "Function bar"
FAIL: gcc.target/i386/pr80569.c (test for excess errors)

		=== gcc Summary for unix ===

# of expected passes		122687
# of unexpected failures	10
# of expected failures		395
# of unresolved testcases	1
# of unsupported tests		2663

Running target unix/-m32
FAIL: gcc.c-torture/compile/pr61159.c   -O0  (test for excess errors)
FAIL: gcc.c-torture/compile/pr61159.c   -O1  (test for excess errors)
FAIL: gcc.c-torture/compile/pr61159.c   -O2  (test for excess errors)
FAIL: gcc.c-torture/compile/pr61159.c   -O2 -flto  (test for excess errors)
FAIL: gcc.c-torture/compile/pr61159.c   -O2 -flto -flto-partition=none  (test for excess errors)
FAIL: gcc.c-torture/compile/pr61159.c   -O3 -g  (test for excess errors)
FAIL: gcc.c-torture/compile/pr61159.c   -Os  (test for excess errors)
FAIL: gcc.dg/attr-weakref-1.c (test for excess errors)
UNRESOLVED: gcc.dg/attr-weakref-1.c compilation failed to produce executable
FAIL: gcc.dg/ipa/ipa-icf-38.c scan-ltrans-tree-dump-not fixup_cfg4 "Function bar"
FAIL: gcc.target/i386/pr80569.c (test for excess errors)

		=== gcc Summary for unix/-m32 ===

# of expected passes		121034
# of unexpected failures	10
# of expected failures		404
# of unresolved testcases	1
# of unsupported tests		2755

		=== gcc Summary ===

# of expected passes		243721
# of unexpected failures	20
# of expected failures		799
# of unresolved testcases	2
# of unsupported tests		5418
/var/gcc/regression/trunk/11.5-gcc-64/build/gcc/xgcc  version 9.0.0 20180511 (experimental) [trunk revision 260156] (GCC) 

		=== gfortran tests ===


Running target unix

		=== gfortran Summary for unix ===

# of expected passes		47260
# of expected failures		93
# of unsupported tests		91

Running target unix/-m32

		=== gfortran Summary for unix/-m32 ===

# of expected passes		47043
# of expected failures		93
# of unsupported tests		194

		=== gfortran Summary ===

# of expected passes		94303
# of expected failures		186
# of unsupported tests		285
/var/gcc/regression/trunk/11.5-gcc-64/build/gcc/gfortran  version 9.0.0 20180511 (experimental) [trunk revision 260156] (GCC) 

		=== gnat tests ===


Running target unix

		=== gnat Summary for unix ===

# of expected passes		2698
# of expected failures		23
# of unsupported tests		7

Running target unix/-m32

		=== gnat Summary for unix/-m32 ===

# of expected passes		2698
# of expected failures		23
# of unsupported tests		7

		=== gnat Summary ===

# of expected passes		5396
# of expected failures		46
# of unsupported tests		14
/var/gcc/regression/trunk/11.5-gcc-64/build/gcc/gnatmake version 9.0.0 20180511 (experimental) [trunk revision 260156]

		=== go tests ===


Running target unix
FAIL: ./index0-out.go compilation,  -O0 -g -fno-var-tracking-assignments 

		=== go Summary for unix ===

# of expected passes		7276
# of unexpected failures	1
# of expected failures		1
# of untested testcases		11
# of unsupported tests		1

Running target unix/-m32
FAIL: ./index0-out.go compilation,  -O0 -g -fno-var-tracking-assignments 
FAIL: go.test/test/fixedbugs/bug402.go compilation,  -O2 -g 
FAIL: go.test/test/fixedbugs/bug406.go compilation,  -O2 -g 
WARNING: program timed out
WARNING: program timed out

		=== go Summary for unix/-m32 ===

# of expected passes		7391
# of unexpected failures	3
# of expected failures		1
# of untested testcases		13
# of unsupported tests		2

		=== go Summary ===

# of expected passes		14667
# of unexpected failures	4
# of expected failures		2
# of untested testcases		24
# of unsupported tests		3
		=== obj-c++ tests ===


Running target unix/-m32

		=== obj-c++ Summary for unix/-m32 ===

# of expected passes		1464
# of expected failures		2
# of unsupported tests		77

Running target unix

		=== obj-c++ Summary for unix ===

# of expected passes		1456
# of expected failures		10
# of unsupported tests		77

		=== obj-c++ Summary ===

# of expected passes		2920
# of expected failures		12
# of unsupported tests		154
/var/gcc/regression/trunk/11.5-gcc-64/build/gcc/xg++  version 9.0.0 20180511 (experimental) [trunk revision 260156] (GCC) 

		=== objc tests ===


Running target unix

		=== objc Summary for unix ===

# of expected passes		2797
# of expected failures		6
# of unsupported tests		68

Running target unix/-m32

		=== objc Summary for unix/-m32 ===

# of expected passes		2797
# of expected failures		6
# of unsupported tests		68

		=== objc Summary ===

# of expected passes		5594
# of expected failures		12
# of unsupported tests		136
/var/gcc/regression/trunk/11.5-gcc-64/build/gcc/xgcc  version 9.0.0 20180511 (experimental) [trunk revision 260156] (GCC) 

		=== gotools tests ===

FAIL: go test cmd/go
FAIL: TestCompileWithoutShared
FAIL: TestEarlySignalHandler
FAIL: TestInstall
FAIL: TestOsSignal
FAIL: TestPIE
FAIL: TestSIGPROF
FAIL: TestSigaltstack
FAIL: TestSignalForwarding
FAIL: TestSignalForwardingExternal
FAIL: go test misc/cgo/testcarchive

		=== gotools Summary ===
# of expected passes		306
# of unexpected failures	11
# of untested testcases		138
/var/gcc/regression/trunk/11.5-gcc-64/build/./gcc/gccgo version 9.0.0 20180511 (experimental) [trunk revision 260156] (GCC)

Compiler version: 9.0.0 20180511 (experimental) [trunk revision 260156] (GCC) 
Platform: x86_64-pc-solaris2.11
configure flags: --prefix=/vol/gcc --target=amd64-pc-solaris2.11 --enable-objc-gc --with-target-bdw-gc-include=/vol/gcc/include --with-target-bdw-gc-lib=/vol/gcc/lib/amd64,32=/vol/gcc/lib --enable-libmudflap --with-as=/usr/ccs/bin/as --without-gnu-as --with-gmp-include=/vol/gcc/include --with-gmp-lib=/vol/gcc/lib/amd64 --with-mpfr-include=/vol/gcc/include --with-mpfr-lib=/vol/gcc/lib/amd64 --with-mpc-include=/vol/gcc/include --with-mpc-lib=/vol/gcc/lib/amd64 --enable-languages=all,ada,obj-c++,go --with-isl-include=/vol/gcc/include --with-isl-lib=/vol/gcc/lib/amd64 --build=amd64-pc-solaris2.11 --host=amd64-pc-solaris2.11
BOOT_CFLAGS=-g -O2


Index Nav: [Date Index] [Subject Index] [Author Index] [Thread Index]
Message Nav: [Date Prev] [Date Next] [Thread Prev] [Thread Next]