This is the mail archive of the gcc-testresults@gcc.gnu.org mailing list for the GCC project.


Index Nav: [Date Index] [Subject Index] [Author Index] [Thread Index]
Message Nav: [Date Prev] [Date Next] [Thread Prev] [Thread Next]
Other format: [Raw text]

Results for 9.0.0 20180511 (experimental) [trunk revision 260156] (GCC) testsuite on sparc-sun-solaris2.10


LAST_UPDATED: Fri May 11 08:50:57 UTC 2018 (revision 260156)

		=== acats tests ===

		=== acats Summary ===
# of expected passes		2320
# of unexpected failures	0
Native configuration is sparc-sun-solaris2.10

		=== g++ tests ===


Running target unix

		=== g++ Summary for unix ===

# of expected passes		112983
# of expected failures		503
# of unsupported tests		5271

Running target unix/-m64

		=== g++ Summary for unix/-m64 ===

# of expected passes		114867
# of expected failures		506
# of unsupported tests		5250

		=== g++ Summary ===

# of expected passes		227850
# of expected failures		1009
# of unsupported tests		10521
/var/gcc/regression/trunk/10-gcc/build/gcc/xg++  version 9.0.0 20180511 (experimental) [trunk revision 260156] (GCC) 

		=== gcc tests ===


Running target unix
FAIL: gcc.dg/visibility-22.c execution test
FAIL: gcc.dg/ipa/ipa-icf-38.c scan-ltrans-tree-dump-not fixup_cfg4 "Function bar"
FAIL: gcc.dg/simulate-thread/atomic-other-int.c   -O2 -g  thread simulation test
FAIL: gcc.dg/simulate-thread/atomic-other-int.c   -O3 -g  thread simulation test
FAIL: gcc.dg/simulate-thread/speculative-store-4.c   -O0 -g  thread simulation test
FAIL: gcc.dg/simulate-thread/speculative-store-4.c   -O2 -g  thread simulation test
FAIL: gcc.dg/simulate-thread/speculative-store-4.c   -O3 -g  thread simulation test
FAIL: gcc.dg/simulate-thread/speculative-store.c   -O0 -g  thread simulation test
FAIL: gcc.dg/vect/no-section-anchors-vect-69.c scan-tree-dump-times vect "vectorized 4 loops" 1

		=== gcc Summary for unix ===

# of expected passes		102436
# of unexpected failures	9
# of expected failures		473
# of unsupported tests		2768

Running target unix/-m64
FAIL: gcc.dg/visibility-22.c execution test
FAIL: gcc.dg/ipa/ipa-icf-38.c scan-ltrans-tree-dump-not fixup_cfg4 "Function bar"
FAIL: gcc.dg/vect/no-section-anchors-vect-69.c scan-tree-dump-times vect "vectorized 4 loops" 1

		=== gcc Summary for unix/-m64 ===

# of expected passes		103521
# of unexpected failures	3
# of expected failures		463
# of unsupported tests		2545

		=== gcc Summary ===

# of expected passes		205957
# of unexpected failures	12
# of expected failures		936
# of unsupported tests		5313
/var/gcc/regression/trunk/10-gcc/build/gcc/xgcc  version 9.0.0 20180511 (experimental) [trunk revision 260156] (GCC) 

		=== gfortran tests ===


Running target unix
FAIL: gfortran.dg/elemental_subroutine_3.f90   -O1  (test for excess errors)
FAIL: gfortran.dg/elemental_subroutine_3.f90   -O2  (test for excess errors)
FAIL: gfortran.dg/elemental_subroutine_3.f90   -O3 -fomit-frame-pointer -funroll-loops -fpeel-loops -ftracer -finline-functions  (test for excess errors)
FAIL: gfortran.dg/elemental_subroutine_3.f90   -O3 -g  (test for excess errors)
FAIL: gfortran.dg/elemental_subroutine_3.f90   -Os  (test for excess errors)

		=== gfortran Summary for unix ===

# of expected passes		46897
# of unexpected failures	5
# of expected failures		92
# of unsupported tests		262

Running target unix/-m64
FAIL: gfortran.dg/elemental_subroutine_3.f90   -O1  (test for excess errors)
FAIL: gfortran.dg/elemental_subroutine_3.f90   -O2  (test for excess errors)
FAIL: gfortran.dg/elemental_subroutine_3.f90   -O3 -fomit-frame-pointer -funroll-loops -fpeel-loops -ftracer -finline-functions  (test for excess errors)
FAIL: gfortran.dg/elemental_subroutine_3.f90   -O3 -g  (test for excess errors)
FAIL: gfortran.dg/elemental_subroutine_3.f90   -Os  (test for excess errors)

		=== gfortran Summary for unix/-m64 ===

# of expected passes		47144
# of unexpected failures	5
# of expected failures		92
# of unsupported tests		141

		=== gfortran Summary ===

# of expected passes		94041
# of unexpected failures	10
# of expected failures		184
# of unsupported tests		403
/var/gcc/regression/trunk/10-gcc/build/gcc/gfortran  version 9.0.0 20180511 (experimental) [trunk revision 260156] (GCC) 

		=== gnat tests ===


Running target unix

		=== gnat Summary for unix ===

# of expected passes		2664
# of expected failures		23
# of unsupported tests		23

Running target unix/-m64

		=== gnat Summary for unix/-m64 ===

# of expected passes		2664
# of expected failures		23
# of unsupported tests		23

		=== gnat Summary ===

# of expected passes		5328
# of expected failures		46
# of unsupported tests		46
/var/gcc/regression/trunk/10-gcc/build/gcc/gnatmake version 9.0.0 20180511 (experimental) [trunk revision 260156]

		=== go tests ===


Running target unix
FAIL: go.go-torture/execute/printnil.go execution,  -O0 
FAIL: go.go-torture/execute/printnil.go execution,  -O1 
FAIL: go.go-torture/execute/printnil.go execution,  -O2 
FAIL: go.go-torture/execute/printnil.go execution,  -O2 -fbounds-check 
FAIL: go.go-torture/execute/printnil.go execution,  -O2 -fomit-frame-pointer -finline-functions 
FAIL: go.go-torture/execute/printnil.go execution,  -O2 -fomit-frame-pointer -finline-functions -funroll-loops 
FAIL: go.go-torture/execute/printnil.go execution,  -O3 -g 
FAIL: go.go-torture/execute/printnil.go execution,  -Os 
FAIL: ./index0-out.go execution,  -O0 -g -fno-var-tracking-assignments 
FAIL: ./slice3-out.go execution,  -O0 -g -fno-var-tracking-assignments 
FAIL: go.test/test/closedchan.go execution,  -O2 -g 
FAIL: go.test/test/cmp.go execution,  -O2 -g 
FAIL: go.test/test/divmod.go execution,  -O2 -g 
FAIL: go.test/test/fixedbugs/bug113.go execution,  -O2 -g 
FAIL: go.test/test/fixedbugs/bug148.go execution,  -O2 -g 
FAIL: go.test/test/fixedbugs/bug266.go execution,  -O2 -g 
FAIL: go.test/test/fixedbugs/bug272.go execution,  -O2 -g 
FAIL: go.test/test/fixedbugs/bug273.go execution,  -O2 -g 
FAIL: go.test/test/fixedbugs/bug324.dir/prog.go execution,  -O2 -g 
FAIL: go.test/test/fixedbugs/bug347.go execution,  -O0 -g 
FAIL: go.test/test/fixedbugs/bug348.go execution,  -O0 -g 
FAIL: go.test/test/fixedbugs/bug444.go execution,  -O2 -g 
FAIL: go.test/test/fixedbugs/issue4066.go execution,  -O2 -g 
FAIL: go.test/test/fixedbugs/issue4353.go execution,  -O2 -g 
FAIL: go.test/test/fixedbugs/issue4562.go execution,  -O2 -g 
FAIL: go.test/test/fixedbugs/issue6055.go execution,  -O2 -g 
FAIL: go.test/test/interface/fail.go execution,  -O2 -g 
FAIL: go.test/test/interface/noeq.go execution,  -O2 -g 
FAIL: go.test/test/interface/returntype.go execution,  -O2 -g 
FAIL: go.test/test/method.go execution,  -O2 -g 
FAIL: go.test/test/method5.go execution,  -O2 -g 
FAIL: go.test/test/nil.go execution,  -O2 -g 
FAIL: go.test/test/recover.go execution,  -O2 -g 
FAIL: go.test/test/recover1.go execution,  -O2 -g 
FAIL: go.test/test/recover2.go execution,  -O2 -g 

		=== go Summary for unix ===

# of expected passes		7359
# of unexpected failures	35
# of expected failures		1
# of untested testcases		11
# of unsupported tests		3

Running target unix/-m64
FAIL: go.go-torture/execute/printnil.go execution,  -O0 
FAIL: go.go-torture/execute/printnil.go execution,  -O1 
FAIL: go.go-torture/execute/printnil.go execution,  -O2 
FAIL: go.go-torture/execute/printnil.go execution,  -O2 -fbounds-check 
FAIL: go.go-torture/execute/printnil.go execution,  -O2 -fomit-frame-pointer -finline-functions 
FAIL: go.go-torture/execute/printnil.go execution,  -O2 -fomit-frame-pointer -finline-functions -funroll-loops 
FAIL: go.go-torture/execute/printnil.go execution,  -O3 -g 
FAIL: go.go-torture/execute/printnil.go execution,  -Os 
FAIL: ./index0-out.go execution,  -O0 -g -fno-var-tracking-assignments 
FAIL: ./slice3-out.go execution,  -O0 -g -fno-var-tracking-assignments 
FAIL: go.test/test/closedchan.go execution,  -O2 -g 
FAIL: go.test/test/cmp.go execution,  -O2 -g 
FAIL: go.test/test/divmod.go execution,  -O2 -g 
FAIL: go.test/test/fixedbugs/bug113.go execution,  -O2 -g 
FAIL: go.test/test/fixedbugs/bug148.go execution,  -O2 -g 
FAIL: go.test/test/fixedbugs/bug266.go execution,  -O2 -g 
FAIL: go.test/test/fixedbugs/bug272.go execution,  -O2 -g 
FAIL: go.test/test/fixedbugs/bug273.go execution,  -O2 -g 
FAIL: go.test/test/fixedbugs/bug324.dir/prog.go execution,  -O2 -g 
FAIL: go.test/test/fixedbugs/bug347.go execution,  -O0 -g 
FAIL: go.test/test/fixedbugs/bug348.go execution,  -O0 -g 
FAIL: go.test/test/fixedbugs/bug444.go execution,  -O2 -g 
FAIL: go.test/test/fixedbugs/issue4066.go execution,  -O2 -g 
FAIL: go.test/test/fixedbugs/issue4353.go execution,  -O2 -g 
FAIL: go.test/test/fixedbugs/issue4562.go execution,  -O2 -g 
FAIL: go.test/test/fixedbugs/issue6055.go execution,  -O2 -g 
FAIL: go.test/test/interface/fail.go execution,  -O2 -g 
FAIL: go.test/test/interface/noeq.go execution,  -O2 -g 
FAIL: go.test/test/interface/returntype.go execution,  -O2 -g 
FAIL: go.test/test/method.go execution,  -O2 -g 
FAIL: go.test/test/method5.go execution,  -O2 -g 
FAIL: go.test/test/nil.go execution,  -O2 -g 
FAIL: go.test/test/recover.go execution,  -O2 -g 
FAIL: go.test/test/recover1.go execution,  -O2 -g 
FAIL: go.test/test/recover2.go execution,  -O2 -g 

		=== go Summary for unix/-m64 ===

# of expected passes		7239
# of unexpected failures	35
# of expected failures		1
# of untested testcases		11
# of unsupported tests		3

		=== go Summary ===

# of expected passes		14598
# of unexpected failures	70
# of expected failures		2
# of untested testcases		22
# of unsupported tests		6
		=== obj-c++ tests ===


Running target unix

		=== obj-c++ Summary for unix ===

# of expected passes		1464
# of expected failures		2
# of unsupported tests		77

Running target unix/-m64

		=== obj-c++ Summary for unix/-m64 ===

# of expected passes		1456
# of expected failures		10
# of unsupported tests		77

		=== obj-c++ Summary ===

# of expected passes		2920
# of expected failures		12
# of unsupported tests		154
/var/gcc/regression/trunk/10-gcc/build/gcc/xg++  version 9.0.0 20180511 (experimental) [trunk revision 260156] (GCC) 

		=== objc tests ===


Running target unix

		=== objc Summary for unix ===

# of expected passes		2803
# of unsupported tests		68

Running target unix/-m64

		=== objc Summary for unix/-m64 ===

# of expected passes		2803
# of unsupported tests		68

		=== objc Summary ===

# of expected passes		5606
# of unsupported tests		136
/var/gcc/regression/trunk/10-gcc/build/gcc/xgcc  version 9.0.0 20180511 (experimental) [trunk revision 260156] (GCC) 

		=== gotools tests ===

FAIL: go test cmd/go
FAIL: go test runtime
FAIL: go test misc/cgo/test
FAIL: TestCompileWithoutShared
FAIL: TestEarlySignalHandler
FAIL: TestInstall
FAIL: TestOsSignal
FAIL: TestPIE
FAIL: TestSIGPROF
FAIL: TestSigaltstack
FAIL: TestSignalForwarding
FAIL: TestSignalForwardingExternal
FAIL: go test misc/cgo/testcarchive

		=== gotools Summary ===
# of expected passes		5
# of unexpected failures	13
# of untested testcases		3

		=== libatomic tests ===


Running target unix

		=== libatomic Summary for unix ===

# of expected passes		44
# of unsupported tests		5

Running target unix/-m64

		=== libatomic Summary for unix/-m64 ===

# of expected passes		54

		=== libatomic Summary ===

# of expected passes		98
# of unsupported tests		5
		=== libffi tests ===


Running target unix

		=== libffi Summary for unix ===

# of expected passes		2214

Running target unix/-m64

		=== libffi Summary for unix/-m64 ===

# of expected passes		2214

		=== libffi Summary ===

# of expected passes		4428
		=== libgo tests ===


Running target unix
FAIL: encoding/gob
FAIL: fmt
FAIL: go/build
FAIL: go/constant
FAIL: golang_org/x/crypto/cryptobyte
FAIL: html/template
FAIL: math
FAIL: math/big
FAIL: net
FAIL: net/http
FAIL: net/rpc
FAIL: os/signal
FAIL: reflect
FAIL: runtime
FAIL: runtime/debug
FAIL: runtime/pprof
FAIL: sync/atomic
FAIL: text/tabwriter
FAIL: text/template
FAIL: text/template/parse
FAIL: time

		=== libgo Summary for unix ===

# of expected passes		142
# of unexpected failures	21

Running target unix/-m64
FAIL: encoding/gob
FAIL: fmt
FAIL: go/build
FAIL: go/constant
FAIL: golang_org/x/crypto/cryptobyte
FAIL: html/template
FAIL: math
FAIL: math/big
FAIL: net
FAIL: net/http
FAIL: net/rpc
FAIL: reflect
FAIL: runtime/debug
FAIL: runtime/pprof
FAIL: sync/atomic
FAIL: text/tabwriter
FAIL: text/template
FAIL: text/template/parse
FAIL: time

		=== libgo Summary for unix/-m64 ===

# of expected passes		144
# of unexpected failures	19

		=== libgo Summary ===

# of expected passes		286
# of unexpected failures	40
		=== libgomp tests ===


Running target unix

		=== libgomp Summary for unix ===

# of expected passes		5444
# of expected failures		1
# of unsupported tests		363

Running target unix/-m64

		=== libgomp Summary for unix/-m64 ===

# of expected passes		5444
# of expected failures		1
# of unsupported tests		363

		=== libgomp Summary ===

# of expected passes		10888
# of expected failures		2
# of unsupported tests		726
		=== libitm tests ===


Running target unix

		=== libitm Summary for unix ===

# of expected passes		42
# of expected failures		3
# of unsupported tests		1

Running target unix/-m64

		=== libitm Summary for unix/-m64 ===

# of expected passes		42
# of expected failures		3
# of unsupported tests		1

		=== libitm Summary ===

# of expected passes		84
# of expected failures		6
# of unsupported tests		2
		=== libstdc++ tests ===


Running target unix
FAIL: tr1/5_numerical_facilities/special_functions/02_assoc_legendre/check_value.cc (test for excess errors)
UNRESOLVED: tr1/5_numerical_facilities/special_functions/02_assoc_legendre/check_value.cc compilation failed to produce executable

		=== libstdc++ Summary for unix ===

# of expected passes		11311
# of unexpected failures	1
# of expected failures		75
# of unresolved testcases	1
# of unsupported tests		645

Running target unix/-m64
FAIL: 27_io/filesystem/operations/last_write_time.cc execution test
FAIL: experimental/filesystem/operations/last_write_time.cc execution test
FAIL: tr1/5_numerical_facilities/special_functions/02_assoc_legendre/check_value.cc (test for excess errors)
UNRESOLVED: tr1/5_numerical_facilities/special_functions/02_assoc_legendre/check_value.cc compilation failed to produce executable

		=== libstdc++ Summary for unix/-m64 ===

# of expected passes		11309
# of unexpected failures	3
# of expected failures		75
# of unresolved testcases	1
# of unsupported tests		645

		=== libstdc++ Summary ===

# of expected passes		22620
# of unexpected failures	4
# of expected failures		150
# of unresolved testcases	2
# of unsupported tests		1290

Compiler version: 9.0.0 20180511 (experimental) [trunk revision 260156] (GCC) 
Platform: sparc-sun-solaris2.10
configure flags: --prefix=/vol/gcc --target=sparc-sun-solaris2.10 --enable-objc-gc --with-target-bdw-gc-include=/vol/gcc/include --with-target-bdw-gc-lib=/vol/gcc/lib,sparcv9=/vol/gcc/lib/sparcv9 --with-as=/usr/ccs/bin/as --without-gnu-as --with-gmp-include=/vol/gcc/include --with-gmp-lib=/vol/gcc/lib --with-mpfr-include=/vol/gcc/include --with-mpfr-lib=/vol/gcc/lib --with-mpc-include=/vol/gcc/include --with-mpc-lib=/vol/gcc/lib --enable-languages=all,ada,obj-c++,go --with-isl-include=/vol/gcc/include --with-isl-lib=/vol/gcc/lib --build=sparc-sun-solaris2.10 --host=sparc-sun-solaris2.10
BOOT_CFLAGS=-g -O2


Index Nav: [Date Index] [Subject Index] [Author Index] [Thread Index]
Message Nav: [Date Prev] [Date Next] [Thread Prev] [Thread Next]