This is the mail archive of the gcc-testresults@gcc.gnu.org mailing list for the GCC project.


Index Nav: [Date Index] [Subject Index] [Author Index] [Thread Index]
Message Nav: [Date Prev] [Date Next] [Thread Prev] [Thread Next]
Other format: [Raw text]

Results for 9.0.0 20180511 (experimental) [trunk revision 260156] (GCC) testsuite on i386-pc-solaris2.11


LAST_UPDATED: Fri May 11 08:50:57 UTC 2018 (revision 260156)

		=== acats tests ===

		=== acats Summary ===
# of expected passes		2320
# of unexpected failures	0
Native configuration is i386-pc-solaris2.11

		=== g++ tests ===


Running target unix
FAIL: tmpdir-g++.dg-struct-layout-1/t011 cp_compat_x_tst.o compile
UNRESOLVED: tmpdir-g++.dg-struct-layout-1/t011 cp_compat_x_tst.o-cp_compat_y_tst.o execute 
UNRESOLVED: tmpdir-g++.dg-struct-layout-1/t011 cp_compat_x_tst.o-cp_compat_y_tst.o link 

		=== g++ Summary for unix ===

# of expected passes		114501
# of unexpected failures	1
# of expected failures		503
# of unresolved testcases	2
# of unsupported tests		4692

Running target unix/-m64
FAIL: g++.dg/pr80481.C  -std=gnu++11  scan-assembler-not vmovaps
FAIL: g++.dg/pr80481.C  -std=gnu++14  scan-assembler-not vmovaps
FAIL: g++.dg/pr80481.C  -std=gnu++98  scan-assembler-not vmovaps

		=== g++ Summary for unix/-m64 ===

# of expected passes		115999
# of unexpected failures	3
# of expected failures		506
# of unsupported tests		4884

		=== g++ Summary ===

# of expected passes		230500
# of unexpected failures	4
# of expected failures		1009
# of unresolved testcases	2
# of unsupported tests		9576
/var/gcc/regression/trunk/11-gcc/build/gcc/xg++  version 9.0.0 20180511 (experimental) [trunk revision 260156] (GCC) 

		=== gcc tests ===


Running target unix
FAIL: gcc.c-torture/compile/20001226-1.c   -O1  (test for excess errors)
FAIL: gcc.c-torture/compile/20010711-2.c   -O2  (test for excess errors)
FAIL: gcc.c-torture/compile/pr61159.c   -O0  (test for excess errors)
FAIL: gcc.c-torture/compile/pr61159.c   -O1  (test for excess errors)
FAIL: gcc.c-torture/compile/pr61159.c   -O2  (test for excess errors)
FAIL: gcc.c-torture/compile/pr61159.c   -O2 -flto  (test for excess errors)
FAIL: gcc.c-torture/compile/pr61159.c   -O2 -flto -flto-partition=none  (test for excess errors)
FAIL: gcc.c-torture/compile/pr61159.c   -O3 -g  (test for excess errors)
FAIL: gcc.c-torture/compile/pr61159.c   -Os  (test for excess errors)
FAIL: gcc.dg/attr-weakref-1.c (test for excess errors)
UNRESOLVED: gcc.dg/attr-weakref-1.c compilation failed to produce executable
FAIL: gcc.dg/visibility-22.c execution test
FAIL: gcc.dg/ipa/ipa-icf-38.c scan-ltrans-tree-dump-not fixup_cfg4 "Function bar"
FAIL: gcc.dg/torture/pr60092.c   -O0  execution test
FAIL: gcc.target/i386/pr80569.c (test for excess errors)

		=== gcc Summary for unix ===

# of expected passes		120790
# of unexpected failures	14
# of expected failures		404
# of unresolved testcases	1
# of unsupported tests		2783

Running target unix/-m64
FAIL: gcc.c-torture/compile/pr61159.c   -O0  (test for excess errors)
FAIL: gcc.c-torture/compile/pr61159.c   -O1  (test for excess errors)
FAIL: gcc.c-torture/compile/pr61159.c   -O2  (test for excess errors)
FAIL: gcc.c-torture/compile/pr61159.c   -O2 -flto  (test for excess errors)
FAIL: gcc.c-torture/compile/pr61159.c   -O2 -flto -flto-partition=none  (test for excess errors)
FAIL: gcc.c-torture/compile/pr61159.c   -O3 -g  (test for excess errors)
FAIL: gcc.c-torture/compile/pr61159.c   -Os  (test for excess errors)
FAIL: gcc.dg/attr-weakref-1.c (test for excess errors)
UNRESOLVED: gcc.dg/attr-weakref-1.c compilation failed to produce executable
FAIL: gcc.dg/visibility-22.c execution test
FAIL: gcc.dg/ipa/ipa-icf-38.c scan-ltrans-tree-dump-not fixup_cfg4 "Function bar"
FAIL: gcc.dg/torture/pr60092.c   -O0  execution test
FAIL: gcc.target/i386/pr80569.c (test for excess errors)

		=== gcc Summary for unix/-m64 ===

# of expected passes		122452
# of unexpected failures	12
# of expected failures		395
# of unresolved testcases	1
# of unsupported tests		2690

		=== gcc Summary ===

# of expected passes		243242
# of unexpected failures	26
# of expected failures		799
# of unresolved testcases	2
# of unsupported tests		5473
/var/gcc/regression/trunk/11-gcc/build/gcc/xgcc  version 9.0.0 20180511 (experimental) [trunk revision 260156] (GCC) 

		=== gfortran tests ===


Running target unix

		=== gfortran Summary for unix ===

# of expected passes		47043
# of expected failures		93
# of unsupported tests		194

Running target unix/-m64

		=== gfortran Summary for unix/-m64 ===

# of expected passes		47260
# of expected failures		93
# of unsupported tests		91

		=== gfortran Summary ===

# of expected passes		94303
# of expected failures		186
# of unsupported tests		285
/var/gcc/regression/trunk/11-gcc/build/gcc/gfortran  version 9.0.0 20180511 (experimental) [trunk revision 260156] (GCC) 

		=== gnat tests ===


Running target unix

		=== gnat Summary for unix ===

# of expected passes		2698
# of expected failures		23
# of unsupported tests		7

Running target unix/-m64

		=== gnat Summary for unix/-m64 ===

# of expected passes		2698
# of expected failures		23
# of unsupported tests		7

		=== gnat Summary ===

# of expected passes		5396
# of expected failures		46
# of unsupported tests		14
/var/gcc/regression/trunk/11-gcc/build/gcc/gnatmake version 9.0.0 20180511 (experimental) [trunk revision 260156]

		=== go tests ===


Running target unix
FAIL: ./index0-out.go compilation,  -O0 -g -fno-var-tracking-assignments 

		=== go Summary for unix ===

# of expected passes		7395
# of unexpected failures	1
# of expected failures		1
# of untested testcases		11
# of unsupported tests		2

Running target unix/-m64
FAIL: ./index0-out.go compilation,  -O0 -g -fno-var-tracking-assignments 

		=== go Summary for unix/-m64 ===

# of expected passes		7276
# of unexpected failures	1
# of expected failures		1
# of untested testcases		11
# of unsupported tests		1

		=== go Summary ===

# of expected passes		14671
# of unexpected failures	2
# of expected failures		2
# of untested testcases		22
# of unsupported tests		3
		=== obj-c++ tests ===


Running target unix
FAIL: obj-c++.dg/property/synthesize-2.mm -fgnu-runtime (test for excess errors)
UNRESOLVED: obj-c++.dg/property/synthesize-2.mm -fgnu-runtime compilation failed to produce executable

		=== obj-c++ Summary for unix ===

# of expected passes		1462
# of unexpected failures	1
# of expected failures		2
# of unresolved testcases	1
# of unsupported tests		77

Running target unix/-m64

		=== obj-c++ Summary for unix/-m64 ===

# of expected passes		1456
# of expected failures		10
# of unsupported tests		77

		=== obj-c++ Summary ===

# of expected passes		2918
# of unexpected failures	1
# of expected failures		12
# of unresolved testcases	1
# of unsupported tests		154
/var/gcc/regression/trunk/11-gcc/build/gcc/xg++  version 9.0.0 20180511 (experimental) [trunk revision 260156] (GCC) 

		=== objc tests ===


Running target unix

		=== objc Summary for unix ===

# of expected passes		2797
# of expected failures		6
# of unsupported tests		68

Running target unix/-m64

		=== objc Summary for unix/-m64 ===

# of expected passes		2797
# of expected failures		6
# of unsupported tests		68

		=== objc Summary ===

# of expected passes		5594
# of expected failures		12
# of unsupported tests		136
/var/gcc/regression/trunk/11-gcc/build/gcc/xgcc  version 9.0.0 20180511 (experimental) [trunk revision 260156] (GCC) 

		=== gotools tests ===

FAIL: go test cmd/go
FAIL: go test runtime
FAIL: Test18146
FAIL: go test misc/cgo/test
FAIL: TestCompileWithoutShared
FAIL: TestEarlySignalHandler
FAIL: TestInstall
FAIL: TestOsSignal
FAIL: TestPIE
FAIL: TestSIGPROF
FAIL: TestSigaltstack
FAIL: TestSignalForwarding
FAIL: TestSignalForwardingExternal
FAIL: go test misc/cgo/testcarchive

		=== gotools Summary ===
# of expected passes		142
# of unexpected failures	14
# of untested testcases		75
/var/gcc/regression/trunk/11-gcc/build/./gcc/gccgo version 9.0.0 20180511 (experimental) [trunk revision 260156] (GCC)

		=== libatomic tests ===


Running target unix

		=== libatomic Summary for unix ===

# of expected passes		44
# of unsupported tests		5

Running target unix/-m64

		=== libatomic Summary for unix/-m64 ===

# of expected passes		54

		=== libatomic Summary ===

# of expected passes		98
# of unsupported tests		5
		=== libffi tests ===


Running target unix

		=== libffi Summary for unix ===

# of expected passes		2799

Running target unix/-m64

		=== libffi Summary for unix/-m64 ===

# of expected passes		2214

		=== libffi Summary ===

# of expected passes		5013
		=== libgo tests ===


Running target unix
FAIL: archive/tar
FAIL: go/build
FAIL: runtime

		=== libgo Summary for unix ===

# of expected passes		160
# of unexpected failures	3

Running target unix/-m64
FAIL: go/build

		=== libgo Summary for unix/-m64 ===

# of expected passes		162
# of unexpected failures	1

		=== libgo Summary ===

# of expected passes		322
# of unexpected failures	4
/var/gcc/regression/trunk/11-gcc/build/./gcc/gccgo version 9.0.0 20180511 (experimental) [trunk revision 260156] (GCC)

		=== libgomp tests ===


Running target unix
FAIL: libgomp.c/../libgomp.c-c++-common/for-5.c (test for excess errors)
UNRESOLVED: libgomp.c/../libgomp.c-c++-common/for-5.c compilation failed to produce executable

		=== libgomp Summary for unix ===

# of expected passes		5444
# of unexpected failures	1
# of expected failures		1
# of unresolved testcases	1
# of unsupported tests		362

Running target unix/-m64

		=== libgomp Summary for unix/-m64 ===

# of expected passes		5446
# of expected failures		1
# of unsupported tests		362

		=== libgomp Summary ===

# of expected passes		10890
# of unexpected failures	1
# of expected failures		2
# of unresolved testcases	1
# of unsupported tests		724
		=== libitm tests ===


Running target unix

		=== libitm Summary for unix ===

# of expected passes		42
# of expected failures		3
# of unsupported tests		1

Running target unix/-m64

		=== libitm Summary for unix/-m64 ===

# of expected passes		42
# of expected failures		3
# of unsupported tests		1

		=== libitm Summary ===

# of expected passes		84
# of expected failures		6
# of unsupported tests		2
		=== libstdc++ tests ===


Running target unix
XPASS: experimental/memory_resource/resource_adaptor.cc execution test
FAIL: tr1/5_numerical_facilities/special_functions/02_assoc_legendre/check_value.cc (test for excess errors)
UNRESOLVED: tr1/5_numerical_facilities/special_functions/02_assoc_legendre/check_value.cc compilation failed to produce executable

		=== libstdc++ Summary for unix ===

# of expected passes		11340
# of unexpected failures	1
# of unexpected successes	1
# of expected failures		74
# of unresolved testcases	1
# of unsupported tests		631

Running target unix/-m64
FAIL: tr1/5_numerical_facilities/special_functions/02_assoc_legendre/check_value.cc (test for excess errors)
UNRESOLVED: tr1/5_numerical_facilities/special_functions/02_assoc_legendre/check_value.cc compilation failed to produce executable

		=== libstdc++ Summary for unix/-m64 ===

# of expected passes		11333
# of unexpected failures	1
# of expected failures		74
# of unresolved testcases	1
# of unsupported tests		635

		=== libstdc++ Summary ===

# of expected passes		22673
# of unexpected failures	2
# of unexpected successes	1
# of expected failures		148
# of unresolved testcases	2
# of unsupported tests		1266

Compiler version: 9.0.0 20180511 (experimental) [trunk revision 260156] (GCC) 
Platform: i386-pc-solaris2.11
configure flags: --prefix=/vol/gcc --target=i386-pc-solaris2.11 --enable-objc-gc --with-target-bdw-gc-include=/vol/gcc/include --with-target-bdw-gc-lib=/vol/gcc/lib,amd64=/vol/gcc/lib/amd64 --enable-libmudflap --with-as=/usr/ccs/bin/as --without-gnu-as --with-gmp-include=/vol/gcc/include --with-gmp-lib=/vol/gcc/lib --with-mpfr-include=/vol/gcc/include --with-mpfr-lib=/vol/gcc/lib --with-mpc-include=/vol/gcc/include --with-mpc-lib=/vol/gcc/lib --enable-languages=all,ada,obj-c++,go --with-isl-include=/vol/gcc/include --with-isl-lib=/vol/gcc/lib --build=i386-pc-solaris2.11 --host=i386-pc-solaris2.11
BOOT_CFLAGS=-g -O2


Index Nav: [Date Index] [Subject Index] [Author Index] [Thread Index]
Message Nav: [Date Prev] [Date Next] [Thread Prev] [Thread Next]