This is the mail archive of the gcc-testresults@gcc.gnu.org mailing list for the GCC project.


Index Nav: [Date Index] [Subject Index] [Author Index] [Thread Index]
Message Nav: [Date Prev] [Date Next] [Thread Prev] [Thread Next]
Other format: [Raw text]

Results for 9.0.0 20180510 (experimental) [trunk revision 260104] (GCC) testsuite on m68k-unknown-linux-gnu


LAST_UPDATED: Thu May 10 01:01:01 UTC 2018 (revision 260104)

Target is m68k-unknown-linux-gnu
Host   is x86_64-suse-linux-gnu

		=== g++ tests ===


Running target aranym
FAIL: g++.dg/cdce3.C  -std=gnu++98  scan-tree-dump cdce "cdce3.C:106: note: function call is shrink-wrapped into error conditions."
FAIL: g++.dg/cdce3.C  -std=gnu++11  scan-tree-dump cdce "cdce3.C:106: note: function call is shrink-wrapped into error conditions."
FAIL: g++.dg/cdce3.C  -std=gnu++14  scan-tree-dump cdce "cdce3.C:106: note: function call is shrink-wrapped into error conditions."
FAIL: g++.dg/pr53037-1.C  -std=gnu++98  (test for warnings, line 38)
FAIL: g++.dg/pr53037-1.C  -std=gnu++98  (test for warnings, line 71)
FAIL: g++.dg/pr53037-1.C  -std=gnu++98 (test for excess errors)
FAIL: g++.dg/pr53037-1.C  -std=gnu++11  (test for warnings, line 38)
FAIL: g++.dg/pr53037-1.C  -std=gnu++11  (test for warnings, line 71)
FAIL: g++.dg/pr53037-1.C  -std=gnu++11 (test for excess errors)
FAIL: g++.dg/pr53037-1.C  -std=gnu++14  (test for warnings, line 38)
FAIL: g++.dg/pr53037-1.C  -std=gnu++14  (test for warnings, line 71)
FAIL: g++.dg/pr53037-1.C  -std=gnu++14 (test for excess errors)
FAIL: c-c++-common/gomp/atomic-10.c  -std=gnu++98  scan-tree-dump-times ompexp "__atomic_fetch_add" 4
FAIL: c-c++-common/gomp/atomic-10.c  -std=gnu++11  scan-tree-dump-times ompexp "__atomic_fetch_add" 4
FAIL: c-c++-common/gomp/atomic-10.c  -std=gnu++14  scan-tree-dump-times ompexp "__atomic_fetch_add" 4
FAIL: c-c++-common/gomp/atomic-3.c  -std=gnu++98  scan-tree-dump-times ompexp "xyzzy, 4" 1
FAIL: c-c++-common/gomp/atomic-3.c  -std=gnu++11  scan-tree-dump-times ompexp "xyzzy, 4" 1
FAIL: c-c++-common/gomp/atomic-3.c  -std=gnu++14  scan-tree-dump-times ompexp "xyzzy, 4" 1
FAIL: c-c++-common/gomp/atomic-9.c  -std=gnu++98  scan-tree-dump-times ompexp "__atomic_fetch_add" 1
FAIL: c-c++-common/gomp/atomic-9.c  -std=gnu++11  scan-tree-dump-times ompexp "__atomic_fetch_add" 1
FAIL: c-c++-common/gomp/atomic-9.c  -std=gnu++14  scan-tree-dump-times ompexp "__atomic_fetch_add" 1
FAIL: c-c++-common/torture/builtin-arith-overflow-p-1.c   -O2  execution test
FAIL: c-c++-common/torture/builtin-arith-overflow-p-1.c   -O2 -flto -fno-use-linker-plugin -flto-partition=none  execution test
FAIL: c-c++-common/torture/builtin-arith-overflow-p-1.c   -O2 -flto -fuse-linker-plugin -fno-fat-lto-objects  execution test
FAIL: c-c++-common/torture/builtin-arith-overflow-p-12.c   -O2  execution test
FAIL: c-c++-common/torture/builtin-arith-overflow-p-12.c   -O2 -flto -fno-use-linker-plugin -flto-partition=none  execution test
FAIL: c-c++-common/torture/builtin-arith-overflow-p-12.c   -O2 -flto -fuse-linker-plugin -fno-fat-lto-objects  execution test
FAIL: c-c++-common/torture/builtin-arith-overflow-p-13.c   -O2  execution test
FAIL: c-c++-common/torture/builtin-arith-overflow-p-13.c   -O2 -flto -fno-use-linker-plugin -flto-partition=none  execution test
FAIL: c-c++-common/torture/builtin-arith-overflow-p-13.c   -O2 -flto -fuse-linker-plugin -fno-fat-lto-objects  execution test
FAIL: c-c++-common/torture/builtin-arith-overflow-p-2.c   -O2  execution test
FAIL: c-c++-common/torture/builtin-arith-overflow-p-2.c   -O2 -flto -fno-use-linker-plugin -flto-partition=none  execution test
FAIL: c-c++-common/torture/builtin-arith-overflow-p-2.c   -O2 -flto -fuse-linker-plugin -fno-fat-lto-objects  execution test
FAIL: g++.old-deja/g++.abi/cxa_vec.C  -std=gnu++98 execution test
FAIL: g++.old-deja/g++.abi/cxa_vec.C  -std=gnu++11 execution test
FAIL: g++.old-deja/g++.abi/cxa_vec.C  -std=gnu++14 execution test

		=== g++ Summary ===

# of expected passes		112549
# of unexpected failures	36
# of expected failures		489
# of unsupported tests		5198
/daten/aranym/gcc/gcc-20180510/Build/gcc/xg++  version 9.0.0 20180510 (experimental) [trunk revision 260104] (GCC) 

Host   is x86_64-suse-linux-gnu

		=== gcc tests ===


Running target aranym
WARNING: program timed out.
FAIL: gcc.c-torture/execute/builtins/memset-chk.c execution,  -O2 
WARNING: program timed out.
FAIL: gcc.c-torture/execute/20000707-1.c   -O1  execution test
WARNING: program timed out.
FAIL: gcc.c-torture/execute/20020503-1.c   -O2  execution test
WARNING: program timed out.
FAIL: gcc.c-torture/execute/20040629-1.c   -O2 -flto -fno-use-linker-plugin -flto-partition=none  execution test
FAIL: gcc.dg/atomic/c11-atomic-exec-5.c   -O0  execution test
FAIL: gcc.dg/atomic/c11-atomic-exec-5.c   -O1  execution test
FAIL: gcc.dg/atomic/c11-atomic-exec-5.c   -O2  execution test
FAIL: gcc.dg/atomic/c11-atomic-exec-5.c   -O3 -fomit-frame-pointer -funroll-loops -fpeel-loops -ftracer -finline-functions  execution test
FAIL: gcc.dg/atomic/c11-atomic-exec-5.c   -O3 -g  execution test
FAIL: gcc.dg/atomic/c11-atomic-exec-5.c   -Os  execution test
FAIL: gcc.dg/atomic/c11-atomic-exec-5.c   -O2 -flto -fno-use-linker-plugin -flto-partition=none  execution test
FAIL: gcc.dg/atomic/c11-atomic-exec-5.c   -O2 -flto -fuse-linker-plugin -fno-fat-lto-objects  execution test
WARNING: program timed out.
FAIL: gcc.dg/debug/pr37616.c -gstabs+1 -O3 execution test
FAIL: gcc.dg/binop-xor1.c scan-tree-dump-times optimized "\\\\^" 1
FAIL: gcc.dg/ifcvt-4.c scan-rtl-dump ce1 "2 true changes made"
FAIL: gcc.dg/loop-9.c scan-rtl-dump loop2_invariant "Decided"
FAIL: gcc.dg/loop-9.c scan-rtl-dump loop2_invariant "without introducing a new temporary register"
FAIL: gcc.dg/pr21643.c scan-tree-dump-times reassoc1 "Optimizing range tests c_[0-9]*.D. -.0, 31. and -.32, 32.[\\n\\r]* into" 6
FAIL: gcc.dg/pr46309.c scan-tree-dump-times reassoc2 "Optimizing range tests [^\\r\\n]*_[0-9]* -.0, 0. and -.128, 128.[\\n\\r]* into" 1
FAIL: gcc.dg/pr46647.c scan-tree-dump-not optimized "memset"
FAIL: gcc.dg/pr53037-1.c  (test for warnings, line 43)
FAIL: gcc.dg/pr53037-1.c  (test for warnings, line 76)
FAIL: gcc.dg/pr53037-1.c (test for excess errors)
FAIL: gcc.dg/store_merging_8.c scan-tree-dump-times store-merging "Merging successful" 2
UNRESOLVED: gcc.dg/superblock.c scan-rtl-dump-times sched2 "ADVANCING TO" 2
FAIL: c-c++-common/gomp/atomic-10.c scan-tree-dump-times ompexp "__atomic_fetch_add" 4
FAIL: c-c++-common/gomp/atomic-3.c scan-tree-dump-times ompexp "xyzzy, 4" 1
FAIL: c-c++-common/gomp/atomic-9.c scan-tree-dump-times ompexp "__atomic_fetch_add" 1
XPASS: gcc.dg/guality/example.c   -O0  execution test
XPASS: gcc.dg/guality/example.c   -O1  execution test
XPASS: gcc.dg/guality/example.c   -O2  execution test
XPASS: gcc.dg/guality/example.c   -O3 -g  execution test
XPASS: gcc.dg/guality/example.c   -O2 -flto -fno-use-linker-plugin -flto-partition=none  execution test
XPASS: gcc.dg/guality/guality.c   -O0  execution test
XPASS: gcc.dg/guality/guality.c   -O1  execution test
XPASS: gcc.dg/guality/guality.c   -O2  execution test
XPASS: gcc.dg/guality/guality.c   -O3 -g  execution test
XPASS: gcc.dg/guality/guality.c   -Os  execution test
XPASS: gcc.dg/guality/guality.c   -O2 -flto -fno-use-linker-plugin -flto-partition=none  execution test
XPASS: gcc.dg/guality/guality.c   -O2 -flto -fuse-linker-plugin -fno-fat-lto-objects  execution test
XPASS: gcc.dg/guality/inline-params.c   -O2  execution test
XPASS: gcc.dg/guality/inline-params.c   -O3 -g  execution test
XPASS: gcc.dg/guality/inline-params.c   -Os  execution test
XPASS: gcc.dg/guality/inline-params.c   -O2 -flto -fno-use-linker-plugin -flto-partition=none  execution test
XPASS: gcc.dg/guality/inline-params.c   -O2 -flto -fuse-linker-plugin -fno-fat-lto-objects  execution test
FAIL: gcc.dg/guality/pr41616-1.c   -O3 -g  execution test
FAIL: gcc.dg/guality/pr41616-1.c   -O2 -flto -fuse-linker-plugin -fno-fat-lto-objects  execution test
FAIL: gcc.dg/ipa/propalign-1.c scan-tree-dump-not optimized "fail_the_test"
FAIL: gcc.dg/ipa/propalign-2.c scan-tree-dump-not optimized "fail_the_test"
FAIL: c-c++-common/torture/builtin-arith-overflow-p-1.c   -O2  execution test
FAIL: c-c++-common/torture/builtin-arith-overflow-p-1.c   -O2 -flto -fno-use-linker-plugin -flto-partition=none  execution test
FAIL: c-c++-common/torture/builtin-arith-overflow-p-1.c   -O2 -flto -fuse-linker-plugin -fno-fat-lto-objects  execution test
FAIL: c-c++-common/torture/builtin-arith-overflow-p-12.c   -O2  execution test
FAIL: c-c++-common/torture/builtin-arith-overflow-p-12.c   -O2 -flto -fno-use-linker-plugin -flto-partition=none  execution test
FAIL: c-c++-common/torture/builtin-arith-overflow-p-12.c   -O2 -flto -fuse-linker-plugin -fno-fat-lto-objects  execution test
FAIL: c-c++-common/torture/builtin-arith-overflow-p-13.c   -O2  execution test
FAIL: c-c++-common/torture/builtin-arith-overflow-p-13.c   -O2 -flto -fno-use-linker-plugin -flto-partition=none  execution test
FAIL: c-c++-common/torture/builtin-arith-overflow-p-13.c   -O2 -flto -fuse-linker-plugin -fno-fat-lto-objects  execution test
FAIL: c-c++-common/torture/builtin-arith-overflow-p-2.c   -O2  execution test
FAIL: c-c++-common/torture/builtin-arith-overflow-p-2.c   -O2 -flto -fno-use-linker-plugin -flto-partition=none  execution test
FAIL: c-c++-common/torture/builtin-arith-overflow-p-2.c   -O2 -flto -fuse-linker-plugin -fno-fat-lto-objects  execution test
WARNING: program timed out.
FAIL: c-c++-common/torture/pr42834.c   -O2 -flto -fuse-linker-plugin -fno-fat-lto-objects  execution test
WARNING: program timed out.
FAIL: gcc.dg/torture/pr30364-2.c   -O1  execution test
FAIL: gcc.dg/torture/pr68264.c   -O1  execution test
FAIL: gcc.dg/torture/pr68264.c   -O2  execution test
FAIL: gcc.dg/torture/pr68264.c   -O3 -g  execution test
FAIL: gcc.dg/torture/pr68264.c   -O2 -flto -fno-use-linker-plugin -flto-partition=none  execution test
FAIL: gcc.dg/torture/pr68264.c   -O2 -flto -fuse-linker-plugin -fno-fat-lto-objects  execution test
FAIL: gcc.dg/tree-prof/stringop-2.c scan-tree-dump optimized "MEM\\\\[\\\\(void .\\\\)&a\\\\] = 168430090"
FAIL: gcc.dg/tree-ssa/phi-opt-11.c scan-tree-dump-times optimized "if" 0
FAIL: gcc.dg/tree-ssa/pr84859.c  (test for bogus messages, line 18)
FAIL: gcc.dg/tree-ssa/pr84859.c scan-tree-dump phiopt1 "MIN_EXPR"
FAIL: gcc.dg/tree-ssa/ssa-dom-thread-11.c scan-tree-dump-times dom2 "Threaded" 1
FAIL: gcc.dg/tree-ssa/ssa-dom-thread-14.c scan-tree-dump-times dom2 "Threaded" 1
FAIL: gcc.dg/tree-ssa/ssa-dom-thread-16.c scan-tree-dump-times dom2 "Threaded" 1
FAIL: gcc.dg/tree-ssa/ssa-dom-thread-4.c scan-tree-dump-times vrp1 "Threaded" 3
FAIL: gcc.target/m68k/20100512-1.c scan-assembler-times __stack_chk_guard 4
FAIL: gcc.target/m68k/tls-gd-xgot.c scan-assembler #foo@TLSGD,%[ad][0-7]
FAIL: gcc.target/m68k/tls-ie-xgot.c scan-assembler #foo@TLSIE,%[ad][0-7]
FAIL: gcc.target/m68k/tls-ld-xgot-xtls.c scan-assembler #foo@TLSLDM,%[ad][0-7]
FAIL: gcc.target/m68k/tls-ld-xgot.c scan-assembler #foo@TLSLDM,%[ad][0-7]
FAIL: gcc.target/m68k/tls-ld-xgot.c scan-assembler lea \\\\(foo@TLSLDO,%a0\\\\)
FAIL: gcc.target/m68k/tls-ld.c scan-assembler lea \\\\(foo@TLSLDO,%a0\\\\)
FAIL: gcc.target/m68k/tls-le.c scan-assembler lea \\\\(foo@TLSLE,%a0\\\\)

		=== gcc Summary ===

# of expected passes		99601
# of unexpected failures	66
# of unexpected successes	17
# of expected failures		278
# of unresolved testcases	1
# of unsupported tests		2389
/daten/aranym/gcc/gcc-20180510/Build/gcc/xgcc  version 9.0.0 20180510 (experimental) [trunk revision 260104] (GCC) 

Host   is x86_64-suse-linux-gnu

		=== gfortran tests ===


Running target aranym
FAIL: gfortran.dg/alloc_comp_class_5.f03   -O1  execution test
FAIL: gfortran.dg/alloc_comp_class_5.f03   -O2  execution test
FAIL: gfortran.dg/alloc_comp_class_5.f03   -O3 -fomit-frame-pointer -funroll-loops -fpeel-loops -ftracer -finline-functions  execution test
FAIL: gfortran.dg/alloc_comp_class_5.f03   -O3 -g  execution test
FAIL: gfortran.dg/alloc_comp_class_5.f03   -Os  execution test
FAIL: gfortran.dg/allocate_class_3.f90   -O1  execution test
FAIL: gfortran.dg/allocate_class_3.f90   -O2  execution test
FAIL: gfortran.dg/allocate_class_3.f90   -O3 -fomit-frame-pointer -funroll-loops -fpeel-loops -ftracer -finline-functions  execution test
FAIL: gfortran.dg/allocate_class_3.f90   -O3 -g  execution test
FAIL: gfortran.dg/allocate_class_3.f90   -Os  execution test
FAIL: gfortran.dg/allocate_with_source_11.f08   -O1  execution test
FAIL: gfortran.dg/allocate_with_source_11.f08   -O2  execution test
FAIL: gfortran.dg/allocate_with_source_11.f08   -Os  execution test
FAIL: gfortran.dg/allocate_with_source_8.f08   -O1  execution test
FAIL: gfortran.dg/allocate_with_source_8.f08   -O2  execution test
FAIL: gfortran.dg/allocate_with_source_8.f08   -O3 -fomit-frame-pointer -funroll-loops -fpeel-loops -ftracer -finline-functions  execution test
FAIL: gfortran.dg/allocate_with_source_8.f08   -O3 -g  execution test
FAIL: gfortran.dg/allocate_with_source_8.f08   -Os  execution test
FAIL: gfortran.dg/bessel_6.f90   -O0  execution test
FAIL: gfortran.dg/bessel_6.f90   -O1  execution test
FAIL: gfortran.dg/bessel_6.f90   -O2  execution test
FAIL: gfortran.dg/bessel_6.f90   -O3 -fomit-frame-pointer -funroll-loops -fpeel-loops -ftracer -finline-functions  execution test
FAIL: gfortran.dg/bessel_6.f90   -O3 -g  execution test
FAIL: gfortran.dg/bessel_6.f90   -Os  execution test
FAIL: gfortran.dg/class_67.f90   -O1  execution test
FAIL: gfortran.dg/class_67.f90   -O2  execution test
FAIL: gfortran.dg/class_67.f90   -O3 -fomit-frame-pointer -funroll-loops -fpeel-loops -ftracer -finline-functions  execution test
FAIL: gfortran.dg/class_67.f90   -O3 -g  execution test
FAIL: gfortran.dg/class_67.f90   -Os  execution test
FAIL: gfortran.dg/class_allocate_19.f03   -O1  execution test
FAIL: gfortran.dg/class_allocate_19.f03   -O2  execution test
FAIL: gfortran.dg/class_allocate_19.f03   -O3 -fomit-frame-pointer -funroll-loops -fpeel-loops -ftracer -finline-functions  execution test
FAIL: gfortran.dg/class_allocate_19.f03   -O3 -g  execution test
FAIL: gfortran.dg/class_allocate_19.f03   -Os  execution test
FAIL: gfortran.dg/class_allocate_22.f90   -O1  execution test
FAIL: gfortran.dg/class_allocate_22.f90   -O2  execution test
FAIL: gfortran.dg/class_allocate_22.f90   -O3 -fomit-frame-pointer -funroll-loops -fpeel-loops -ftracer -finline-functions  execution test
FAIL: gfortran.dg/class_allocate_22.f90   -O3 -g  execution test
FAIL: gfortran.dg/class_allocate_22.f90   -Os  execution test
FAIL: gfortran.dg/class_array_3.f03   -O1  execution test
FAIL: gfortran.dg/class_array_3.f03   -O2  execution test
FAIL: gfortran.dg/class_array_3.f03   -O3 -fomit-frame-pointer -funroll-loops -fpeel-loops -ftracer -finline-functions  execution test
FAIL: gfortran.dg/class_array_3.f03   -O3 -g  execution test
FAIL: gfortran.dg/class_array_3.f03   -Os  execution test
FAIL: gfortran.dg/coarray_allocate_5.f08   -O1  execution test
FAIL: gfortran.dg/coarray_allocate_5.f08   -O2  execution test
FAIL: gfortran.dg/coarray_allocate_5.f08   -O3 -fomit-frame-pointer -funroll-loops -fpeel-loops -ftracer -finline-functions  execution test
FAIL: gfortran.dg/coarray_allocate_5.f08   -O3 -g  execution test
FAIL: gfortran.dg/coarray_allocate_5.f08   -Os  execution test
FAIL: gfortran.dg/common_14.f90   -O   (test for warnings, line 16)
FAIL: gfortran.dg/common_14.f90   -O   (test for warnings, line 22)
FAIL: gfortran.dg/common_14.f90   -O  (test for excess errors)
FAIL: gfortran.dg/common_16.f90   -O   (test for warnings, line 10)
FAIL: gfortran.dg/common_16.f90   -O  (test for excess errors)
FAIL: gfortran.dg/common_5.f   -O   (test for warnings, line 7)
FAIL: gfortran.dg/common_align_2.f90   -O0   (test for warnings, line 23)
FAIL: gfortran.dg/common_align_2.f90   -O0  execution test
FAIL: gfortran.dg/common_align_2.f90   -O1   (test for warnings, line 23)
FAIL: gfortran.dg/common_align_2.f90   -O1  execution test
FAIL: gfortran.dg/common_align_2.f90   -O2   (test for warnings, line 23)
FAIL: gfortran.dg/common_align_2.f90   -O2  execution test
FAIL: gfortran.dg/common_align_2.f90   -O3 -fomit-frame-pointer -funroll-loops -fpeel-loops -ftracer -finline-functions   (test for warnings, line 23)
FAIL: gfortran.dg/common_align_2.f90   -O3 -fomit-frame-pointer -funroll-loops -fpeel-loops -ftracer -finline-functions  execution test
FAIL: gfortran.dg/common_align_2.f90   -O3 -g   (test for warnings, line 23)
FAIL: gfortran.dg/common_align_2.f90   -O3 -g  execution test
FAIL: gfortran.dg/common_align_2.f90   -Os   (test for warnings, line 23)
FAIL: gfortran.dg/common_align_2.f90   -Os  execution test
FAIL: gfortran.dg/dec_parameter_1.f   -O2  execution test
FAIL: gfortran.dg/dec_parameter_1.f   -O3 -fomit-frame-pointer -funroll-loops -fpeel-loops -ftracer -finline-functions  execution test
FAIL: gfortran.dg/dec_parameter_1.f   -O3 -g  execution test
FAIL: gfortran.dg/dec_parameter_2.f90   -O2  execution test
FAIL: gfortran.dg/dec_parameter_2.f90   -O3 -fomit-frame-pointer -funroll-loops -fpeel-loops -ftracer -finline-functions  execution test
FAIL: gfortran.dg/dec_parameter_2.f90   -O3 -g  execution test
FAIL: gfortran.dg/deferred_character_8.f90   -O1  execution test
FAIL: gfortran.dg/deferred_character_8.f90   -O2  execution test
FAIL: gfortran.dg/deferred_character_8.f90   -O3 -fomit-frame-pointer -funroll-loops -fpeel-loops -ftracer -finline-functions  execution test
FAIL: gfortran.dg/deferred_character_8.f90   -O3 -g  execution test
FAIL: gfortran.dg/deferred_character_8.f90   -Os  execution test
FAIL: gfortran.dg/elemental_subroutine_3.f90   -O1  (test for excess errors)
FAIL: gfortran.dg/elemental_subroutine_3.f90   -O2  (test for excess errors)
FAIL: gfortran.dg/elemental_subroutine_3.f90   -O3 -fomit-frame-pointer -funroll-loops -fpeel-loops -ftracer -finline-functions  (test for excess errors)
FAIL: gfortran.dg/elemental_subroutine_3.f90   -O3 -g  (test for excess errors)
FAIL: gfortran.dg/elemental_subroutine_3.f90   -Os  (test for excess errors)
FAIL: gfortran.dg/erf_3.F90   -O0  execution test
FAIL: gfortran.dg/erf_3.F90   -O1  execution test
FAIL: gfortran.dg/erf_3.F90   -O2  execution test
FAIL: gfortran.dg/erf_3.F90   -O3 -fomit-frame-pointer -funroll-loops -fpeel-loops -ftracer -finline-functions  execution test
FAIL: gfortran.dg/erf_3.F90   -O3 -g  execution test
FAIL: gfortran.dg/erf_3.F90   -Os  execution test
FAIL: gfortran.dg/integer_exponentiation_3.F90   -O2  execution test
FAIL: gfortran.dg/integer_exponentiation_3.F90   -O3 -fomit-frame-pointer -funroll-loops -fpeel-loops -ftracer -finline-functions  execution test
FAIL: gfortran.dg/integer_exponentiation_3.F90   -O3 -g  execution test
WARNING: program timed out.
FAIL: gfortran.dg/matmul_15.f90   -O  execution test
FAIL: gfortran.dg/pdt_5.f03   -O1  execution test
FAIL: gfortran.dg/pdt_5.f03   -O2  execution test
FAIL: gfortran.dg/pdt_5.f03   -O3 -fomit-frame-pointer -funroll-loops -fpeel-loops -ftracer -finline-functions  execution test
FAIL: gfortran.dg/pdt_5.f03   -O3 -g  execution test
FAIL: gfortran.dg/pdt_5.f03   -Os  execution test
WARNING: program timed out.
FAIL: gfortran.dg/select_type_15.f03   -O0  execution test
FAIL: gfortran.dg/unlimited_polymorphic_29.f90   -O1  execution test
FAIL: gfortran.dg/unlimited_polymorphic_29.f90   -O2  execution test
FAIL: gfortran.dg/unlimited_polymorphic_29.f90   -O3 -fomit-frame-pointer -funroll-loops -fpeel-loops -ftracer -finline-functions  execution test
FAIL: gfortran.dg/unlimited_polymorphic_29.f90   -O3 -g  execution test
FAIL: gfortran.dg/unlimited_polymorphic_29.f90   -Os  execution test
FAIL: gfortran.dg/ieee/ieee_2.f90   -O1  execution test
FAIL: gfortran.dg/ieee/ieee_2.f90   -O2  execution test
FAIL: gfortran.dg/ieee/ieee_2.f90   -O3 -fomit-frame-pointer -funroll-loops -fpeel-loops -ftracer -finline-functions  execution test
FAIL: gfortran.dg/ieee/ieee_2.f90   -O3 -g  execution test
FAIL: gfortran.dg/ieee/ieee_2.f90   -Os  execution test
FAIL: gfortran.dg/ieee/large_2.f90   -O1  execution test
FAIL: gfortran.dg/ieee/large_2.f90   -O2  execution test
FAIL: gfortran.dg/ieee/large_2.f90   -O3 -fomit-frame-pointer -funroll-loops -fpeel-loops -ftracer -finline-functions  execution test
FAIL: gfortran.dg/ieee/large_2.f90   -O3 -g  execution test
FAIL: gfortran.dg/ieee/large_2.f90   -Os  execution test
FAIL: gfortran.dg/ieee/rounding_1.f90   -O1  execution test
FAIL: gfortran.dg/ieee/rounding_1.f90   -O2  execution test
FAIL: gfortran.dg/ieee/rounding_1.f90   -O3 -fomit-frame-pointer -funroll-loops -fpeel-loops -ftracer -finline-functions  execution test
FAIL: gfortran.dg/ieee/rounding_1.f90   -O3 -g  execution test
FAIL: gfortran.dg/ieee/rounding_1.f90   -Os  execution test

		=== gfortran Summary ===

# of expected passes		46170
# of unexpected failures	119
# of expected failures		92
# of unsupported tests		241
/daten/aranym/gcc/gcc-20180510/Build/gcc/gfortran  version 9.0.0 20180510 (experimental) [trunk revision 260104] (GCC) 

Host   is x86_64-suse-linux-gnu

		=== objc tests ===


Running target aranym

		=== objc Summary ===

# of expected passes		2803
# of unsupported tests		68
/daten/aranym/gcc/gcc-20180510/Build/gcc/xgcc  version 9.0.0 20180510 (experimental) [trunk revision 260104] (GCC) 

Host   is m68k-unknown-linux-gnu

		=== libatomic tests ===


Running target aranym

		=== libatomic Summary ===

# of expected passes		44
# of unsupported tests		5
Host   is m68k-unknown-linux-gnu

		=== libgomp tests ===


Running target aranym
WARNING: program timed out.
FAIL: libgomp.fortran/strassen.f90   -O  execution test
XPASS: libgomp.graphite/force-parallel-4.c scan-tree-dump-times graphite "2 loops carried no dependency" 1
FAIL: libgomp.graphite/force-parallel-4.c scan-tree-dump-times graphite "1 loops carried no dependency" 1
FAIL: libgomp.oacc-c/../libgomp.oacc-c-c++-common/atomic_update-1.c -DACC_DEVICE_TYPE_host=1 -DACC_MEM_SHARED=1  -O2  execution test
FAIL: libgomp.oacc-c++/../libgomp.oacc-c-c++-common/atomic_update-1.c -DACC_DEVICE_TYPE_host=1 -DACC_MEM_SHARED=1  -O2  execution test
FAIL: libgomp.oacc-fortran/stop-2.f -DACC_DEVICE_TYPE_host=1 -DACC_MEM_SHARED=1  -O0  output pattern test
FAIL: libgomp.oacc-fortran/stop-2.f -DACC_DEVICE_TYPE_host=1 -DACC_MEM_SHARED=1  -O1  output pattern test
FAIL: libgomp.oacc-fortran/stop-2.f -DACC_DEVICE_TYPE_host=1 -DACC_MEM_SHARED=1  -O2  output pattern test
FAIL: libgomp.oacc-fortran/stop-2.f -DACC_DEVICE_TYPE_host=1 -DACC_MEM_SHARED=1  -O3 -fomit-frame-pointer -funroll-loops -fpeel-loops -ftracer -finline-functions  output pattern test
FAIL: libgomp.oacc-fortran/stop-2.f -DACC_DEVICE_TYPE_host=1 -DACC_MEM_SHARED=1  -O3 -g  output pattern test
FAIL: libgomp.oacc-fortran/stop-2.f -DACC_DEVICE_TYPE_host=1 -DACC_MEM_SHARED=1  -Os  output pattern test

		=== libgomp Summary ===

# of expected passes		5364
# of unexpected failures	10
# of unexpected successes	1
# of unsupported tests		433
Host   is m68k-unknown-linux-gnu

		=== libstdc++ tests ===


Running target aranym
FAIL: 22_locale/time_get/get_date/wchar_t/4.cc execution test
FAIL: 23_containers/vector/debug/mutex_association.cc execution test
FAIL: 27_io/filesystem/operations/last_write_time.cc execution test
FAIL: experimental/filesystem/operations/last_write_time.cc execution test

		=== libstdc++ Summary ===

# of expected passes		12059
# of unexpected failures	4
# of expected failures		74
# of unsupported tests		289

Compiler version: 9.0.0 20180510 (experimental) [trunk revision 260104] (GCC) 
Platform: m68k-unknown-linux-gnu
configure flags: --prefix=/daten/cross/m68k-linux --build=x86_64-suse-linux --enable-shared --with-system-zlib CFLAGS='-O2 -g' CXXFLAGS='-O2 -g' --target=m68k-linux --with-sysroot --disable-multilib --enable-clocale=gnu


Index Nav: [Date Index] [Subject Index] [Author Index] [Thread Index]
Message Nav: [Date Prev] [Date Next] [Thread Prev] [Thread Next]