This is the mail archive of the
gcc-testresults@gcc.gnu.org
mailing list for the GCC project.
Results for 9.0.0 20180429 (experimental) (GCC) testsuite on x86_64-pc-linux-gnu
- From: NightStrike <nightstrike at gmail dot com>
- To: gcc-testresults at gcc dot gnu dot org
- Date: Wed, 9 May 2018 08:23:03 -0400
- Subject: Results for 9.0.0 20180429 (experimental) (GCC) testsuite on x86_64-pc-linux-gnu
=== acats tests ===
=== acats Summary ===
# of expected passes 2320
# of unexpected failures 0
Native configuration is x86_64-pc-linux-gnu
=== brig tests ===
Running target unix
=== brig Summary ===
# of unsupported tests 1
=== g++ tests ===
Running target unix
FAIL: g++.dg/lto/20081120-1 cp_lto_20081120-1_0.o-cp_lto_20081120-1_1.o
link, -flto -r -nostdlib (internal compiler error)
FAIL: g++.dg/lto/20081120-2 cp_lto_20081120-2_0.o-cp_lto_20081120-2_1.o
link, -flto -r -nostdlib (internal compiler error)
FAIL: g++.dg/tls/thread_local-order2.C -std=c++11 execution test
FAIL: g++.dg/tls/thread_local-order2.C -std=c++14 execution test
=== g++ Summary ===
# of expected passes 124979
# of unexpected failures 4
# of expected failures 498
# of unsupported tests 4931
/local/gcc-259749.9Jt7/_/gcc/testsuite/g++/../../xg++ version 9.0.0
20180429 (experimental) (GCC)
=== gcc tests ===
Running target unix
FAIL: gcc.dg/cpp/_Pragma3.c (test for excess errors)
FAIL: gcc.dg/debug/pr41893-1.c -gdwarf-2 -g3 (test for excess errors)
FAIL: gcc.dg/debug/pr41893-1.c -gdwarf-2 -g3 -O (test for excess errors)
FAIL: gcc.dg/debug/pr41893-1.c -gdwarf-2 -g3 -O3 (test for excess errors)
FAIL: gcc.dg/lto/20081204-2 c_lto_20081204-2_0.o-c_lto_20081204-2_0.o link,
-w -flto -fPIC -r -nostdlib (internal compiler error)
FAIL: gcc.dg/lto/20091014-1 c_lto_20091014-1_0.o-c_lto_20091014-1_0.o link,
-fPIC -r -nostdlib -flto (internal compiler error)
FAIL: gcc.dg/lto/20100603-1 c_lto_20100603-1_0.o-c_lto_20100603-1_0.o link,
-O0 -flto (internal compiler error)
FAIL: gcc.dg/lto/20100603-1 c_lto_20100603-1_0.o-c_lto_20100603-1_0.o link,
-O2 -flto (internal compiler error)
FAIL: gcc.dg/lto/pr83719 c_lto_pr83719_0.o assemble, -flto -g -gsplit-dwarf
FAIL: gcc.dg/vect/pr66636.c (test for excess errors)
WARNING: gcc.dg/vect/pr66636.c compilation failed to produce executable
FAIL: gcc.dg/vect/pr66636.c -flto -ffat-lto-objects (test for excess errors)
WARNING: gcc.dg/vect/pr66636.c -flto -ffat-lto-objects compilation failed
to produce executable
=== gcc Summary ===
# of expected passes 128346
# of unexpected failures 11
# of expected failures 398
# of unsupported tests 3493
/local/gcc-259749.9Jt7/_/gcc/xgcc version 9.0.0 20180429 (experimental)
(GCC)
=== gfortran tests ===
Running target unix
FAIL: gfortran.dg/guality/pr41558.f90 -O2 line 7 s == 'foo'
FAIL: gfortran.dg/guality/pr41558.f90 -O3 -fomit-frame-pointer
-funroll-loops -fpeel-loops -ftracer -finline-functions line 7 s == 'foo'
FAIL: gfortran.dg/guality/pr41558.f90 -O3 -g line 7 s == 'foo'
FAIL: gfortran.dg/guality/pr41558.f90 -Os line 7 s == 'foo'
=== gfortran Summary ===
# of expected passes 47293
# of unexpected failures 4
# of expected failures 93
# of unsupported tests 87
/local/gcc-259749.9Jt7/_/gcc/testsuite/gfortran/../../gfortran version
9.0.0 20180429 (experimental) (GCC)
=== gnat tests ===
Running target unix
=== gnat Summary ===
# of expected passes 2705
# of expected failures 23
# of unsupported tests 3
/local/gcc-259749.9Jt7/_/gcc/gnatmake version 9.0.0 20180429 (experimental)
=== go tests ===
Running target unix
FAIL: ./index0-out.go execution, -O0 -g -fno-var-tracking-assignments
=== go Summary ===
# of expected passes 7285
# of unexpected failures 1
# of expected failures 1
# of untested testcases 6
# of unsupported tests 1
/local/gcc-259749.9Jt7/_/gcc/testsuite/go/../../gccgo version 9.0.0
20180429 (experimental) (GCC)
=== obj-c++ tests ===
Running target unix
=== obj-c++ Summary ===
# of expected passes 1456
# of expected failures 10
# of unsupported tests 77
/local/gcc-259749.9Jt7/_/gcc/testsuite/obj-c++/../../xg++ version 9.0.0
20180429 (experimental) (GCC)
=== objc tests ===
Running target unix
=== objc Summary ===
# of expected passes 2797
# of expected failures 6
# of unsupported tests 68
/local/gcc-259749.9Jt7/_/gcc/xgcc version 9.0.0 20180429 (experimental)
(GCC)
=== gotools tests ===
FAIL: go test cmd/go
FAIL: TestBreakpoint
FAIL: TestCatchPanic
FAIL: TestCgoCCodeSIGPROF
FAIL: TestCgoCallbackGC
FAIL: TestCgoCheckBytes
FAIL: TestCgoCrashHandler
FAIL: TestCgoExecSignalMask
FAIL: TestCgoExternalThreadPanic
FAIL: TestCgoExternalThreadSIGPROF
FAIL: TestCgoExternalThreadSignal
FAIL: TestCgoLockOSThreadExit
FAIL: TestCgoNumGoroutine
FAIL: TestCgoPanicDeadlock
FAIL: TestCgoSignalDeadlock
FAIL: TestCgoTraceback
FAIL: TestCgoTracebackSigpanic
FAIL: TestCrashDumpsAllThreads
FAIL: TestCrashHandler
FAIL: TestEnsureDropM
FAIL: TestGCFairness
FAIL: TestGCFairness2
FAIL: TestGccgoCrashTraceback
FAIL: TestGccgoCrashTracebackNodebug
FAIL: TestGoNil
FAIL: TestGoexitCrash
FAIL: TestGoexitDeadlock
FAIL: TestGoexitInPanic
FAIL: TestInitDeadlock
FAIL: TestLargeStringConcat
FAIL: TestLockOSThreadExit
FAIL: TestLockedDeadlock
FAIL: TestLockedDeadlock2
FAIL: TestMainGoroutineID
FAIL: TestNetpollDeadlock
FAIL: TestNoHelperGoroutines
FAIL: TestNumGoroutine
FAIL: TestPanicAfterGoexit
FAIL: TestPanicDeadlockGosched
FAIL: TestPanicDeadlockSyscall
FAIL: TestPanicLoop
FAIL: TestPanicRace
FAIL: TestPanicTraceback
FAIL: TestRecoveredPanicAfterGoexit
FAIL: TestRecursivePanic
FAIL: TestSigStackSwapping
FAIL: TestSignalDuringExec
FAIL: TestSignalExitStatus
FAIL: TestSignalIgnoreSIGTRAP
FAIL: TestSimpleDeadlock
FAIL: TestThreadExhaustion
FAIL: go test runtime
FAIL: go test misc/cgo/test
FAIL: go test misc/cgo/testcarchive
FAIL: go test cmd/vet
=== gotools Summary ===
# of expected passes 109
# of unexpected failures 55
# of untested testcases 50
/local/gcc-259749.9Jt7/_/./gcc/gccgo version 9.0.0 20180429 (experimental)
(GCC)
=== libatomic tests ===
Running target unix
=== libatomic Summary ===
# of expected passes 54
=== libffi tests ===
Running target unix
=== libffi Summary ===
# of expected passes 2214
=== libgo tests ===
Running target unix
FAIL: os/user
=== libgo Summary ===
# of expected passes 161
# of unexpected failures 1
/local/gcc-259749.9Jt7/_/./gcc/gccgo version 9.0.0 20180429 (experimental)
(GCC)
=== libgomp tests ===
Running target unix
=== libgomp Summary ===
# of expected passes 5466
# of expected failures 1
# of unsupported tests 350
=== libitm tests ===
Running target unix
=== libitm Summary ===
# of expected passes 42
# of expected failures 3
# of unsupported tests 1
=== libstdc++ tests ===
Running target unix
=== libstdc++ Summary ===
# of expected passes 12257
# of expected failures 71
# of unsupported tests 257
Compiler version: 9.0.0 20180429 (experimental) (GCC)
Platform: x86_64-pc-linux-gnu
configure flags: --prefix=/local/gcc-259749.9Jt7/rt --disable-multilib
--enable-languages=all