This is the mail archive of the gcc-testresults@gcc.gnu.org mailing list for the GCC project.


Index Nav: [Date Index] [Subject Index] [Author Index] [Thread Index]
Message Nav: [Date Prev] [Date Next] [Thread Prev] [Thread Next]
Other format: [Raw text]

Results for 9.0.0 20180504 (experimental) [trunk revision 259929] (GCC) testsuite on sparcv9-sun-solaris2.11


LAST_UPDATED: Fri May  4 09:54:17 UTC 2018 (revision 259929)

		=== acats tests ===

		=== acats Summary ===
# of expected passes		2320
# of unexpected failures	0
Native configuration is sparcv9-sun-solaris2.11

		=== g++ tests ===


Running target unix

		=== g++ Summary for unix ===

# of expected passes		114894
# of expected failures		503
# of unsupported tests		5212

Running target unix/-m32

		=== g++ Summary for unix/-m32 ===

# of expected passes		112997
# of expected failures		500
# of unsupported tests		5243

		=== g++ Summary ===

# of expected passes		227891
# of expected failures		1003
# of unsupported tests		10455
/var/gcc/regression/trunk/11.4-gcc-gas-64/build/gcc/xg++  version 9.0.0 20180504 (experimental) [trunk revision 259929] (GCC) 

		=== gcc tests ===


Running target unix
FAIL: gcc.dg/ipa/ipa-icf-38.c scan-ltrans-tree-dump-not fixup_cfg4 "Function bar"
FAIL: gcc.dg/vect/no-section-anchors-vect-69.c scan-tree-dump-times vect "vectorized 4 loops" 1
FAIL: gcc.dg/vect/pr85586.c -flto -ffat-lto-objects  scan-tree-dump-times vect "LOOP VECTORIZED" 1
FAIL: gcc.dg/vect/pr85586.c scan-tree-dump-times vect "LOOP VECTORIZED" 1

		=== gcc Summary for unix ===

# of expected passes		103731
# of unexpected failures	4
# of expected failures		463
# of unsupported tests		2519

Running target unix/-m32
FAIL: gcc.dg/ipa/ipa-icf-38.c scan-ltrans-tree-dump-not fixup_cfg4 "Function bar"
FAIL: gcc.dg/simulate-thread/atomic-other-int.c   -O2 -g  thread simulation test
FAIL: gcc.dg/simulate-thread/atomic-other-int.c   -O3 -g  thread simulation test
FAIL: gcc.dg/simulate-thread/speculative-store-4.c   -O0 -g  thread simulation test
FAIL: gcc.dg/simulate-thread/speculative-store-4.c   -O2 -g  thread simulation test
FAIL: gcc.dg/simulate-thread/speculative-store-4.c   -O3 -g  thread simulation test
FAIL: gcc.dg/simulate-thread/speculative-store.c   -O0 -g  thread simulation test
FAIL: gcc.dg/vect/no-section-anchors-vect-69.c scan-tree-dump-times vect "vectorized 4 loops" 1
FAIL: gcc.dg/vect/pr85586.c -flto -ffat-lto-objects  scan-tree-dump-times vect "LOOP VECTORIZED" 1
FAIL: gcc.dg/vect/pr85586.c scan-tree-dump-times vect "LOOP VECTORIZED" 1

		=== gcc Summary for unix/-m32 ===

# of expected passes		102629
# of unexpected failures	10
# of expected failures		473
# of unsupported tests		2754

		=== gcc Summary ===

# of expected passes		206360
# of unexpected failures	14
# of expected failures		936
# of unsupported tests		5273
/var/gcc/regression/trunk/11.4-gcc-gas-64/build/gcc/xgcc  version 9.0.0 20180504 (experimental) [trunk revision 259929] (GCC) 

		=== gfortran tests ===


Running target unix
FAIL: gfortran.dg/elemental_subroutine_3.f90   -O1  (test for excess errors)
FAIL: gfortran.dg/elemental_subroutine_3.f90   -O2  (test for excess errors)
FAIL: gfortran.dg/elemental_subroutine_3.f90   -O3 -fomit-frame-pointer -funroll-loops -fpeel-loops -ftracer -finline-functions  (test for excess errors)
FAIL: gfortran.dg/elemental_subroutine_3.f90   -O3 -g  (test for excess errors)
FAIL: gfortran.dg/elemental_subroutine_3.f90   -Os  (test for excess errors)

		=== gfortran Summary for unix ===

# of expected passes		47123
# of unexpected failures	5
# of expected failures		92
# of unsupported tests		141

Running target unix/-m32
FAIL: gfortran.dg/elemental_subroutine_3.f90   -O1  (test for excess errors)
FAIL: gfortran.dg/elemental_subroutine_3.f90   -O2  (test for excess errors)
FAIL: gfortran.dg/elemental_subroutine_3.f90   -O3 -fomit-frame-pointer -funroll-loops -fpeel-loops -ftracer -finline-functions  (test for excess errors)
FAIL: gfortran.dg/elemental_subroutine_3.f90   -O3 -g  (test for excess errors)
FAIL: gfortran.dg/elemental_subroutine_3.f90   -Os  (test for excess errors)

		=== gfortran Summary for unix/-m32 ===

# of expected passes		46876
# of unexpected failures	5
# of expected failures		92
# of unsupported tests		262

		=== gfortran Summary ===

# of expected passes		93999
# of unexpected failures	10
# of expected failures		184
# of unsupported tests		403
/var/gcc/regression/trunk/11.4-gcc-gas-64/build/gcc/gfortran  version 9.0.0 20180504 (experimental) [trunk revision 259929] (GCC) 

		=== gnat tests ===


Running target unix

		=== gnat Summary for unix ===

# of expected passes		2664
# of expected failures		23
# of unsupported tests		23

Running target unix/-m32

		=== gnat Summary for unix/-m32 ===

# of expected passes		2664
# of expected failures		23
# of unsupported tests		23

		=== gnat Summary ===

# of expected passes		5328
# of expected failures		46
# of unsupported tests		46
/var/gcc/regression/trunk/11.4-gcc-gas-64/build/gcc/gnatmake version 9.0.0 20180504 (experimental) [trunk revision 259929]

		=== go tests ===


Running target unix
FAIL: ./index0-out.go execution,  -O0 -g -fno-var-tracking-assignments 

		=== go Summary for unix ===

# of expected passes		7273
# of unexpected failures	1
# of expected failures		1
# of untested testcases		11
# of unsupported tests		3

Running target unix/-m32
FAIL: ./index0-out.go execution,  -O0 -g -fno-var-tracking-assignments 
FAIL: go.test/test/fixedbugs/issue4562.go execution,  -O2 -g 
FAIL: go.test/test/nil.go execution,  -O2 -g 

		=== go Summary for unix/-m32 ===

# of expected passes		7391
# of unexpected failures	3
# of expected failures		1
# of untested testcases		11
# of unsupported tests		3

		=== go Summary ===

# of expected passes		14664
# of unexpected failures	4
# of expected failures		2
# of untested testcases		22
# of unsupported tests		6
		=== obj-c++ tests ===


Running target unix/-m32

		=== obj-c++ Summary for unix/-m32 ===

# of expected passes		1464
# of expected failures		2
# of unsupported tests		77

Running target unix

		=== obj-c++ Summary for unix ===

# of expected passes		1456
# of expected failures		10
# of unsupported tests		77

		=== obj-c++ Summary ===

# of expected passes		2920
# of expected failures		12
# of unsupported tests		154
/var/gcc/regression/trunk/11.4-gcc-gas-64/build/gcc/xg++  version 9.0.0 20180504 (experimental) [trunk revision 259929] (GCC) 

		=== objc tests ===


Running target unix

		=== objc Summary for unix ===

# of expected passes		2803
# of unsupported tests		68

Running target unix/-m32

		=== objc Summary for unix/-m32 ===

# of expected passes		2803
# of unsupported tests		68

		=== objc Summary ===

# of expected passes		5606
# of unsupported tests		136
/var/gcc/regression/trunk/11.4-gcc-gas-64/build/gcc/xgcc  version 9.0.0 20180504 (experimental) [trunk revision 259929] (GCC) 

		=== gotools tests ===

FAIL: go test cmd/go
FAIL: TestCgoSignalDeadlock
FAIL: go test runtime
FAIL: TestCompileWithoutShared
FAIL: TestEarlySignalHandler
FAIL: TestInstall
FAIL: TestOsSignal
FAIL: TestPIE
FAIL: TestSIGPROF
FAIL: TestSigaltstack
FAIL: TestSignalForwarding
FAIL: TestSignalForwardingExternal
FAIL: go test misc/cgo/testcarchive

		=== gotools Summary ===
# of expected passes		249
# of unexpected failures	13
# of untested testcases		79
/var/gcc/regression/trunk/11.4-gcc-gas-64/build/./gcc/gccgo version 9.0.0 20180504 (experimental) [trunk revision 259929] (GCC)

		=== libatomic tests ===


Running target unix/-m32

		=== libatomic Summary for unix/-m32 ===

# of expected passes		44
# of unsupported tests		5

Running target unix

		=== libatomic Summary for unix ===

# of expected passes		54

		=== libatomic Summary ===

# of expected passes		98
# of unsupported tests		5
		=== libffi tests ===


Running target unix/-m32

		=== libffi Summary for unix/-m32 ===

# of expected passes		2214

Running target unix

		=== libffi Summary for unix ===

# of expected passes		2214

		=== libffi Summary ===

# of expected passes		4428
		=== libgo tests ===


Running target unix
FAIL: go/build
FAIL: net/http
FAIL: os/signal

		=== libgo Summary for unix ===

# of expected passes		160
# of unexpected failures	3

Running target unix/-m32
FAIL: go/build
FAIL: net/http
FAIL: runtime
FAIL: runtime/pprof

		=== libgo Summary for unix/-m32 ===

# of expected passes		159
# of unexpected failures	4

		=== libgo Summary ===

# of expected passes		319
# of unexpected failures	7
/var/gcc/regression/trunk/11.4-gcc-gas-64/build/./gcc/gccgo version 9.0.0 20180504 (experimental) [trunk revision 259929] (GCC)

		=== libgomp tests ===


Running target unix/-m32

		=== libgomp Summary for unix/-m32 ===

# of expected passes		5444
# of expected failures		1
# of unsupported tests		363

Running target unix

		=== libgomp Summary for unix ===

# of expected passes		5444
# of expected failures		1
# of unsupported tests		363

		=== libgomp Summary ===

# of expected passes		10888
# of expected failures		2
# of unsupported tests		726
		=== libitm tests ===


Running target unix/-m32

		=== libitm Summary for unix/-m32 ===

# of expected passes		42
# of expected failures		3
# of unsupported tests		1

Running target unix

		=== libitm Summary for unix ===

# of expected passes		42
# of expected failures		3
# of unsupported tests		1

		=== libitm Summary ===

# of expected passes		84
# of expected failures		6
# of unsupported tests		2
		=== libstdc++ tests ===


Running target unix

		=== libstdc++ Summary for unix ===

# of expected passes		11321
# of expected failures		71
# of unsupported tests		639

Running target unix/-m32

		=== libstdc++ Summary for unix/-m32 ===

# of expected passes		11321
# of expected failures		71
# of unsupported tests		639

		=== libstdc++ Summary ===

# of expected passes		22642
# of expected failures		142
# of unsupported tests		1278

Compiler version: 9.0.0 20180504 (experimental) [trunk revision 259929] (GCC) 
Platform: sparcv9-sun-solaris2.11
configure flags: --prefix=/vol/gcc --target=sparcv9-sun-solaris2.11 --enable-objc-gc --with-target-bdw-gc-include=/vol/gcc/include --with-target-bdw-gc-lib=/vol/gcc/lib/sparcv9,sparcv8plus=/vol/gcc/lib --enable-libmudflap --with-as=/vol/gcc/bin/sparcv9/gas-2.30 --with-gnu-as --with-gmp-include=/vol/gcc/include --with-gmp-lib=/vol/gcc/lib/sparcv9 --with-mpfr-include=/vol/gcc/include --with-mpfr-lib=/vol/gcc/lib/sparcv9 --with-mpc-include=/vol/gcc/include --with-mpc-lib=/vol/gcc/lib/sparcv9 --enable-languages=all,ada,obj-c++,go --with-isl-include=/vol/gcc/include --with-isl-lib=/vol/gcc/lib/sparcv9 --build=sparcv9-sun-solaris2.11 --host=sparcv9-sun-solaris2.11
BOOT_CFLAGS=-g -O2


Index Nav: [Date Index] [Subject Index] [Author Index] [Thread Index]
Message Nav: [Date Prev] [Date Next] [Thread Prev] [Thread Next]