This is the mail archive of the
gcc-testresults@gcc.gnu.org
mailing list for the GCC project.
Results for 8.0.1 20180420 (experimental) [trunk revision 259516] (GCC) testsuite on sparcv9-sun-solaris2.11
- From: Rainer Orth <ro at CeBiTec dot Uni-Bielefeld dot DE>
- To: gcc-testresults at gcc dot gnu dot org
- Date: Sat, 21 Apr 2018 07:15:24 +0200 (MEST)
- Subject: Results for 8.0.1 20180420 (experimental) [trunk revision 259516] (GCC) testsuite on sparcv9-sun-solaris2.11
LAST_UPDATED: Fri Apr 20 08:44:26 UTC 2018 (revision 259516)
=== acats tests ===
=== acats Summary ===
# of expected passes 2320
# of unexpected failures 0
Native configuration is sparcv9-sun-solaris2.11
=== g++ tests ===
Running target unix
=== g++ Summary for unix ===
# of expected passes 114758
# of expected failures 507
# of unsupported tests 5185
Running target unix/-m32
=== g++ Summary for unix/-m32 ===
# of expected passes 112861
# of expected failures 504
# of unsupported tests 5216
=== g++ Summary ===
# of expected passes 227619
# of expected failures 1011
# of unsupported tests 10401
/var/gcc/regression/trunk/11.4-gcc-gas-64/build/gcc/xg++ version 8.0.1 20180420 (experimental) [trunk revision 259516] (GCC)
=== gcc tests ===
Running target unix
FAIL: gcc.dg/vect/no-section-anchors-vect-69.c scan-tree-dump-times vect "vectorized 4 loops" 1
=== gcc Summary for unix ===
# of expected passes 103480
# of unexpected failures 1
# of expected failures 463
# of unsupported tests 2515
Running target unix/-m32
FAIL: gcc.dg/simulate-thread/atomic-other-int.c -O2 -g thread simulation test
FAIL: gcc.dg/simulate-thread/atomic-other-int.c -O3 -g thread simulation test
FAIL: gcc.dg/simulate-thread/speculative-store-4.c -O0 -g thread simulation test
FAIL: gcc.dg/simulate-thread/speculative-store-4.c -O2 -g thread simulation test
FAIL: gcc.dg/simulate-thread/speculative-store-4.c -O3 -g thread simulation test
FAIL: gcc.dg/simulate-thread/speculative-store.c -O0 -g thread simulation test
FAIL: gcc.dg/vect/no-section-anchors-vect-69.c scan-tree-dump-times vect "vectorized 4 loops" 1
=== gcc Summary for unix/-m32 ===
# of expected passes 102378
# of unexpected failures 7
# of expected failures 473
# of unsupported tests 2750
=== gcc Summary ===
# of expected passes 205858
# of unexpected failures 8
# of expected failures 936
# of unsupported tests 5265
/var/gcc/regression/trunk/11.4-gcc-gas-64/build/gcc/xgcc version 8.0.1 20180420 (experimental) [trunk revision 259516] (GCC)
=== gfortran tests ===
Running target unix
FAIL: gfortran.dg/elemental_subroutine_3.f90 -O1 (test for excess errors)
FAIL: gfortran.dg/elemental_subroutine_3.f90 -O2 (test for excess errors)
FAIL: gfortran.dg/elemental_subroutine_3.f90 -O3 -fomit-frame-pointer -funroll-loops -fpeel-loops -ftracer -finline-functions (test for excess errors)
FAIL: gfortran.dg/elemental_subroutine_3.f90 -O3 -g (test for excess errors)
FAIL: gfortran.dg/elemental_subroutine_3.f90 -Os (test for excess errors)
=== gfortran Summary for unix ===
# of expected passes 47111
# of unexpected failures 5
# of expected failures 92
# of unsupported tests 141
Running target unix/-m32
FAIL: gfortran.dg/elemental_subroutine_3.f90 -O1 (test for excess errors)
FAIL: gfortran.dg/elemental_subroutine_3.f90 -O2 (test for excess errors)
FAIL: gfortran.dg/elemental_subroutine_3.f90 -O3 -fomit-frame-pointer -funroll-loops -fpeel-loops -ftracer -finline-functions (test for excess errors)
FAIL: gfortran.dg/elemental_subroutine_3.f90 -O3 -g (test for excess errors)
FAIL: gfortran.dg/elemental_subroutine_3.f90 -Os (test for excess errors)
=== gfortran Summary for unix/-m32 ===
# of expected passes 46864
# of unexpected failures 5
# of expected failures 92
# of unsupported tests 262
=== gfortran Summary ===
# of expected passes 93975
# of unexpected failures 10
# of expected failures 184
# of unsupported tests 403
/var/gcc/regression/trunk/11.4-gcc-gas-64/build/gcc/gfortran version 8.0.1 20180420 (experimental) [trunk revision 259516] (GCC)
=== gnat tests ===
Running target unix
=== gnat Summary for unix ===
# of expected passes 2662
# of expected failures 23
# of unsupported tests 23
Running target unix/-m32
=== gnat Summary for unix/-m32 ===
# of expected passes 2662
# of expected failures 23
# of unsupported tests 23
=== gnat Summary ===
# of expected passes 5324
# of expected failures 46
# of unsupported tests 46
/var/gcc/regression/trunk/11.4-gcc-gas-64/build/gcc/gnatmake version 8.0.1 20180420 (experimental) [trunk revision 259516]
=== go tests ===
Running target unix
FAIL: ./index0-out.go execution, -O0 -g -fno-var-tracking-assignments
FAIL: go.test/test/cmplxdivide.go
WARNING: program timed out
=== go Summary for unix ===
# of expected passes 7272
# of unexpected failures 2
# of expected failures 1
# of untested testcases 11
# of unsupported tests 3
Running target unix/-m32
FAIL: ./index0-out.go execution, -O0 -g -fno-var-tracking-assignments
FAIL: go.test/test/fixedbugs/issue4562.go execution, -O2 -g
FAIL: go.test/test/nil.go execution, -O2 -g
=== go Summary for unix/-m32 ===
# of expected passes 7391
# of unexpected failures 3
# of expected failures 1
# of untested testcases 11
# of unsupported tests 3
=== go Summary ===
# of expected passes 14663
# of unexpected failures 5
# of expected failures 2
# of untested testcases 22
# of unsupported tests 6
=== obj-c++ tests ===
Running target unix/-m32
=== obj-c++ Summary for unix/-m32 ===
# of expected passes 1464
# of expected failures 2
# of unsupported tests 77
Running target unix
=== obj-c++ Summary for unix ===
# of expected passes 1456
# of expected failures 10
# of unsupported tests 77
=== obj-c++ Summary ===
# of expected passes 2920
# of expected failures 12
# of unsupported tests 154
/var/gcc/regression/trunk/11.4-gcc-gas-64/build/gcc/xg++ version 8.0.1 20180420 (experimental) [trunk revision 259516] (GCC)
=== objc tests ===
Running target unix
=== objc Summary for unix ===
# of expected passes 2803
# of unsupported tests 68
Running target unix/-m32
=== objc Summary for unix/-m32 ===
# of expected passes 2803
# of unsupported tests 68
=== objc Summary ===
# of expected passes 5606
# of unsupported tests 136
/var/gcc/regression/trunk/11.4-gcc-gas-64/build/gcc/xgcc version 8.0.1 20180420 (experimental) [trunk revision 259516] (GCC)
=== gotools tests ===
FAIL: go test cmd/go
FAIL: TestCgoLockOSThreadExit
FAIL: go test runtime
FAIL: TestCompileWithoutShared
FAIL: TestEarlySignalHandler
FAIL: TestInstall
FAIL: TestOsSignal
FAIL: TestPIE
FAIL: TestSIGPROF
FAIL: TestSigaltstack
FAIL: TestSignalForwarding
FAIL: TestSignalForwardingExternal
FAIL: go test misc/cgo/testcarchive
=== gotools Summary ===
# of expected passes 263
# of unexpected failures 13
# of untested testcases 80
/var/gcc/regression/trunk/11.4-gcc-gas-64/build/./gcc/gccgo version 8.0.1 20180420 (experimental) [trunk revision 259516] (GCC)
=== libatomic tests ===
Running target unix/-m32
=== libatomic Summary for unix/-m32 ===
# of expected passes 44
# of unsupported tests 5
Running target unix
=== libatomic Summary for unix ===
# of expected passes 54
=== libatomic Summary ===
# of expected passes 98
# of unsupported tests 5
=== libffi tests ===
Running target unix/-m32
=== libffi Summary for unix/-m32 ===
# of expected passes 2214
Running target unix
=== libffi Summary for unix ===
# of expected passes 2214
=== libffi Summary ===
# of expected passes 4428
=== libgo tests ===
Running target unix
FAIL: go/build
FAIL: net/http
=== libgo Summary for unix ===
# of expected passes 161
# of unexpected failures 2
Running target unix/-m32
FAIL: runtime
FAIL: go/build
FAIL: net/http
FAIL: os/signal
FAIL: runtime/pprof
=== libgo Summary for unix/-m32 ===
# of expected passes 158
# of unexpected failures 5
=== libgo Summary ===
# of expected passes 319
# of unexpected failures 7
/var/gcc/regression/trunk/11.4-gcc-gas-64/build/./gcc/gccgo version 8.0.1 20180420 (experimental) [trunk revision 259516] (GCC)
=== libgomp tests ===
Running target unix/-m32
=== libgomp Summary for unix/-m32 ===
# of expected passes 5432
# of expected failures 1
# of unsupported tests 365
Running target unix
=== libgomp Summary for unix ===
# of expected passes 5432
# of expected failures 1
# of unsupported tests 365
=== libgomp Summary ===
# of expected passes 10864
# of expected failures 2
# of unsupported tests 730
=== libitm tests ===
Running target unix/-m32
=== libitm Summary for unix/-m32 ===
# of expected passes 42
# of expected failures 3
# of unsupported tests 1
Running target unix
=== libitm Summary for unix ===
# of expected passes 42
# of expected failures 3
# of unsupported tests 1
=== libitm Summary ===
# of expected passes 84
# of expected failures 6
# of unsupported tests 2
=== libstdc++ tests ===
Running target unix
=== libstdc++ Summary for unix ===
# of expected passes 11295
# of expected failures 71
# of unsupported tests 639
Running target unix/-m32
=== libstdc++ Summary for unix/-m32 ===
# of expected passes 11295
# of expected failures 71
# of unsupported tests 639
=== libstdc++ Summary ===
# of expected passes 22590
# of expected failures 142
# of unsupported tests 1278
Compiler version: 8.0.1 20180420 (experimental) [trunk revision 259516] (GCC)
Platform: sparcv9-sun-solaris2.11
configure flags: --prefix=/vol/gcc --target=sparcv9-sun-solaris2.11 --enable-objc-gc --with-target-bdw-gc-include=/vol/gcc/include --with-target-bdw-gc-lib=/vol/gcc/lib/sparcv9,sparcv8plus=/vol/gcc/lib --enable-libmudflap --with-as=/vol/gcc/bin/sparcv9/gas-2.30 --with-gnu-as --with-gmp-include=/vol/gcc/include --with-gmp-lib=/vol/gcc/lib/sparcv9 --with-mpfr-include=/vol/gcc/include --with-mpfr-lib=/vol/gcc/lib/sparcv9 --with-mpc-include=/vol/gcc/include --with-mpc-lib=/vol/gcc/lib/sparcv9 --enable-languages=all,ada,obj-c++,go --with-isl-include=/vol/gcc/include --with-isl-lib=/vol/gcc/lib/sparcv9 --build=sparcv9-sun-solaris2.11 --host=sparcv9-sun-solaris2.11
BOOT_CFLAGS=-g -O2