This is the mail archive of the
gcc-testresults@gcc.gnu.org
mailing list for the GCC project.
Results for 8.0.1 20180418 (experimental) [trunk revision 259457] (GCC) testsuite on x86_64-unknown-dragonfly5.3
- From: zrj at leaf dot dragonflybsd dot org (Rimvydas Jasinskas)
- To: gcc-testresults at gcc dot gnu dot org
- Date: Wed, 18 Apr 2018 04:16:22 -0700 (PDT)
- Subject: Results for 8.0.1 20180418 (experimental) [trunk revision 259457] (GCC) testsuite on x86_64-unknown-dragonfly5.3
LAST_UPDATED: Wed Apr 18 09:56:09 UTC 2018 (revision 259462)
Native configuration is x86_64-unknown-dragonfly5.3
=== g++ tests ===
Running target unix
FAIL: g++.dg/ext/mv18.C -std=gnu++98 execution test
FAIL: g++.dg/ext/mv18.C -std=gnu++11 execution test
FAIL: g++.dg/ext/mv18.C -std=gnu++14 execution test
FAIL: g++.dg/ext/mv19.C -std=gnu++98 execution test
FAIL: g++.dg/ext/mv19.C -std=gnu++11 execution test
FAIL: g++.dg/ext/mv19.C -std=gnu++14 execution test
FAIL: g++.dg/ext/mv20.C -std=gnu++98 execution test
FAIL: g++.dg/ext/mv20.C -std=gnu++11 execution test
FAIL: g++.dg/ext/mv20.C -std=gnu++14 execution test
FAIL: g++.dg/ext/mv21.C -std=gnu++98 execution test
FAIL: g++.dg/ext/mv21.C -std=gnu++11 execution test
FAIL: g++.dg/ext/mv21.C -std=gnu++14 execution test
FAIL: g++.dg/ext/mv22.C -std=gnu++98 execution test
FAIL: g++.dg/ext/mv22.C -std=gnu++11 execution test
FAIL: g++.dg/ext/mv22.C -std=gnu++14 execution test
FAIL: g++.dg/ext/mv23.C -std=gnu++98 execution test
FAIL: g++.dg/ext/mv23.C -std=gnu++11 execution test
FAIL: g++.dg/ext/mv23.C -std=gnu++14 execution test
FAIL: g++.dg/gcov/pr16855-priority.C -std=gnu++98 line 22: is #####:should be 1
FAIL: g++.dg/gcov/pr16855-priority.C -std=gnu++98 gcov: 1 failures in line counts, 0 in branch percentages, 0 in return percentages, 0 in intermediate format
FAIL: g++.dg/gcov/pr16855-priority.C -std=gnu++11 line 22: is #####:should be 1
FAIL: g++.dg/gcov/pr16855-priority.C -std=gnu++11 gcov: 1 failures in line counts, 0 in branch percentages, 0 in return percentages, 0 in intermediate format
FAIL: g++.dg/gcov/pr16855-priority.C -std=gnu++14 line 22: is #####:should be 1
FAIL: g++.dg/gcov/pr16855-priority.C -std=gnu++14 gcov: 1 failures in line counts, 0 in branch percentages, 0 in return percentages, 0 in intermediate format
FAIL: g++.dg/gcov/pr16855.C -std=gnu++98 line 21: is #####:should be 1
FAIL: g++.dg/gcov/pr16855.C -std=gnu++98 gcov: 1 failures in line counts, 0 in branch percentages, 0 in return percentages, 0 in intermediate format
FAIL: g++.dg/gcov/pr16855.C -std=gnu++11 line 21: is #####:should be 1
FAIL: g++.dg/gcov/pr16855.C -std=gnu++11 gcov: 1 failures in line counts, 0 in branch percentages, 0 in return percentages, 0 in intermediate format
FAIL: g++.dg/gcov/pr16855.C -std=gnu++14 line 21: is #####:should be 1
FAIL: g++.dg/gcov/pr16855.C -std=gnu++14 gcov: 1 failures in line counts, 0 in branch percentages, 0 in return percentages, 0 in intermediate format
FAIL: g++.old-deja/g++.other/init18.C -std=c++98 execution test
FAIL: g++.old-deja/g++.other/init18.C -std=c++11 execution test
FAIL: g++.old-deja/g++.other/init18.C -std=c++14 execution test
FAIL: g++.old-deja/g++.other/init19.C -std=c++98 execution test
FAIL: g++.old-deja/g++.other/init19.C -std=c++11 execution test
FAIL: g++.old-deja/g++.other/init19.C -std=c++14 execution test
=== g++ Summary ===
# of expected passes 116340
# of unexpected failures 36
# of expected failures 505
# of unsupported tests 4714
/H2/scratch/gcc_trunk/gcc/xg++ version 8.0.1 20180418 (experimental) [trunk revision 259457] (GCC)
=== gcc tests ===
Running target unix
FAIL: gcc.dg/builtins-58.c scan-assembler-not pow\\\\M
FAIL: gcc.dg/builtins-59.c scan-tree-dump gimple "__builtin_cexpi"
FAIL: gcc.dg/builtins-59.c scan-tree-dump-not gimple "sincos"
FAIL: gcc.dg/builtins-61.c scan-tree-dump optimized "cexpi"
FAIL: gcc.dg/builtins-61.c scan-tree-dump optimized "sin"
FAIL: gcc.dg/builtins-61.c scan-tree-dump optimized "cos"
FAIL: gcc.dg/builtins-61.c scan-tree-dump optimized "return 0.0"
FAIL: gcc.dg/builtins-62.c scan-tree-dump-times optimized "cexpi" 3
FAIL: gcc.dg/builtins-65.c (test for excess errors)
FAIL: gcc.dg/gimplefe-26.c (internal compiler error)
FAIL: gcc.dg/gimplefe-26.c (test for excess errors)
XPASS: gcc.dg/guality/example.c -O1 execution test
XPASS: gcc.dg/guality/guality.c -O1 execution test
XPASS: gcc.dg/guality/guality.c -O2 execution test
XPASS: gcc.dg/guality/guality.c -Os execution test
XPASS: gcc.dg/guality/guality.c -O2 -flto -fno-use-linker-plugin -flto-partition=none execution test
XPASS: gcc.dg/guality/guality.c -O2 -flto -fuse-linker-plugin -fno-fat-lto-objects execution test
FAIL: gcc.dg/guality/inline-params-2.c -O0 execution test
FAIL: gcc.dg/guality/inline-params-2.c -O2 execution test
FAIL: gcc.dg/guality/inline-params.c -O0 execution test
XPASS: gcc.dg/guality/inline-params.c -O2 execution test
XPASS: gcc.dg/guality/inline-params.c -O3 -g execution test
XPASS: gcc.dg/guality/inline-params.c -Os execution test
XPASS: gcc.dg/guality/inline-params.c -O2 -flto -fno-use-linker-plugin -flto-partition=none execution test
XPASS: gcc.dg/guality/inline-params.c -O2 -flto -fuse-linker-plugin -fno-fat-lto-objects execution test
XPASS: gcc.dg/guality/pr41353-1.c -O0 line 28 j == 28 + 37
FAIL: gcc.dg/guality/pr41447-1.c -O2 -flto -fno-use-linker-plugin -flto-partition=none execution test
FAIL: gcc.dg/guality/pr41616-1.c -O0 execution test
FAIL: gcc.dg/guality/pr41616-1.c -O1 execution test
FAIL: gcc.dg/guality/pr41616-1.c -O3 -g execution test
FAIL: gcc.dg/guality/pr41616-1.c -O2 -flto -fuse-linker-plugin -fno-fat-lto-objects execution test
FAIL: gcc.dg/guality/pr45882.c -O2 -flto -fuse-linker-plugin -fno-fat-lto-objects line 16 d == 112
FAIL: gcc.dg/guality/pr45882.c -O2 -flto -fuse-linker-plugin -fno-fat-lto-objects line 16 e == 142
FAIL: gcc.dg/guality/pr54519-1.c -O2 -flto -fno-use-linker-plugin -flto-partition=none line 20 y == 25
FAIL: gcc.dg/guality/pr54519-1.c -O2 -flto -fno-use-linker-plugin -flto-partition=none line 20 z == 6
FAIL: gcc.dg/guality/pr54519-1.c -O2 -flto -fno-use-linker-plugin -flto-partition=none line 23 y == 117
FAIL: gcc.dg/guality/pr54519-1.c -O2 -flto -fno-use-linker-plugin -flto-partition=none line 23 z == 8
FAIL: gcc.dg/guality/pr54519-2.c -O2 -flto -fno-use-linker-plugin -flto-partition=none line 17 y == 25
FAIL: gcc.dg/guality/pr54519-2.c -O2 -flto -fuse-linker-plugin -fno-fat-lto-objects line 17 y == 25
FAIL: gcc.dg/guality/pr54519-3.c -O2 -flto -fno-use-linker-plugin -flto-partition=none line 20 y == 25
FAIL: gcc.dg/guality/pr54519-3.c -O2 -flto -fno-use-linker-plugin -flto-partition=none line 20 z == 6
FAIL: gcc.dg/guality/pr54519-3.c -O2 -flto -fno-use-linker-plugin -flto-partition=none line 23 y == 117
FAIL: gcc.dg/guality/pr54519-3.c -O2 -flto -fno-use-linker-plugin -flto-partition=none line 23 z == 8
FAIL: gcc.dg/guality/pr54519-3.c -O2 -flto -fuse-linker-plugin -fno-fat-lto-objects line 20 y == 25
FAIL: gcc.dg/guality/pr54519-3.c -O2 -flto -fuse-linker-plugin -fno-fat-lto-objects line 20 z == 6
FAIL: gcc.dg/guality/pr54519-3.c -O2 -flto -fuse-linker-plugin -fno-fat-lto-objects line 23 y == 117
FAIL: gcc.dg/guality/pr54519-3.c -O2 -flto -fuse-linker-plugin -fno-fat-lto-objects line 23 z == 8
FAIL: gcc.dg/guality/pr54519-4.c -O2 -flto -fno-use-linker-plugin -flto-partition=none line 17 y == 25
FAIL: gcc.dg/guality/pr54519-4.c -O2 -flto -fuse-linker-plugin -fno-fat-lto-objects line 17 y == 25
FAIL: gcc.dg/guality/pr54519-5.c -O2 -flto -fno-use-linker-plugin -flto-partition=none line 17 y == 25
FAIL: gcc.dg/guality/pr54519-5.c -O2 -flto -fuse-linker-plugin -fno-fat-lto-objects line 17 y == 25
XPASS: gcc.dg/guality/pr54970.c -O0 line 31 a[0] == 4
XPASS: gcc.dg/guality/pr54970.c -O0 line 36 a[0] == 4
XPASS: gcc.dg/guality/pr54970.c -O0 line 45 a[0] == 4
XPASS: gcc.dg/guality/pr54970.c -O0 line 45 p[-2] == 4
XPASS: gcc.dg/guality/pr54970.c -O0 line 45 q[-1] == 4
FAIL: gcc.dg/guality/pr58791-4.c -O1 line pr58791-4.c:32 i == 486
FAIL: gcc.dg/guality/pr58791-4.c -O1 line pr58791-4.c:32 i2 == 487
FAIL: gcc.dg/guality/pr58791-4.c -O2 line pr58791-4.c:32 i == 486
FAIL: gcc.dg/guality/pr58791-4.c -O2 line pr58791-4.c:32 i2 == 487
FAIL: gcc.dg/guality/pr58791-4.c -O3 -g line pr58791-4.c:32 i == 486
FAIL: gcc.dg/guality/pr58791-4.c -O3 -g line pr58791-4.c:32 i2 == 487
FAIL: gcc.dg/guality/pr58791-4.c -Os line pr58791-4.c:32 i == 486
FAIL: gcc.dg/guality/pr58791-4.c -Os line pr58791-4.c:32 i2 == 487
FAIL: gcc.dg/guality/pr58791-4.c -O2 -flto -fno-use-linker-plugin -flto-partition=none line pr58791-4.c:32 i == 486
FAIL: gcc.dg/guality/pr58791-4.c -O2 -flto -fno-use-linker-plugin -flto-partition=none line pr58791-4.c:32 i2 == 487
FAIL: gcc.dg/guality/pr58791-4.c -O2 -flto -fuse-linker-plugin -fno-fat-lto-objects line pr58791-4.c:32 i == 486
FAIL: gcc.dg/guality/pr58791-4.c -O2 -flto -fuse-linker-plugin -fno-fat-lto-objects line pr58791-4.c:32 i2 == 487
FAIL: gcc.dg/guality/pr68860-1.c -O2 -flto -fno-use-linker-plugin -flto-partition=none line 14 arg1 == 1
FAIL: gcc.dg/guality/pr68860-1.c -O2 -flto -fno-use-linker-plugin -flto-partition=none line 14 arg2 == 2
FAIL: gcc.dg/guality/pr68860-1.c -O2 -flto -fno-use-linker-plugin -flto-partition=none line 14 arg3 == 3
FAIL: gcc.dg/guality/pr68860-1.c -O2 -flto -fno-use-linker-plugin -flto-partition=none line 14 arg4 == 4
FAIL: gcc.dg/guality/pr68860-1.c -O2 -flto -fno-use-linker-plugin -flto-partition=none line 14 arg5 == 5
FAIL: gcc.dg/guality/pr68860-1.c -O2 -flto -fno-use-linker-plugin -flto-partition=none line 14 arg6 == 6
FAIL: gcc.dg/guality/pr68860-1.c -O2 -flto -fno-use-linker-plugin -flto-partition=none line 16 arg1 == 1
FAIL: gcc.dg/guality/pr68860-1.c -O2 -flto -fno-use-linker-plugin -flto-partition=none line 16 arg2 == 2
FAIL: gcc.dg/guality/pr68860-1.c -O2 -flto -fno-use-linker-plugin -flto-partition=none line 16 arg3 == 3
FAIL: gcc.dg/guality/pr68860-1.c -O2 -flto -fno-use-linker-plugin -flto-partition=none line 16 arg4 == 4
FAIL: gcc.dg/guality/pr68860-1.c -O2 -flto -fno-use-linker-plugin -flto-partition=none line 16 arg5 == 5
FAIL: gcc.dg/guality/pr68860-1.c -O2 -flto -fno-use-linker-plugin -flto-partition=none line 16 arg6 == 6
FAIL: gcc.dg/guality/pr68860-1.c -O2 -flto -fuse-linker-plugin -fno-fat-lto-objects line 14 arg1 == 1
FAIL: gcc.dg/guality/pr68860-1.c -O2 -flto -fuse-linker-plugin -fno-fat-lto-objects line 14 arg2 == 2
FAIL: gcc.dg/guality/pr68860-1.c -O2 -flto -fuse-linker-plugin -fno-fat-lto-objects line 14 arg3 == 3
FAIL: gcc.dg/guality/pr68860-1.c -O2 -flto -fuse-linker-plugin -fno-fat-lto-objects line 14 arg4 == 4
FAIL: gcc.dg/guality/pr68860-1.c -O2 -flto -fuse-linker-plugin -fno-fat-lto-objects line 14 arg5 == 5
FAIL: gcc.dg/guality/pr68860-1.c -O2 -flto -fuse-linker-plugin -fno-fat-lto-objects line 14 arg6 == 6
FAIL: gcc.dg/guality/pr68860-1.c -O2 -flto -fuse-linker-plugin -fno-fat-lto-objects line 16 arg1 == 1
FAIL: gcc.dg/guality/pr68860-1.c -O2 -flto -fuse-linker-plugin -fno-fat-lto-objects line 16 arg2 == 2
FAIL: gcc.dg/guality/pr68860-1.c -O2 -flto -fuse-linker-plugin -fno-fat-lto-objects line 16 arg3 == 3
FAIL: gcc.dg/guality/pr68860-1.c -O2 -flto -fuse-linker-plugin -fno-fat-lto-objects line 16 arg4 == 4
FAIL: gcc.dg/guality/pr68860-1.c -O2 -flto -fuse-linker-plugin -fno-fat-lto-objects line 16 arg5 == 5
FAIL: gcc.dg/guality/pr68860-1.c -O2 -flto -fuse-linker-plugin -fno-fat-lto-objects line 16 arg6 == 6
FAIL: gcc.dg/guality/vla-1.c -O0 line 17 sizeof (a) == 6
FAIL: gcc.dg/guality/vla-1.c -O0 line 24 sizeof (a) == 17 * sizeof (short)
FAIL: gcc.dg/guality/vla-1.c -O1 line 17 sizeof (a) == 6
FAIL: gcc.dg/guality/vla-1.c -O1 line 24 sizeof (a) == 17 * sizeof (short)
FAIL: gcc.dg/guality/vla-1.c -O2 line 17 sizeof (a) == 6
FAIL: gcc.dg/guality/vla-1.c -O2 line 24 sizeof (a) == 17 * sizeof (short)
FAIL: gcc.dg/guality/vla-1.c -O3 -g line 17 sizeof (a) == 6
FAIL: gcc.dg/guality/vla-1.c -O3 -g line 24 sizeof (a) == 17 * sizeof (short)
FAIL: gcc.dg/guality/vla-1.c -Os line 17 sizeof (a) == 6
FAIL: gcc.dg/guality/vla-1.c -Os line 24 sizeof (a) == 17 * sizeof (short)
FAIL: gcc.dg/guality/vla-1.c -O2 -flto -fno-use-linker-plugin -flto-partition=none line 17 sizeof (a) == 6
FAIL: gcc.dg/guality/vla-1.c -O2 -flto -fno-use-linker-plugin -flto-partition=none line 24 sizeof (a) == 17 * sizeof (short)
FAIL: gcc.dg/guality/vla-1.c -O2 -flto -fuse-linker-plugin -fno-fat-lto-objects line 17 sizeof (a) == 6
FAIL: gcc.dg/guality/vla-1.c -O2 -flto -fuse-linker-plugin -fno-fat-lto-objects line 24 sizeof (a) == 17 * sizeof (short)
FAIL: gcc.dg/guality/vla-2.c -O0 line 16 sizeof (a) == 5 * sizeof (int)
FAIL: gcc.dg/guality/vla-2.c -O0 line 25 sizeof (a) == 6 * sizeof (int)
FAIL: gcc.dg/guality/vla-2.c -O1 line 16 sizeof (a) == 5 * sizeof (int)
FAIL: gcc.dg/guality/vla-2.c -O1 line 25 sizeof (a) == 6 * sizeof (int)
FAIL: gcc.dg/guality/vla-2.c -O2 line 16 sizeof (a) == 5 * sizeof (int)
FAIL: gcc.dg/guality/vla-2.c -O2 line 25 sizeof (a) == 6 * sizeof (int)
FAIL: gcc.dg/guality/vla-2.c -O3 -g line 16 sizeof (a) == 5 * sizeof (int)
FAIL: gcc.dg/guality/vla-2.c -O3 -g line 25 sizeof (a) == 6 * sizeof (int)
FAIL: gcc.dg/guality/vla-2.c -Os line 16 sizeof (a) == 5 * sizeof (int)
FAIL: gcc.dg/guality/vla-2.c -Os line 25 sizeof (a) == 6 * sizeof (int)
FAIL: gcc.dg/guality/vla-2.c -O2 -flto -fno-use-linker-plugin -flto-partition=none line 16 sizeof (a) == 5 * sizeof (int)
FAIL: gcc.dg/guality/vla-2.c -O2 -flto -fno-use-linker-plugin -flto-partition=none line 25 sizeof (a) == 6 * sizeof (int)
FAIL: gcc.dg/guality/vla-2.c -O2 -flto -fuse-linker-plugin -fno-fat-lto-objects line 16 sizeof (a) == 5 * sizeof (int)
FAIL: gcc.dg/guality/vla-2.c -O2 -flto -fuse-linker-plugin -fno-fat-lto-objects line 25 sizeof (a) == 6 * sizeof (int)
WARNING: program timed out.
WARNING: program timed out.
WARNING: program timed out.
FAIL: gcc.dg/pch/largefile.c -O0 -g assembly comparison
FAIL: gcc.dg/pch/largefile.c -O0 assembly comparison
FAIL: gcc.dg/pch/largefile.c -O1 assembly comparison
FAIL: gcc.dg/pch/largefile.c -O2 assembly comparison
FAIL: gcc.dg/pch/largefile.c -O3 -g assembly comparison
FAIL: gcc.dg/pch/largefile.c -Os assembly comparison
FAIL: largefile.c -O0 -g -I. -Dwith_PCH (test for excess errors)
FAIL: largefile.c -O0 -I. -Dwith_PCH (test for excess errors)
FAIL: largefile.c -O1 -I. -Dwith_PCH (test for excess errors)
FAIL: largefile.c -O2 -I. -Dwith_PCH (test for excess errors)
FAIL: largefile.c -O3 -g -I. -Dwith_PCH (test for excess errors)
FAIL: largefile.c -Os -I. -Dwith_PCH (test for excess errors)
FAIL: gcc.dg/torture/builtin-convert-1.c -O1 (test for excess errors)
FAIL: gcc.dg/torture/builtin-convert-1.c -O2 (test for excess errors)
FAIL: gcc.dg/torture/builtin-convert-1.c -O3 -g (test for excess errors)
FAIL: gcc.dg/torture/builtin-convert-1.c -Os (test for excess errors)
FAIL: gcc.dg/torture/builtin-convert-1.c -O2 -flto -fno-use-linker-plugin -flto-partition=none (test for excess errors)
FAIL: gcc.dg/torture/builtin-convert-2.c -O1 (test for excess errors)
FAIL: gcc.dg/torture/builtin-convert-2.c -O2 (test for excess errors)
FAIL: gcc.dg/torture/builtin-convert-2.c -O3 -g (test for excess errors)
FAIL: gcc.dg/torture/builtin-convert-2.c -Os (test for excess errors)
FAIL: gcc.dg/torture/builtin-convert-2.c -O2 -flto -fno-use-linker-plugin -flto-partition=none (test for excess errors)
FAIL: gcc.dg/torture/pr68264.c -O0 execution test
FAIL: gcc.dg/torture/pr68264.c -O1 execution test
FAIL: gcc.dg/torture/pr68264.c -O2 execution test
FAIL: gcc.dg/torture/pr68264.c -O3 -g execution test
FAIL: gcc.dg/torture/pr68264.c -Os execution test
FAIL: gcc.dg/torture/pr68264.c -O2 -flto -fno-use-linker-plugin -flto-partition=none execution test
FAIL: gcc.dg/torture/pr68264.c -O2 -flto -fuse-linker-plugin -fno-fat-lto-objects execution test
FAIL: gcc.dg/tree-prof/pr66295.c execution, -fprofile-generate -D_PROFILE_GENERATE
UNRESOLVED: gcc.dg/tree-prof/pr66295.c compilation, -fprofile-use -D_PROFILE_USE
UNRESOLVED: gcc.dg/tree-prof/pr66295.c execution, -fprofile-use -D_PROFILE_USE
FAIL: gcc.dg/tree-ssa/copy-sign-1.c scan-tree-dump-times gimple "copysign" 8
FAIL: gcc.dg/tree-ssa/minmax-2.c scan-tree-dump optimized "__builtin_fmin"
FAIL: gcc.dg/tree-ssa/mult-abs-2.c scan-tree-dump-times gimple "ABS" 8
FAIL: gcc.dg/tree-ssa/pr71078-1-double.c scan-tree-dump forwprop1 "__builtin_copysign"
FAIL: gcc.dg/tree-ssa/pr71078-1-long-double.c scan-tree-dump forwprop1 "__builtin_copysignl"
FAIL: gcc.dg/tree-ssa/pr71078-1.c scan-tree-dump forwprop1 "__builtin_copysignf"
FAIL: gcc.dg/tree-ssa/pr71078-2-double.c scan-tree-dump forwprop1 "__builtin_copysign"
FAIL: gcc.dg/tree-ssa/pr71078-2-long-double.c scan-tree-dump forwprop1 "__builtin_copysignl"
FAIL: gcc.dg/tree-ssa/pr71078-2.c scan-tree-dump forwprop1 "__builtin_copysignf"
FAIL: gcc.dg/tree-ssa/pr71078-3.c scan-tree-dump forwprop1 "__builtin_copysign"
FAIL: gcc.target/i386/avx512f-rint-sfix-vec-2.c scan-assembler-times vcvtpd2dq[^\\n]+ymm[0-9](?:\\n|[ \\\\t]+#) 2
FAIL: gcc.target/i386/avx512f-rint-sfix-vec-2.c scan-assembler-times vinserti64x4[^\\n]+zmm[0-9](?:\\n|[ \\\\t]+#) 1
FAIL: gcc.target/i386/avx512f-rintf-sfix-vec-2.c scan-assembler-times vcvtps2dq[^\\n]+zmm[0-9](?:\\n|[ \\\\t]+#) 1
FAIL: gcc.target/i386/pr61403.c scan-assembler rsqrtps
FAIL: gcc.target/i386/pr80732.c execution test
FAIL: gcc.target/i386/pr80969-3.c (test for excess errors)
FAIL: gcc.target/x86_64/abi/ms-sysv/ms-sysv.c -O0 -g3 "-DGEN_ARGS=-p1\\ --omit-rbp-clobbers" (test for excess errors)
UNRESOLVED: gcc.target/x86_64/abi/ms-sysv/ms-sysv.c -O0 -g3 "-DGEN_ARGS=-p1\\ --omit-rbp-clobbers" compilation failed to produce executable
FAIL: gcc.target/x86_64/abi/ms-sysv/ms-sysv.c -mcall-ms2sysv-xlogues -O0 -g3 "-DGEN_ARGS=-p1\\ --omit-rbp-clobbers" (test for excess errors)
UNRESOLVED: gcc.target/x86_64/abi/ms-sysv/ms-sysv.c -mcall-ms2sysv-xlogues -O0 -g3 "-DGEN_ARGS=-p1\\ --omit-rbp-clobbers" compilation failed to produce executable
FAIL: gcc.target/x86_64/abi/ms-sysv/ms-sysv.c -O2 "-DGEN_ARGS=-p5" (test for excess errors)
UNRESOLVED: gcc.target/x86_64/abi/ms-sysv/ms-sysv.c -O2 "-DGEN_ARGS=-p5" compilation failed to produce executable
FAIL: gcc.target/x86_64/abi/ms-sysv/ms-sysv.c -mcall-ms2sysv-xlogues -O2 "-DGEN_ARGS=-p5" (test for excess errors)
UNRESOLVED: gcc.target/x86_64/abi/ms-sysv/ms-sysv.c -mcall-ms2sysv-xlogues -O2 "-DGEN_ARGS=-p5" compilation failed to produce executable
FAIL: gcc.target/x86_64/abi/ms-sysv/ms-sysv.c -O0 -g3 "-DGEN_ARGS=-p5\\ --omit-rbp-clobbers" (test for excess errors)
UNRESOLVED: gcc.target/x86_64/abi/ms-sysv/ms-sysv.c -O0 -g3 "-DGEN_ARGS=-p5\\ --omit-rbp-clobbers" compilation failed to produce executable
FAIL: gcc.target/x86_64/abi/ms-sysv/ms-sysv.c -mcall-ms2sysv-xlogues -O0 -g3 "-DGEN_ARGS=-p5\\ --omit-rbp-clobbers" (test for excess errors)
UNRESOLVED: gcc.target/x86_64/abi/ms-sysv/ms-sysv.c -mcall-ms2sysv-xlogues -O0 -g3 "-DGEN_ARGS=-p5\\ --omit-rbp-clobbers" compilation failed to produce executable
FAIL: gcc.target/x86_64/abi/ms-sysv/ms-sysv.c -O2 "-DGEN_ARGS=-p0" (test for excess errors)
UNRESOLVED: gcc.target/x86_64/abi/ms-sysv/ms-sysv.c -O2 "-DGEN_ARGS=-p0" compilation failed to produce executable
FAIL: gcc.target/x86_64/abi/ms-sysv/ms-sysv.c -mcall-ms2sysv-xlogues -O2 "-DGEN_ARGS=-p0" (test for excess errors)
UNRESOLVED: gcc.target/x86_64/abi/ms-sysv/ms-sysv.c -mcall-ms2sysv-xlogues -O2 "-DGEN_ARGS=-p0" compilation failed to produce executable
FAIL: gcc.target/x86_64/abi/ms-sysv/ms-sysv.c -O0 -g3 "-DGEN_ARGS=-p0\\ --omit-rbp-clobbers" (test for excess errors)
UNRESOLVED: gcc.target/x86_64/abi/ms-sysv/ms-sysv.c -O0 -g3 "-DGEN_ARGS=-p0\\ --omit-rbp-clobbers" compilation failed to produce executable
FAIL: gcc.target/x86_64/abi/ms-sysv/ms-sysv.c -mcall-ms2sysv-xlogues -O0 -g3 "-DGEN_ARGS=-p0\\ --omit-rbp-clobbers" (test for excess errors)
UNRESOLVED: gcc.target/x86_64/abi/ms-sysv/ms-sysv.c -mcall-ms2sysv-xlogues -O0 -g3 "-DGEN_ARGS=-p0\\ --omit-rbp-clobbers" compilation failed to produce executable
FAIL: gcc.target/x86_64/abi/ms-sysv/ms-sysv.c -O2 "-DGEN_ARGS=-p1" (test for excess errors)
UNRESOLVED: gcc.target/x86_64/abi/ms-sysv/ms-sysv.c -O2 "-DGEN_ARGS=-p1" compilation failed to produce executable
FAIL: gcc.target/x86_64/abi/ms-sysv/ms-sysv.c -mcall-ms2sysv-xlogues -O2 "-DGEN_ARGS=-p1" (test for excess errors)
UNRESOLVED: gcc.target/x86_64/abi/ms-sysv/ms-sysv.c -mcall-ms2sysv-xlogues -O2 "-DGEN_ARGS=-p1" compilation failed to produce executable
=== gcc Summary ===
# of expected passes 127114
# of unexpected failures 161
# of unexpected successes 17
# of expected failures 441
# of unresolved testcases 14
# of unsupported tests 2197
/H2/scratch/gcc_trunk/gcc/xgcc version 8.0.1 20180418 (experimental) [trunk revision 259457] (GCC)
=== gfortran tests ===
Running target unix
=== gfortran Summary ===
# of expected passes 47269
# of expected failures 93
# of unsupported tests 91
/H2/scratch/gcc_trunk/gcc/gfortran version 8.0.1 20180418 (experimental) [trunk revision 259457] (GCC)
=== objc tests ===
Running target unix
=== objc Summary ===
# of expected passes 2797
# of expected failures 6
# of unsupported tests 68
/H2/scratch/gcc_trunk/gcc/xgcc version 8.0.1 20180418 (experimental) [trunk revision 259457] (GCC)
=== libatomic tests ===
Running target unix
=== libatomic Summary ===
# of expected passes 54
=== libgomp tests ===
Running target unix
FAIL: libgomp.c/examples-4/target-3.c execution test
FAIL: libgomp.oacc-c/../libgomp.oacc-c-c++-common/loop-dim-default.c -DACC_DEVICE_TYPE_host=1 -DACC_MEM_SHARED=1 -O2 (test for excess errors)
UNRESOLVED: libgomp.oacc-c/../libgomp.oacc-c-c++-common/loop-dim-default.c -DACC_DEVICE_TYPE_host=1 -DACC_MEM_SHARED=1 -O2 compilation failed to produce executable
FAIL: libgomp.oacc-c++/../libgomp.oacc-c-c++-common/loop-dim-default.c -DACC_DEVICE_TYPE_host=1 -DACC_MEM_SHARED=1 -O2 (test for excess errors)
UNRESOLVED: libgomp.oacc-c++/../libgomp.oacc-c-c++-common/loop-dim-default.c -DACC_DEVICE_TYPE_host=1 -DACC_MEM_SHARED=1 -O2 compilation failed to produce executable
=== libgomp Summary ===
# of expected passes 5465
# of unexpected failures 3
# of expected failures 1
# of unresolved testcases 2
# of unsupported tests 292
=== libitm tests ===
Running target unix
=== libitm Summary ===
# of expected passes 42
# of expected failures 3
# of unsupported tests 1
=== libstdc++ tests ===
Running target unix
FAIL: 22_locale/codecvt/max_length/wchar_t/4.cc execution test
FAIL: 22_locale/ctype/is/char/wrapped_env.cc execution test
FAIL: 22_locale/ctype/is/char/wrapped_locale.cc execution test
FAIL: 22_locale/ctype/is/wchar_t/wrapped_env.cc execution test
FAIL: 22_locale/ctype/is/wchar_t/wrapped_locale.cc execution test
FAIL: 22_locale/locale/cons/12658_thread-1.cc execution test
FAIL: 22_locale/locale/cons/12658_thread-2.cc execution test
FAIL: 22_locale/locale/cons/29217.cc execution test
FAIL: 22_locale/locale/global_locale_objects/14071.cc execution test
FAIL: 22_locale/messages/13631.cc execution test
FAIL: 22_locale/messages/members/char/1.cc execution test
FAIL: 22_locale/messages/members/char/2.cc execution test
FAIL: 22_locale/messages/members/char/wrapped_env.cc execution test
FAIL: 22_locale/messages/members/char/wrapped_locale.cc execution test
FAIL: 22_locale/messages_byname/named_equivalence.cc execution test
FAIL: 22_locale/money_get/get/char/16.cc execution test
FAIL: 22_locale/money_get/get/char/18.cc execution test
FAIL: 22_locale/money_get/get/char/2.cc execution test
FAIL: 22_locale/money_get/get/char/4.cc execution test
FAIL: 22_locale/money_get/get/char/wrapped_env.cc execution test
FAIL: 22_locale/money_get/get/char/wrapped_locale.cc execution test
FAIL: 22_locale/money_get/get/wchar_t/1.cc execution test
FAIL: 22_locale/money_get/get/wchar_t/16.cc execution test
FAIL: 22_locale/money_get/get/wchar_t/18.cc execution test
FAIL: 22_locale/money_get/get/wchar_t/2.cc execution test
FAIL: 22_locale/money_get/get/wchar_t/4.cc execution test
FAIL: 22_locale/money_get/get/wchar_t/wrapped_env.cc execution test
FAIL: 22_locale/money_get/get/wchar_t/wrapped_locale.cc execution test
FAIL: 22_locale/money_put/put/char/2.cc execution test
FAIL: 22_locale/money_put/put/char/9780-3.cc execution test
FAIL: 22_locale/money_put/put/char/wrapped_env.cc execution test
FAIL: 22_locale/money_put/put/char/wrapped_locale.cc execution test
FAIL: 22_locale/money_put/put/wchar_t/1.cc execution test
FAIL: 22_locale/money_put/put/wchar_t/2.cc execution test
FAIL: 22_locale/money_put/put/wchar_t/3.cc execution test
FAIL: 22_locale/money_put/put/wchar_t/wrapped_env.cc execution test
FAIL: 22_locale/money_put/put/wchar_t/wrapped_locale.cc execution test
FAIL: 22_locale/numpunct/members/char/3.cc execution test
FAIL: 22_locale/time_get/get_date/char/12750.cc execution test
FAIL: 22_locale/time_get/get_date/char/2.cc execution test
FAIL: 22_locale/time_get/get_date/char/wrapped_env.cc execution test
FAIL: 22_locale/time_get/get_date/char/wrapped_locale.cc execution test
FAIL: 22_locale/time_get/get_date/wchar_t/12750.cc execution test
FAIL: 22_locale/time_get/get_date/wchar_t/2.cc execution test
FAIL: 22_locale/time_get/get_date/wchar_t/wrapped_env.cc execution test
FAIL: 22_locale/time_get/get_date/wchar_t/wrapped_locale.cc execution test
FAIL: 22_locale/time_get/get_time/char/2.cc execution test
FAIL: 22_locale/time_get/get_time/char/wrapped_env.cc execution test
FAIL: 22_locale/time_get/get_time/char/wrapped_locale.cc execution test
FAIL: 22_locale/time_get/get_time/wchar_t/2.cc execution test
FAIL: 22_locale/time_get/get_time/wchar_t/wrapped_env.cc execution test
FAIL: 22_locale/time_get/get_time/wchar_t/wrapped_locale.cc execution test
FAIL: 22_locale/time_get/get_weekday/char/38081-1.cc execution test
FAIL: 22_locale/time_get/get_weekday/char/38081-2.cc execution test
FAIL: 22_locale/time_put/put/char/2.cc execution test
FAIL: 22_locale/time_put/put/char/3.cc execution test
FAIL: 22_locale/time_put/put/char/4.cc execution test
FAIL: 22_locale/time_put/put/char/wrapped_env.cc execution test
FAIL: 22_locale/time_put/put/char/wrapped_locale.cc execution test
FAIL: 22_locale/time_put/put/wchar_t/2.cc execution test
FAIL: 22_locale/time_put/put/wchar_t/3.cc execution test
FAIL: 22_locale/time_put/put/wchar_t/4.cc execution test
FAIL: 22_locale/time_put/put/wchar_t/wrapped_env.cc execution test
FAIL: 22_locale/time_put/put/wchar_t/wrapped_locale.cc execution test
XPASS: 23_containers/vector/capacity/resize/1.cc execution test
FAIL: 27_io/basic_filebuf/overflow/wchar_t/11305-1.cc execution test
FAIL: 27_io/basic_filebuf/overflow/wchar_t/11305-2.cc execution test
FAIL: 27_io/basic_filebuf/overflow/wchar_t/11305-3.cc execution test
FAIL: 27_io/basic_filebuf/overflow/wchar_t/11305-4.cc execution test
FAIL: 27_io/filesystem/operations/last_write_time.cc execution test
FAIL: 27_io/headers/cstdio/types_std.cc (test for excess errors)
FAIL: 27_io/manipulators/extended/get_time/char/2.cc execution test
FAIL: 28_regex/algorithms/regex_match/extended/wstring_locale.cc execution test
FAIL: 28_regex/iterators/regex_token_iterator/wchar_t/wstring_02.cc execution test
FAIL: 30_threads/condition_variable/54185.cc execution test
FAIL: 30_threads/thread/native_handle/typesizes.cc (test for excess errors)
UNRESOLVED: 30_threads/thread/native_handle/typesizes.cc compilation failed to produce executable
FAIL: experimental/filesystem/operations/last_write_time.cc execution test
=== libstdc++ Summary ===
# of expected passes 11863
# of unexpected failures 76
# of unexpected successes 1
# of expected failures 73
# of unresolved testcases 1
# of unsupported tests 315
Compiler version: 8.0.1 20180418 (experimental) [trunk revision 259457] (GCC)
Platform: x86_64-unknown-dragonfly5.3
configure flags: --prefix=/H2/scratch/gcc_180418 --enable-gnu-indirect-function --enable-locale=dragonfly --enable-languages=c,c++,fortran,lto,objc --no-create --no-recursion