This is the mail archive of the
gcc-testresults@gcc.gnu.org
mailing list for the GCC project.
Results for 8.0.1 20180413 (experimental) [trunk revision 259366] (GCC) testsuite on sparc-sun-solaris2.11
- From: Rainer Orth <ro at CeBiTec dot Uni-Bielefeld dot DE>
- To: gcc-testresults at gcc dot gnu dot org
- Date: Sat, 14 Apr 2018 09:16:40 +0200 (MEST)
- Subject: Results for 8.0.1 20180413 (experimental) [trunk revision 259366] (GCC) testsuite on sparc-sun-solaris2.11
LAST_UPDATED: Fri Apr 13 08:50:49 UTC 2018 (revision 259366)
=== acats tests ===
=== acats Summary ===
# of expected passes 2320
# of unexpected failures 0
Native configuration is sparc-sun-solaris2.11
=== g++ tests ===
Running target unix
FAIL: g++.dg/init/cleanup3.C -std=c++11 scan-assembler-not _tcf
FAIL: g++.dg/init/cleanup3.C -std=c++14 scan-assembler-not _tcf
FAIL: g++.dg/init/cleanup3.C -std=c++98 scan-assembler-not _tcf
FAIL: g++.dg/lto/pr83121 (test for LTO warnings, pr83121_0.C line 8)
FAIL: g++.dg/lto/pr83121 (test for LTO warnings, pr83121_1.C line 2)
FAIL: g++.dg/lto/pr83121 (test for LTO warnings, pr83121_1.C line 3)
FAIL: g++.dg/lto/pr83121 cp_lto_pr83121_0.o-cp_lto_pr83121_1.o link, -O0 -flto
FAIL: g++.dg/tls/thread_local-order1.C -std=c++11 execution test
FAIL: g++.dg/tls/thread_local-order1.C -std=c++14 execution test
FAIL: g++.dg/tls/thread_local3g.C -std=gnu++11 execution test
FAIL: g++.dg/tls/thread_local3g.C -std=gnu++14 execution test
FAIL: g++.dg/tls/thread_local4g.C -std=gnu++11 execution test
FAIL: g++.dg/tls/thread_local4g.C -std=gnu++14 execution test
FAIL: g++.dg/tls/thread_local5g.C -std=gnu++11 execution test
FAIL: g++.dg/tls/thread_local5g.C -std=gnu++14 execution test
FAIL: g++.dg/tls/thread_local6g.C -std=c++11 execution test
FAIL: g++.dg/tls/thread_local6g.C -std=c++14 execution test
FAIL: g++.old-deja/g++.other/init5.C -std=c++11 execution test
FAIL: g++.old-deja/g++.other/init5.C -std=c++14 execution test
FAIL: g++.old-deja/g++.other/init5.C -std=c++98 execution test
=== g++ Summary for unix ===
# of expected passes 112857
# of unexpected failures 20
# of expected failures 507
# of unsupported tests 5157
Running target unix/-m64
FAIL: g++.dg/init/cleanup3.C -std=c++11 scan-assembler-not _tcf
FAIL: g++.dg/init/cleanup3.C -std=c++14 scan-assembler-not _tcf
FAIL: g++.dg/init/cleanup3.C -std=c++98 scan-assembler-not _tcf
FAIL: g++.dg/lto/pr83121 (test for LTO warnings, pr83121_0.C line 8)
FAIL: g++.dg/lto/pr83121 (test for LTO warnings, pr83121_1.C line 2)
FAIL: g++.dg/lto/pr83121 (test for LTO warnings, pr83121_1.C line 3)
FAIL: g++.dg/lto/pr83121 cp_lto_pr83121_0.o-cp_lto_pr83121_1.o link, -O0 -flto
FAIL: g++.dg/tls/thread_local-order1.C -std=c++11 execution test
FAIL: g++.dg/tls/thread_local-order1.C -std=c++14 execution test
FAIL: g++.dg/tls/thread_local3g.C -std=gnu++11 execution test
FAIL: g++.dg/tls/thread_local3g.C -std=gnu++14 execution test
FAIL: g++.dg/tls/thread_local4g.C -std=gnu++11 execution test
FAIL: g++.dg/tls/thread_local4g.C -std=gnu++14 execution test
FAIL: g++.dg/tls/thread_local5g.C -std=gnu++11 execution test
FAIL: g++.dg/tls/thread_local5g.C -std=gnu++14 execution test
FAIL: g++.dg/tls/thread_local6g.C -std=c++11 execution test
FAIL: g++.dg/tls/thread_local6g.C -std=c++14 execution test
FAIL: g++.old-deja/g++.other/init5.C -std=c++11 execution test
FAIL: g++.old-deja/g++.other/init5.C -std=c++14 execution test
FAIL: g++.old-deja/g++.other/init5.C -std=c++98 execution test
=== g++ Summary for unix/-m64 ===
# of expected passes 114754
# of unexpected failures 20
# of expected failures 510
# of unsupported tests 5126
=== g++ Summary ===
# of expected passes 227611
# of unexpected failures 40
# of expected failures 1017
# of unsupported tests 10283
/var/gcc/regression/trunk/11-gcc-gas-gld/build/gcc/xg++ version 8.0.1 20180413 (experimental) [trunk revision 259366] (GCC)
=== gcc tests ===
Running target unix
FAIL: gcc.dg/simulate-thread/atomic-other-int.c -O2 -g thread simulation test
FAIL: gcc.dg/simulate-thread/atomic-other-int.c -O3 -g thread simulation test
FAIL: gcc.dg/simulate-thread/speculative-store-4.c -O0 -g thread simulation test
FAIL: gcc.dg/simulate-thread/speculative-store-4.c -O2 -g thread simulation test
FAIL: gcc.dg/simulate-thread/speculative-store-4.c -O3 -g thread simulation test
FAIL: gcc.dg/simulate-thread/speculative-store.c -O0 -g thread simulation test
FAIL: gcc.dg/torture/pr60092.c -O0 execution test
FAIL: gcc.dg/vect/no-section-anchors-vect-69.c scan-tree-dump-times vect "vectorized 4 loops" 1
FAIL: gcc.dg/vect/pr79347.c -flto -ffat-lto-objects scan-tree-dump-not vect "Invalid sum of "
FAIL: gcc.dg/vect/pr79347.c scan-tree-dump-not vect "Invalid sum of "
=== gcc Summary for unix ===
# of expected passes 102099
# of unexpected failures 10
# of expected failures 473
# of unsupported tests 2758
Running target unix/-m64
FAIL: gcc.dg/torture/pr60092.c -O0 execution test
FAIL: gcc.dg/vect/no-section-anchors-vect-69.c scan-tree-dump-times vect "vectorized 4 loops" 1
FAIL: gcc.dg/vect/pr79347.c -flto -ffat-lto-objects scan-tree-dump-not vect "Invalid sum of "
FAIL: gcc.dg/vect/pr79347.c scan-tree-dump-not vect "Invalid sum of "
=== gcc Summary for unix/-m64 ===
# of expected passes 103197
# of unexpected failures 4
# of expected failures 463
# of unsupported tests 2525
=== gcc Summary ===
# of expected passes 205296
# of unexpected failures 14
# of expected failures 936
# of unsupported tests 5283
/var/gcc/regression/trunk/11-gcc-gas-gld/build/gcc/xgcc version 8.0.1 20180413 (experimental) [trunk revision 259366] (GCC)
=== gfortran tests ===
Running target unix
FAIL: gfortran.dg/elemental_subroutine_3.f90 -O1 (test for excess errors)
FAIL: gfortran.dg/elemental_subroutine_3.f90 -O2 (test for excess errors)
FAIL: gfortran.dg/elemental_subroutine_3.f90 -O3 -fomit-frame-pointer -funroll-loops -fpeel-loops -ftracer -finline-functions (test for excess errors)
FAIL: gfortran.dg/elemental_subroutine_3.f90 -O3 -g (test for excess errors)
FAIL: gfortran.dg/elemental_subroutine_3.f90 -Os (test for excess errors)
=== gfortran Summary for unix ===
# of expected passes 46854
# of unexpected failures 5
# of expected failures 92
# of unsupported tests 262
Running target unix/-m64
FAIL: gfortran.dg/elemental_subroutine_3.f90 -O1 (test for excess errors)
FAIL: gfortran.dg/elemental_subroutine_3.f90 -O2 (test for excess errors)
FAIL: gfortran.dg/elemental_subroutine_3.f90 -O3 -fomit-frame-pointer -funroll-loops -fpeel-loops -ftracer -finline-functions (test for excess errors)
FAIL: gfortran.dg/elemental_subroutine_3.f90 -O3 -g (test for excess errors)
FAIL: gfortran.dg/elemental_subroutine_3.f90 -Os (test for excess errors)
=== gfortran Summary for unix/-m64 ===
# of expected passes 47101
# of unexpected failures 5
# of expected failures 92
# of unsupported tests 141
=== gfortran Summary ===
# of expected passes 93955
# of unexpected failures 10
# of expected failures 184
# of unsupported tests 403
/var/gcc/regression/trunk/11-gcc-gas-gld/build/gcc/gfortran version 8.0.1 20180413 (experimental) [trunk revision 259366] (GCC)
=== gnat tests ===
Running target unix
=== gnat Summary for unix ===
# of expected passes 2662
# of expected failures 23
# of unsupported tests 23
Running target unix/-m64
=== gnat Summary for unix/-m64 ===
# of expected passes 2662
# of expected failures 23
# of unsupported tests 23
=== gnat Summary ===
# of expected passes 5324
# of expected failures 46
# of unsupported tests 46
/var/gcc/regression/trunk/11-gcc-gas-gld/build/gcc/gnatmake version 8.0.1 20180413 (experimental) [trunk revision 259366]
=== go tests ===
Running target unix
FAIL: ./index0-out.go execution, -O0 -g -fno-var-tracking-assignments
FAIL: go.test/test/fixedbugs/issue4562.go execution, -O2 -g
FAIL: go.test/test/nil.go execution, -O2 -g
=== go Summary for unix ===
# of expected passes 7391
# of unexpected failures 3
# of expected failures 1
# of untested testcases 11
# of unsupported tests 3
Running target unix/-m64
FAIL: ./index0-out.go execution, -O0 -g -fno-var-tracking-assignments
=== go Summary for unix/-m64 ===
# of expected passes 7273
# of unexpected failures 1
# of expected failures 1
# of untested testcases 11
# of unsupported tests 3
=== go Summary ===
# of expected passes 14664
# of unexpected failures 4
# of expected failures 2
# of untested testcases 22
# of unsupported tests 6
/var/gcc/regression/trunk/11-gcc-gas-gld/build/gcc/gccgo version 8.0.1 20180413 (experimental) [trunk revision 259366] (GCC)
=== obj-c++ tests ===
Running target unix
=== obj-c++ Summary for unix ===
# of expected passes 1464
# of expected failures 2
# of unsupported tests 77
Running target unix/-m64
=== obj-c++ Summary for unix/-m64 ===
# of expected passes 1456
# of expected failures 10
# of unsupported tests 77
=== obj-c++ Summary ===
# of expected passes 2920
# of expected failures 12
# of unsupported tests 154
/var/gcc/regression/trunk/11-gcc-gas-gld/build/gcc/xg++ version 8.0.1 20180413 (experimental) [trunk revision 259366] (GCC)
=== objc tests ===
Running target unix
=== objc Summary for unix ===
# of expected passes 2803
# of unsupported tests 68
Running target unix/-m64
=== objc Summary for unix/-m64 ===
# of expected passes 2803
# of unsupported tests 68
=== objc Summary ===
# of expected passes 5606
# of unsupported tests 136
/var/gcc/regression/trunk/11-gcc-gas-gld/build/gcc/xgcc version 8.0.1 20180413 (experimental) [trunk revision 259366] (GCC)
=== gotools tests ===
FAIL: TestIssue12096
FAIL: go test cmd/go
FAIL: TestBreakpoint
FAIL: TestCatchPanic
FAIL: TestCgoCCodeSIGPROF
FAIL: TestCgoCallbackGC
FAIL: TestCgoCheckBytes
FAIL: TestCgoCrashHandler
FAIL: TestCgoExecSignalMask
FAIL: TestCgoExternalThreadPanic
FAIL: TestCgoExternalThreadSIGPROF
FAIL: TestCgoExternalThreadSignal
FAIL: TestCgoLockOSThreadExit
FAIL: TestCgoNumGoroutine
FAIL: TestCgoPanicDeadlock
FAIL: TestCgoSignalDeadlock
FAIL: TestCgoTraceback
FAIL: TestCgoTracebackSigpanic
FAIL: TestEnsureDropM
FAIL: TestGccgoCrashTraceback
FAIL: TestGccgoCrashTracebackNodebug
FAIL: TestPanicInlined
FAIL: TestSelectStackAdjust
FAIL: TestSigStackSwapping
FAIL: go test runtime
FAIL: go test misc/cgo/test
FAIL: TestCompileWithoutShared
FAIL: TestEarlySignalHandler
FAIL: TestInstall
FAIL: TestOsSignal
FAIL: TestPIE
FAIL: TestSIGPROF
FAIL: TestSigaltstack
FAIL: TestSignalForwarding
FAIL: TestSignalForwardingExternal
FAIL: go test misc/cgo/testcarchive
=== gotools Summary ===
# of expected passes 223
# of unexpected failures 36
# of untested testcases 157
=== libatomic tests ===
Running target unix
=== libatomic Summary for unix ===
# of expected passes 44
# of unsupported tests 5
Running target unix/-m64
=== libatomic Summary for unix/-m64 ===
# of expected passes 54
=== libatomic Summary ===
# of expected passes 98
# of unsupported tests 5
=== libffi tests ===
Running target unix
=== libffi Summary for unix ===
# of expected passes 2214
Running target unix/-m64
=== libffi Summary for unix/-m64 ===
# of expected passes 2214
=== libffi Summary ===
# of expected passes 4428
=== libgo tests ===
Running target unix
FAIL: runtime
FAIL: go/build
FAIL: net/http
FAIL: os/signal
FAIL: runtime/pprof
=== libgo Summary for unix ===
# of expected passes 158
# of unexpected failures 5
Running target unix/-m64
FAIL: go/build
FAIL: net/http
=== libgo Summary for unix/-m64 ===
# of expected passes 161
# of unexpected failures 2
=== libgo Summary ===
# of expected passes 319
# of unexpected failures 7
=== libgomp tests ===
Running target unix
=== libgomp Summary for unix ===
# of expected passes 5321
# of expected failures 1
# of unsupported tests 365
Running target unix/-m64
=== libgomp Summary for unix/-m64 ===
# of expected passes 5321
# of expected failures 1
# of unsupported tests 365
=== libgomp Summary ===
# of expected passes 10642
# of expected failures 2
# of unsupported tests 730
=== libitm tests ===
Running target unix
=== libitm Summary for unix ===
# of expected passes 42
# of expected failures 3
# of unsupported tests 1
Running target unix/-m64
=== libitm Summary for unix/-m64 ===
# of expected passes 42
# of expected failures 3
# of unsupported tests 1
=== libitm Summary ===
# of expected passes 84
# of expected failures 6
# of unsupported tests 2
=== libstdc++ tests ===
Running target unix
=== libstdc++ Summary for unix ===
# of expected passes 11295
# of expected failures 71
# of unsupported tests 639
Running target unix/-m64
=== libstdc++ Summary for unix/-m64 ===
# of expected passes 11295
# of expected failures 71
# of unsupported tests 639
=== libstdc++ Summary ===
# of expected passes 22590
# of expected failures 142
# of unsupported tests 1278
Compiler version: 8.0.1 20180413 (experimental) [trunk revision 259366] (GCC)
Platform: sparc-sun-solaris2.11
configure flags: --prefix=/vol/gcc --target=sparc-sun-solaris2.11 --enable-objc-gc --with-target-bdw-gc-include=/vol/gcc/include --with-target-bdw-gc-lib=/vol/gcc/lib,sparcv9=/vol/gcc/lib/sparcv9 --enable-libmudflap --with-as=/vol/gcc/bin/gas-2.30 --with-gnu-as --with-ld=/vol/gcc/bin/gld-2.30 --with-gnu-ld --with-gmp-include=/vol/gcc/include --with-gmp-lib=/vol/gcc/lib --with-mpfr-include=/vol/gcc/include --with-mpfr-lib=/vol/gcc/lib --with-mpc-include=/vol/gcc/include --with-mpc-lib=/vol/gcc/lib --enable-languages=all,ada,obj-c++,go --with-isl-include=/vol/gcc/include --with-isl-lib=/vol/gcc/lib --build=sparc-sun-solaris2.11 --host=sparc-sun-solaris2.11
BOOT_CFLAGS=-g -O2