This is the mail archive of the
gcc-testresults@gcc.gnu.org
mailing list for the GCC project.
Results for 8.0.1 20180412 (experimental) [trunk revision 259351] (GCC) libstdc++ testsuite on x86_64-pc-linux-gnu
- From: jwakely dot gcc at gmail dot com(Jonathan Wakely)
- To: libstdc++ at gcc dot gnu dot org, gcc-testresults at gcc dot gnu dot org
- Date: Fri, 13 Apr 2018 04:07:30 +0100
- Subject: Results for 8.0.1 20180412 (experimental) [trunk revision 259351] (GCC) libstdc++ testsuite on x86_64-pc-linux-gnu
Native configuration is x86_64-pc-linux-gnu
=== libstdc++ tests ===
Running target unix/-std=gnu++11
=== libstdc++ Summary for unix/-std=gnu++11 ===
# of expected passes 12337
# of expected failures 71
# of unsupported tests 579
Running target unix/-std=gnu++11/-D_GLIBCXX_DEBUG
XPASS: 21_strings/basic_string_view/element_access/char/2.cc execution test
XPASS: 21_strings/basic_string_view/element_access/wchar_t/2.cc execution test
FAIL: libstdc++-prettyprinters/80276.cc whatis p1
FAIL: libstdc++-prettyprinters/80276.cc whatis p1
FAIL: libstdc++-prettyprinters/80276.cc whatis p2
FAIL: libstdc++-prettyprinters/80276.cc whatis p2
FAIL: libstdc++-prettyprinters/80276.cc whatis p3
FAIL: libstdc++-prettyprinters/80276.cc whatis p3
FAIL: libstdc++-prettyprinters/80276.cc whatis p4
FAIL: libstdc++-prettyprinters/80276.cc whatis p4
FAIL: libstdc++-prettyprinters/cxx11.cc print efl
FAIL: libstdc++-prettyprinters/cxx11.cc print efl
FAIL: libstdc++-prettyprinters/cxx11.cc print eum
FAIL: libstdc++-prettyprinters/cxx11.cc print eum
FAIL: libstdc++-prettyprinters/cxx11.cc print eumm
FAIL: libstdc++-prettyprinters/cxx11.cc print eumm
FAIL: libstdc++-prettyprinters/cxx11.cc print eums
FAIL: libstdc++-prettyprinters/cxx11.cc print eums
FAIL: libstdc++-prettyprinters/cxx11.cc print eus
FAIL: libstdc++-prettyprinters/cxx11.cc print eus
FAIL: libstdc++-prettyprinters/cxx11.cc print fl
FAIL: libstdc++-prettyprinters/cxx11.cc print fl
FAIL: libstdc++-prettyprinters/cxx11.cc print refl
FAIL: libstdc++-prettyprinters/cxx11.cc print refl
FAIL: libstdc++-prettyprinters/cxx11.cc print reum
FAIL: libstdc++-prettyprinters/cxx11.cc print reum
FAIL: libstdc++-prettyprinters/cxx11.cc print reumm
FAIL: libstdc++-prettyprinters/cxx11.cc print reumm
FAIL: libstdc++-prettyprinters/cxx11.cc print reums
FAIL: libstdc++-prettyprinters/cxx11.cc print reums
FAIL: libstdc++-prettyprinters/cxx11.cc print reus
FAIL: libstdc++-prettyprinters/cxx11.cc print reus
FAIL: libstdc++-prettyprinters/cxx11.cc print rfl
FAIL: libstdc++-prettyprinters/cxx11.cc print rfl
FAIL: libstdc++-prettyprinters/cxx11.cc print ruom
FAIL: libstdc++-prettyprinters/cxx11.cc print ruom
FAIL: libstdc++-prettyprinters/cxx11.cc print ruomm
FAIL: libstdc++-prettyprinters/cxx11.cc print ruomm
FAIL: libstdc++-prettyprinters/cxx11.cc print ruoms
FAIL: libstdc++-prettyprinters/cxx11.cc print ruoms
FAIL: libstdc++-prettyprinters/cxx11.cc print ruos
FAIL: libstdc++-prettyprinters/cxx11.cc print ruos
FAIL: libstdc++-prettyprinters/cxx11.cc print uom
FAIL: libstdc++-prettyprinters/cxx11.cc print uom
FAIL: libstdc++-prettyprinters/cxx11.cc print uomm
FAIL: libstdc++-prettyprinters/cxx11.cc print uomm
FAIL: libstdc++-prettyprinters/cxx11.cc print uoms
FAIL: libstdc++-prettyprinters/cxx11.cc print uoms
FAIL: libstdc++-prettyprinters/cxx11.cc print uos
FAIL: libstdc++-prettyprinters/cxx11.cc print uos
FAIL: libstdc++-prettyprinters/cxx17.cc print am
FAIL: libstdc++-prettyprinters/cxx17.cc print am
FAIL: libstdc++-prettyprinters/cxx17.cc print om
FAIL: libstdc++-prettyprinters/cxx17.cc print om
FAIL: libstdc++-prettyprinters/simple.cc print bs
FAIL: libstdc++-prettyprinters/simple.cc print bs
FAIL: libstdc++-prettyprinters/simple.cc print const_intset
FAIL: libstdc++-prettyprinters/simple.cc print const_intset
FAIL: libstdc++-prettyprinters/simple.cc print deq
FAIL: libstdc++-prettyprinters/simple.cc print deq
FAIL: libstdc++-prettyprinters/simple.cc print lst
FAIL: libstdc++-prettyprinters/simple.cc print lst
FAIL: libstdc++-prettyprinters/simple.cc print mp
FAIL: libstdc++-prettyprinters/simple.cc print mp
FAIL: libstdc++-prettyprinters/simple.cc print sp
FAIL: libstdc++-prettyprinters/simple.cc print sp
FAIL: libstdc++-prettyprinters/simple.cc print v
FAIL: libstdc++-prettyprinters/simple.cc print v
FAIL: libstdc++-prettyprinters/simple11.cc print bs
FAIL: libstdc++-prettyprinters/simple11.cc print bs
FAIL: libstdc++-prettyprinters/simple11.cc print const_intset
FAIL: libstdc++-prettyprinters/simple11.cc print const_intset
FAIL: libstdc++-prettyprinters/simple11.cc print deq
FAIL: libstdc++-prettyprinters/simple11.cc print deq
FAIL: libstdc++-prettyprinters/simple11.cc print lst
FAIL: libstdc++-prettyprinters/simple11.cc print lst
FAIL: libstdc++-prettyprinters/simple11.cc print mp
FAIL: libstdc++-prettyprinters/simple11.cc print mp
FAIL: libstdc++-prettyprinters/simple11.cc print sp
FAIL: libstdc++-prettyprinters/simple11.cc print sp
FAIL: libstdc++-prettyprinters/simple11.cc print v
FAIL: libstdc++-prettyprinters/simple11.cc print v
FAIL: libstdc++-prettyprinters/whatis.cc whatis assoc1_holder
FAIL: libstdc++-prettyprinters/whatis.cc whatis assoc1_holder
FAIL: libstdc++-prettyprinters/whatis.cc whatis assoc2_holder
FAIL: libstdc++-prettyprinters/whatis.cc whatis assoc2_holder
FAIL: libstdc++-prettyprinters/whatis.cc whatis seq1_holder
FAIL: libstdc++-prettyprinters/whatis.cc whatis seq1_holder
FAIL: libstdc++-prettyprinters/whatis.cc whatis seq2_holder
FAIL: libstdc++-prettyprinters/whatis.cc whatis seq2_holder
FAIL: libstdc++-prettyprinters/whatis.cc whatis unord1_holder
FAIL: libstdc++-prettyprinters/whatis.cc whatis unord1_holder
FAIL: libstdc++-prettyprinters/whatis.cc whatis unord2_holder
FAIL: libstdc++-prettyprinters/whatis.cc whatis unord2_holder
FAIL: libstdc++-prettyprinters/whatis2.cc whatis assoc1_holder
FAIL: libstdc++-prettyprinters/whatis2.cc whatis assoc1_holder
FAIL: libstdc++-prettyprinters/whatis2.cc whatis assoc2_holder
FAIL: libstdc++-prettyprinters/whatis2.cc whatis assoc2_holder
FAIL: libstdc++-prettyprinters/whatis2.cc whatis seq1_holder
FAIL: libstdc++-prettyprinters/whatis2.cc whatis seq1_holder
FAIL: libstdc++-prettyprinters/whatis2.cc whatis seq2_holder
FAIL: libstdc++-prettyprinters/whatis2.cc whatis seq2_holder
FAIL: libstdc++-prettyprinters/whatis2.cc whatis unord1_holder
FAIL: libstdc++-prettyprinters/whatis2.cc whatis unord1_holder
FAIL: libstdc++-prettyprinters/whatis2.cc whatis unord2_holder
FAIL: libstdc++-prettyprinters/whatis2.cc whatis unord2_holder
=== libstdc++ Summary for unix/-std=gnu++11/-D_GLIBCXX_DEBUG ===
# of expected passes 12315
# of unexpected failures 104
# of unexpected successes 2
# of expected failures 274
# of unsupported tests 372
Running target unix/-std=gnu++11/-D_GLIBCXX_USE_CXX11_ABI=0
=== libstdc++ Summary for unix/-std=gnu++11/-D_GLIBCXX_USE_CXX11_ABI=0 ===
# of expected passes 12304
# of expected failures 71
# of unsupported tests 597
Running target unix/-std=gnu++11/-m32
=== libstdc++ Summary for unix/-std=gnu++11/-m32 ===
# of expected passes 12345
# of expected failures 71
# of unsupported tests 575
Running target unix/-std=gnu++14
=== libstdc++ Summary for unix/-std=gnu++14 ===
# of expected passes 12943
# of expected failures 71
# of unsupported tests 257
Running target unix/-std=gnu++14/-D_GLIBCXX_DEBUG
XPASS: 21_strings/basic_string_view/element_access/char/2.cc execution test
XPASS: 21_strings/basic_string_view/element_access/wchar_t/2.cc execution test
FAIL: 25_algorithms/max/constexpr.cc (test for excess errors)
FAIL: 25_algorithms/max_element/constexpr.cc (test for excess errors)
FAIL: 25_algorithms/min/constexpr.cc (test for excess errors)
FAIL: 25_algorithms/min_element/constexpr.cc (test for excess errors)
FAIL: 25_algorithms/minmax/constexpr.cc (test for excess errors)
FAIL: 25_algorithms/minmax_element/constexpr.cc (test for excess errors)
XPASS: experimental/string_view/element_access/char/2.cc execution test
XPASS: experimental/string_view/element_access/wchar_t/2.cc execution test
FAIL: libstdc++-prettyprinters/80276.cc whatis p1
FAIL: libstdc++-prettyprinters/80276.cc whatis p1
FAIL: libstdc++-prettyprinters/80276.cc whatis p2
FAIL: libstdc++-prettyprinters/80276.cc whatis p2
FAIL: libstdc++-prettyprinters/80276.cc whatis p3
FAIL: libstdc++-prettyprinters/80276.cc whatis p3
FAIL: libstdc++-prettyprinters/80276.cc whatis p4
FAIL: libstdc++-prettyprinters/80276.cc whatis p4
FAIL: libstdc++-prettyprinters/cxx11.cc print efl
FAIL: libstdc++-prettyprinters/cxx11.cc print efl
FAIL: libstdc++-prettyprinters/cxx11.cc print eum
FAIL: libstdc++-prettyprinters/cxx11.cc print eum
FAIL: libstdc++-prettyprinters/cxx11.cc print eumm
FAIL: libstdc++-prettyprinters/cxx11.cc print eumm
FAIL: libstdc++-prettyprinters/cxx11.cc print eums
FAIL: libstdc++-prettyprinters/cxx11.cc print eums
FAIL: libstdc++-prettyprinters/cxx11.cc print eus
FAIL: libstdc++-prettyprinters/cxx11.cc print eus
FAIL: libstdc++-prettyprinters/cxx11.cc print fl
FAIL: libstdc++-prettyprinters/cxx11.cc print fl
FAIL: libstdc++-prettyprinters/cxx11.cc print refl
FAIL: libstdc++-prettyprinters/cxx11.cc print refl
FAIL: libstdc++-prettyprinters/cxx11.cc print reum
FAIL: libstdc++-prettyprinters/cxx11.cc print reum
FAIL: libstdc++-prettyprinters/cxx11.cc print reumm
FAIL: libstdc++-prettyprinters/cxx11.cc print reumm
FAIL: libstdc++-prettyprinters/cxx11.cc print reums
FAIL: libstdc++-prettyprinters/cxx11.cc print reums
FAIL: libstdc++-prettyprinters/cxx11.cc print reus
FAIL: libstdc++-prettyprinters/cxx11.cc print reus
FAIL: libstdc++-prettyprinters/cxx11.cc print rfl
FAIL: libstdc++-prettyprinters/cxx11.cc print rfl
FAIL: libstdc++-prettyprinters/cxx11.cc print ruom
FAIL: libstdc++-prettyprinters/cxx11.cc print ruom
FAIL: libstdc++-prettyprinters/cxx11.cc print ruomm
FAIL: libstdc++-prettyprinters/cxx11.cc print ruomm
FAIL: libstdc++-prettyprinters/cxx11.cc print ruoms
FAIL: libstdc++-prettyprinters/cxx11.cc print ruoms
FAIL: libstdc++-prettyprinters/cxx11.cc print ruos
FAIL: libstdc++-prettyprinters/cxx11.cc print ruos
FAIL: libstdc++-prettyprinters/cxx11.cc print uom
FAIL: libstdc++-prettyprinters/cxx11.cc print uom
FAIL: libstdc++-prettyprinters/cxx11.cc print uomm
FAIL: libstdc++-prettyprinters/cxx11.cc print uomm
FAIL: libstdc++-prettyprinters/cxx11.cc print uoms
FAIL: libstdc++-prettyprinters/cxx11.cc print uoms
FAIL: libstdc++-prettyprinters/cxx11.cc print uos
FAIL: libstdc++-prettyprinters/cxx11.cc print uos
FAIL: libstdc++-prettyprinters/cxx17.cc print am
FAIL: libstdc++-prettyprinters/cxx17.cc print am
FAIL: libstdc++-prettyprinters/cxx17.cc print om
FAIL: libstdc++-prettyprinters/cxx17.cc print om
FAIL: libstdc++-prettyprinters/libfundts.cc print am
FAIL: libstdc++-prettyprinters/libfundts.cc print am
FAIL: libstdc++-prettyprinters/libfundts.cc print om
FAIL: libstdc++-prettyprinters/libfundts.cc print om
FAIL: libstdc++-prettyprinters/simple.cc print bs
FAIL: libstdc++-prettyprinters/simple.cc print bs
FAIL: libstdc++-prettyprinters/simple.cc print const_intset
FAIL: libstdc++-prettyprinters/simple.cc print const_intset
FAIL: libstdc++-prettyprinters/simple.cc print deq
FAIL: libstdc++-prettyprinters/simple.cc print deq
FAIL: libstdc++-prettyprinters/simple.cc print lst
FAIL: libstdc++-prettyprinters/simple.cc print lst
FAIL: libstdc++-prettyprinters/simple.cc print mp
FAIL: libstdc++-prettyprinters/simple.cc print mp
FAIL: libstdc++-prettyprinters/simple.cc print sp
FAIL: libstdc++-prettyprinters/simple.cc print sp
FAIL: libstdc++-prettyprinters/simple.cc print v
FAIL: libstdc++-prettyprinters/simple.cc print v
FAIL: libstdc++-prettyprinters/simple11.cc print bs
FAIL: libstdc++-prettyprinters/simple11.cc print bs
FAIL: libstdc++-prettyprinters/simple11.cc print const_intset
FAIL: libstdc++-prettyprinters/simple11.cc print const_intset
FAIL: libstdc++-prettyprinters/simple11.cc print deq
FAIL: libstdc++-prettyprinters/simple11.cc print deq
FAIL: libstdc++-prettyprinters/simple11.cc print lst
FAIL: libstdc++-prettyprinters/simple11.cc print lst
FAIL: libstdc++-prettyprinters/simple11.cc print mp
FAIL: libstdc++-prettyprinters/simple11.cc print mp
FAIL: libstdc++-prettyprinters/simple11.cc print sp
FAIL: libstdc++-prettyprinters/simple11.cc print sp
FAIL: libstdc++-prettyprinters/simple11.cc print v
FAIL: libstdc++-prettyprinters/simple11.cc print v
FAIL: libstdc++-prettyprinters/whatis.cc whatis assoc1_holder
FAIL: libstdc++-prettyprinters/whatis.cc whatis assoc1_holder
FAIL: libstdc++-prettyprinters/whatis.cc whatis assoc2_holder
FAIL: libstdc++-prettyprinters/whatis.cc whatis assoc2_holder
FAIL: libstdc++-prettyprinters/whatis.cc whatis seq1_holder
FAIL: libstdc++-prettyprinters/whatis.cc whatis seq1_holder
FAIL: libstdc++-prettyprinters/whatis.cc whatis seq2_holder
FAIL: libstdc++-prettyprinters/whatis.cc whatis seq2_holder
FAIL: libstdc++-prettyprinters/whatis.cc whatis unord1_holder
FAIL: libstdc++-prettyprinters/whatis.cc whatis unord1_holder
FAIL: libstdc++-prettyprinters/whatis.cc whatis unord2_holder
FAIL: libstdc++-prettyprinters/whatis.cc whatis unord2_holder
FAIL: libstdc++-prettyprinters/whatis2.cc whatis assoc1_holder
FAIL: libstdc++-prettyprinters/whatis2.cc whatis assoc1_holder
FAIL: libstdc++-prettyprinters/whatis2.cc whatis assoc2_holder
FAIL: libstdc++-prettyprinters/whatis2.cc whatis assoc2_holder
FAIL: libstdc++-prettyprinters/whatis2.cc whatis seq1_holder
FAIL: libstdc++-prettyprinters/whatis2.cc whatis seq1_holder
FAIL: libstdc++-prettyprinters/whatis2.cc whatis seq2_holder
FAIL: libstdc++-prettyprinters/whatis2.cc whatis seq2_holder
FAIL: libstdc++-prettyprinters/whatis2.cc whatis unord1_holder
FAIL: libstdc++-prettyprinters/whatis2.cc whatis unord1_holder
FAIL: libstdc++-prettyprinters/whatis2.cc whatis unord2_holder
FAIL: libstdc++-prettyprinters/whatis2.cc whatis unord2_holder
=== libstdc++ Summary for unix/-std=gnu++14/-D_GLIBCXX_DEBUG ===
# of expected passes 12913
# of unexpected failures 114
# of unexpected successes 4
# of expected failures 274
# of unsupported tests 48
Running target unix/-std=gnu++14/-D_GLIBCXX_USE_CXX11_ABI=0
=== libstdc++ Summary for unix/-std=gnu++14/-D_GLIBCXX_USE_CXX11_ABI=0 ===
# of expected passes 12910
# of expected failures 71
# of unsupported tests 275
Running target unix/-std=gnu++14/-m32
=== libstdc++ Summary for unix/-std=gnu++14/-m32 ===
# of expected passes 12951
# of expected failures 71
# of unsupported tests 253
Running target unix/-std=gnu++17
FAIL: experimental/filesystem/iterators/directory_iterator.cc (test for excess errors)
UNRESOLVED: experimental/filesystem/iterators/directory_iterator.cc compilation failed to produce executable
FAIL: experimental/filesystem/iterators/pop.cc (test for excess errors)
UNRESOLVED: experimental/filesystem/iterators/pop.cc compilation failed to produce executable
FAIL: experimental/filesystem/iterators/recursive_directory_iterator.cc (test for excess errors)
UNRESOLVED: experimental/filesystem/iterators/recursive_directory_iterator.cc compilation failed to produce executable
FAIL: experimental/filesystem/operations/canonical.cc (test for excess errors)
UNRESOLVED: experimental/filesystem/operations/canonical.cc compilation failed to produce executable
FAIL: experimental/filesystem/operations/copy.cc (test for excess errors)
UNRESOLVED: experimental/filesystem/operations/copy.cc compilation failed to produce executable
FAIL: experimental/filesystem/operations/copy_file.cc (test for excess errors)
UNRESOLVED: experimental/filesystem/operations/copy_file.cc compilation failed to produce executable
FAIL: experimental/filesystem/operations/create_directories.cc (test for excess errors)
UNRESOLVED: experimental/filesystem/operations/create_directories.cc compilation failed to produce executable
FAIL: experimental/filesystem/operations/create_symlink.cc (test for excess errors)
UNRESOLVED: experimental/filesystem/operations/create_symlink.cc compilation failed to produce executable
FAIL: experimental/filesystem/operations/exists.cc (test for excess errors)
UNRESOLVED: experimental/filesystem/operations/exists.cc compilation failed to produce executable
FAIL: experimental/filesystem/operations/file_size.cc (test for excess errors)
UNRESOLVED: experimental/filesystem/operations/file_size.cc compilation failed to produce executable
FAIL: experimental/filesystem/operations/is_empty.cc (test for excess errors)
UNRESOLVED: experimental/filesystem/operations/is_empty.cc compilation failed to produce executable
FAIL: experimental/filesystem/operations/permissions.cc (test for excess errors)
UNRESOLVED: experimental/filesystem/operations/permissions.cc compilation failed to produce executable
FAIL: experimental/filesystem/operations/read_symlink.cc (test for excess errors)
UNRESOLVED: experimental/filesystem/operations/read_symlink.cc compilation failed to produce executable
FAIL: experimental/filesystem/operations/remove.cc (test for excess errors)
UNRESOLVED: experimental/filesystem/operations/remove.cc compilation failed to produce executable
FAIL: experimental/filesystem/operations/status.cc (test for excess errors)
UNRESOLVED: experimental/filesystem/operations/status.cc compilation failed to produce executable
FAIL: experimental/filesystem/operations/temp_directory_path.cc (test for excess errors)
UNRESOLVED: experimental/filesystem/operations/temp_directory_path.cc compilation failed to produce executable
FAIL: experimental/filesystem/path/assign/assign.cc (test for excess errors)
UNRESOLVED: experimental/filesystem/path/assign/assign.cc compilation failed to produce executable
FAIL: experimental/filesystem/path/assign/copy.cc (test for excess errors)
UNRESOLVED: experimental/filesystem/path/assign/copy.cc compilation failed to produce executable
FAIL: experimental/filesystem/path/construct/copy.cc (test for excess errors)
UNRESOLVED: experimental/filesystem/path/construct/copy.cc compilation failed to produce executable
FAIL: experimental/filesystem/path/construct/range.cc (test for excess errors)
UNRESOLVED: experimental/filesystem/path/construct/range.cc compilation failed to produce executable
FAIL: experimental/filesystem/path/modifiers/clear.cc (test for excess errors)
UNRESOLVED: experimental/filesystem/path/modifiers/clear.cc compilation failed to produce executable
FAIL: experimental/filesystem/path/modifiers/swap.cc (test for excess errors)
UNRESOLVED: experimental/filesystem/path/modifiers/swap.cc compilation failed to produce executable
=== libstdc++ Summary for unix/-std=gnu++17 ===
# of expected passes 12853
# of unexpected failures 22
# of expected failures 72
# of unresolved testcases 22
# of unsupported tests 269
Running target unix/-std=gnu++17/-D_GLIBCXX_DEBUG
XPASS: 21_strings/basic_string_view/element_access/char/2.cc execution test
XPASS: 21_strings/basic_string_view/element_access/wchar_t/2.cc execution test
FAIL: 25_algorithms/max/constexpr.cc (test for excess errors)
FAIL: 25_algorithms/max_element/constexpr.cc (test for excess errors)
FAIL: 25_algorithms/min/constexpr.cc (test for excess errors)
FAIL: 25_algorithms/min_element/constexpr.cc (test for excess errors)
FAIL: 25_algorithms/minmax/constexpr.cc (test for excess errors)
FAIL: 25_algorithms/minmax_element/constexpr.cc (test for excess errors)
FAIL: experimental/filesystem/iterators/directory_iterator.cc (test for excess errors)
UNRESOLVED: experimental/filesystem/iterators/directory_iterator.cc compilation failed to produce executable
FAIL: experimental/filesystem/iterators/pop.cc (test for excess errors)
UNRESOLVED: experimental/filesystem/iterators/pop.cc compilation failed to produce executable
FAIL: experimental/filesystem/iterators/recursive_directory_iterator.cc (test for excess errors)
UNRESOLVED: experimental/filesystem/iterators/recursive_directory_iterator.cc compilation failed to produce executable
FAIL: experimental/filesystem/operations/canonical.cc (test for excess errors)
UNRESOLVED: experimental/filesystem/operations/canonical.cc compilation failed to produce executable
FAIL: experimental/filesystem/operations/copy.cc (test for excess errors)
UNRESOLVED: experimental/filesystem/operations/copy.cc compilation failed to produce executable
FAIL: experimental/filesystem/operations/copy_file.cc (test for excess errors)
UNRESOLVED: experimental/filesystem/operations/copy_file.cc compilation failed to produce executable
FAIL: experimental/filesystem/operations/create_directories.cc (test for excess errors)
UNRESOLVED: experimental/filesystem/operations/create_directories.cc compilation failed to produce executable
FAIL: experimental/filesystem/operations/create_symlink.cc (test for excess errors)
UNRESOLVED: experimental/filesystem/operations/create_symlink.cc compilation failed to produce executable
FAIL: experimental/filesystem/operations/exists.cc (test for excess errors)
UNRESOLVED: experimental/filesystem/operations/exists.cc compilation failed to produce executable
FAIL: experimental/filesystem/operations/file_size.cc (test for excess errors)
UNRESOLVED: experimental/filesystem/operations/file_size.cc compilation failed to produce executable
FAIL: experimental/filesystem/operations/is_empty.cc (test for excess errors)
UNRESOLVED: experimental/filesystem/operations/is_empty.cc compilation failed to produce executable
FAIL: experimental/filesystem/operations/permissions.cc (test for excess errors)
UNRESOLVED: experimental/filesystem/operations/permissions.cc compilation failed to produce executable
FAIL: experimental/filesystem/operations/read_symlink.cc (test for excess errors)
UNRESOLVED: experimental/filesystem/operations/read_symlink.cc compilation failed to produce executable
FAIL: experimental/filesystem/operations/remove.cc (test for excess errors)
UNRESOLVED: experimental/filesystem/operations/remove.cc compilation failed to produce executable
FAIL: experimental/filesystem/operations/status.cc (test for excess errors)
UNRESOLVED: experimental/filesystem/operations/status.cc compilation failed to produce executable
FAIL: experimental/filesystem/operations/temp_directory_path.cc (test for excess errors)
UNRESOLVED: experimental/filesystem/operations/temp_directory_path.cc compilation failed to produce executable
FAIL: experimental/filesystem/path/assign/assign.cc (test for excess errors)
UNRESOLVED: experimental/filesystem/path/assign/assign.cc compilation failed to produce executable
FAIL: experimental/filesystem/path/assign/copy.cc (test for excess errors)
UNRESOLVED: experimental/filesystem/path/assign/copy.cc compilation failed to produce executable
FAIL: experimental/filesystem/path/construct/copy.cc (test for excess errors)
UNRESOLVED: experimental/filesystem/path/construct/copy.cc compilation failed to produce executable
FAIL: experimental/filesystem/path/construct/range.cc (test for excess errors)
UNRESOLVED: experimental/filesystem/path/construct/range.cc compilation failed to produce executable
FAIL: experimental/filesystem/path/modifiers/clear.cc (test for excess errors)
UNRESOLVED: experimental/filesystem/path/modifiers/clear.cc compilation failed to produce executable
FAIL: experimental/filesystem/path/modifiers/swap.cc (test for excess errors)
UNRESOLVED: experimental/filesystem/path/modifiers/swap.cc compilation failed to produce executable
XPASS: experimental/string_view/element_access/char/2.cc execution test
XPASS: experimental/string_view/element_access/wchar_t/2.cc execution test
FAIL: libstdc++-prettyprinters/80276.cc whatis p1
FAIL: libstdc++-prettyprinters/80276.cc whatis p1
FAIL: libstdc++-prettyprinters/80276.cc whatis p2
FAIL: libstdc++-prettyprinters/80276.cc whatis p2
FAIL: libstdc++-prettyprinters/80276.cc whatis p3
FAIL: libstdc++-prettyprinters/80276.cc whatis p3
FAIL: libstdc++-prettyprinters/80276.cc whatis p4
FAIL: libstdc++-prettyprinters/80276.cc whatis p4
FAIL: libstdc++-prettyprinters/cxx11.cc print efl
FAIL: libstdc++-prettyprinters/cxx11.cc print efl
FAIL: libstdc++-prettyprinters/cxx11.cc print eum
FAIL: libstdc++-prettyprinters/cxx11.cc print eum
FAIL: libstdc++-prettyprinters/cxx11.cc print eumm
FAIL: libstdc++-prettyprinters/cxx11.cc print eumm
FAIL: libstdc++-prettyprinters/cxx11.cc print eums
FAIL: libstdc++-prettyprinters/cxx11.cc print eums
FAIL: libstdc++-prettyprinters/cxx11.cc print eus
FAIL: libstdc++-prettyprinters/cxx11.cc print eus
FAIL: libstdc++-prettyprinters/cxx11.cc print fl
FAIL: libstdc++-prettyprinters/cxx11.cc print fl
FAIL: libstdc++-prettyprinters/cxx11.cc print refl
FAIL: libstdc++-prettyprinters/cxx11.cc print refl
FAIL: libstdc++-prettyprinters/cxx11.cc print reum
FAIL: libstdc++-prettyprinters/cxx11.cc print reum
FAIL: libstdc++-prettyprinters/cxx11.cc print reumm
FAIL: libstdc++-prettyprinters/cxx11.cc print reumm
FAIL: libstdc++-prettyprinters/cxx11.cc print reums
FAIL: libstdc++-prettyprinters/cxx11.cc print reums
FAIL: libstdc++-prettyprinters/cxx11.cc print reus
FAIL: libstdc++-prettyprinters/cxx11.cc print reus
FAIL: libstdc++-prettyprinters/cxx11.cc print rfl
FAIL: libstdc++-prettyprinters/cxx11.cc print rfl
FAIL: libstdc++-prettyprinters/cxx11.cc print ruom
FAIL: libstdc++-prettyprinters/cxx11.cc print ruom
FAIL: libstdc++-prettyprinters/cxx11.cc print ruomm
FAIL: libstdc++-prettyprinters/cxx11.cc print ruomm
FAIL: libstdc++-prettyprinters/cxx11.cc print ruoms
FAIL: libstdc++-prettyprinters/cxx11.cc print ruoms
FAIL: libstdc++-prettyprinters/cxx11.cc print ruos
FAIL: libstdc++-prettyprinters/cxx11.cc print ruos
FAIL: libstdc++-prettyprinters/cxx11.cc print uom
FAIL: libstdc++-prettyprinters/cxx11.cc print uom
FAIL: libstdc++-prettyprinters/cxx11.cc print uomm
FAIL: libstdc++-prettyprinters/cxx11.cc print uomm
FAIL: libstdc++-prettyprinters/cxx11.cc print uoms
FAIL: libstdc++-prettyprinters/cxx11.cc print uoms
FAIL: libstdc++-prettyprinters/cxx11.cc print uos
FAIL: libstdc++-prettyprinters/cxx11.cc print uos
FAIL: libstdc++-prettyprinters/cxx17.cc print am
FAIL: libstdc++-prettyprinters/cxx17.cc print am
FAIL: libstdc++-prettyprinters/cxx17.cc print om
FAIL: libstdc++-prettyprinters/cxx17.cc print om
FAIL: libstdc++-prettyprinters/libfundts.cc print am
FAIL: libstdc++-prettyprinters/libfundts.cc print am
FAIL: libstdc++-prettyprinters/libfundts.cc print om
FAIL: libstdc++-prettyprinters/libfundts.cc print om
FAIL: libstdc++-prettyprinters/simple.cc print bs
FAIL: libstdc++-prettyprinters/simple.cc print bs
FAIL: libstdc++-prettyprinters/simple.cc print const_intset
FAIL: libstdc++-prettyprinters/simple.cc print const_intset
FAIL: libstdc++-prettyprinters/simple.cc print deq
FAIL: libstdc++-prettyprinters/simple.cc print deq
FAIL: libstdc++-prettyprinters/simple.cc print lst
FAIL: libstdc++-prettyprinters/simple.cc print lst
FAIL: libstdc++-prettyprinters/simple.cc print mp
FAIL: libstdc++-prettyprinters/simple.cc print mp
FAIL: libstdc++-prettyprinters/simple.cc print sp
FAIL: libstdc++-prettyprinters/simple.cc print sp
FAIL: libstdc++-prettyprinters/simple.cc print v
FAIL: libstdc++-prettyprinters/simple.cc print v
FAIL: libstdc++-prettyprinters/simple11.cc print bs
FAIL: libstdc++-prettyprinters/simple11.cc print bs
FAIL: libstdc++-prettyprinters/simple11.cc print const_intset
FAIL: libstdc++-prettyprinters/simple11.cc print const_intset
FAIL: libstdc++-prettyprinters/simple11.cc print deq
FAIL: libstdc++-prettyprinters/simple11.cc print deq
FAIL: libstdc++-prettyprinters/simple11.cc print lst
FAIL: libstdc++-prettyprinters/simple11.cc print lst
FAIL: libstdc++-prettyprinters/simple11.cc print mp
FAIL: libstdc++-prettyprinters/simple11.cc print mp
FAIL: libstdc++-prettyprinters/simple11.cc print sp
FAIL: libstdc++-prettyprinters/simple11.cc print sp
FAIL: libstdc++-prettyprinters/simple11.cc print v
FAIL: libstdc++-prettyprinters/simple11.cc print v
FAIL: libstdc++-prettyprinters/whatis.cc whatis assoc1_holder
FAIL: libstdc++-prettyprinters/whatis.cc whatis assoc1_holder
FAIL: libstdc++-prettyprinters/whatis.cc whatis assoc2_holder
FAIL: libstdc++-prettyprinters/whatis.cc whatis assoc2_holder
FAIL: libstdc++-prettyprinters/whatis.cc whatis seq1_holder
FAIL: libstdc++-prettyprinters/whatis.cc whatis seq1_holder
FAIL: libstdc++-prettyprinters/whatis.cc whatis seq2_holder
FAIL: libstdc++-prettyprinters/whatis.cc whatis seq2_holder
FAIL: libstdc++-prettyprinters/whatis.cc whatis unord1_holder
FAIL: libstdc++-prettyprinters/whatis.cc whatis unord1_holder
FAIL: libstdc++-prettyprinters/whatis.cc whatis unord2_holder
FAIL: libstdc++-prettyprinters/whatis.cc whatis unord2_holder
FAIL: libstdc++-prettyprinters/whatis2.cc whatis assoc1_holder
FAIL: libstdc++-prettyprinters/whatis2.cc whatis assoc1_holder
FAIL: libstdc++-prettyprinters/whatis2.cc whatis assoc2_holder
FAIL: libstdc++-prettyprinters/whatis2.cc whatis assoc2_holder
FAIL: libstdc++-prettyprinters/whatis2.cc whatis seq1_holder
FAIL: libstdc++-prettyprinters/whatis2.cc whatis seq1_holder
FAIL: libstdc++-prettyprinters/whatis2.cc whatis seq2_holder
FAIL: libstdc++-prettyprinters/whatis2.cc whatis seq2_holder
FAIL: libstdc++-prettyprinters/whatis2.cc whatis unord1_holder
FAIL: libstdc++-prettyprinters/whatis2.cc whatis unord1_holder
FAIL: libstdc++-prettyprinters/whatis2.cc whatis unord2_holder
FAIL: libstdc++-prettyprinters/whatis2.cc whatis unord2_holder
=== libstdc++ Summary for unix/-std=gnu++17/-D_GLIBCXX_DEBUG ===
# of expected passes 12825
# of unexpected failures 136
# of unexpected successes 4
# of expected failures 275
# of unresolved testcases 22
# of unsupported tests 60
Running target unix/-std=gnu++17/-D_GLIBCXX_USE_CXX11_ABI=0
FAIL: experimental/filesystem/iterators/directory_iterator.cc (test for excess errors)
UNRESOLVED: experimental/filesystem/iterators/directory_iterator.cc compilation failed to produce executable
FAIL: experimental/filesystem/iterators/pop.cc (test for excess errors)
UNRESOLVED: experimental/filesystem/iterators/pop.cc compilation failed to produce executable
FAIL: experimental/filesystem/iterators/recursive_directory_iterator.cc (test for excess errors)
UNRESOLVED: experimental/filesystem/iterators/recursive_directory_iterator.cc compilation failed to produce executable
FAIL: experimental/filesystem/operations/canonical.cc (test for excess errors)
UNRESOLVED: experimental/filesystem/operations/canonical.cc compilation failed to produce executable
FAIL: experimental/filesystem/operations/copy.cc (test for excess errors)
UNRESOLVED: experimental/filesystem/operations/copy.cc compilation failed to produce executable
FAIL: experimental/filesystem/operations/copy_file.cc (test for excess errors)
UNRESOLVED: experimental/filesystem/operations/copy_file.cc compilation failed to produce executable
FAIL: experimental/filesystem/operations/create_directories.cc (test for excess errors)
UNRESOLVED: experimental/filesystem/operations/create_directories.cc compilation failed to produce executable
FAIL: experimental/filesystem/operations/create_symlink.cc (test for excess errors)
UNRESOLVED: experimental/filesystem/operations/create_symlink.cc compilation failed to produce executable
FAIL: experimental/filesystem/operations/exists.cc (test for excess errors)
UNRESOLVED: experimental/filesystem/operations/exists.cc compilation failed to produce executable
FAIL: experimental/filesystem/operations/file_size.cc (test for excess errors)
UNRESOLVED: experimental/filesystem/operations/file_size.cc compilation failed to produce executable
FAIL: experimental/filesystem/operations/is_empty.cc (test for excess errors)
UNRESOLVED: experimental/filesystem/operations/is_empty.cc compilation failed to produce executable
FAIL: experimental/filesystem/operations/permissions.cc (test for excess errors)
UNRESOLVED: experimental/filesystem/operations/permissions.cc compilation failed to produce executable
FAIL: experimental/filesystem/operations/read_symlink.cc (test for excess errors)
UNRESOLVED: experimental/filesystem/operations/read_symlink.cc compilation failed to produce executable
FAIL: experimental/filesystem/operations/remove.cc (test for excess errors)
UNRESOLVED: experimental/filesystem/operations/remove.cc compilation failed to produce executable
FAIL: experimental/filesystem/operations/status.cc (test for excess errors)
UNRESOLVED: experimental/filesystem/operations/status.cc compilation failed to produce executable
FAIL: experimental/filesystem/operations/temp_directory_path.cc (test for excess errors)
UNRESOLVED: experimental/filesystem/operations/temp_directory_path.cc compilation failed to produce executable
FAIL: experimental/filesystem/path/assign/assign.cc (test for excess errors)
UNRESOLVED: experimental/filesystem/path/assign/assign.cc compilation failed to produce executable
FAIL: experimental/filesystem/path/assign/copy.cc (test for excess errors)
UNRESOLVED: experimental/filesystem/path/assign/copy.cc compilation failed to produce executable
FAIL: experimental/filesystem/path/construct/copy.cc (test for excess errors)
UNRESOLVED: experimental/filesystem/path/construct/copy.cc compilation failed to produce executable
FAIL: experimental/filesystem/path/construct/range.cc (test for excess errors)
UNRESOLVED: experimental/filesystem/path/construct/range.cc compilation failed to produce executable
FAIL: experimental/filesystem/path/modifiers/clear.cc (test for excess errors)
UNRESOLVED: experimental/filesystem/path/modifiers/clear.cc compilation failed to produce executable
FAIL: experimental/filesystem/path/modifiers/swap.cc (test for excess errors)
UNRESOLVED: experimental/filesystem/path/modifiers/swap.cc compilation failed to produce executable
=== libstdc++ Summary for unix/-std=gnu++17/-D_GLIBCXX_USE_CXX11_ABI=0 ===
# of expected passes 12820
# of unexpected failures 22
# of expected failures 72
# of unresolved testcases 22
# of unsupported tests 287
Running target unix/-std=gnu++17/-m32
FAIL: experimental/filesystem/iterators/directory_iterator.cc (test for excess errors)
UNRESOLVED: experimental/filesystem/iterators/directory_iterator.cc compilation failed to produce executable
FAIL: experimental/filesystem/iterators/pop.cc (test for excess errors)
UNRESOLVED: experimental/filesystem/iterators/pop.cc compilation failed to produce executable
FAIL: experimental/filesystem/iterators/recursive_directory_iterator.cc (test for excess errors)
UNRESOLVED: experimental/filesystem/iterators/recursive_directory_iterator.cc compilation failed to produce executable
FAIL: experimental/filesystem/operations/canonical.cc (test for excess errors)
UNRESOLVED: experimental/filesystem/operations/canonical.cc compilation failed to produce executable
FAIL: experimental/filesystem/operations/copy.cc (test for excess errors)
UNRESOLVED: experimental/filesystem/operations/copy.cc compilation failed to produce executable
FAIL: experimental/filesystem/operations/copy_file.cc (test for excess errors)
UNRESOLVED: experimental/filesystem/operations/copy_file.cc compilation failed to produce executable
FAIL: experimental/filesystem/operations/create_directories.cc (test for excess errors)
UNRESOLVED: experimental/filesystem/operations/create_directories.cc compilation failed to produce executable
FAIL: experimental/filesystem/operations/create_symlink.cc (test for excess errors)
UNRESOLVED: experimental/filesystem/operations/create_symlink.cc compilation failed to produce executable
FAIL: experimental/filesystem/operations/exists.cc (test for excess errors)
UNRESOLVED: experimental/filesystem/operations/exists.cc compilation failed to produce executable
FAIL: experimental/filesystem/operations/file_size.cc (test for excess errors)
UNRESOLVED: experimental/filesystem/operations/file_size.cc compilation failed to produce executable
FAIL: experimental/filesystem/operations/is_empty.cc (test for excess errors)
UNRESOLVED: experimental/filesystem/operations/is_empty.cc compilation failed to produce executable
FAIL: experimental/filesystem/operations/permissions.cc (test for excess errors)
UNRESOLVED: experimental/filesystem/operations/permissions.cc compilation failed to produce executable
FAIL: experimental/filesystem/operations/read_symlink.cc (test for excess errors)
UNRESOLVED: experimental/filesystem/operations/read_symlink.cc compilation failed to produce executable
FAIL: experimental/filesystem/operations/remove.cc (test for excess errors)
UNRESOLVED: experimental/filesystem/operations/remove.cc compilation failed to produce executable
FAIL: experimental/filesystem/operations/status.cc (test for excess errors)
UNRESOLVED: experimental/filesystem/operations/status.cc compilation failed to produce executable
FAIL: experimental/filesystem/operations/temp_directory_path.cc (test for excess errors)
UNRESOLVED: experimental/filesystem/operations/temp_directory_path.cc compilation failed to produce executable
FAIL: experimental/filesystem/path/assign/assign.cc (test for excess errors)
UNRESOLVED: experimental/filesystem/path/assign/assign.cc compilation failed to produce executable
FAIL: experimental/filesystem/path/assign/copy.cc (test for excess errors)
UNRESOLVED: experimental/filesystem/path/assign/copy.cc compilation failed to produce executable
FAIL: experimental/filesystem/path/construct/copy.cc (test for excess errors)
UNRESOLVED: experimental/filesystem/path/construct/copy.cc compilation failed to produce executable
FAIL: experimental/filesystem/path/construct/range.cc (test for excess errors)
UNRESOLVED: experimental/filesystem/path/construct/range.cc compilation failed to produce executable
FAIL: experimental/filesystem/path/modifiers/clear.cc (test for excess errors)
UNRESOLVED: experimental/filesystem/path/modifiers/clear.cc compilation failed to produce executable
FAIL: experimental/filesystem/path/modifiers/swap.cc (test for excess errors)
UNRESOLVED: experimental/filesystem/path/modifiers/swap.cc compilation failed to produce executable
=== libstdc++ Summary for unix/-std=gnu++17/-m32 ===
# of expected passes 12861
# of unexpected failures 22
# of expected failures 72
# of unresolved testcases 22
# of unsupported tests 265
Running target unix/-std=gnu++98
=== libstdc++ Summary for unix/-std=gnu++98 ===
# of expected passes 6770
# of expected failures 23
# of unsupported tests 3621
Running target unix/-std=gnu++98/-D_GLIBCXX_DEBUG
XPASS: 21_strings/basic_string_view/element_access/char/2.cc execution test
XPASS: 21_strings/basic_string_view/element_access/wchar_t/2.cc execution test
FAIL: 25_algorithms/partial_sort_copy/debug/irreflexive_neg.cc (test for excess errors)
FAIL: libstdc++-prettyprinters/cxx17.cc print am
FAIL: libstdc++-prettyprinters/cxx17.cc print am
FAIL: libstdc++-prettyprinters/cxx17.cc print om
FAIL: libstdc++-prettyprinters/cxx17.cc print om
FAIL: libstdc++-prettyprinters/simple.cc print bs
FAIL: libstdc++-prettyprinters/simple.cc print bs
FAIL: libstdc++-prettyprinters/simple.cc print const_intset
FAIL: libstdc++-prettyprinters/simple.cc print const_intset
FAIL: libstdc++-prettyprinters/simple.cc print deq
FAIL: libstdc++-prettyprinters/simple.cc print deq
FAIL: libstdc++-prettyprinters/simple.cc print lst
FAIL: libstdc++-prettyprinters/simple.cc print lst
FAIL: libstdc++-prettyprinters/simple.cc print mp
FAIL: libstdc++-prettyprinters/simple.cc print mp
FAIL: libstdc++-prettyprinters/simple.cc print sp
FAIL: libstdc++-prettyprinters/simple.cc print sp
FAIL: libstdc++-prettyprinters/simple.cc print v
FAIL: libstdc++-prettyprinters/simple.cc print v
=== libstdc++ Summary for unix/-std=gnu++98/-D_GLIBCXX_DEBUG ===
# of expected passes 6755
# of unexpected failures 19
# of unexpected successes 2
# of expected failures 94
# of unsupported tests 3546
Running target unix/-std=gnu++98/-D_GLIBCXX_USE_CXX11_ABI=0
=== libstdc++ Summary for unix/-std=gnu++98/-D_GLIBCXX_USE_CXX11_ABI=0 ===
# of expected passes 6770
# of expected failures 23
# of unsupported tests 3621
Running target unix/-std=gnu++98/-m32
=== libstdc++ Summary for unix/-std=gnu++98/-m32 ===
# of expected passes 6770
# of expected failures 23
# of unsupported tests 3621
=== libstdc++ Summary ===
# of expected passes 179442
# of unexpected failures 439
# of unexpected successes 12
# of expected failures 1628
# of unresolved testcases 88
# of unsupported tests 18246
gcc version 8.0.1 20180412 (experimental) [trunk revision 259351] (GCC)
Compiler version: 8.0.1 20180412 (experimental) [trunk revision 259351] (GCC) libstdc++
Platform: x86_64-pc-linux-gnu
configure flags: --enable-languages=c++ --disable-bootstrap --disable-libcc1 --disable-libcilkrts --disable-libhsail-rt --disable-libmpx --disable-liboffloadmic --disable-libvtv --with-system-zlib --with-gnu-ld --with-gnu-as --without-isl
Fedora release 26 (Twenty Six)
GNU C Library (GNU libc) stable release version 2.25, by Roland McGrath et al.
GNU assembler version 2.27-28.fc26
GNU ld version 2.27-28.fc26
DejaGnu version 1.6
Expect version 5.45
Tcl version 8.6