This is the mail archive of the
gcc-testresults@gcc.gnu.org
mailing list for the GCC project.
Results for 8.0.1 20180412 (experimental) [trunk revision 259346] (GCC) testsuite on x86_64-pc-linux-gnu
- From: intel64corei7 at gnu-34 dot sc dot intel dot com (H.J. Lu (Intel64 Core i7))
- To: gcc-testresults at gcc dot gnu dot org
- Date: Thu, 12 Apr 2018 11:18:42 -0700
- Subject: Results for 8.0.1 20180412 (experimental) [trunk revision 259346] (GCC) testsuite on x86_64-pc-linux-gnu
Native configuration is x86_64-pc-linux-gnu
=== gcc tests ===
Running target unix
FAIL: gcc.dg/20050503-1.c scan-assembler-not call
FAIL: gcc.dg/graphite/interchange-3.c scan-tree-dump graphite "tiled"
FAIL: gcc.dg/graphite/interchange-7.c scan-tree-dump graphite "tiled"
FAIL: gcc.dg/graphite/interchange-9.c scan-tree-dump graphite "tiled"
FAIL: gcc.dg/graphite/pr84872.c (internal compiler error)
FAIL: gcc.dg/graphite/pr84872.c (test for excess errors)
FAIL: gcc.dg/graphite/uns-interchange-9.c scan-tree-dump graphite "tiled"
XPASS: gcc.dg/guality/example.c -O0 execution test
XPASS: gcc.dg/guality/example.c -O1 execution test
XPASS: gcc.dg/guality/example.c -O2 execution test
XPASS: gcc.dg/guality/example.c -O2 -flto -fno-use-linker-plugin -flto-partition=none execution test
XPASS: gcc.dg/guality/guality.c -O0 execution test
XPASS: gcc.dg/guality/guality.c -O1 execution test
XPASS: gcc.dg/guality/guality.c -O2 execution test
XPASS: gcc.dg/guality/guality.c -O2 -flto -fno-use-linker-plugin -flto-partition=none execution test
XPASS: gcc.dg/guality/guality.c -O2 -flto -fuse-linker-plugin -fno-fat-lto-objects execution test
XPASS: gcc.dg/guality/guality.c -O3 -g execution test
XPASS: gcc.dg/guality/guality.c -Os execution test
XPASS: gcc.dg/guality/inline-params.c -O2 execution test
XPASS: gcc.dg/guality/inline-params.c -O2 -flto -fno-use-linker-plugin -flto-partition=none execution test
XPASS: gcc.dg/guality/inline-params.c -O2 -flto -fuse-linker-plugin -fno-fat-lto-objects execution test
XPASS: gcc.dg/guality/inline-params.c -O3 -g execution test
XPASS: gcc.dg/guality/inline-params.c -Os execution test
XPASS: gcc.dg/guality/pr41353-1.c -O0 line 28 j == 28 + 37
FAIL: gcc.dg/guality/pr41616-1.c -O2 -flto -fuse-linker-plugin -fno-fat-lto-objects execution test
FAIL: gcc.dg/guality/pr41616-1.c -O3 -g execution test
FAIL: gcc.dg/guality/pr45882.c -O2 -flto -fuse-linker-plugin -fno-fat-lto-objects line 16 d == 112
FAIL: gcc.dg/guality/pr45882.c -O2 -flto -fuse-linker-plugin -fno-fat-lto-objects line 16 e == 142
FAIL: gcc.dg/guality/pr54519-1.c -O2 -flto -fno-use-linker-plugin -flto-partition=none line 20 y == 25
FAIL: gcc.dg/guality/pr54519-1.c -O2 -flto -fno-use-linker-plugin -flto-partition=none line 20 z == 6
FAIL: gcc.dg/guality/pr54519-1.c -O2 -flto -fno-use-linker-plugin -flto-partition=none line 23 y == 117
FAIL: gcc.dg/guality/pr54519-1.c -O2 -flto -fno-use-linker-plugin -flto-partition=none line 23 z == 8
FAIL: gcc.dg/guality/pr54519-2.c -O2 -flto -fno-use-linker-plugin -flto-partition=none line 17 y == 25
FAIL: gcc.dg/guality/pr54519-2.c -O2 -flto -fuse-linker-plugin -fno-fat-lto-objects line 17 y == 25
FAIL: gcc.dg/guality/pr54519-3.c -O2 -flto -fno-use-linker-plugin -flto-partition=none line 20 y == 25
FAIL: gcc.dg/guality/pr54519-3.c -O2 -flto -fno-use-linker-plugin -flto-partition=none line 20 z == 6
FAIL: gcc.dg/guality/pr54519-3.c -O2 -flto -fno-use-linker-plugin -flto-partition=none line 23 y == 117
FAIL: gcc.dg/guality/pr54519-3.c -O2 -flto -fno-use-linker-plugin -flto-partition=none line 23 z == 8
FAIL: gcc.dg/guality/pr54519-3.c -O2 -flto -fuse-linker-plugin -fno-fat-lto-objects line 20 y == 25
FAIL: gcc.dg/guality/pr54519-3.c -O2 -flto -fuse-linker-plugin -fno-fat-lto-objects line 20 z == 6
FAIL: gcc.dg/guality/pr54519-3.c -O2 -flto -fuse-linker-plugin -fno-fat-lto-objects line 23 y == 117
FAIL: gcc.dg/guality/pr54519-3.c -O2 -flto -fuse-linker-plugin -fno-fat-lto-objects line 23 z == 8
FAIL: gcc.dg/guality/pr54519-4.c -O2 -flto -fno-use-linker-plugin -flto-partition=none line 17 y == 25
FAIL: gcc.dg/guality/pr54519-4.c -O2 -flto -fuse-linker-plugin -fno-fat-lto-objects line 17 y == 25
FAIL: gcc.dg/guality/pr54519-5.c -O2 -flto -fno-use-linker-plugin -flto-partition=none line 17 y == 25
FAIL: gcc.dg/guality/pr54519-5.c -O2 -flto -fuse-linker-plugin -fno-fat-lto-objects line 17 y == 25
XPASS: gcc.dg/guality/pr54970.c -O0 line 31 a[0] == 4
XPASS: gcc.dg/guality/pr54970.c -O0 line 36 a[0] == 4
XPASS: gcc.dg/guality/pr54970.c -O0 line 45 a[0] == 4
XPASS: gcc.dg/guality/pr54970.c -O0 line 45 p[-2] == 4
XPASS: gcc.dg/guality/pr54970.c -O0 line 45 q[-1] == 4
FAIL: gcc.dg/guality/pr68860-1.c -O2 -flto -fno-use-linker-plugin -flto-partition=none line 14 arg1 == 1
FAIL: gcc.dg/guality/pr68860-1.c -O2 -flto -fno-use-linker-plugin -flto-partition=none line 14 arg2 == 2
FAIL: gcc.dg/guality/pr68860-1.c -O2 -flto -fno-use-linker-plugin -flto-partition=none line 14 arg3 == 3
FAIL: gcc.dg/guality/pr68860-1.c -O2 -flto -fno-use-linker-plugin -flto-partition=none line 14 arg4 == 4
FAIL: gcc.dg/guality/pr68860-1.c -O2 -flto -fno-use-linker-plugin -flto-partition=none line 14 arg5 == 5
FAIL: gcc.dg/guality/pr68860-1.c -O2 -flto -fno-use-linker-plugin -flto-partition=none line 14 arg6 == 6
FAIL: gcc.dg/guality/pr68860-1.c -O2 -flto -fno-use-linker-plugin -flto-partition=none line 16 arg1 == 1
FAIL: gcc.dg/guality/pr68860-1.c -O2 -flto -fno-use-linker-plugin -flto-partition=none line 16 arg2 == 2
FAIL: gcc.dg/guality/pr68860-1.c -O2 -flto -fno-use-linker-plugin -flto-partition=none line 16 arg3 == 3
FAIL: gcc.dg/guality/pr68860-1.c -O2 -flto -fno-use-linker-plugin -flto-partition=none line 16 arg4 == 4
FAIL: gcc.dg/guality/pr68860-1.c -O2 -flto -fno-use-linker-plugin -flto-partition=none line 16 arg5 == 5
FAIL: gcc.dg/guality/pr68860-1.c -O2 -flto -fno-use-linker-plugin -flto-partition=none line 16 arg6 == 6
FAIL: gcc.dg/guality/pr68860-1.c -O2 -flto -fuse-linker-plugin -fno-fat-lto-objects line 14 arg1 == 1
FAIL: gcc.dg/guality/pr68860-1.c -O2 -flto -fuse-linker-plugin -fno-fat-lto-objects line 14 arg2 == 2
FAIL: gcc.dg/guality/pr68860-1.c -O2 -flto -fuse-linker-plugin -fno-fat-lto-objects line 14 arg3 == 3
FAIL: gcc.dg/guality/pr68860-1.c -O2 -flto -fuse-linker-plugin -fno-fat-lto-objects line 14 arg4 == 4
FAIL: gcc.dg/guality/pr68860-1.c -O2 -flto -fuse-linker-plugin -fno-fat-lto-objects line 14 arg5 == 5
FAIL: gcc.dg/guality/pr68860-1.c -O2 -flto -fuse-linker-plugin -fno-fat-lto-objects line 14 arg6 == 6
FAIL: gcc.dg/guality/pr68860-1.c -O2 -flto -fuse-linker-plugin -fno-fat-lto-objects line 16 arg1 == 1
FAIL: gcc.dg/guality/pr68860-1.c -O2 -flto -fuse-linker-plugin -fno-fat-lto-objects line 16 arg2 == 2
FAIL: gcc.dg/guality/pr68860-1.c -O2 -flto -fuse-linker-plugin -fno-fat-lto-objects line 16 arg3 == 3
FAIL: gcc.dg/guality/pr68860-1.c -O2 -flto -fuse-linker-plugin -fno-fat-lto-objects line 16 arg4 == 4
FAIL: gcc.dg/guality/pr68860-1.c -O2 -flto -fuse-linker-plugin -fno-fat-lto-objects line 16 arg5 == 5
FAIL: gcc.dg/guality/pr68860-1.c -O2 -flto -fuse-linker-plugin -fno-fat-lto-objects line 16 arg6 == 6
FAIL: gcc.dg/guality/vla-1.c -O1 line 17 sizeof (a) == 6
FAIL: gcc.dg/guality/vla-1.c -O2 line 17 sizeof (a) == 6
FAIL: gcc.dg/guality/vla-1.c -O2 -flto -fno-use-linker-plugin -flto-partition=none line 17 sizeof (a) == 6
FAIL: gcc.dg/guality/vla-1.c -O2 -flto -fno-use-linker-plugin -flto-partition=none line 24 sizeof (a) == 17 * sizeof (short)
FAIL: gcc.dg/guality/vla-1.c -O2 -flto -fuse-linker-plugin -fno-fat-lto-objects line 17 sizeof (a) == 6
FAIL: gcc.dg/guality/vla-1.c -O2 -flto -fuse-linker-plugin -fno-fat-lto-objects line 24 sizeof (a) == 17 * sizeof (short)
FAIL: gcc.dg/guality/vla-1.c -O3 -g line 17 sizeof (a) == 6
FAIL: gcc.dg/guality/vla-1.c -Os line 17 sizeof (a) == 6
=== gcc Summary for unix ===
# of expected passes 138761
# of unexpected failures 61
# of unexpected successes 22
# of expected failures 438
# of unsupported tests 2283
Running target unix/-m32
FAIL: gcc.dg/20050503-1.c scan-assembler-not call
FAIL: gcc.dg/graphite/interchange-3.c scan-tree-dump graphite "tiled"
FAIL: gcc.dg/graphite/interchange-7.c scan-tree-dump graphite "tiled"
FAIL: gcc.dg/graphite/interchange-9.c scan-tree-dump graphite "tiled"
FAIL: gcc.dg/graphite/uns-interchange-9.c scan-tree-dump graphite "tiled"
XPASS: gcc.dg/guality/example.c -O0 execution test
XPASS: gcc.dg/guality/example.c -O1 execution test
XPASS: gcc.dg/guality/example.c -O3 -fomit-frame-pointer -funroll-loops -fpeel-loops -ftracer -finline-functions execution test
XPASS: gcc.dg/guality/example.c -O3 -g execution test
XPASS: gcc.dg/guality/guality.c -O0 execution test
XPASS: gcc.dg/guality/guality.c -O1 execution test
XPASS: gcc.dg/guality/guality.c -O2 execution test
XPASS: gcc.dg/guality/guality.c -O2 -flto -fno-use-linker-plugin -flto-partition=none execution test
XPASS: gcc.dg/guality/guality.c -O2 -flto -fuse-linker-plugin -fno-fat-lto-objects execution test
XPASS: gcc.dg/guality/guality.c -O3 -g execution test
XPASS: gcc.dg/guality/guality.c -Os execution test
XPASS: gcc.dg/guality/inline-params.c -O2 execution test
XPASS: gcc.dg/guality/inline-params.c -O2 -flto -fno-use-linker-plugin -flto-partition=none execution test
XPASS: gcc.dg/guality/inline-params.c -O2 -flto -fuse-linker-plugin -fno-fat-lto-objects execution test
XPASS: gcc.dg/guality/inline-params.c -O3 -g execution test
XPASS: gcc.dg/guality/inline-params.c -Os execution test
XPASS: gcc.dg/guality/pr41353-1.c -O0 line 28 j == 28 + 37
XPASS: gcc.dg/guality/pr41353-1.c -Os line 28 j == 28 + 37
FAIL: gcc.dg/guality/pr41447-1.c -O2 execution test
FAIL: gcc.dg/guality/pr41447-1.c -O2 -flto -fno-use-linker-plugin -flto-partition=none execution test
FAIL: gcc.dg/guality/pr41447-1.c -O3 -g execution test
FAIL: gcc.dg/guality/pr41616-1.c -O2 -flto -fuse-linker-plugin -fno-fat-lto-objects execution test
FAIL: gcc.dg/guality/pr41616-1.c -O3 -g execution test
FAIL: gcc.dg/guality/pr45882.c -O2 -flto -fuse-linker-plugin -fno-fat-lto-objects line 16 d == 112
FAIL: gcc.dg/guality/pr45882.c -O2 -flto -fuse-linker-plugin -fno-fat-lto-objects line 16 e == 142
FAIL: gcc.dg/guality/pr54519-1.c -O2 -flto -fno-use-linker-plugin -flto-partition=none line 20 y == 25
FAIL: gcc.dg/guality/pr54519-1.c -O2 -flto -fno-use-linker-plugin -flto-partition=none line 20 z == 6
FAIL: gcc.dg/guality/pr54519-1.c -O2 -flto -fno-use-linker-plugin -flto-partition=none line 23 y == 117
FAIL: gcc.dg/guality/pr54519-1.c -O2 -flto -fno-use-linker-plugin -flto-partition=none line 23 z == 8
FAIL: gcc.dg/guality/pr54519-2.c -O2 -flto -fno-use-linker-plugin -flto-partition=none line 17 y == 25
FAIL: gcc.dg/guality/pr54519-2.c -O2 -flto -fuse-linker-plugin -fno-fat-lto-objects line 17 y == 25
FAIL: gcc.dg/guality/pr54519-3.c -O2 -flto -fno-use-linker-plugin -flto-partition=none line 20 y == 25
FAIL: gcc.dg/guality/pr54519-3.c -O2 -flto -fno-use-linker-plugin -flto-partition=none line 20 z == 6
FAIL: gcc.dg/guality/pr54519-3.c -O2 -flto -fno-use-linker-plugin -flto-partition=none line 23 y == 117
FAIL: gcc.dg/guality/pr54519-3.c -O2 -flto -fno-use-linker-plugin -flto-partition=none line 23 z == 8
FAIL: gcc.dg/guality/pr54519-3.c -O2 -flto -fuse-linker-plugin -fno-fat-lto-objects line 20 y == 25
FAIL: gcc.dg/guality/pr54519-3.c -O2 -flto -fuse-linker-plugin -fno-fat-lto-objects line 20 z == 6
FAIL: gcc.dg/guality/pr54519-3.c -O2 -flto -fuse-linker-plugin -fno-fat-lto-objects line 23 y == 117
FAIL: gcc.dg/guality/pr54519-3.c -O2 -flto -fuse-linker-plugin -fno-fat-lto-objects line 23 z == 8
FAIL: gcc.dg/guality/pr54519-4.c -O2 -flto -fno-use-linker-plugin -flto-partition=none line 17 y == 25
FAIL: gcc.dg/guality/pr54519-4.c -O2 -flto -fuse-linker-plugin -fno-fat-lto-objects line 17 y == 25
FAIL: gcc.dg/guality/pr54519-5.c -O2 -flto -fno-use-linker-plugin -flto-partition=none line 17 y == 25
FAIL: gcc.dg/guality/pr54519-5.c -O2 -flto -fuse-linker-plugin -fno-fat-lto-objects line 17 y == 25
FAIL: gcc.dg/guality/pr54693-2.c -O3 -fomit-frame-pointer -funroll-loops -fpeel-loops -ftracer -finline-functions line 21 i == v + 1
XPASS: gcc.dg/guality/pr54970.c -O0 line 31 a[0] == 4
XPASS: gcc.dg/guality/pr54970.c -O0 line 36 a[0] == 4
XPASS: gcc.dg/guality/pr54970.c -O0 line 45 a[0] == 4
XPASS: gcc.dg/guality/pr54970.c -O0 line 45 p[-2] == 4
XPASS: gcc.dg/guality/pr54970.c -O0 line 45 q[-1] == 4
FAIL: gcc.dg/guality/pr68860-1.c -O2 -flto -fno-use-linker-plugin -flto-partition=none line 14 arg1 == 1
FAIL: gcc.dg/guality/pr68860-1.c -O2 -flto -fno-use-linker-plugin -flto-partition=none line 14 arg2 == 2
FAIL: gcc.dg/guality/pr68860-1.c -O2 -flto -fno-use-linker-plugin -flto-partition=none line 14 arg3 == 3
FAIL: gcc.dg/guality/pr68860-1.c -O2 -flto -fno-use-linker-plugin -flto-partition=none line 14 arg4 == 4
FAIL: gcc.dg/guality/pr68860-1.c -O2 -flto -fno-use-linker-plugin -flto-partition=none line 14 arg5 == 5
FAIL: gcc.dg/guality/pr68860-1.c -O2 -flto -fno-use-linker-plugin -flto-partition=none line 14 arg6 == 6
FAIL: gcc.dg/guality/pr68860-1.c -O2 -flto -fno-use-linker-plugin -flto-partition=none line 16 arg1 == 1
FAIL: gcc.dg/guality/pr68860-1.c -O2 -flto -fno-use-linker-plugin -flto-partition=none line 16 arg2 == 2
FAIL: gcc.dg/guality/pr68860-1.c -O2 -flto -fno-use-linker-plugin -flto-partition=none line 16 arg3 == 3
FAIL: gcc.dg/guality/pr68860-1.c -O2 -flto -fno-use-linker-plugin -flto-partition=none line 16 arg4 == 4
FAIL: gcc.dg/guality/pr68860-1.c -O2 -flto -fno-use-linker-plugin -flto-partition=none line 16 arg5 == 5
FAIL: gcc.dg/guality/pr68860-1.c -O2 -flto -fno-use-linker-plugin -flto-partition=none line 16 arg6 == 6
FAIL: gcc.dg/guality/pr68860-1.c -O2 -flto -fuse-linker-plugin -fno-fat-lto-objects line 14 arg1 == 1
FAIL: gcc.dg/guality/pr68860-1.c -O2 -flto -fuse-linker-plugin -fno-fat-lto-objects line 14 arg2 == 2
FAIL: gcc.dg/guality/pr68860-1.c -O2 -flto -fuse-linker-plugin -fno-fat-lto-objects line 14 arg3 == 3
FAIL: gcc.dg/guality/pr68860-1.c -O2 -flto -fuse-linker-plugin -fno-fat-lto-objects line 14 arg4 == 4
FAIL: gcc.dg/guality/pr68860-1.c -O2 -flto -fuse-linker-plugin -fno-fat-lto-objects line 14 arg5 == 5
FAIL: gcc.dg/guality/pr68860-1.c -O2 -flto -fuse-linker-plugin -fno-fat-lto-objects line 14 arg6 == 6
FAIL: gcc.dg/guality/pr68860-1.c -O2 -flto -fuse-linker-plugin -fno-fat-lto-objects line 16 arg1 == 1
FAIL: gcc.dg/guality/pr68860-1.c -O2 -flto -fuse-linker-plugin -fno-fat-lto-objects line 16 arg2 == 2
FAIL: gcc.dg/guality/pr68860-1.c -O2 -flto -fuse-linker-plugin -fno-fat-lto-objects line 16 arg3 == 3
FAIL: gcc.dg/guality/pr68860-1.c -O2 -flto -fuse-linker-plugin -fno-fat-lto-objects line 16 arg4 == 4
FAIL: gcc.dg/guality/pr68860-1.c -O2 -flto -fuse-linker-plugin -fno-fat-lto-objects line 16 arg5 == 5
FAIL: gcc.dg/guality/pr68860-1.c -O2 -flto -fuse-linker-plugin -fno-fat-lto-objects line 16 arg6 == 6
FAIL: gcc.dg/guality/vla-1.c -O1 line 17 sizeof (a) == 6
FAIL: gcc.dg/guality/vla-1.c -O2 line 17 sizeof (a) == 6
FAIL: gcc.dg/guality/vla-1.c -O2 -flto -fno-use-linker-plugin -flto-partition=none line 17 sizeof (a) == 6
FAIL: gcc.dg/guality/vla-1.c -O2 -flto -fno-use-linker-plugin -flto-partition=none line 24 sizeof (a) == 17 * sizeof (short)
FAIL: gcc.dg/guality/vla-1.c -O2 -flto -fuse-linker-plugin -fno-fat-lto-objects line 17 sizeof (a) == 6
FAIL: gcc.dg/guality/vla-1.c -O2 -flto -fuse-linker-plugin -fno-fat-lto-objects line 24 sizeof (a) == 17 * sizeof (short)
FAIL: gcc.dg/guality/vla-1.c -O3 -g line 17 sizeof (a) == 6
FAIL: gcc.dg/guality/vla-1.c -Os line 17 sizeof (a) == 6
FAIL: gcc.dg/tree-ssa/pr64910-2.c scan-assembler-times and|test 20
XPASS: gcc.dg/vect/vect-reduc-in-order-1.c -flto -ffat-lto-objects execution test
XPASS: gcc.dg/vect/vect-reduc-in-order-1.c execution test
XPASS: gcc.dg/vect/vect-reduc-in-order-2.c -flto -ffat-lto-objects execution test
XPASS: gcc.dg/vect/vect-reduc-in-order-2.c execution test
XPASS: gcc.dg/vect/vect-reduc-in-order-3.c -flto -ffat-lto-objects execution test
XPASS: gcc.dg/vect/vect-reduc-in-order-3.c execution test
XPASS: gcc.dg/vect/vect-reduc-in-order-4.c -flto -ffat-lto-objects execution test
XPASS: gcc.dg/vect/vect-reduc-in-order-4.c execution test
=== gcc Summary for unix/-m32 ===
# of expected passes 136470
# of unexpected failures 64
# of unexpected successes 31
# of expected failures 440
# of unsupported tests 2486
=== gcc Summary ===
# of expected passes 275231
# of unexpected failures 125
# of unexpected successes 53
# of expected failures 878
# of unsupported tests 4769
/export/gnu/import/git/gcc-test-intel64corei7/bld/gcc/xgcc version 8.0.1 20180412 (experimental) [trunk revision 259346] (GCC)
=== gfortran tests ===
Running target unix
FAIL: gfortran.dg/do_concurrent_5.f90 -O (test for excess errors)
UNRESOLVED: gfortran.dg/do_concurrent_5.f90 -O compilation failed to produce executable
=== gfortran Summary for unix ===
# of expected passes 47281
# of unexpected failures 1
# of expected failures 93
# of unresolved testcases 1
# of unsupported tests 79
Running target unix/-m32
FAIL: gfortran.dg/do_concurrent_5.f90 -O (test for excess errors)
UNRESOLVED: gfortran.dg/do_concurrent_5.f90 -O compilation failed to produce executable
=== gfortran Summary for unix/-m32 ===
# of expected passes 47064
# of unexpected failures 1
# of expected failures 93
# of unresolved testcases 1
# of unsupported tests 182
=== gfortran Summary ===
# of expected passes 94345
# of unexpected failures 2
# of expected failures 186
# of unresolved testcases 2
# of unsupported tests 261
/export/gnu/import/git/gcc-test-intel64corei7/bld/gcc/gfortran version 8.0.1 20180412 (experimental) [trunk revision 259346] (GCC)
=== g++ tests ===
Running target unix
FAIL: g++.dg/ext/pr84828.C -std=gnu++11 (internal compiler error)
FAIL: g++.dg/ext/pr84828.C -std=gnu++11 (test for excess errors)
FAIL: g++.dg/ext/pr84828.C -std=gnu++14 (internal compiler error)
FAIL: g++.dg/ext/pr84828.C -std=gnu++14 (test for excess errors)
FAIL: g++.dg/ext/pr84828.C -std=gnu++98 (internal compiler error)
FAIL: g++.dg/ext/pr84828.C -std=gnu++98 (test for excess errors)
FAIL: g++.dg/ipa/pr46984.C -std=gnu++11 (internal compiler error)
FAIL: g++.dg/ipa/pr46984.C -std=gnu++11 (test for excess errors)
UNRESOLVED: g++.dg/ipa/pr46984.C -std=gnu++11 compilation failed to produce executable
FAIL: g++.dg/ipa/pr46984.C -std=gnu++14 (internal compiler error)
FAIL: g++.dg/ipa/pr46984.C -std=gnu++14 (test for excess errors)
UNRESOLVED: g++.dg/ipa/pr46984.C -std=gnu++14 compilation failed to produce executable
FAIL: g++.dg/ipa/pr46984.C -std=gnu++98 (internal compiler error)
FAIL: g++.dg/ipa/pr46984.C -std=gnu++98 (test for excess errors)
UNRESOLVED: g++.dg/ipa/pr46984.C -std=gnu++98 compilation failed to produce executable
FAIL: g++.dg/guality/pr55665.C -O2 line 23 p == 40
FAIL: g++.dg/lto/20081217-1 cp_lto_20081217-1_0.o assemble, -O0 -flto -flto-partition=1to1 -fno-use-linker-plugin (internal compiler error)
FAIL: g++.dg/lto/20081217-1 cp_lto_20081217-1_0.o assemble, -O0 -flto -flto-partition=none -fuse-linker-plugin (internal compiler error)
FAIL: g++.dg/lto/20081217-1 cp_lto_20081217-1_0.o assemble, -O0 -flto -fuse-linker-plugin -fno-fat-lto-objects (internal compiler error)
FAIL: g++.dg/lto/20081217-1 cp_lto_20081217-1_0.o assemble, -O2 -flto -flto-partition=1to1 -fno-use-linker-plugin (internal compiler error)
FAIL: g++.dg/lto/20081217-1 cp_lto_20081217-1_0.o assemble, -O2 -flto -flto-partition=none -fuse-linker-plugin -fno-fat-lto-objects (internal compiler error)
FAIL: g++.dg/lto/20081217-1 cp_lto_20081217-1_0.o assemble, -O2 -flto -fuse-linker-plugin (internal compiler error)
UNRESOLVED: g++.dg/lto/20081217-1 cp_lto_20081217-1_0.o-cp_lto_20081217-1_0.o execute -O0 -flto -flto-partition=1to1 -fno-use-linker-plugin
UNRESOLVED: g++.dg/lto/20081217-1 cp_lto_20081217-1_0.o-cp_lto_20081217-1_0.o execute -O0 -flto -flto-partition=none -fuse-linker-plugin
UNRESOLVED: g++.dg/lto/20081217-1 cp_lto_20081217-1_0.o-cp_lto_20081217-1_0.o execute -O0 -flto -fuse-linker-plugin -fno-fat-lto-objects
UNRESOLVED: g++.dg/lto/20081217-1 cp_lto_20081217-1_0.o-cp_lto_20081217-1_0.o execute -O2 -flto -flto-partition=1to1 -fno-use-linker-plugin
UNRESOLVED: g++.dg/lto/20081217-1 cp_lto_20081217-1_0.o-cp_lto_20081217-1_0.o execute -O2 -flto -flto-partition=none -fuse-linker-plugin -fno-fat-lto-objects
UNRESOLVED: g++.dg/lto/20081217-1 cp_lto_20081217-1_0.o-cp_lto_20081217-1_0.o execute -O2 -flto -fuse-linker-plugin
UNRESOLVED: g++.dg/lto/20081217-1 cp_lto_20081217-1_0.o-cp_lto_20081217-1_0.o link -O0 -flto -flto-partition=1to1 -fno-use-linker-plugin
UNRESOLVED: g++.dg/lto/20081217-1 cp_lto_20081217-1_0.o-cp_lto_20081217-1_0.o link -O0 -flto -flto-partition=none -fuse-linker-plugin
UNRESOLVED: g++.dg/lto/20081217-1 cp_lto_20081217-1_0.o-cp_lto_20081217-1_0.o link -O0 -flto -fuse-linker-plugin -fno-fat-lto-objects
UNRESOLVED: g++.dg/lto/20081217-1 cp_lto_20081217-1_0.o-cp_lto_20081217-1_0.o link -O2 -flto -flto-partition=1to1 -fno-use-linker-plugin
UNRESOLVED: g++.dg/lto/20081217-1 cp_lto_20081217-1_0.o-cp_lto_20081217-1_0.o link -O2 -flto -flto-partition=none -fuse-linker-plugin -fno-fat-lto-objects
UNRESOLVED: g++.dg/lto/20081217-1 cp_lto_20081217-1_0.o-cp_lto_20081217-1_0.o link -O2 -flto -fuse-linker-plugin
FAIL: g++.dg/lto/20081217-2 cp_lto_20081217-2_0.o assemble, -O0 -flto -flto-partition=1to1 -fno-use-linker-plugin (internal compiler error)
FAIL: g++.dg/lto/20081217-2 cp_lto_20081217-2_0.o assemble, -O0 -flto -flto-partition=none -fuse-linker-plugin (internal compiler error)
FAIL: g++.dg/lto/20081217-2 cp_lto_20081217-2_0.o assemble, -O0 -flto -fuse-linker-plugin -fno-fat-lto-objects (internal compiler error)
FAIL: g++.dg/lto/20081217-2 cp_lto_20081217-2_0.o assemble, -O2 -flto -flto-partition=1to1 -fno-use-linker-plugin (internal compiler error)
FAIL: g++.dg/lto/20081217-2 cp_lto_20081217-2_0.o assemble, -O2 -flto -flto-partition=none -fuse-linker-plugin -fno-fat-lto-objects (internal compiler error)
FAIL: g++.dg/lto/20081217-2 cp_lto_20081217-2_0.o assemble, -O2 -flto -fuse-linker-plugin (internal compiler error)
UNRESOLVED: g++.dg/lto/20081217-2 cp_lto_20081217-2_0.o-cp_lto_20081217-2_0.o execute -O0 -flto -flto-partition=1to1 -fno-use-linker-plugin
UNRESOLVED: g++.dg/lto/20081217-2 cp_lto_20081217-2_0.o-cp_lto_20081217-2_0.o execute -O0 -flto -flto-partition=none -fuse-linker-plugin
UNRESOLVED: g++.dg/lto/20081217-2 cp_lto_20081217-2_0.o-cp_lto_20081217-2_0.o execute -O0 -flto -fuse-linker-plugin -fno-fat-lto-objects
UNRESOLVED: g++.dg/lto/20081217-2 cp_lto_20081217-2_0.o-cp_lto_20081217-2_0.o execute -O2 -flto -flto-partition=1to1 -fno-use-linker-plugin
UNRESOLVED: g++.dg/lto/20081217-2 cp_lto_20081217-2_0.o-cp_lto_20081217-2_0.o execute -O2 -flto -flto-partition=none -fuse-linker-plugin -fno-fat-lto-objects
UNRESOLVED: g++.dg/lto/20081217-2 cp_lto_20081217-2_0.o-cp_lto_20081217-2_0.o execute -O2 -flto -fuse-linker-plugin
UNRESOLVED: g++.dg/lto/20081217-2 cp_lto_20081217-2_0.o-cp_lto_20081217-2_0.o link -O0 -flto -flto-partition=1to1 -fno-use-linker-plugin
UNRESOLVED: g++.dg/lto/20081217-2 cp_lto_20081217-2_0.o-cp_lto_20081217-2_0.o link -O0 -flto -flto-partition=none -fuse-linker-plugin
UNRESOLVED: g++.dg/lto/20081217-2 cp_lto_20081217-2_0.o-cp_lto_20081217-2_0.o link -O0 -flto -fuse-linker-plugin -fno-fat-lto-objects
UNRESOLVED: g++.dg/lto/20081217-2 cp_lto_20081217-2_0.o-cp_lto_20081217-2_0.o link -O2 -flto -flto-partition=1to1 -fno-use-linker-plugin
UNRESOLVED: g++.dg/lto/20081217-2 cp_lto_20081217-2_0.o-cp_lto_20081217-2_0.o link -O2 -flto -flto-partition=none -fuse-linker-plugin -fno-fat-lto-objects
UNRESOLVED: g++.dg/lto/20081217-2 cp_lto_20081217-2_0.o-cp_lto_20081217-2_0.o link -O2 -flto -fuse-linker-plugin
FAIL: g++.dg/lto/20081219 cp_lto_20081219_0.o assemble, -fPIC -flto -flto-partition=1to1 -O2 (internal compiler error)
UNRESOLVED: g++.dg/lto/20081219 cp_lto_20081219_0.o-cp_lto_20081219_1.o execute -fPIC -flto -flto-partition=1to1 -O2
UNRESOLVED: g++.dg/lto/20081219 cp_lto_20081219_0.o-cp_lto_20081219_1.o link -fPIC -flto -flto-partition=1to1 -O2
FAIL: g++.dg/lto/20091210-1 cp_lto_20091210-1_0.o assemble, -O0 -flto -flto-partition=1to1 -fno-use-linker-plugin (internal compiler error)
FAIL: g++.dg/lto/20091210-1 cp_lto_20091210-1_0.o assemble, -O0 -flto -flto-partition=none -fuse-linker-plugin (internal compiler error)
FAIL: g++.dg/lto/20091210-1 cp_lto_20091210-1_0.o assemble, -O0 -flto -fuse-linker-plugin -fno-fat-lto-objects (internal compiler error)
FAIL: g++.dg/lto/20091210-1 cp_lto_20091210-1_0.o assemble, -O2 -flto -flto-partition=1to1 -fno-use-linker-plugin (internal compiler error)
FAIL: g++.dg/lto/20091210-1 cp_lto_20091210-1_0.o assemble, -O2 -flto -flto-partition=none -fuse-linker-plugin -fno-fat-lto-objects (internal compiler error)
FAIL: g++.dg/lto/20091210-1 cp_lto_20091210-1_0.o assemble, -O2 -flto -fuse-linker-plugin (internal compiler error)
UNRESOLVED: g++.dg/lto/20091210-1 cp_lto_20091210-1_0.o-cp_lto_20091210-1_1.o execute -O0 -flto -flto-partition=1to1 -fno-use-linker-plugin
UNRESOLVED: g++.dg/lto/20091210-1 cp_lto_20091210-1_0.o-cp_lto_20091210-1_1.o execute -O0 -flto -flto-partition=none -fuse-linker-plugin
UNRESOLVED: g++.dg/lto/20091210-1 cp_lto_20091210-1_0.o-cp_lto_20091210-1_1.o execute -O0 -flto -fuse-linker-plugin -fno-fat-lto-objects
UNRESOLVED: g++.dg/lto/20091210-1 cp_lto_20091210-1_0.o-cp_lto_20091210-1_1.o execute -O2 -flto -flto-partition=1to1 -fno-use-linker-plugin
UNRESOLVED: g++.dg/lto/20091210-1 cp_lto_20091210-1_0.o-cp_lto_20091210-1_1.o execute -O2 -flto -flto-partition=none -fuse-linker-plugin -fno-fat-lto-objects
UNRESOLVED: g++.dg/lto/20091210-1 cp_lto_20091210-1_0.o-cp_lto_20091210-1_1.o execute -O2 -flto -fuse-linker-plugin
UNRESOLVED: g++.dg/lto/20091210-1 cp_lto_20091210-1_0.o-cp_lto_20091210-1_1.o link -O0 -flto -flto-partition=1to1 -fno-use-linker-plugin
UNRESOLVED: g++.dg/lto/20091210-1 cp_lto_20091210-1_0.o-cp_lto_20091210-1_1.o link -O0 -flto -flto-partition=none -fuse-linker-plugin
UNRESOLVED: g++.dg/lto/20091210-1 cp_lto_20091210-1_0.o-cp_lto_20091210-1_1.o link -O0 -flto -fuse-linker-plugin -fno-fat-lto-objects
UNRESOLVED: g++.dg/lto/20091210-1 cp_lto_20091210-1_0.o-cp_lto_20091210-1_1.o link -O2 -flto -flto-partition=1to1 -fno-use-linker-plugin
UNRESOLVED: g++.dg/lto/20091210-1 cp_lto_20091210-1_0.o-cp_lto_20091210-1_1.o link -O2 -flto -flto-partition=none -fuse-linker-plugin -fno-fat-lto-objects
UNRESOLVED: g++.dg/lto/20091210-1 cp_lto_20091210-1_0.o-cp_lto_20091210-1_1.o link -O2 -flto -fuse-linker-plugin
FAIL: g++.dg/lto/pr60567 cp_lto_pr60567_0.o assemble, -flto -fno-use-linker-plugin (internal compiler error)
UNRESOLVED: g++.dg/lto/pr60567 cp_lto_pr60567_0.o-cp_lto_pr60567_0.o execute -flto -fno-use-linker-plugin
UNRESOLVED: g++.dg/lto/pr60567 cp_lto_pr60567_0.o-cp_lto_pr60567_0.o link -flto -fno-use-linker-plugin
FAIL: g++.dg/lto/pr64076 cp_lto_pr64076_0.o assemble, -O0 -flto -flto-partition=1to1 -fno-use-linker-plugin (internal compiler error)
FAIL: g++.dg/lto/pr64076 cp_lto_pr64076_0.o assemble, -O0 -flto -flto-partition=none -fuse-linker-plugin (internal compiler error)
FAIL: g++.dg/lto/pr64076 cp_lto_pr64076_0.o assemble, -O0 -flto -fuse-linker-plugin -fno-fat-lto-objects (internal compiler error)
UNRESOLVED: g++.dg/lto/pr64076 cp_lto_pr64076_0.o-cp_lto_pr64076_1.o execute -O0 -flto -flto-partition=1to1 -fno-use-linker-plugin
UNRESOLVED: g++.dg/lto/pr64076 cp_lto_pr64076_0.o-cp_lto_pr64076_1.o execute -O0 -flto -flto-partition=none -fuse-linker-plugin
UNRESOLVED: g++.dg/lto/pr64076 cp_lto_pr64076_0.o-cp_lto_pr64076_1.o execute -O0 -flto -fuse-linker-plugin -fno-fat-lto-objects
UNRESOLVED: g++.dg/lto/pr64076 cp_lto_pr64076_0.o-cp_lto_pr64076_1.o link -O0 -flto -flto-partition=1to1 -fno-use-linker-plugin
UNRESOLVED: g++.dg/lto/pr64076 cp_lto_pr64076_0.o-cp_lto_pr64076_1.o link -O0 -flto -flto-partition=none -fuse-linker-plugin
UNRESOLVED: g++.dg/lto/pr64076 cp_lto_pr64076_0.o-cp_lto_pr64076_1.o link -O0 -flto -fuse-linker-plugin -fno-fat-lto-objects
UNRESOLVED: g++.dg/lto/pr69133 cp_lto_pr69133_0.o-cp_lto_pr69133_1.o execute -flto -O2
UNRESOLVED: g++.dg/lto/pr69133 cp_lto_pr69133_0.o-cp_lto_pr69133_1.o link -flto -O2
FAIL: g++.dg/lto/pr69133 cp_lto_pr69133_1.o assemble, -flto -O2 (internal compiler error)
FAIL: g++.dg/lto/pr69729 cp_lto_pr69729_0.o assemble, -fcheck-pointer-bounds -mmpx -flto -flto-partition=max (internal compiler error)
UNRESOLVED: g++.dg/lto/pr69729 cp_lto_pr69729_0.o-cp_lto_pr69729_0.o execute -fcheck-pointer-bounds -mmpx -flto -flto-partition=max
UNRESOLVED: g++.dg/lto/pr69729 cp_lto_pr69729_0.o-cp_lto_pr69729_0.o link -fcheck-pointer-bounds -mmpx -flto -flto-partition=max
FAIL: g++.dg/lto/pr82027 cp_lto_pr82027_0.o assemble, -O3 -flto (internal compiler error)
UNRESOLVED: g++.dg/lto/pr82027 cp_lto_pr82027_0.o-cp_lto_pr82027_0.o execute -O3 -flto
UNRESOLVED: g++.dg/lto/pr82027 cp_lto_pr82027_0.o-cp_lto_pr82027_0.o link -O3 -flto
FAIL: g++.dg/torture/covariant-1.C -O2 -flto -fno-use-linker-plugin -flto-partition=none (internal compiler error)
FAIL: g++.dg/torture/covariant-1.C -O2 -flto -fno-use-linker-plugin -flto-partition=none (test for excess errors)
UNRESOLVED: g++.dg/torture/covariant-1.C -O2 -flto -fno-use-linker-plugin -flto-partition=none compilation failed to produce executable
FAIL: g++.dg/torture/covariant-1.C -O2 -flto -fuse-linker-plugin -fno-fat-lto-objects (internal compiler error)
FAIL: g++.dg/torture/covariant-1.C -O2 -flto -fuse-linker-plugin -fno-fat-lto-objects (test for excess errors)
UNRESOLVED: g++.dg/torture/covariant-1.C -O2 -flto -fuse-linker-plugin -fno-fat-lto-objects compilation failed to produce executable
FAIL: g++.dg/torture/pr41257.C -O2 -flto -fno-use-linker-plugin -flto-partition=none (internal compiler error)
FAIL: g++.dg/torture/pr41257.C -O2 -flto -fno-use-linker-plugin -flto-partition=none (test for excess errors)
FAIL: g++.dg/torture/pr41257.C -O2 -flto -fuse-linker-plugin -fno-fat-lto-objects (internal compiler error)
FAIL: g++.dg/torture/pr41257.C -O2 -flto -fuse-linker-plugin -fno-fat-lto-objects (test for excess errors)
FAIL: g++.dg/torture/pr43068.C -O2 -flto -fno-use-linker-plugin -flto-partition=none (internal compiler error)
FAIL: g++.dg/torture/pr43068.C -O2 -flto -fno-use-linker-plugin -flto-partition=none (test for excess errors)
FAIL: g++.dg/torture/pr43068.C -O2 -flto -fuse-linker-plugin -fno-fat-lto-objects (internal compiler error)
FAIL: g++.dg/torture/pr43068.C -O2 -flto -fuse-linker-plugin -fno-fat-lto-objects (test for excess errors)
FAIL: g++.dg/torture/pr45699.C -O2 -flto -fno-use-linker-plugin -flto-partition=none (internal compiler error)
FAIL: g++.dg/torture/pr45699.C -O2 -flto -fno-use-linker-plugin -flto-partition=none (test for excess errors)
UNRESOLVED: g++.dg/torture/pr45699.C -O2 -flto -fno-use-linker-plugin -flto-partition=none compilation failed to produce executable
FAIL: g++.dg/torture/pr45699.C -O2 -flto -fuse-linker-plugin -fno-fat-lto-objects (internal compiler error)
FAIL: g++.dg/torture/pr45699.C -O2 -flto -fuse-linker-plugin -fno-fat-lto-objects (test for excess errors)
UNRESOLVED: g++.dg/torture/pr45699.C -O2 -flto -fuse-linker-plugin -fno-fat-lto-objects compilation failed to produce executable
FAIL: g++.dg/torture/pr46287.C -O2 -flto -fno-use-linker-plugin -flto-partition=none (internal compiler error)
FAIL: g++.dg/torture/pr46287.C -O2 -flto -fno-use-linker-plugin -flto-partition=none (test for excess errors)
UNRESOLVED: g++.dg/torture/pr46287.C -O2 -flto -fno-use-linker-plugin -flto-partition=none compilation failed to produce executable
FAIL: g++.dg/torture/pr46287.C -O2 -flto -fuse-linker-plugin -fno-fat-lto-objects (internal compiler error)
FAIL: g++.dg/torture/pr46287.C -O2 -flto -fuse-linker-plugin -fno-fat-lto-objects (test for excess errors)
UNRESOLVED: g++.dg/torture/pr46287.C -O2 -flto -fuse-linker-plugin -fno-fat-lto-objects compilation failed to produce executable
FAIL: g++.dg/torture/pr48661.C -O2 -flto -fno-use-linker-plugin -flto-partition=none (internal compiler error)
FAIL: g++.dg/torture/pr48661.C -O2 -flto -fno-use-linker-plugin -flto-partition=none (test for excess errors)
UNRESOLVED: g++.dg/torture/pr48661.C -O2 -flto -fno-use-linker-plugin -flto-partition=none compilation failed to produce executable
FAIL: g++.dg/torture/pr48661.C -O2 -flto -fuse-linker-plugin -fno-fat-lto-objects (internal compiler error)
FAIL: g++.dg/torture/pr48661.C -O2 -flto -fuse-linker-plugin -fno-fat-lto-objects (test for excess errors)
UNRESOLVED: g++.dg/torture/pr48661.C -O2 -flto -fuse-linker-plugin -fno-fat-lto-objects compilation failed to produce executable
FAIL: g++.dg/torture/pr48954.C -O0 (internal compiler error)
FAIL: g++.dg/torture/pr48954.C -O0 (test for excess errors)
FAIL: g++.dg/torture/pr48954.C -O1 (internal compiler error)
FAIL: g++.dg/torture/pr48954.C -O1 (test for excess errors)
FAIL: g++.dg/torture/pr48954.C -O2 (internal compiler error)
FAIL: g++.dg/torture/pr48954.C -O2 (test for excess errors)
FAIL: g++.dg/torture/pr48954.C -O2 -flto -fno-use-linker-plugin -flto-partition=none (internal compiler error)
FAIL: g++.dg/torture/pr48954.C -O2 -flto -fno-use-linker-plugin -flto-partition=none (test for excess errors)
FAIL: g++.dg/torture/pr48954.C -O2 -flto -fuse-linker-plugin -fno-fat-lto-objects (internal compiler error)
FAIL: g++.dg/torture/pr48954.C -O2 -flto -fuse-linker-plugin -fno-fat-lto-objects (test for excess errors)
FAIL: g++.dg/torture/pr48954.C -O3 -fomit-frame-pointer -funroll-loops -fpeel-loops -ftracer -finline-functions (internal compiler error)
FAIL: g++.dg/torture/pr48954.C -O3 -fomit-frame-pointer -funroll-loops -fpeel-loops -ftracer -finline-functions (test for excess errors)
FAIL: g++.dg/torture/pr48954.C -O3 -g (internal compiler error)
FAIL: g++.dg/torture/pr48954.C -O3 -g (test for excess errors)
FAIL: g++.dg/torture/pr48954.C -Os (internal compiler error)
FAIL: g++.dg/torture/pr48954.C -Os (test for excess errors)
FAIL: g++.dg/torture/pr58201_0.C -O2 -flto -fno-use-linker-plugin -flto-partition=none (internal compiler error)
FAIL: g++.dg/torture/pr58201_0.C -O2 -flto -fno-use-linker-plugin -flto-partition=none (test for excess errors)
FAIL: g++.dg/torture/pr58201_0.C -O2 -flto -fuse-linker-plugin -fno-fat-lto-objects (internal compiler error)
FAIL: g++.dg/torture/pr58201_0.C -O2 -flto -fuse-linker-plugin -fno-fat-lto-objects (test for excess errors)
FAIL: g++.dg/torture/pr58201_1.C -O2 -flto -fno-use-linker-plugin -flto-partition=none (internal compiler error)
FAIL: g++.dg/torture/pr58201_1.C -O2 -flto -fno-use-linker-plugin -flto-partition=none (test for excess errors)
FAIL: g++.dg/torture/pr58201_1.C -O2 -flto -fuse-linker-plugin -fno-fat-lto-objects (internal compiler error)
FAIL: g++.dg/torture/pr58201_1.C -O2 -flto -fuse-linker-plugin -fno-fat-lto-objects (test for excess errors)
FAIL: g++.dg/torture/pr58252.C -O2 -flto -fno-use-linker-plugin -flto-partition=none (internal compiler error)
FAIL: g++.dg/torture/pr58252.C -O2 -flto -fno-use-linker-plugin -flto-partition=none (test for excess errors)
FAIL: g++.dg/torture/pr58252.C -O2 -flto -fuse-linker-plugin -fno-fat-lto-objects (internal compiler error)
FAIL: g++.dg/torture/pr58252.C -O2 -flto -fuse-linker-plugin -fno-fat-lto-objects (test for excess errors)
FAIL: g++.dg/torture/pr58585.C -O2 -flto -fno-use-linker-plugin -flto-partition=none (internal compiler error)
FAIL: g++.dg/torture/pr58585.C -O2 -flto -fno-use-linker-plugin -flto-partition=none (test for excess errors)
FAIL: g++.dg/torture/pr58585.C -O2 -flto -fuse-linker-plugin -fno-fat-lto-objects (internal compiler error)
FAIL: g++.dg/torture/pr58585.C -O2 -flto -fuse-linker-plugin -fno-fat-lto-objects (test for excess errors)
FAIL: g++.dg/torture/pr59226.C -O2 -flto -fno-use-linker-plugin -flto-partition=none (internal compiler error)
FAIL: g++.dg/torture/pr59226.C -O2 -flto -fno-use-linker-plugin -flto-partition=none (test for excess errors)
FAIL: g++.dg/torture/pr59226.C -O2 -flto -fuse-linker-plugin -fno-fat-lto-objects (internal compiler error)
FAIL: g++.dg/torture/pr59226.C -O2 -flto -fuse-linker-plugin -fno-fat-lto-objects (test for excess errors)
FAIL: g++.dg/torture/pr60871.C -O2 -flto -fno-use-linker-plugin -flto-partition=none (internal compiler error)
FAIL: g++.dg/torture/pr60871.C -O2 -flto -fno-use-linker-plugin -flto-partition=none (test for excess errors)
FAIL: g++.dg/torture/pr60871.C -O2 -flto -fuse-linker-plugin -fno-fat-lto-objects (internal compiler error)
FAIL: g++.dg/torture/pr60871.C -O2 -flto -fuse-linker-plugin -fno-fat-lto-objects (test for excess errors)
FAIL: g++.dg/torture/pr64988.C -O2 -flto -fno-use-linker-plugin -flto-partition=none (internal compiler error)
FAIL: g++.dg/torture/pr64988.C -O2 -flto -fno-use-linker-plugin -flto-partition=none (test for excess errors)
FAIL: g++.dg/torture/pr64988.C -O2 -flto -fuse-linker-plugin -fno-fat-lto-objects (internal compiler error)
FAIL: g++.dg/torture/pr64988.C -O2 -flto -fuse-linker-plugin -fno-fat-lto-objects (test for excess errors)
FAIL: g++.dg/torture/pr68184.C -O2 -flto -fno-use-linker-plugin -flto-partition=none (internal compiler error)
FAIL: g++.dg/torture/pr68184.C -O2 -flto -fno-use-linker-plugin -flto-partition=none (test for excess errors)
UNRESOLVED: g++.dg/torture/pr68184.C -O2 -flto -fno-use-linker-plugin -flto-partition=none compilation failed to produce executable
FAIL: g++.dg/torture/pr68184.C -O2 -flto -fuse-linker-plugin -fno-fat-lto-objects (internal compiler error)
FAIL: g++.dg/torture/pr68184.C -O2 -flto -fuse-linker-plugin -fno-fat-lto-objects (test for excess errors)
UNRESOLVED: g++.dg/torture/pr68184.C -O2 -flto -fuse-linker-plugin -fno-fat-lto-objects compilation failed to produce executable
FAIL: g++.dg/torture/pr71571.C -O2 -flto -fno-use-linker-plugin -flto-partition=none (internal compiler error)
FAIL: g++.dg/torture/pr71571.C -O2 -flto -fno-use-linker-plugin -flto-partition=none (test for excess errors)
UNRESOLVED: g++.dg/torture/pr71571.C -O2 -flto -fno-use-linker-plugin -flto-partition=none compilation failed to produce executable
FAIL: g++.dg/torture/pr71571.C -O2 -flto -fuse-linker-plugin -fno-fat-lto-objects (internal compiler error)
FAIL: g++.dg/torture/pr71571.C -O2 -flto -fuse-linker-plugin -fno-fat-lto-objects (test for excess errors)
UNRESOLVED: g++.dg/torture/pr71571.C -O2 -flto -fuse-linker-plugin -fno-fat-lto-objects compilation failed to produce executable
FAIL: g++.dg/torture/pr78692.C -O2 -flto -fno-use-linker-plugin -flto-partition=none (internal compiler error)
FAIL: g++.dg/torture/pr78692.C -O2 -flto -fno-use-linker-plugin -flto-partition=none (test for excess errors)
FAIL: g++.dg/torture/pr78692.C -O2 -flto -fuse-linker-plugin -fno-fat-lto-objects (internal compiler error)
FAIL: g++.dg/torture/pr78692.C -O2 -flto -fuse-linker-plugin -fno-fat-lto-objects (test for excess errors)
FAIL: g++.dg/torture/pr81812.C -O2 -flto -fno-use-linker-plugin -flto-partition=none (internal compiler error)
FAIL: g++.dg/torture/pr81812.C -O2 -flto -fno-use-linker-plugin -flto-partition=none (test for excess errors)
FAIL: g++.dg/torture/pr81812.C -O2 -flto -fuse-linker-plugin -fno-fat-lto-objects (internal compiler error)
FAIL: g++.dg/torture/pr81812.C -O2 -flto -fuse-linker-plugin -fno-fat-lto-objects (test for excess errors)
FAIL: g++.dg/torture/pr83619.C -O2 -flto -fno-use-linker-plugin -flto-partition=none (internal compiler error)
FAIL: g++.dg/torture/pr83619.C -O2 -flto -fno-use-linker-plugin -flto-partition=none (test for excess errors)
FAIL: g++.dg/torture/pr83619.C -O2 -flto -fuse-linker-plugin -fno-fat-lto-objects (internal compiler error)
FAIL: g++.dg/torture/pr83619.C -O2 -flto -fuse-linker-plugin -fno-fat-lto-objects (test for excess errors)
FAIL: g++.dg/ubsan/pr64632.C -O2 -flto -fno-use-linker-plugin -flto-partition=none (internal compiler error)
FAIL: g++.dg/ubsan/pr64632.C -O2 -flto -fno-use-linker-plugin -flto-partition=none (test for excess errors)
UNRESOLVED: g++.dg/ubsan/pr64632.C -O2 -flto -fno-use-linker-plugin -flto-partition=none compilation failed to produce executable
FAIL: g++.dg/ubsan/pr64632.C -O2 -flto -fuse-linker-plugin -fno-fat-lto-objects (internal compiler error)
FAIL: g++.dg/ubsan/pr64632.C -O2 -flto -fuse-linker-plugin -fno-fat-lto-objects (test for excess errors)
UNRESOLVED: g++.dg/ubsan/pr64632.C -O2 -flto -fuse-linker-plugin -fno-fat-lto-objects compilation failed to produce executable
FAIL: g++.dg/ubsan/pr65000.C -O2 -flto -fno-use-linker-plugin -flto-partition=none (internal compiler error)
FAIL: g++.dg/ubsan/pr65000.C -O2 -flto -fno-use-linker-plugin -flto-partition=none (test for excess errors)
FAIL: g++.dg/ubsan/pr65000.C -O2 -flto -fuse-linker-plugin -fno-fat-lto-objects (internal compiler error)
FAIL: g++.dg/ubsan/pr65000.C -O2 -flto -fuse-linker-plugin -fno-fat-lto-objects (test for excess errors)
FAIL: g++.dg/ubsan/pr70147-1.C -O2 -flto -fno-use-linker-plugin -flto-partition=none (internal compiler error)
FAIL: g++.dg/ubsan/pr70147-1.C -O2 -flto -fno-use-linker-plugin -flto-partition=none (test for excess errors)
UNRESOLVED: g++.dg/ubsan/pr70147-1.C -O2 -flto -fno-use-linker-plugin -flto-partition=none compilation failed to produce executable
FAIL: g++.dg/ubsan/pr70147-1.C -O2 -flto -fuse-linker-plugin -fno-fat-lto-objects (internal compiler error)
FAIL: g++.dg/ubsan/pr70147-1.C -O2 -flto -fuse-linker-plugin -fno-fat-lto-objects (test for excess errors)
UNRESOLVED: g++.dg/ubsan/pr70147-1.C -O2 -flto -fuse-linker-plugin -fno-fat-lto-objects compilation failed to produce executable
FAIL: g++.dg/ubsan/vptr-1.C -O2 -flto -fno-use-linker-plugin -flto-partition=none (internal compiler error)
FAIL: g++.dg/ubsan/vptr-1.C -O2 -flto -fno-use-linker-plugin -flto-partition=none (test for excess errors)
UNRESOLVED: g++.dg/ubsan/vptr-1.C -O2 -flto -fno-use-linker-plugin -flto-partition=none compilation failed to produce executable
FAIL: g++.dg/ubsan/vptr-1.C -O2 -flto -fuse-linker-plugin -fno-fat-lto-objects (internal compiler error)
FAIL: g++.dg/ubsan/vptr-1.C -O2 -flto -fuse-linker-plugin -fno-fat-lto-objects (test for excess errors)
UNRESOLVED: g++.dg/ubsan/vptr-1.C -O2 -flto -fuse-linker-plugin -fno-fat-lto-objects compilation failed to produce executable
FAIL: g++.dg/ubsan/vptr-10.C -O2 -flto -fno-use-linker-plugin -flto-partition=none (internal compiler error)
FAIL: g++.dg/ubsan/vptr-10.C -O2 -flto -fno-use-linker-plugin -flto-partition=none (test for excess errors)
UNRESOLVED: g++.dg/ubsan/vptr-10.C -O2 -flto -fno-use-linker-plugin -flto-partition=none compilation failed to produce executable
FAIL: g++.dg/ubsan/vptr-10.C -O2 -flto -fuse-linker-plugin -fno-fat-lto-objects (internal compiler error)
FAIL: g++.dg/ubsan/vptr-10.C -O2 -flto -fuse-linker-plugin -fno-fat-lto-objects (test for excess errors)
UNRESOLVED: g++.dg/ubsan/vptr-10.C -O2 -flto -fuse-linker-plugin -fno-fat-lto-objects compilation failed to produce executable
FAIL: g++.dg/ubsan/vptr-11.C -O2 -flto -fno-use-linker-plugin -flto-partition=none (internal compiler error)
FAIL: g++.dg/ubsan/vptr-11.C -O2 -flto -fno-use-linker-plugin -flto-partition=none (test for excess errors)
UNRESOLVED: g++.dg/ubsan/vptr-11.C -O2 -flto -fno-use-linker-plugin -flto-partition=none compilation failed to produce executable
FAIL: g++.dg/ubsan/vptr-11.C -O2 -flto -fuse-linker-plugin -fno-fat-lto-objects (internal compiler error)
FAIL: g++.dg/ubsan/vptr-11.C -O2 -flto -fuse-linker-plugin -fno-fat-lto-objects (test for excess errors)
UNRESOLVED: g++.dg/ubsan/vptr-11.C -O2 -flto -fuse-linker-plugin -fno-fat-lto-objects compilation failed to produce executable
FAIL: g++.dg/ubsan/vptr-2.C -O2 -flto -fno-use-linker-plugin -flto-partition=none (internal compiler error)
FAIL: g++.dg/ubsan/vptr-2.C -O2 -flto -fno-use-linker-plugin -flto-partition=none (test for excess errors)
UNRESOLVED: g++.dg/ubsan/vptr-2.C -O2 -flto -fno-use-linker-plugin -flto-partition=none compilation failed to produce executable
FAIL: g++.dg/ubsan/vptr-2.C -O2 -flto -fuse-linker-plugin -fno-fat-lto-objects (internal compiler error)
FAIL: g++.dg/ubsan/vptr-2.C -O2 -flto -fuse-linker-plugin -fno-fat-lto-objects (test for excess errors)
UNRESOLVED: g++.dg/ubsan/vptr-2.C -O2 -flto -fuse-linker-plugin -fno-fat-lto-objects compilation failed to produce executable
FAIL: g++.dg/ubsan/vptr-3.C -O2 -flto -fno-use-linker-plugin -flto-partition=none (internal compiler error)
FAIL: g++.dg/ubsan/vptr-3.C -O2 -flto -fno-use-linker-plugin -flto-partition=none (test for excess errors)
UNRESOLVED: g++.dg/ubsan/vptr-3.C -O2 -flto -fno-use-linker-plugin -flto-partition=none compilation failed to produce executable
FAIL: g++.dg/ubsan/vptr-3.C -O2 -flto -fuse-linker-plugin -fno-fat-lto-objects (internal compiler error)
FAIL: g++.dg/ubsan/vptr-3.C -O2 -flto -fuse-linker-plugin -fno-fat-lto-objects (test for excess errors)
UNRESOLVED: g++.dg/ubsan/vptr-3.C -O2 -flto -fuse-linker-plugin -fno-fat-lto-objects compilation failed to produce executable
=== g++ Summary for unix ===
# of expected passes 124858
# of unexpected failures 159
# of expected failures 505
# of unresolved testcases 81
# of unsupported tests 4870
Running target unix/-m32
FAIL: g++.dg/ext/pr84828.C -std=gnu++11 (internal compiler error)
FAIL: g++.dg/ext/pr84828.C -std=gnu++11 (test for excess errors)
FAIL: g++.dg/ext/pr84828.C -std=gnu++14 (internal compiler error)
FAIL: g++.dg/ext/pr84828.C -std=gnu++14 (test for excess errors)
FAIL: g++.dg/ext/pr84828.C -std=gnu++98 (internal compiler error)
FAIL: g++.dg/ext/pr84828.C -std=gnu++98 (test for excess errors)
FAIL: g++.dg/ipa/pr46984.C -std=gnu++11 (internal compiler error)
FAIL: g++.dg/ipa/pr46984.C -std=gnu++11 (test for excess errors)
UNRESOLVED: g++.dg/ipa/pr46984.C -std=gnu++11 compilation failed to produce executable
FAIL: g++.dg/ipa/pr46984.C -std=gnu++14 (internal compiler error)
FAIL: g++.dg/ipa/pr46984.C -std=gnu++14 (test for excess errors)
UNRESOLVED: g++.dg/ipa/pr46984.C -std=gnu++14 compilation failed to produce executable
FAIL: g++.dg/ipa/pr46984.C -std=gnu++98 (internal compiler error)
FAIL: g++.dg/ipa/pr46984.C -std=gnu++98 (test for excess errors)
UNRESOLVED: g++.dg/ipa/pr46984.C -std=gnu++98 compilation failed to produce executable
FAIL: g++.dg/guality/pr55665.C -O2 line 23 p == 40
FAIL: g++.dg/lto/20081217-1 cp_lto_20081217-1_0.o assemble, -O0 -flto -flto-partition=1to1 -fno-use-linker-plugin (internal compiler error)
FAIL: g++.dg/lto/20081217-1 cp_lto_20081217-1_0.o assemble, -O0 -flto -flto-partition=none -fuse-linker-plugin (internal compiler error)
FAIL: g++.dg/lto/20081217-1 cp_lto_20081217-1_0.o assemble, -O0 -flto -fuse-linker-plugin -fno-fat-lto-objects (internal compiler error)
FAIL: g++.dg/lto/20081217-1 cp_lto_20081217-1_0.o assemble, -O2 -flto -flto-partition=1to1 -fno-use-linker-plugin (internal compiler error)
FAIL: g++.dg/lto/20081217-1 cp_lto_20081217-1_0.o assemble, -O2 -flto -flto-partition=none -fuse-linker-plugin -fno-fat-lto-objects (internal compiler error)
FAIL: g++.dg/lto/20081217-1 cp_lto_20081217-1_0.o assemble, -O2 -flto -fuse-linker-plugin (internal compiler error)
UNRESOLVED: g++.dg/lto/20081217-1 cp_lto_20081217-1_0.o-cp_lto_20081217-1_0.o execute -O0 -flto -flto-partition=1to1 -fno-use-linker-plugin
UNRESOLVED: g++.dg/lto/20081217-1 cp_lto_20081217-1_0.o-cp_lto_20081217-1_0.o execute -O0 -flto -flto-partition=none -fuse-linker-plugin
UNRESOLVED: g++.dg/lto/20081217-1 cp_lto_20081217-1_0.o-cp_lto_20081217-1_0.o execute -O0 -flto -fuse-linker-plugin -fno-fat-lto-objects
UNRESOLVED: g++.dg/lto/20081217-1 cp_lto_20081217-1_0.o-cp_lto_20081217-1_0.o execute -O2 -flto -flto-partition=1to1 -fno-use-linker-plugin
UNRESOLVED: g++.dg/lto/20081217-1 cp_lto_20081217-1_0.o-cp_lto_20081217-1_0.o execute -O2 -flto -flto-partition=none -fuse-linker-plugin -fno-fat-lto-objects
UNRESOLVED: g++.dg/lto/20081217-1 cp_lto_20081217-1_0.o-cp_lto_20081217-1_0.o execute -O2 -flto -fuse-linker-plugin
UNRESOLVED: g++.dg/lto/20081217-1 cp_lto_20081217-1_0.o-cp_lto_20081217-1_0.o link -O0 -flto -flto-partition=1to1 -fno-use-linker-plugin
UNRESOLVED: g++.dg/lto/20081217-1 cp_lto_20081217-1_0.o-cp_lto_20081217-1_0.o link -O0 -flto -flto-partition=none -fuse-linker-plugin
UNRESOLVED: g++.dg/lto/20081217-1 cp_lto_20081217-1_0.o-cp_lto_20081217-1_0.o link -O0 -flto -fuse-linker-plugin -fno-fat-lto-objects
UNRESOLVED: g++.dg/lto/20081217-1 cp_lto_20081217-1_0.o-cp_lto_20081217-1_0.o link -O2 -flto -flto-partition=1to1 -fno-use-linker-plugin
UNRESOLVED: g++.dg/lto/20081217-1 cp_lto_20081217-1_0.o-cp_lto_20081217-1_0.o link -O2 -flto -flto-partition=none -fuse-linker-plugin -fno-fat-lto-objects
UNRESOLVED: g++.dg/lto/20081217-1 cp_lto_20081217-1_0.o-cp_lto_20081217-1_0.o link -O2 -flto -fuse-linker-plugin
FAIL: g++.dg/lto/20081217-2 cp_lto_20081217-2_0.o assemble, -O0 -flto -flto-partition=1to1 -fno-use-linker-plugin (internal compiler error)
FAIL: g++.dg/lto/20081217-2 cp_lto_20081217-2_0.o assemble, -O0 -flto -flto-partition=none -fuse-linker-plugin (internal compiler error)
FAIL: g++.dg/lto/20081217-2 cp_lto_20081217-2_0.o assemble, -O0 -flto -fuse-linker-plugin -fno-fat-lto-objects (internal compiler error)
FAIL: g++.dg/lto/20081217-2 cp_lto_20081217-2_0.o assemble, -O2 -flto -flto-partition=1to1 -fno-use-linker-plugin (internal compiler error)
FAIL: g++.dg/lto/20081217-2 cp_lto_20081217-2_0.o assemble, -O2 -flto -flto-partition=none -fuse-linker-plugin -fno-fat-lto-objects (internal compiler error)
FAIL: g++.dg/lto/20081217-2 cp_lto_20081217-2_0.o assemble, -O2 -flto -fuse-linker-plugin (internal compiler error)
UNRESOLVED: g++.dg/lto/20081217-2 cp_lto_20081217-2_0.o-cp_lto_20081217-2_0.o execute -O0 -flto -flto-partition=1to1 -fno-use-linker-plugin
UNRESOLVED: g++.dg/lto/20081217-2 cp_lto_20081217-2_0.o-cp_lto_20081217-2_0.o execute -O0 -flto -flto-partition=none -fuse-linker-plugin
UNRESOLVED: g++.dg/lto/20081217-2 cp_lto_20081217-2_0.o-cp_lto_20081217-2_0.o execute -O0 -flto -fuse-linker-plugin -fno-fat-lto-objects
UNRESOLVED: g++.dg/lto/20081217-2 cp_lto_20081217-2_0.o-cp_lto_20081217-2_0.o execute -O2 -flto -flto-partition=1to1 -fno-use-linker-plugin
UNRESOLVED: g++.dg/lto/20081217-2 cp_lto_20081217-2_0.o-cp_lto_20081217-2_0.o execute -O2 -flto -flto-partition=none -fuse-linker-plugin -fno-fat-lto-objects
UNRESOLVED: g++.dg/lto/20081217-2 cp_lto_20081217-2_0.o-cp_lto_20081217-2_0.o execute -O2 -flto -fuse-linker-plugin
UNRESOLVED: g++.dg/lto/20081217-2 cp_lto_20081217-2_0.o-cp_lto_20081217-2_0.o link -O0 -flto -flto-partition=1to1 -fno-use-linker-plugin
UNRESOLVED: g++.dg/lto/20081217-2 cp_lto_20081217-2_0.o-cp_lto_20081217-2_0.o link -O0 -flto -flto-partition=none -fuse-linker-plugin
UNRESOLVED: g++.dg/lto/20081217-2 cp_lto_20081217-2_0.o-cp_lto_20081217-2_0.o link -O0 -flto -fuse-linker-plugin -fno-fat-lto-objects
UNRESOLVED: g++.dg/lto/20081217-2 cp_lto_20081217-2_0.o-cp_lto_20081217-2_0.o link -O2 -flto -flto-partition=1to1 -fno-use-linker-plugin
UNRESOLVED: g++.dg/lto/20081217-2 cp_lto_20081217-2_0.o-cp_lto_20081217-2_0.o link -O2 -flto -flto-partition=none -fuse-linker-plugin -fno-fat-lto-objects
UNRESOLVED: g++.dg/lto/20081217-2 cp_lto_20081217-2_0.o-cp_lto_20081217-2_0.o link -O2 -flto -fuse-linker-plugin
FAIL: g++.dg/lto/20081219 cp_lto_20081219_0.o assemble, -fPIC -flto -flto-partition=1to1 -O2 (internal compiler error)
UNRESOLVED: g++.dg/lto/20081219 cp_lto_20081219_0.o-cp_lto_20081219_1.o execute -fPIC -flto -flto-partition=1to1 -O2
UNRESOLVED: g++.dg/lto/20081219 cp_lto_20081219_0.o-cp_lto_20081219_1.o link -fPIC -flto -flto-partition=1to1 -O2
FAIL: g++.dg/lto/20091210-1 cp_lto_20091210-1_0.o assemble, -O0 -flto -flto-partition=1to1 -fno-use-linker-plugin (internal compiler error)
FAIL: g++.dg/lto/20091210-1 cp_lto_20091210-1_0.o assemble, -O0 -flto -flto-partition=none -fuse-linker-plugin (internal compiler error)
FAIL: g++.dg/lto/20091210-1 cp_lto_20091210-1_0.o assemble, -O0 -flto -fuse-linker-plugin -fno-fat-lto-objects (internal compiler error)
FAIL: g++.dg/lto/20091210-1 cp_lto_20091210-1_0.o assemble, -O2 -flto -flto-partition=1to1 -fno-use-linker-plugin (internal compiler error)
FAIL: g++.dg/lto/20091210-1 cp_lto_20091210-1_0.o assemble, -O2 -flto -flto-partition=none -fuse-linker-plugin -fno-fat-lto-objects (internal compiler error)
FAIL: g++.dg/lto/20091210-1 cp_lto_20091210-1_0.o assemble, -O2 -flto -fuse-linker-plugin (internal compiler error)
UNRESOLVED: g++.dg/lto/20091210-1 cp_lto_20091210-1_0.o-cp_lto_20091210-1_1.o execute -O0 -flto -flto-partition=1to1 -fno-use-linker-plugin
UNRESOLVED: g++.dg/lto/20091210-1 cp_lto_20091210-1_0.o-cp_lto_20091210-1_1.o execute -O0 -flto -flto-partition=none -fuse-linker-plugin
UNRESOLVED: g++.dg/lto/20091210-1 cp_lto_20091210-1_0.o-cp_lto_20091210-1_1.o execute -O0 -flto -fuse-linker-plugin -fno-fat-lto-objects
UNRESOLVED: g++.dg/lto/20091210-1 cp_lto_20091210-1_0.o-cp_lto_20091210-1_1.o execute -O2 -flto -flto-partition=1to1 -fno-use-linker-plugin
UNRESOLVED: g++.dg/lto/20091210-1 cp_lto_20091210-1_0.o-cp_lto_20091210-1_1.o execute -O2 -flto -flto-partition=none -fuse-linker-plugin -fno-fat-lto-objects
UNRESOLVED: g++.dg/lto/20091210-1 cp_lto_20091210-1_0.o-cp_lto_20091210-1_1.o execute -O2 -flto -fuse-linker-plugin
UNRESOLVED: g++.dg/lto/20091210-1 cp_lto_20091210-1_0.o-cp_lto_20091210-1_1.o link -O0 -flto -flto-partition=1to1 -fno-use-linker-plugin
UNRESOLVED: g++.dg/lto/20091210-1 cp_lto_20091210-1_0.o-cp_lto_20091210-1_1.o link -O0 -flto -flto-partition=none -fuse-linker-plugin
UNRESOLVED: g++.dg/lto/20091210-1 cp_lto_20091210-1_0.o-cp_lto_20091210-1_1.o link -O0 -flto -fuse-linker-plugin -fno-fat-lto-objects
UNRESOLVED: g++.dg/lto/20091210-1 cp_lto_20091210-1_0.o-cp_lto_20091210-1_1.o link -O2 -flto -flto-partition=1to1 -fno-use-linker-plugin
UNRESOLVED: g++.dg/lto/20091210-1 cp_lto_20091210-1_0.o-cp_lto_20091210-1_1.o link -O2 -flto -flto-partition=none -fuse-linker-plugin -fno-fat-lto-objects
UNRESOLVED: g++.dg/lto/20091210-1 cp_lto_20091210-1_0.o-cp_lto_20091210-1_1.o link -O2 -flto -fuse-linker-plugin
FAIL: g++.dg/lto/pr60567 cp_lto_pr60567_0.o assemble, -flto -fno-use-linker-plugin (internal compiler error)
UNRESOLVED: g++.dg/lto/pr60567 cp_lto_pr60567_0.o-cp_lto_pr60567_0.o execute -flto -fno-use-linker-plugin
UNRESOLVED: g++.dg/lto/pr60567 cp_lto_pr60567_0.o-cp_lto_pr60567_0.o link -flto -fno-use-linker-plugin
FAIL: g++.dg/lto/pr64076 cp_lto_pr64076_0.o assemble, -O0 -flto -flto-partition=1to1 -fno-use-linker-plugin (internal compiler error)
FAIL: g++.dg/lto/pr64076 cp_lto_pr64076_0.o assemble, -O0 -flto -flto-partition=none -fuse-linker-plugin (internal compiler error)
FAIL: g++.dg/lto/pr64076 cp_lto_pr64076_0.o assemble, -O0 -flto -fuse-linker-plugin -fno-fat-lto-objects (internal compiler error)
UNRESOLVED: g++.dg/lto/pr64076 cp_lto_pr64076_0.o-cp_lto_pr64076_1.o execute -O0 -flto -flto-partition=1to1 -fno-use-linker-plugin
UNRESOLVED: g++.dg/lto/pr64076 cp_lto_pr64076_0.o-cp_lto_pr64076_1.o execute -O0 -flto -flto-partition=none -fuse-linker-plugin
UNRESOLVED: g++.dg/lto/pr64076 cp_lto_pr64076_0.o-cp_lto_pr64076_1.o execute -O0 -flto -fuse-linker-plugin -fno-fat-lto-objects
UNRESOLVED: g++.dg/lto/pr64076 cp_lto_pr64076_0.o-cp_lto_pr64076_1.o link -O0 -flto -flto-partition=1to1 -fno-use-linker-plugin
UNRESOLVED: g++.dg/lto/pr64076 cp_lto_pr64076_0.o-cp_lto_pr64076_1.o link -O0 -flto -flto-partition=none -fuse-linker-plugin
UNRESOLVED: g++.dg/lto/pr64076 cp_lto_pr64076_0.o-cp_lto_pr64076_1.o link -O0 -flto -fuse-linker-plugin -fno-fat-lto-objects
UNRESOLVED: g++.dg/lto/pr69133 cp_lto_pr69133_0.o-cp_lto_pr69133_1.o execute -flto -O2
UNRESOLVED: g++.dg/lto/pr69133 cp_lto_pr69133_0.o-cp_lto_pr69133_1.o link -flto -O2
FAIL: g++.dg/lto/pr69133 cp_lto_pr69133_1.o assemble, -flto -O2 (internal compiler error)
FAIL: g++.dg/lto/pr69729 cp_lto_pr69729_0.o assemble, -fcheck-pointer-bounds -mmpx -flto -flto-partition=max (internal compiler error)
UNRESOLVED: g++.dg/lto/pr69729 cp_lto_pr69729_0.o-cp_lto_pr69729_0.o execute -fcheck-pointer-bounds -mmpx -flto -flto-partition=max
UNRESOLVED: g++.dg/lto/pr69729 cp_lto_pr69729_0.o-cp_lto_pr69729_0.o link -fcheck-pointer-bounds -mmpx -flto -flto-partition=max
FAIL: g++.dg/lto/pr82027 cp_lto_pr82027_0.o assemble, -O3 -flto (internal compiler error)
UNRESOLVED: g++.dg/lto/pr82027 cp_lto_pr82027_0.o-cp_lto_pr82027_0.o execute -O3 -flto
UNRESOLVED: g++.dg/lto/pr82027 cp_lto_pr82027_0.o-cp_lto_pr82027_0.o link -O3 -flto
FAIL: g++.dg/torture/covariant-1.C -O2 -flto -fno-use-linker-plugin -flto-partition=none (internal compiler error)
FAIL: g++.dg/torture/covariant-1.C -O2 -flto -fno-use-linker-plugin -flto-partition=none (test for excess errors)
UNRESOLVED: g++.dg/torture/covariant-1.C -O2 -flto -fno-use-linker-plugin -flto-partition=none compilation failed to produce executable
FAIL: g++.dg/torture/covariant-1.C -O2 -flto -fuse-linker-plugin -fno-fat-lto-objects (internal compiler error)
FAIL: g++.dg/torture/covariant-1.C -O2 -flto -fuse-linker-plugin -fno-fat-lto-objects (test for excess errors)
UNRESOLVED: g++.dg/torture/covariant-1.C -O2 -flto -fuse-linker-plugin -fno-fat-lto-objects compilation failed to produce executable
FAIL: g++.dg/torture/pr41257.C -O2 -flto -fno-use-linker-plugin -flto-partition=none (internal compiler error)
FAIL: g++.dg/torture/pr41257.C -O2 -flto -fno-use-linker-plugin -flto-partition=none (test for excess errors)
FAIL: g++.dg/torture/pr41257.C -O2 -flto -fuse-linker-plugin -fno-fat-lto-objects (internal compiler error)
FAIL: g++.dg/torture/pr41257.C -O2 -flto -fuse-linker-plugin -fno-fat-lto-objects (test for excess errors)
FAIL: g++.dg/torture/pr43068.C -O2 -flto -fno-use-linker-plugin -flto-partition=none (internal compiler error)
FAIL: g++.dg/torture/pr43068.C -O2 -flto -fno-use-linker-plugin -flto-partition=none (test for excess errors)
FAIL: g++.dg/torture/pr43068.C -O2 -flto -fuse-linker-plugin -fno-fat-lto-objects (internal compiler error)
FAIL: g++.dg/torture/pr43068.C -O2 -flto -fuse-linker-plugin -fno-fat-lto-objects (test for excess errors)
FAIL: g++.dg/torture/pr45699.C -O2 -flto -fno-use-linker-plugin -flto-partition=none (internal compiler error)
FAIL: g++.dg/torture/pr45699.C -O2 -flto -fno-use-linker-plugin -flto-partition=none (test for excess errors)
UNRESOLVED: g++.dg/torture/pr45699.C -O2 -flto -fno-use-linker-plugin -flto-partition=none compilation failed to produce executable
FAIL: g++.dg/torture/pr45699.C -O2 -flto -fuse-linker-plugin -fno-fat-lto-objects (internal compiler error)
FAIL: g++.dg/torture/pr45699.C -O2 -flto -fuse-linker-plugin -fno-fat-lto-objects (test for excess errors)
UNRESOLVED: g++.dg/torture/pr45699.C -O2 -flto -fuse-linker-plugin -fno-fat-lto-objects compilation failed to produce executable
FAIL: g++.dg/torture/pr46287.C -O2 -flto -fno-use-linker-plugin -flto-partition=none (internal compiler error)
FAIL: g++.dg/torture/pr46287.C -O2 -flto -fno-use-linker-plugin -flto-partition=none (test for excess errors)
UNRESOLVED: g++.dg/torture/pr46287.C -O2 -flto -fno-use-linker-plugin -flto-partition=none compilation failed to produce executable
FAIL: g++.dg/torture/pr46287.C -O2 -flto -fuse-linker-plugin -fno-fat-lto-objects (internal compiler error)
FAIL: g++.dg/torture/pr46287.C -O2 -flto -fuse-linker-plugin -fno-fat-lto-objects (test for excess errors)
UNRESOLVED: g++.dg/torture/pr46287.C -O2 -flto -fuse-linker-plugin -fno-fat-lto-objects compilation failed to produce executable
FAIL: g++.dg/torture/pr48661.C -O2 -flto -fno-use-linker-plugin -flto-partition=none (internal compiler error)
FAIL: g++.dg/torture/pr48661.C -O2 -flto -fno-use-linker-plugin -flto-partition=none (test for excess errors)
UNRESOLVED: g++.dg/torture/pr48661.C -O2 -flto -fno-use-linker-plugin -flto-partition=none compilation failed to produce executable
FAIL: g++.dg/torture/pr48661.C -O2 -flto -fuse-linker-plugin -fno-fat-lto-objects (internal compiler error)
FAIL: g++.dg/torture/pr48661.C -O2 -flto -fuse-linker-plugin -fno-fat-lto-objects (test for excess errors)
UNRESOLVED: g++.dg/torture/pr48661.C -O2 -flto -fuse-linker-plugin -fno-fat-lto-objects compilation failed to produce executable
FAIL: g++.dg/torture/pr48954.C -O0 (internal compiler error)
FAIL: g++.dg/torture/pr48954.C -O0 (test for excess errors)
FAIL: g++.dg/torture/pr48954.C -O1 (internal compiler error)
FAIL: g++.dg/torture/pr48954.C -O1 (test for excess errors)
FAIL: g++.dg/torture/pr48954.C -O2 (internal compiler error)
FAIL: g++.dg/torture/pr48954.C -O2 (test for excess errors)
FAIL: g++.dg/torture/pr48954.C -O2 -flto -fno-use-linker-plugin -flto-partition=none (internal compiler error)
FAIL: g++.dg/torture/pr48954.C -O2 -flto -fno-use-linker-plugin -flto-partition=none (test for excess errors)
FAIL: g++.dg/torture/pr48954.C -O2 -flto -fuse-linker-plugin -fno-fat-lto-objects (internal compiler error)
FAIL: g++.dg/torture/pr48954.C -O2 -flto -fuse-linker-plugin -fno-fat-lto-objects (test for excess errors)
FAIL: g++.dg/torture/pr48954.C -O3 -fomit-frame-pointer -funroll-loops -fpeel-loops -ftracer -finline-functions (internal compiler error)
FAIL: g++.dg/torture/pr48954.C -O3 -fomit-frame-pointer -funroll-loops -fpeel-loops -ftracer -finline-functions (test for excess errors)
FAIL: g++.dg/torture/pr48954.C -O3 -g (internal compiler error)
FAIL: g++.dg/torture/pr48954.C -O3 -g (test for excess errors)
FAIL: g++.dg/torture/pr48954.C -Os (internal compiler error)
FAIL: g++.dg/torture/pr48954.C -Os (test for excess errors)
FAIL: g++.dg/torture/pr58201_0.C -O2 -flto -fno-use-linker-plugin -flto-partition=none (internal compiler error)
FAIL: g++.dg/torture/pr58201_0.C -O2 -flto -fno-use-linker-plugin -flto-partition=none (test for excess errors)
FAIL: g++.dg/torture/pr58201_0.C -O2 -flto -fuse-linker-plugin -fno-fat-lto-objects (internal compiler error)
FAIL: g++.dg/torture/pr58201_0.C -O2 -flto -fuse-linker-plugin -fno-fat-lto-objects (test for excess errors)
FAIL: g++.dg/torture/pr58201_1.C -O2 -flto -fno-use-linker-plugin -flto-partition=none (internal compiler error)
FAIL: g++.dg/torture/pr58201_1.C -O2 -flto -fno-use-linker-plugin -flto-partition=none (test for excess errors)
FAIL: g++.dg/torture/pr58201_1.C -O2 -flto -fuse-linker-plugin -fno-fat-lto-objects (internal compiler error)
FAIL: g++.dg/torture/pr58201_1.C -O2 -flto -fuse-linker-plugin -fno-fat-lto-objects (test for excess errors)
FAIL: g++.dg/torture/pr58252.C -O2 -flto -fno-use-linker-plugin -flto-partition=none (internal compiler error)
FAIL: g++.dg/torture/pr58252.C -O2 -flto -fno-use-linker-plugin -flto-partition=none (test for excess errors)
FAIL: g++.dg/torture/pr58252.C -O2 -flto -fuse-linker-plugin -fno-fat-lto-objects (internal compiler error)
FAIL: g++.dg/torture/pr58252.C -O2 -flto -fuse-linker-plugin -fno-fat-lto-objects (test for excess errors)
FAIL: g++.dg/torture/pr58585.C -O2 -flto -fno-use-linker-plugin -flto-partition=none (internal compiler error)
FAIL: g++.dg/torture/pr58585.C -O2 -flto -fno-use-linker-plugin -flto-partition=none (test for excess errors)
FAIL: g++.dg/torture/pr58585.C -O2 -flto -fuse-linker-plugin -fno-fat-lto-objects (internal compiler error)
FAIL: g++.dg/torture/pr58585.C -O2 -flto -fuse-linker-plugin -fno-fat-lto-objects (test for excess errors)
FAIL: g++.dg/torture/pr59226.C -O2 -flto -fno-use-linker-plugin -flto-partition=none (internal compiler error)
FAIL: g++.dg/torture/pr59226.C -O2 -flto -fno-use-linker-plugin -flto-partition=none (test for excess errors)
FAIL: g++.dg/torture/pr59226.C -O2 -flto -fuse-linker-plugin -fno-fat-lto-objects (internal compiler error)
FAIL: g++.dg/torture/pr59226.C -O2 -flto -fuse-linker-plugin -fno-fat-lto-objects (test for excess errors)
FAIL: g++.dg/torture/pr60871.C -O2 -flto -fno-use-linker-plugin -flto-partition=none (internal compiler error)
FAIL: g++.dg/torture/pr60871.C -O2 -flto -fno-use-linker-plugin -flto-partition=none (test for excess errors)
FAIL: g++.dg/torture/pr60871.C -O2 -flto -fuse-linker-plugin -fno-fat-lto-objects (internal compiler error)
FAIL: g++.dg/torture/pr60871.C -O2 -flto -fuse-linker-plugin -fno-fat-lto-objects (test for excess errors)
FAIL: g++.dg/torture/pr64988.C -O2 -flto -fno-use-linker-plugin -flto-partition=none (internal compiler error)
FAIL: g++.dg/torture/pr64988.C -O2 -flto -fno-use-linker-plugin -flto-partition=none (test for excess errors)
FAIL: g++.dg/torture/pr64988.C -O2 -flto -fuse-linker-plugin -fno-fat-lto-objects (internal compiler error)
FAIL: g++.dg/torture/pr64988.C -O2 -flto -fuse-linker-plugin -fno-fat-lto-objects (test for excess errors)
FAIL: g++.dg/torture/pr68184.C -O2 -flto -fno-use-linker-plugin -flto-partition=none (internal compiler error)
FAIL: g++.dg/torture/pr68184.C -O2 -flto -fno-use-linker-plugin -flto-partition=none (test for excess errors)
UNRESOLVED: g++.dg/torture/pr68184.C -O2 -flto -fno-use-linker-plugin -flto-partition=none compilation failed to produce executable
FAIL: g++.dg/torture/pr68184.C -O2 -flto -fuse-linker-plugin -fno-fat-lto-objects (internal compiler error)
FAIL: g++.dg/torture/pr68184.C -O2 -flto -fuse-linker-plugin -fno-fat-lto-objects (test for excess errors)
UNRESOLVED: g++.dg/torture/pr68184.C -O2 -flto -fuse-linker-plugin -fno-fat-lto-objects compilation failed to produce executable
FAIL: g++.dg/torture/pr71571.C -O2 -flto -fno-use-linker-plugin -flto-partition=none (internal compiler error)
FAIL: g++.dg/torture/pr71571.C -O2 -flto -fno-use-linker-plugin -flto-partition=none (test for excess errors)
UNRESOLVED: g++.dg/torture/pr71571.C -O2 -flto -fno-use-linker-plugin -flto-partition=none compilation failed to produce executable
FAIL: g++.dg/torture/pr71571.C -O2 -flto -fuse-linker-plugin -fno-fat-lto-objects (internal compiler error)
FAIL: g++.dg/torture/pr71571.C -O2 -flto -fuse-linker-plugin -fno-fat-lto-objects (test for excess errors)
UNRESOLVED: g++.dg/torture/pr71571.C -O2 -flto -fuse-linker-plugin -fno-fat-lto-objects compilation failed to produce executable
FAIL: g++.dg/torture/pr78692.C -O2 -flto -fno-use-linker-plugin -flto-partition=none (internal compiler error)
FAIL: g++.dg/torture/pr78692.C -O2 -flto -fno-use-linker-plugin -flto-partition=none (test for excess errors)
FAIL: g++.dg/torture/pr78692.C -O2 -flto -fuse-linker-plugin -fno-fat-lto-objects (internal compiler error)
FAIL: g++.dg/torture/pr78692.C -O2 -flto -fuse-linker-plugin -fno-fat-lto-objects (test for excess errors)
FAIL: g++.dg/torture/pr81812.C -O2 -flto -fno-use-linker-plugin -flto-partition=none (internal compiler error)
FAIL: g++.dg/torture/pr81812.C -O2 -flto -fno-use-linker-plugin -flto-partition=none (test for excess errors)
FAIL: g++.dg/torture/pr81812.C -O2 -flto -fuse-linker-plugin -fno-fat-lto-objects (internal compiler error)
FAIL: g++.dg/torture/pr81812.C -O2 -flto -fuse-linker-plugin -fno-fat-lto-objects (test for excess errors)
FAIL: g++.dg/torture/pr83619.C -O2 -flto -fno-use-linker-plugin -flto-partition=none (internal compiler error)
FAIL: g++.dg/torture/pr83619.C -O2 -flto -fno-use-linker-plugin -flto-partition=none (test for excess errors)
FAIL: g++.dg/torture/pr83619.C -O2 -flto -fuse-linker-plugin -fno-fat-lto-objects (internal compiler error)
FAIL: g++.dg/torture/pr83619.C -O2 -flto -fuse-linker-plugin -fno-fat-lto-objects (test for excess errors)
FAIL: g++.dg/ubsan/pr64632.C -O2 -flto -fno-use-linker-plugin -flto-partition=none (internal compiler error)
FAIL: g++.dg/ubsan/pr64632.C -O2 -flto -fno-use-linker-plugin -flto-partition=none (test for excess errors)
UNRESOLVED: g++.dg/ubsan/pr64632.C -O2 -flto -fno-use-linker-plugin -flto-partition=none compilation failed to produce executable
FAIL: g++.dg/ubsan/pr64632.C -O2 -flto -fuse-linker-plugin -fno-fat-lto-objects (internal compiler error)
FAIL: g++.dg/ubsan/pr64632.C -O2 -flto -fuse-linker-plugin -fno-fat-lto-objects (test for excess errors)
UNRESOLVED: g++.dg/ubsan/pr64632.C -O2 -flto -fuse-linker-plugin -fno-fat-lto-objects compilation failed to produce executable
FAIL: g++.dg/ubsan/pr65000.C -O2 -flto -fno-use-linker-plugin -flto-partition=none (internal compiler error)
FAIL: g++.dg/ubsan/pr65000.C -O2 -flto -fno-use-linker-plugin -flto-partition=none (test for excess errors)
FAIL: g++.dg/ubsan/pr65000.C -O2 -flto -fuse-linker-plugin -fno-fat-lto-objects (internal compiler error)
FAIL: g++.dg/ubsan/pr65000.C -O2 -flto -fuse-linker-plugin -fno-fat-lto-objects (test for excess errors)
FAIL: g++.dg/ubsan/pr70147-1.C -O2 -flto -fno-use-linker-plugin -flto-partition=none (internal compiler error)
FAIL: g++.dg/ubsan/pr70147-1.C -O2 -flto -fno-use-linker-plugin -flto-partition=none (test for excess errors)
UNRESOLVED: g++.dg/ubsan/pr70147-1.C -O2 -flto -fno-use-linker-plugin -flto-partition=none compilation failed to produce executable
FAIL: g++.dg/ubsan/pr70147-1.C -O2 -flto -fuse-linker-plugin -fno-fat-lto-objects (internal compiler error)
FAIL: g++.dg/ubsan/pr70147-1.C -O2 -flto -fuse-linker-plugin -fno-fat-lto-objects (test for excess errors)
UNRESOLVED: g++.dg/ubsan/pr70147-1.C -O2 -flto -fuse-linker-plugin -fno-fat-lto-objects compilation failed to produce executable
FAIL: g++.dg/ubsan/vptr-1.C -O2 -flto -fno-use-linker-plugin -flto-partition=none (internal compiler error)
FAIL: g++.dg/ubsan/vptr-1.C -O2 -flto -fno-use-linker-plugin -flto-partition=none (test for excess errors)
UNRESOLVED: g++.dg/ubsan/vptr-1.C -O2 -flto -fno-use-linker-plugin -flto-partition=none compilation failed to produce executable
FAIL: g++.dg/ubsan/vptr-1.C -O2 -flto -fuse-linker-plugin -fno-fat-lto-objects (internal compiler error)
FAIL: g++.dg/ubsan/vptr-1.C -O2 -flto -fuse-linker-plugin -fno-fat-lto-objects (test for excess errors)
UNRESOLVED: g++.dg/ubsan/vptr-1.C -O2 -flto -fuse-linker-plugin -fno-fat-lto-objects compilation failed to produce executable
FAIL: g++.dg/ubsan/vptr-10.C -O2 -flto -fno-use-linker-plugin -flto-partition=none (internal compiler error)
FAIL: g++.dg/ubsan/vptr-10.C -O2 -flto -fno-use-linker-plugin -flto-partition=none (test for excess errors)
UNRESOLVED: g++.dg/ubsan/vptr-10.C -O2 -flto -fno-use-linker-plugin -flto-partition=none compilation failed to produce executable
FAIL: g++.dg/ubsan/vptr-10.C -O2 -flto -fuse-linker-plugin -fno-fat-lto-objects (internal compiler error)
FAIL: g++.dg/ubsan/vptr-10.C -O2 -flto -fuse-linker-plugin -fno-fat-lto-objects (test for excess errors)
UNRESOLVED: g++.dg/ubsan/vptr-10.C -O2 -flto -fuse-linker-plugin -fno-fat-lto-objects compilation failed to produce executable
FAIL: g++.dg/ubsan/vptr-11.C -O2 -flto -fno-use-linker-plugin -flto-partition=none (internal compiler error)
FAIL: g++.dg/ubsan/vptr-11.C -O2 -flto -fno-use-linker-plugin -flto-partition=none (test for excess errors)
UNRESOLVED: g++.dg/ubsan/vptr-11.C -O2 -flto -fno-use-linker-plugin -flto-partition=none compilation failed to produce executable
FAIL: g++.dg/ubsan/vptr-11.C -O2 -flto -fuse-linker-plugin -fno-fat-lto-objects (internal compiler error)
FAIL: g++.dg/ubsan/vptr-11.C -O2 -flto -fuse-linker-plugin -fno-fat-lto-objects (test for excess errors)
UNRESOLVED: g++.dg/ubsan/vptr-11.C -O2 -flto -fuse-linker-plugin -fno-fat-lto-objects compilation failed to produce executable
FAIL: g++.dg/ubsan/vptr-2.C -O2 -flto -fno-use-linker-plugin -flto-partition=none (internal compiler error)
FAIL: g++.dg/ubsan/vptr-2.C -O2 -flto -fno-use-linker-plugin -flto-partition=none (test for excess errors)
UNRESOLVED: g++.dg/ubsan/vptr-2.C -O2 -flto -fno-use-linker-plugin -flto-partition=none compilation failed to produce executable
FAIL: g++.dg/ubsan/vptr-2.C -O2 -flto -fuse-linker-plugin -fno-fat-lto-objects (internal compiler error)
FAIL: g++.dg/ubsan/vptr-2.C -O2 -flto -fuse-linker-plugin -fno-fat-lto-objects (test for excess errors)
UNRESOLVED: g++.dg/ubsan/vptr-2.C -O2 -flto -fuse-linker-plugin -fno-fat-lto-objects compilation failed to produce executable
FAIL: g++.dg/ubsan/vptr-3.C -O2 -flto -fno-use-linker-plugin -flto-partition=none (internal compiler error)
FAIL: g++.dg/ubsan/vptr-3.C -O2 -flto -fno-use-linker-plugin -flto-partition=none (test for excess errors)
UNRESOLVED: g++.dg/ubsan/vptr-3.C -O2 -flto -fno-use-linker-plugin -flto-partition=none compilation failed to produce executable
FAIL: g++.dg/ubsan/vptr-3.C -O2 -flto -fuse-linker-plugin -fno-fat-lto-objects (internal compiler error)
FAIL: g++.dg/ubsan/vptr-3.C -O2 -flto -fuse-linker-plugin -fno-fat-lto-objects (test for excess errors)
UNRESOLVED: g++.dg/ubsan/vptr-3.C -O2 -flto -fuse-linker-plugin -fno-fat-lto-objects compilation failed to produce executable
=== g++ Summary for unix/-m32 ===
# of expected passes 123080
# of unexpected failures 159
# of expected failures 502
# of unresolved testcases 81
# of unsupported tests 4706
=== g++ Summary ===
# of expected passes 247938
# of unexpected failures 318
# of expected failures 1007
# of unresolved testcases 162
# of unsupported tests 9576
/export/gnu/import/git/gcc-test-intel64corei7/bld/gcc/xg++ version 8.0.1 20180412 (experimental) [trunk revision 259346] (GCC)
=== objc tests ===
Running target unix
=== objc Summary for unix ===
# of expected passes 2797
# of expected failures 6
# of unsupported tests 68
Running target unix/-m32
=== objc Summary for unix/-m32 ===
# of expected passes 2797
# of expected failures 6
# of unsupported tests 68
=== objc Summary ===
# of expected passes 5594
# of expected failures 12
# of unsupported tests 136
/export/gnu/import/git/gcc-test-intel64corei7/bld/gcc/xgcc version 8.0.1 20180412 (experimental) [trunk revision 259346] (GCC)
=== libatomic tests ===
Running target unix/-m32
=== libatomic Summary for unix/-m32 ===
# of expected passes 44
# of unsupported tests 5
Running target unix
=== libatomic Summary for unix ===
# of expected passes 54
=== libatomic Summary ===
# of expected passes 98
# of unsupported tests 5
=== libgomp tests ===
Running target unix/-m32
=== libgomp Summary for unix/-m32 ===
# of expected passes 5448
# of expected failures 1
# of unsupported tests 302
Running target unix
=== libgomp Summary for unix ===
# of expected passes 5448
# of expected failures 1
# of unsupported tests 302
=== libgomp Summary ===
# of expected passes 10896
# of expected failures 2
# of unsupported tests 604
=== libitm tests ===
Running target unix/-m32
=== libitm Summary for unix/-m32 ===
# of expected passes 42
# of expected failures 3
# of unsupported tests 1
Running target unix
=== libitm Summary for unix ===
# of expected passes 42
# of expected failures 3
# of unsupported tests 1
=== libitm Summary ===
# of expected passes 84
# of expected failures 6
# of unsupported tests 2
=== libstdc++ tests ===
Running target unix
=== libstdc++ Summary for unix ===
# of expected passes 12946
# of expected failures 71
# of unsupported tests 255
Running target unix/-m32
=== libstdc++ Summary for unix/-m32 ===
# of expected passes 12954
# of expected failures 71
# of unsupported tests 251
=== libstdc++ Summary ===
# of expected passes 25900
# of expected failures 142
# of unsupported tests 506
Compiler version: 8.0.1 20180412 (experimental) [trunk revision 259346] (GCC)
Platform: x86_64-pc-linux-gnu
configure flags: --with-arch=corei7 --with-cpu=corei7 --prefix=/usr/8.0.1 --enable-clocale=gnu --with-system-zlib --enable-shared --with-demangler-in-ld --enable-libmpx --with-fpmath=sse