This is the mail archive of the
gcc-testresults@gcc.gnu.org
mailing list for the GCC project.
Results for 6.4.1 20180406 [gcc-6-branch revision 259157] (GCC) testsuite on i386-pc-solaris2.10
- From: Rainer Orth <ro at CeBiTec dot Uni-Bielefeld dot DE>
- To: gcc-testresults at gcc dot gnu dot org
- Date: Sat, 7 Apr 2018 10:05:57 +0200 (MEST)
- Subject: Results for 6.4.1 20180406 [gcc-6-branch revision 259157] (GCC) testsuite on i386-pc-solaris2.10
LAST_UPDATED: Fri Apr 6 08:58:16 UTC 2018 (revision 259157)
=== acats tests ===
=== acats Summary ===
# of expected passes 2320
# of unexpected failures 0
Native configuration is i386-pc-solaris2.10
=== g++ tests ===
Running target unix
=== g++ Summary for unix ===
# of expected passes 97536
# of expected failures 329
# of unsupported tests 3580
Running target unix/-m64
=== g++ Summary for unix/-m64 ===
# of expected passes 98859
# of expected failures 329
# of unsupported tests 3845
=== g++ Summary ===
# of expected passes 196395
# of expected failures 658
# of unsupported tests 7425
/var/gcc/regression/gcc-6-branch/10-gcc-gas/build/gcc/xg++ version 6.4.1 20180406 [gcc-6-branch revision 259157] (GCC)
=== gcc tests ===
Running target unix
FAIL: gcc.dg/visibility-22.c execution test
WARNING: profopt.exp does not support dg-error
XPASS: gcc.target/i386/bmi-6.c (test for excess errors)
FAIL: gcc.target/i386/pr78419.c (test for excess errors)
=== gcc Summary for unix ===
# of expected passes 108170
# of unexpected failures 2
# of unexpected successes 1
# of expected failures 322
# of unsupported tests 1620
Running target unix/-m64
FAIL: gcc.c-torture/execute/931004-11.c -O2 -flto (test for excess errors)
UNRESOLVED: gcc.c-torture/execute/931004-11.c -O2 -flto compilation failed to produce executable
WARNING: program timed out
FAIL: gcc.dg/visibility-22.c execution test
WARNING: profopt.exp does not support dg-error
FAIL: gcc.dg/tree-ssa/ssa-ccp-21.c (test for excess errors)
WARNING: program timed out
FAIL: gcc.target/i386/avx-1.c (test for excess errors)
FAIL: gcc.target/i386/avx-2.c (test for excess errors)
XPASS: gcc.target/i386/bmi-6.c (test for excess errors)
FAIL: gcc.target/i386/pr78419.c (test for excess errors)
FAIL: gcc.target/i386/sse-13.c (test for excess errors)
FAIL: gcc.target/i386/sse-14.c (test for excess errors)
FAIL: gcc.target/i386/sse-23.c (test for excess errors)
FAIL: gcc.target/i386/sse-24.c (test for excess errors)
FAIL: gcc.target/i386/sse-25.c (test for excess errors)
FAIL: gcc.target/i386/vperm-v4si-2.c (test for excess errors)
UNRESOLVED: gcc.target/i386/vperm-v4si-2.c compilation failed to produce executable
FAIL: gcc.target/i386/vperm-v4si-2x.c (test for excess errors)
UNRESOLVED: gcc.target/i386/vperm-v4si-2x.c compilation failed to produce executable
FAIL: gcc.target/i386/wrfsbase-1.c (test for excess errors)
UNRESOLVED: gcc.target/i386/wrfsbase-1.c scan-assembler wrfsbase[ \\t]+(%|)(edi|ecx)
WARNING: program timed out
WARNING: program timed out
WARNING: program timed out
WARNING: program timed out
WARNING: program timed out
WARNING: program timed out
WARNING: program timed out
WARNING: program timed out
WARNING: program timed out
WARNING: program timed out
FAIL: gcc.target/i386/math-torture/lfloor.c -O0 -msse -mno-sse2 -mfpmath=sse (test for excess errors)
FAIL: gcc.target/i386/math-torture/lfloor.c -O0 -msse -mno-sse2 -mfpmath=sse -ffast-math (test for excess errors)
FAIL: gcc.target/i386/math-torture/lfloor.c -O0 -msse -mno-sse2 -mfpmath=sse,387 (test for excess errors)
FAIL: gcc.target/i386/math-torture/lfloor.c -O0 -msse -mno-sse2 -mfpmath=sse,387 -ffast-math (test for excess errors)
FAIL: gcc.target/i386/math-torture/lfloor.c -O0 -msse -msse2 -mfpmath=sse (test for excess errors)
FAIL: gcc.target/i386/math-torture/lfloor.c -O0 -msse -msse2 -mfpmath=sse -ffast-math (test for excess errors)
FAIL: gcc.target/i386/math-torture/lfloor.c -O0 -msse -msse2 -mfpmath=sse,387 (test for excess errors)
FAIL: gcc.target/i386/math-torture/lfloor.c -O0 -msse -msse2 -mfpmath=sse,387 -ffast-math (test for excess errors)
FAIL: gcc.target/i386/math-torture/lfloor.c -O2 -flto (test for excess errors)
FAIL: gcc.target/i386/math-torture/lfloor.c -O2 -flto -flto-partition=none (test for excess errors)
FAIL: gcc.target/i386/math-torture/lfloor.c -O2 -mfpmath=387 -ffast-math (test for excess errors)
FAIL: gcc.target/i386/math-torture/lfloor.c -O2 -msse -mno-sse2 -mfpmath=sse (test for excess errors)
FAIL: gcc.target/i386/math-torture/lfloor.c -O2 -msse -mno-sse2 -mfpmath=sse -ffast-math (test for excess errors)
FAIL: gcc.target/i386/math-torture/lfloor.c -O2 -msse -mno-sse2 -mfpmath=sse,387 (test for excess errors)
FAIL: gcc.target/i386/math-torture/lfloor.c -O2 -msse -mno-sse2 -mfpmath=sse,387 -ffast-math (test for excess errors)
FAIL: gcc.target/i386/math-torture/lfloor.c -O2 -msse -msse2 -mfpmath=sse (test for excess errors)
FAIL: gcc.target/i386/math-torture/lfloor.c -O2 -msse -msse2 -mfpmath=sse -ffast-math (test for excess errors)
FAIL: gcc.target/i386/math-torture/lfloor.c -O2 -msse -msse2 -mfpmath=sse,387 (test for excess errors)
FAIL: gcc.target/i386/math-torture/lfloor.c -O2 -msse -msse2 -mfpmath=sse,387 -ffast-math (test for excess errors)
FAIL: gcc.target/i386/math-torture/lrint.c -O0 (test for excess errors)
FAIL: gcc.target/i386/math-torture/lrint.c -O0 -mfpmath=387 (test for excess errors)
FAIL: gcc.target/i386/math-torture/lrint.c -O0 -mfpmath=387 -ffast-math (test for excess errors)
FAIL: gcc.target/i386/math-torture/lrint.c -O0 -msse -mno-sse2 -mfpmath=sse (test for excess errors)
FAIL: gcc.target/i386/math-torture/lrint.c -O0 -msse -mno-sse2 -mfpmath=sse -ffast-math (test for excess errors)
FAIL: gcc.target/i386/math-torture/lrint.c -O0 -msse -mno-sse2 -mfpmath=sse,387 (test for excess errors)
FAIL: gcc.target/i386/math-torture/lrint.c -O0 -msse -mno-sse2 -mfpmath=sse,387 -ffast-math (test for excess errors)
FAIL: gcc.target/i386/math-torture/lrint.c -O2 (test for excess errors)
FAIL: gcc.target/i386/math-torture/lrint.c -O2 -mfpmath=387 (test for excess errors)
FAIL: gcc.target/i386/math-torture/lrint.c -O2 -mfpmath=387 -ffast-math (test for excess errors)
FAIL: gcc.target/i386/math-torture/lrint.c -O2 -msse -mno-sse2 -mfpmath=sse (test for excess errors)
FAIL: gcc.target/i386/math-torture/lrint.c -O2 -msse -mno-sse2 -mfpmath=sse,387 (test for excess errors)
FAIL: gcc.target/i386/math-torture/trunc.c -O0 -msse -msse2 -mfpmath=sse (test for excess errors)
FAIL: gcc.target/i386/math-torture/trunc.c -O0 -msse -msse2 -mfpmath=sse -ffast-math (test for excess errors)
FAIL: gcc.target/i386/math-torture/trunc.c -O0 -msse -msse2 -mfpmath=sse,387 (test for excess errors)
FAIL: gcc.target/i386/math-torture/trunc.c -O0 -msse -msse2 -mfpmath=sse,387 -ffast-math (test for excess errors)
FAIL: gcc.target/i386/math-torture/trunc.c -O2 -flto (test for excess errors)
FAIL: gcc.target/i386/math-torture/trunc.c -O2 -flto -flto-partition=none (test for excess errors)
FAIL: gcc.target/i386/math-torture/trunc.c -O2 -msse -mno-sse2 -mfpmath=sse -ffast-math (test for excess errors)
FAIL: gcc.target/i386/math-torture/trunc.c -O2 -msse -mno-sse2 -mfpmath=sse,387 -ffast-math (test for excess errors)
FAIL: gcc.target/i386/math-torture/trunc.c -O2 -msse -msse2 -mfpmath=sse (test for excess errors)
FAIL: gcc.target/i386/math-torture/trunc.c -O2 -msse -msse2 -mfpmath=sse -ffast-math (test for excess errors)
FAIL: gcc.target/i386/math-torture/trunc.c -O2 -msse -msse2 -mfpmath=sse,387 (test for excess errors)
FAIL: gcc.target/i386/math-torture/trunc.c -O2 -msse -msse2 -mfpmath=sse,387 -ffast-math (test for excess errors)
WARNING: program timed out
WARNING: program timed out
WARNING: program timed out
WARNING: program timed out
WARNING: program timed out
WARNING: program timed out
WARNING: program timed out
WARNING: program timed out
WARNING: program timed out
WARNING: program timed out
WARNING: program timed out
WARNING: program timed out
WARNING: program timed out
WARNING: program timed out
WARNING: program timed out
WARNING: program timed out
WARNING: program timed out
WARNING: program timed out
WARNING: program timed out
WARNING: program timed out
WARNING: program timed out
WARNING: program timed out
WARNING: program timed out
WARNING: program timed out
WARNING: program timed out
WARNING: program timed out
WARNING: program timed out
WARNING: program timed out
WARNING: program timed out
WARNING: program timed out
WARNING: program timed out
WARNING: program timed out
WARNING: program timed out
WARNING: program timed out
WARNING: program timed out
WARNING: program timed out
WARNING: program timed out
WARNING: program timed out
WARNING: program timed out
WARNING: program timed out
WARNING: program timed out
WARNING: program timed out
WARNING: program timed out
WARNING: program timed out
UNRESOLVED: gcc.target/i386/stackalign/pr39146.c -mstackrealign scan-assembler-not and[lq]?[^\\\\n]*-32,[^\\\\n]*sp
FAIL: gcc.target/i386/stackalign/pr39146.c -mstackrealign (test for excess errors)
WARNING: program timed out
WARNING: program timed out
FAIL: gcc.target/x86_64/abi/test_passing_floats.c compilation, -O2
FAIL: gcc.target/x86_64/abi/test_passing_floats.c compilation, -O3 -g
FAIL: gcc.target/x86_64/abi/test_passing_floats.c compilation, -Og -g
FAIL: gcc.target/x86_64/abi/test_passing_floats.c compilation, -Os
UNRESOLVED: gcc.target/x86_64/abi/test_passing_floats.c execution, -O2
UNRESOLVED: gcc.target/x86_64/abi/test_passing_floats.c execution, -O3 -g
UNRESOLVED: gcc.target/x86_64/abi/test_passing_floats.c execution, -Og -g
UNRESOLVED: gcc.target/x86_64/abi/test_passing_floats.c execution, -Os
FAIL: gcc.target/x86_64/abi/test_passing_integers.c compilation, -O0
FAIL: gcc.target/x86_64/abi/test_passing_integers.c compilation, -O1
FAIL: gcc.target/x86_64/abi/test_passing_integers.c compilation, -O2
FAIL: gcc.target/x86_64/abi/test_passing_integers.c compilation, -O3 -g
FAIL: gcc.target/x86_64/abi/test_passing_integers.c compilation, -Og -g
FAIL: gcc.target/x86_64/abi/test_passing_integers.c compilation, -Os
UNRESOLVED: gcc.target/x86_64/abi/test_passing_integers.c execution, -O0
UNRESOLVED: gcc.target/x86_64/abi/test_passing_integers.c execution, -O1
UNRESOLVED: gcc.target/x86_64/abi/test_passing_integers.c execution, -O2
UNRESOLVED: gcc.target/x86_64/abi/test_passing_integers.c execution, -O3 -g
UNRESOLVED: gcc.target/x86_64/abi/test_passing_integers.c execution, -Og -g
UNRESOLVED: gcc.target/x86_64/abi/test_passing_integers.c execution, -Os
FAIL: gcc.target/x86_64/abi/test_passing_m64m128.c compilation, -O0
FAIL: gcc.target/x86_64/abi/test_passing_m64m128.c compilation, -O1
FAIL: gcc.target/x86_64/abi/test_passing_m64m128.c compilation, -O2
FAIL: gcc.target/x86_64/abi/test_passing_m64m128.c compilation, -O3 -fomit-frame-pointer -funroll-loops -fpeel-loops -ftracer -finline-functions
FAIL: gcc.target/x86_64/abi/test_passing_m64m128.c compilation, -O3 -g
FAIL: gcc.target/x86_64/abi/test_passing_m64m128.c compilation, -Og -g
FAIL: gcc.target/x86_64/abi/test_passing_m64m128.c compilation, -Os
UNRESOLVED: gcc.target/x86_64/abi/test_passing_m64m128.c execution, -O0
UNRESOLVED: gcc.target/x86_64/abi/test_passing_m64m128.c execution, -O1
UNRESOLVED: gcc.target/x86_64/abi/test_passing_m64m128.c execution, -O2
UNRESOLVED: gcc.target/x86_64/abi/test_passing_m64m128.c execution, -O3 -fomit-frame-pointer -funroll-loops -fpeel-loops -ftracer -finline-functions
UNRESOLVED: gcc.target/x86_64/abi/test_passing_m64m128.c execution, -O3 -g
UNRESOLVED: gcc.target/x86_64/abi/test_passing_m64m128.c execution, -Og -g
UNRESOLVED: gcc.target/x86_64/abi/test_passing_m64m128.c execution, -Os
FAIL: gcc.target/x86_64/abi/test_passing_structs.c compilation, -O0
FAIL: gcc.target/x86_64/abi/test_passing_structs.c compilation, -O1
FAIL: gcc.target/x86_64/abi/test_passing_structs.c compilation, -O2
FAIL: gcc.target/x86_64/abi/test_passing_structs.c compilation, -O3 -fomit-frame-pointer -funroll-loops -fpeel-loops -ftracer -finline-functions
FAIL: gcc.target/x86_64/abi/test_passing_structs.c compilation, -O3 -g
FAIL: gcc.target/x86_64/abi/test_passing_structs.c compilation, -Og -g
FAIL: gcc.target/x86_64/abi/test_passing_structs.c compilation, -Os
UNRESOLVED: gcc.target/x86_64/abi/test_passing_structs.c execution, -O0
UNRESOLVED: gcc.target/x86_64/abi/test_passing_structs.c execution, -O1
UNRESOLVED: gcc.target/x86_64/abi/test_passing_structs.c execution, -O2
UNRESOLVED: gcc.target/x86_64/abi/test_passing_structs.c execution, -O3 -fomit-frame-pointer -funroll-loops -fpeel-loops -ftracer -finline-functions
UNRESOLVED: gcc.target/x86_64/abi/test_passing_structs.c execution, -O3 -g
UNRESOLVED: gcc.target/x86_64/abi/test_passing_structs.c execution, -Og -g
UNRESOLVED: gcc.target/x86_64/abi/test_passing_structs.c execution, -Os
FAIL: gcc.target/x86_64/abi/test_passing_structs_and_unions.c compilation, -O0
FAIL: gcc.target/x86_64/abi/test_passing_structs_and_unions.c compilation, -O1
FAIL: gcc.target/x86_64/abi/test_passing_structs_and_unions.c compilation, -O2
FAIL: gcc.target/x86_64/abi/test_passing_structs_and_unions.c compilation, -O3 -g
FAIL: gcc.target/x86_64/abi/test_passing_structs_and_unions.c compilation, -Og -g
FAIL: gcc.target/x86_64/abi/test_passing_structs_and_unions.c compilation, -Os
UNRESOLVED: gcc.target/x86_64/abi/test_passing_structs_and_unions.c execution, -O0
UNRESOLVED: gcc.target/x86_64/abi/test_passing_structs_and_unions.c execution, -O1
UNRESOLVED: gcc.target/x86_64/abi/test_passing_structs_and_unions.c execution, -O2
UNRESOLVED: gcc.target/x86_64/abi/test_passing_structs_and_unions.c execution, -O3 -g
UNRESOLVED: gcc.target/x86_64/abi/test_passing_structs_and_unions.c execution, -Og -g
UNRESOLVED: gcc.target/x86_64/abi/test_passing_structs_and_unions.c execution, -Os
FAIL: gcc.target/x86_64/abi/test_struct_returning.c compilation, -O2
FAIL: gcc.target/x86_64/abi/test_struct_returning.c compilation, -O3 -fomit-frame-pointer -funroll-loops -fpeel-loops -ftracer -finline-functions
FAIL: gcc.target/x86_64/abi/test_struct_returning.c compilation, -O3 -g
FAIL: gcc.target/x86_64/abi/test_struct_returning.c compilation, -Og -g
FAIL: gcc.target/x86_64/abi/test_struct_returning.c compilation, -Os
UNRESOLVED: gcc.target/x86_64/abi/test_struct_returning.c execution, -O2
UNRESOLVED: gcc.target/x86_64/abi/test_struct_returning.c execution, -O3 -fomit-frame-pointer -funroll-loops -fpeel-loops -ftracer -finline-functions
UNRESOLVED: gcc.target/x86_64/abi/test_struct_returning.c execution, -O3 -g
UNRESOLVED: gcc.target/x86_64/abi/test_struct_returning.c execution, -Og -g
UNRESOLVED: gcc.target/x86_64/abi/test_struct_returning.c execution, -Os
FAIL: gcc.target/x86_64/abi/test_varargs.c compilation, -O0
FAIL: gcc.target/x86_64/abi/test_varargs.c compilation, -O1
FAIL: gcc.target/x86_64/abi/test_varargs.c compilation, -O2
FAIL: gcc.target/x86_64/abi/test_varargs.c compilation, -O3 -fomit-frame-pointer -funroll-loops -fpeel-loops -ftracer -finline-functions
FAIL: gcc.target/x86_64/abi/test_varargs.c compilation, -O3 -g
FAIL: gcc.target/x86_64/abi/test_varargs.c compilation, -Og -g
FAIL: gcc.target/x86_64/abi/test_varargs.c compilation, -Os
UNRESOLVED: gcc.target/x86_64/abi/test_varargs.c execution, -O0
UNRESOLVED: gcc.target/x86_64/abi/test_varargs.c execution, -O1
UNRESOLVED: gcc.target/x86_64/abi/test_varargs.c execution, -O2
UNRESOLVED: gcc.target/x86_64/abi/test_varargs.c execution, -O3 -fomit-frame-pointer -funroll-loops -fpeel-loops -ftracer -finline-functions
UNRESOLVED: gcc.target/x86_64/abi/test_varargs.c execution, -O3 -g
UNRESOLVED: gcc.target/x86_64/abi/test_varargs.c execution, -Og -g
UNRESOLVED: gcc.target/x86_64/abi/test_varargs.c execution, -Os
WARNING: program timed out
WARNING: program timed out
WARNING: program timed out
WARNING: program timed out
WARNING: program timed out
WARNING: program timed out
WARNING: program timed out
WARNING: program timed out
WARNING: program timed out
WARNING: program timed out
WARNING: program timed out
WARNING: program timed out
WARNING: program timed out
WARNING: program timed out
WARNING: program timed out
WARNING: program timed out
WARNING: program timed out
WARNING: program timed out
WARNING: program timed out
WARNING: program timed out
WARNING: program timed out
WARNING: program timed out
WARNING: program timed out
WARNING: program timed out
WARNING: program timed out
WARNING: program timed out
WARNING: program timed out
WARNING: program timed out
WARNING: program timed out
WARNING: program timed out
WARNING: program timed out
WARNING: program timed out
WARNING: program timed out
WARNING: program timed out
WARNING: program timed out
WARNING: program timed out
WARNING: program timed out
WARNING: program timed out
WARNING: program timed out
WARNING: program timed out
WARNING: program timed out
WARNING: program timed out
WARNING: program timed out
WARNING: program timed out
WARNING: program timed out
FAIL: gcc.target/x86_64/abi/avx512f/test_passing_unions.c compilation, -Og -g
UNRESOLVED: gcc.target/x86_64/abi/avx512f/test_passing_unions.c execution, -Og -g
WARNING: program timed out
WARNING: program timed out
WARNING: program timed out
UNRESOLVED: gcc.target/x86_64/abi/callabi/func-1.c (test for excess errors)
UNRESOLVED: gcc.target/x86_64/abi/callabi/func-1.c compilation failed to produce executable
FAIL: gcc.target/x86_64/abi/callabi/func-2a.c (test for excess errors)
UNRESOLVED: gcc.target/x86_64/abi/callabi/func-2a.c compilation failed to produce executable
FAIL: gcc.target/x86_64/abi/callabi/func-2b.c (test for excess errors)
FAIL: gcc.target/x86_64/abi/callabi/func-indirect-2a.c (test for excess errors)
UNRESOLVED: gcc.target/x86_64/abi/callabi/func-indirect-2a.c compilation failed to produce executable
FAIL: gcc.target/x86_64/abi/callabi/func-indirect-2b.c (test for excess errors)
FAIL: gcc.target/x86_64/abi/callabi/func-indirect.c (test for excess errors)
UNRESOLVED: gcc.target/x86_64/abi/callabi/func-indirect.c compilation failed to produce executable
FAIL: gcc.target/x86_64/abi/callabi/leaf-1.c (test for excess errors)
UNRESOLVED: gcc.target/x86_64/abi/callabi/leaf-1.c scan-assembler-not %rsp
WARNING: program timed out
WARNING: program timed out
WARNING: program timed out
WARNING: program timed out
WARNING: program timed out
WARNING: program timed out
WARNING: program timed out
WARNING: program timed out
WARNING: program timed out
WARNING: program timed out
=== gcc Summary for unix/-m64 ===
# of expected passes 109028
# of unexpected failures 107
# of unexpected successes 1
# of expected failures 319
# of unresolved testcases 54
# of unsupported tests 1717
=== gcc Summary ===
# of expected passes 217198
# of unexpected failures 109
# of unexpected successes 2
# of expected failures 641
# of unresolved testcases 54
# of unsupported tests 3337
/var/gcc/regression/gcc-6-branch/10-gcc-gas/build/gcc/xgcc version 6.4.1 20180406 [gcc-6-branch revision 259157] (GCC)
=== gfortran tests ===
Running target unix
FAIL: gfortran.dg/execute_command_line_3.f90 -O execution test
=== gfortran Summary for unix ===
# of expected passes 42943
# of unexpected failures 1
# of expected failures 84
# of unsupported tests 175
Running target unix/-m64
FAIL: gfortran.dg/execute_command_line_3.f90 -O execution test
=== gfortran Summary for unix/-m64 ===
# of expected passes 43160
# of unexpected failures 1
# of expected failures 84
# of unsupported tests 72
=== gfortran Summary ===
# of expected passes 86103
# of unexpected failures 2
# of expected failures 168
# of unsupported tests 247
/var/gcc/regression/gcc-6-branch/10-gcc-gas/build/gcc/gfortran version 6.4.1 20180406 [gcc-6-branch revision 259157] (GCC)
=== gnat tests ===
Running target unix
=== gnat Summary for unix ===
# of expected passes 2533
# of expected failures 22
# of unsupported tests 5
Running target unix/-m64
=== gnat Summary for unix/-m64 ===
# of expected passes 2533
# of expected failures 22
# of unsupported tests 5
=== gnat Summary ===
# of expected passes 5066
# of expected failures 44
# of unsupported tests 10
/var/gcc/regression/gcc-6-branch/10-gcc-gas/build/gcc/gnatmake version 6.4.1 20180406 [gcc-6-branch revision 259157]
=== go tests ===
Running target unix
FAIL: go.test/test/recover.go execution, -O2 -g
=== go Summary for unix ===
# of expected passes 7365
# of unexpected failures 1
# of expected failures 1
# of untested testcases 10
# of unsupported tests 2
Running target unix/-m64
FAIL: go.test/test/recover.go execution, -O2 -g
=== go Summary for unix/-m64 ===
# of expected passes 7246
# of unexpected failures 1
# of expected failures 1
# of untested testcases 10
# of unsupported tests 1
=== go Summary ===
# of expected passes 14611
# of unexpected failures 2
# of expected failures 2
# of untested testcases 20
# of unsupported tests 3
=== obj-c++ tests ===
Running target unix
=== obj-c++ Summary for unix ===
# of expected passes 1438
# of expected failures 2
# of unsupported tests 77
Running target unix/-m64
=== obj-c++ Summary for unix/-m64 ===
# of expected passes 1430
# of expected failures 10
# of unsupported tests 77
=== obj-c++ Summary ===
# of expected passes 2868
# of expected failures 12
# of unsupported tests 154
/var/gcc/regression/gcc-6-branch/10-gcc-gas/build/gcc/xg++ version 6.4.1 20180406 [gcc-6-branch revision 259157] (GCC)
=== objc tests ===
Running target unix
=== objc Summary for unix ===
# of expected passes 2767
# of expected failures 6
# of unsupported tests 68
Running target unix/-m64
=== objc Summary for unix/-m64 ===
# of expected passes 2767
# of expected failures 6
# of unsupported tests 68
=== objc Summary ===
# of expected passes 5534
# of expected failures 12
# of unsupported tests 136
/var/gcc/regression/gcc-6-branch/10-gcc-gas/build/gcc/xgcc version 6.4.1 20180406 [gcc-6-branch revision 259157] (GCC)
=== boehm-gc tests ===
Running target unix
=== boehm-gc Summary for unix ===
# of expected passes 12
# of unsupported tests 1
Running target unix/-m64
=== boehm-gc Summary for unix/-m64 ===
# of expected passes 12
# of unsupported tests 1
=== boehm-gc Summary ===
# of expected passes 24
# of unsupported tests 2
=== libatomic tests ===
Running target unix
=== libatomic Summary for unix ===
# of expected passes 44
# of unsupported tests 5
Running target unix/-m64
=== libatomic Summary for unix/-m64 ===
# of expected passes 54
=== libatomic Summary ===
# of expected passes 98
# of unsupported tests 5
=== libffi tests ===
Running target unix
=== libffi Summary for unix ===
# of expected passes 2799
Running target unix/-m64
=== libffi Summary for unix/-m64 ===
# of expected passes 2214
=== libffi Summary ===
# of expected passes 5013
=== libgo tests ===
Running target unix
FAIL: runtime
FAIL: go/build
=== libgo Summary for unix ===
# of expected passes 132
# of unexpected failures 2
Running target unix/-m64
FAIL: go/build
=== libgo Summary for unix/-m64 ===
# of expected passes 133
# of unexpected failures 1
=== libgo Summary ===
# of expected passes 265
# of unexpected failures 3
=== libgomp tests ===
Running target unix
WARNING: program timed out
FAIL: libgomp.oacc-c/../libgomp.oacc-c-c++-common/atomic_capture-1.c -DACC_DEVICE_TYPE_host=1 -DACC_MEM_SHARED=1 -O2 (test for excess errors)
UNRESOLVED: libgomp.oacc-c/../libgomp.oacc-c-c++-common/atomic_capture-1.c -DACC_DEVICE_TYPE_host=1 -DACC_MEM_SHARED=1 -O2 compilation failed to produce executable
WARNING: program timed out
FAIL: libgomp.oacc-c/../libgomp.oacc-c-c++-common/atomic_update-1.c -DACC_DEVICE_TYPE_host=1 -DACC_MEM_SHARED=1 -O2 (test for excess errors)
UNRESOLVED: libgomp.oacc-c/../libgomp.oacc-c-c++-common/atomic_update-1.c -DACC_DEVICE_TYPE_host=1 -DACC_MEM_SHARED=1 -O2 compilation failed to produce executable
=== libgomp Summary for unix ===
# of expected passes 5167
# of unexpected failures 2
# of unresolved testcases 2
# of unsupported tests 274
Running target unix/-m64
=== libgomp Summary for unix/-m64 ===
# of expected passes 5171
# of unsupported tests 274
=== libgomp Summary ===
# of expected passes 10338
# of unexpected failures 2
# of unresolved testcases 2
# of unsupported tests 548
=== libitm tests ===
Running target unix
=== libitm Summary for unix ===
# of expected passes 42
# of expected failures 3
# of unsupported tests 1
Running target unix/-m64
=== libitm Summary for unix/-m64 ===
# of expected passes 42
# of expected failures 3
# of unsupported tests 1
=== libitm Summary ===
# of expected passes 84
# of expected failures 6
# of unsupported tests 2
=== libjava tests ===
Running target unix
=== libjava Summary for unix ===
# of expected passes 2582
# of expected failures 4
Running target unix/-m64
=== libjava Summary for unix/-m64 ===
# of expected passes 2582
# of expected failures 4
=== libjava Summary ===
# of expected passes 5164
# of expected failures 8
=== libstdc++ tests ===
Running target unix
=== libstdc++ Summary for unix ===
# of expected passes 10222
# of expected failures 68
# of unsupported tests 615
Running target unix/-m64
FAIL: experimental/filesystem/operations/last_write_time.cc execution test
=== libstdc++ Summary for unix/-m64 ===
# of expected passes 10221
# of unexpected failures 1
# of expected failures 68
# of unsupported tests 615
=== libstdc++ Summary ===
# of expected passes 20443
# of unexpected failures 1
# of expected failures 136
# of unsupported tests 1230
Compiler version: 6.4.1 20180406 [gcc-6-branch revision 259157] (GCC)
Platform: i386-pc-solaris2.10
configure flags: --prefix=/vol/gcc --target=i386-pc-solaris2.10 --enable-objc-gc --with-as=/vol/gcc/bin/gas-2.30 --with-gnu-as --with-gmp-include=/vol/gcc/include --with-gmp-lib=/vol/gcc/lib --with-mpfr-include=/vol/gcc/include --with-mpfr-lib=/vol/gcc/lib --with-mpc-include=/vol/gcc/include --with-mpc-lib=/vol/gcc/lib --enable-languages=all,ada,obj-c++,go --with-isl-include=/vol/gcc/include --with-isl-lib=/vol/gcc/lib --build=i386-pc-solaris2.10 --host=i386-pc-solaris2.10
BOOT_CFLAGS=-g -O2