This is the mail archive of the
gcc-testresults@gcc.gnu.org
mailing list for the GCC project.
Results for 8.0.1 20180403 (experimental) [trunk revision 259052] (GCC) testsuite on riscv64-unknown-linux-gnu
- From: Serge Belyshev <belyshev at depni dot sinp dot msu dot ru>
- To: gcc-testresults at gcc dot gnu dot org
- Date: Wed, 04 Apr 2018 17:44:24 +0300
- Subject: Results for 8.0.1 20180403 (experimental) [trunk revision 259052] (GCC) testsuite on riscv64-unknown-linux-gnu
LAST_UPDATED: Tue Apr 3 20:18:40 UTC 2018 (revision 259052)
Native configuration is riscv64-unknown-linux-gnu
=== g++ tests ===
Running target unix
FAIL: c-c++-common/patchable_function_entry-decl.c -std=gnu++98 scan-assembler-times nop 2
FAIL: c-c++-common/patchable_function_entry-decl.c -std=gnu++11 scan-assembler-times nop 2
FAIL: c-c++-common/patchable_function_entry-decl.c -std=gnu++14 scan-assembler-times nop 2
FAIL: c-c++-common/patchable_function_entry-default.c -std=gnu++98 scan-assembler-times nop 3
FAIL: c-c++-common/patchable_function_entry-default.c -std=gnu++11 scan-assembler-times nop 3
FAIL: c-c++-common/patchable_function_entry-default.c -std=gnu++14 scan-assembler-times nop 3
FAIL: c-c++-common/patchable_function_entry-definition.c -std=gnu++98 scan-assembler-times nop 1
FAIL: c-c++-common/patchable_function_entry-definition.c -std=gnu++11 scan-assembler-times nop 1
FAIL: c-c++-common/patchable_function_entry-definition.c -std=gnu++14 scan-assembler-times nop 1
FAIL: g++.dg/eh/forced1.C -std=c++98 execution test
FAIL: g++.dg/eh/forced1.C -std=c++11 execution test
FAIL: g++.dg/eh/forced1.C -std=c++14 execution test
FAIL: g++.dg/ext/cleanup-10.C -std=gnu++98 execution test
FAIL: g++.dg/ext/cleanup-10.C -std=gnu++11 execution test
FAIL: g++.dg/ext/cleanup-10.C -std=gnu++14 execution test
FAIL: g++.dg/ext/cleanup-11.C -std=gnu++98 execution test
FAIL: g++.dg/ext/cleanup-11.C -std=gnu++11 execution test
FAIL: g++.dg/ext/cleanup-11.C -std=gnu++14 execution test
FAIL: g++.dg/ext/cleanup-8.C -std=gnu++98 execution test
FAIL: g++.dg/ext/cleanup-8.C -std=gnu++11 execution test
FAIL: g++.dg/ext/cleanup-8.C -std=gnu++14 execution test
FAIL: g++.dg/ext/cleanup-9.C -std=gnu++98 execution test
FAIL: g++.dg/ext/cleanup-9.C -std=gnu++11 execution test
FAIL: g++.dg/ext/cleanup-9.C -std=gnu++14 execution test
FAIL: g++.dg/opt/eh4.C -std=gnu++98 execution test
FAIL: g++.dg/opt/eh4.C -std=gnu++11 execution test
FAIL: g++.dg/opt/eh4.C -std=gnu++14 execution test
WARNING: program timed out.
WARNING: program timed out.
WARNING: program timed out.
WARNING: program timed out.
WARNING: program timed out.
WARNING: program timed out.
FAIL: g++.dg/lto/pr83121 (test for LTO warnings, pr83121_0.C line 8)
FAIL: g++.dg/lto/pr83121 (test for LTO warnings, pr83121_1.C line 2)
FAIL: g++.dg/lto/pr83121 (test for LTO warnings, pr83121_1.C line 3)
FAIL: g++.dg/lto/pr83121 cp_lto_pr83121_0.o-cp_lto_pr83121_1.o link, -O0 -flto
FAIL: g++.old-deja/g++.eh/terminate2.C -std=c++98 execution test
FAIL: g++.old-deja/g++.eh/terminate2.C -std=c++11 execution test
FAIL: g++.old-deja/g++.eh/terminate2.C -std=c++14 execution test
WARNING: program timed out.
WARNING: program timed out.
WARNING: program timed out.
=== g++ Summary ===
# of expected passes 113014
# of unexpected failures 34
# of expected failures 500
# of unsupported tests 5017
/opt/b/gcc/xg++ version 8.0.1 20180403 (experimental) [trunk revision 259052] (GCC)
=== gcc tests ===
Running target unix
FAIL: c-c++-common/patchable_function_entry-decl.c -Wc++-compat scan-assembler-times nop 2
FAIL: c-c++-common/patchable_function_entry-default.c -Wc++-compat scan-assembler-times nop 3
FAIL: c-c++-common/patchable_function_entry-definition.c -Wc++-compat scan-assembler-times nop 1
XPASS: gcc.dg/attr-alloc_size-11.c missing range info for signed char (test for warnings, line 50)
XPASS: gcc.dg/attr-alloc_size-11.c missing range info for short (test for warnings, line 51)
FAIL: gcc.dg/cleanup-10.c execution test
FAIL: gcc.dg/cleanup-11.c execution test
FAIL: gcc.dg/cleanup-8.c execution test
FAIL: gcc.dg/cleanup-9.c execution test
FAIL: gcc.dg/plugin/poly-int-07_plugin.c compilation
WARNING: program timed out
FAIL: gcc.dg/tree-ssa/pr84512.c scan-tree-dump optimized "return 285;"
FAIL: gcc.dg/tree-ssa/pr84859.c (test for bogus messages, line 18)
FAIL: gcc.dg/tree-ssa/pr84859.c scan-tree-dump phiopt1 "MIN_EXPR"
XPASS: gcc.dg/tree-ssa/ssa-fre-3.c scan-tree-dump fre1 "Replaced \\\\(int\\\\) aa_.*with a_"
=== gcc Summary ===
# of expected passes 98221
# of unexpected failures 11
# of unexpected successes 3
# of expected failures 275
# of unsupported tests 1919
/opt/b/gcc/xgcc version 8.0.1 20180403 (experimental) [trunk revision 259052] (GCC)
=== gfortran tests ===
Running target unix
FAIL: gfortran.dg/elemental_subroutine_3.f90 -O1 (test for excess errors)
FAIL: gfortran.dg/elemental_subroutine_3.f90 -O2 (test for excess errors)
FAIL: gfortran.dg/elemental_subroutine_3.f90 -O3 -fomit-frame-pointer -funroll-loops -fpeel-loops -ftracer -finline-functions (test for excess errors)
FAIL: gfortran.dg/elemental_subroutine_3.f90 -O3 -g (test for excess errors)
FAIL: gfortran.dg/elemental_subroutine_3.f90 -Os (test for excess errors)
FAIL: gfortran.dg/ieee/ieee_8.f90 -O0 execution test
FAIL: gfortran.dg/ieee/ieee_8.f90 -O1 execution test
FAIL: gfortran.dg/ieee/ieee_8.f90 -O2 execution test
FAIL: gfortran.dg/ieee/ieee_8.f90 -O3 -fomit-frame-pointer -funroll-loops -fpeel-loops -ftracer -finline-functions execution test
FAIL: gfortran.dg/ieee/ieee_8.f90 -O3 -g execution test
FAIL: gfortran.dg/ieee/ieee_8.f90 -Os execution test
=== gfortran Summary ===
# of expected passes 46466
# of unexpected failures 11
# of expected failures 92
# of unsupported tests 102
/opt/b/gcc/gfortran version 8.0.1 20180403 (experimental) [trunk revision 259052] (GCC)
=== objc tests ===
Running target unix
WARNING: program timed out.
FAIL: objc/execute/exceptions/handler-1.m execution, -O0 -fgnu-runtime
WARNING: program timed out.
FAIL: objc/execute/exceptions/handler-1.m execution, -O1 -fgnu-runtime
WARNING: program timed out.
FAIL: objc/execute/exceptions/handler-1.m execution, -O2 -fgnu-runtime
WARNING: program timed out.
FAIL: objc/execute/exceptions/handler-1.m execution, -O3 -g -fgnu-runtime
WARNING: program timed out.
FAIL: objc/execute/exceptions/handler-1.m execution, -Os -fgnu-runtime
=== objc Summary ===
# of expected passes 2796
# of unexpected failures 5
# of unsupported tests 69
/opt/b/gcc/xgcc version 8.0.1 20180403 (experimental) [trunk revision 259052] (GCC)
=== libatomic tests ===
Running target unix
=== libatomic Summary ===
# of expected passes 54
=== libgomp tests ===
Running target unix
XPASS: libgomp.graphite/force-parallel-4.c scan-tree-dump-times graphite "2 loops carried no dependency" 1
FAIL: libgomp.graphite/force-parallel-4.c scan-tree-dump-times graphite "1 loops carried no dependency" 1
=== libgomp Summary ===
# of expected passes 5304
# of unexpected failures 1
# of unexpected successes 1
# of unsupported tests 370
=== libstdc++ tests ===
Running target unix
FAIL: 30_threads/async/42819.cc (test for excess errors)
UNRESOLVED: 30_threads/async/42819.cc compilation failed to produce executable
FAIL: 30_threads/async/49668.cc (test for excess errors)
UNRESOLVED: 30_threads/async/49668.cc compilation failed to produce executable
FAIL: 30_threads/async/54297.cc (test for excess errors)
UNRESOLVED: 30_threads/async/54297.cc compilation failed to produce executable
FAIL: 30_threads/async/any.cc (test for excess errors)
UNRESOLVED: 30_threads/async/any.cc compilation failed to produce executable
FAIL: 30_threads/async/async.cc (test for excess errors)
UNRESOLVED: 30_threads/async/async.cc compilation failed to produce executable
FAIL: 30_threads/async/except.cc (test for excess errors)
UNRESOLVED: 30_threads/async/except.cc compilation failed to produce executable
FAIL: 30_threads/async/forced_unwind.cc (test for excess errors)
UNRESOLVED: 30_threads/async/forced_unwind.cc compilation failed to produce executable
FAIL: 30_threads/async/sync.cc (test for excess errors)
UNRESOLVED: 30_threads/async/sync.cc compilation failed to produce executable
FAIL: 30_threads/call_once/39909.cc (test for excess errors)
UNRESOLVED: 30_threads/call_once/39909.cc compilation failed to produce executable
FAIL: 30_threads/call_once/49668.cc (test for excess errors)
UNRESOLVED: 30_threads/call_once/49668.cc compilation failed to produce executable
FAIL: 30_threads/call_once/call_once1.cc (test for excess errors)
UNRESOLVED: 30_threads/call_once/call_once1.cc compilation failed to produce executable
FAIL: 30_threads/call_once/dr2442.cc (test for excess errors)
UNRESOLVED: 30_threads/call_once/dr2442.cc compilation failed to produce executable
FAIL: 30_threads/future/members/45133.cc (test for excess errors)
UNRESOLVED: 30_threads/future/members/45133.cc compilation failed to produce executable
FAIL: 30_threads/future/members/get.cc (test for excess errors)
UNRESOLVED: 30_threads/future/members/get.cc compilation failed to produce executable
FAIL: 30_threads/future/members/get2.cc (test for excess errors)
UNRESOLVED: 30_threads/future/members/get2.cc compilation failed to produce executable
FAIL: 30_threads/future/members/share.cc (test for excess errors)
UNRESOLVED: 30_threads/future/members/share.cc compilation failed to produce executable
FAIL: 30_threads/future/members/valid.cc (test for excess errors)
UNRESOLVED: 30_threads/future/members/valid.cc compilation failed to produce executable
FAIL: 30_threads/future/members/wait.cc (test for excess errors)
UNRESOLVED: 30_threads/future/members/wait.cc compilation failed to produce executable
FAIL: 30_threads/future/members/wait_for.cc (test for excess errors)
UNRESOLVED: 30_threads/future/members/wait_for.cc compilation failed to produce executable
FAIL: 30_threads/future/members/wait_until.cc (test for excess errors)
UNRESOLVED: 30_threads/future/members/wait_until.cc compilation failed to produce executable
FAIL: 30_threads/packaged_task/49668.cc (test for excess errors)
UNRESOLVED: 30_threads/packaged_task/49668.cc compilation failed to produce executable
FAIL: 30_threads/packaged_task/60564.cc (test for excess errors)
UNRESOLVED: 30_threads/packaged_task/60564.cc compilation failed to produce executable
FAIL: 30_threads/packaged_task/cons/2.cc (test for excess errors)
UNRESOLVED: 30_threads/packaged_task/cons/2.cc compilation failed to produce executable
FAIL: 30_threads/packaged_task/cons/3.cc (test for excess errors)
UNRESOLVED: 30_threads/packaged_task/cons/3.cc compilation failed to produce executable
FAIL: 30_threads/packaged_task/cons/alloc.cc (test for excess errors)
UNRESOLVED: 30_threads/packaged_task/cons/alloc.cc compilation failed to produce executable
FAIL: 30_threads/packaged_task/cons/move.cc (test for excess errors)
UNRESOLVED: 30_threads/packaged_task/cons/move.cc compilation failed to produce executable
FAIL: 30_threads/packaged_task/cons/move_assign.cc (test for excess errors)
UNRESOLVED: 30_threads/packaged_task/cons/move_assign.cc compilation failed to produce executable
FAIL: 30_threads/packaged_task/forced_unwind.cc (test for excess errors)
UNRESOLVED: 30_threads/packaged_task/forced_unwind.cc compilation failed to produce executable
FAIL: 30_threads/packaged_task/members/at_thread_exit.cc (test for excess errors)
UNRESOLVED: 30_threads/packaged_task/members/at_thread_exit.cc compilation failed to produce executable
FAIL: 30_threads/packaged_task/members/get_future.cc (test for excess errors)
UNRESOLVED: 30_threads/packaged_task/members/get_future.cc compilation failed to produce executable
FAIL: 30_threads/packaged_task/members/get_future2.cc (test for excess errors)
UNRESOLVED: 30_threads/packaged_task/members/get_future2.cc compilation failed to produce executable
FAIL: 30_threads/packaged_task/members/invoke.cc (test for excess errors)
UNRESOLVED: 30_threads/packaged_task/members/invoke.cc compilation failed to produce executable
FAIL: 30_threads/packaged_task/members/invoke2.cc (test for excess errors)
UNRESOLVED: 30_threads/packaged_task/members/invoke2.cc compilation failed to produce executable
FAIL: 30_threads/packaged_task/members/invoke3.cc (test for excess errors)
UNRESOLVED: 30_threads/packaged_task/members/invoke3.cc compilation failed to produce executable
FAIL: 30_threads/packaged_task/members/invoke4.cc (test for excess errors)
UNRESOLVED: 30_threads/packaged_task/members/invoke4.cc compilation failed to produce executable
FAIL: 30_threads/packaged_task/members/invoke5.cc (test for excess errors)
UNRESOLVED: 30_threads/packaged_task/members/invoke5.cc compilation failed to produce executable
FAIL: 30_threads/packaged_task/members/reset.cc (test for excess errors)
UNRESOLVED: 30_threads/packaged_task/members/reset.cc compilation failed to produce executable
FAIL: 30_threads/packaged_task/members/reset2.cc (test for excess errors)
UNRESOLVED: 30_threads/packaged_task/members/reset2.cc compilation failed to produce executable
FAIL: 30_threads/packaged_task/members/swap.cc (test for excess errors)
UNRESOLVED: 30_threads/packaged_task/members/swap.cc compilation failed to produce executable
FAIL: 30_threads/packaged_task/members/valid.cc (test for excess errors)
UNRESOLVED: 30_threads/packaged_task/members/valid.cc compilation failed to produce executable
FAIL: 30_threads/promise/60966.cc (test for excess errors)
UNRESOLVED: 30_threads/promise/60966.cc compilation failed to produce executable
FAIL: 30_threads/promise/cons/alloc.cc (test for excess errors)
UNRESOLVED: 30_threads/promise/cons/alloc.cc compilation failed to produce executable
FAIL: 30_threads/promise/cons/move.cc (test for excess errors)
UNRESOLVED: 30_threads/promise/cons/move.cc compilation failed to produce executable
FAIL: 30_threads/promise/cons/move_assign.cc (test for excess errors)
UNRESOLVED: 30_threads/promise/cons/move_assign.cc compilation failed to produce executable
FAIL: 30_threads/promise/members/at_thread_exit.cc (test for excess errors)
UNRESOLVED: 30_threads/promise/members/at_thread_exit.cc compilation failed to produce executable
FAIL: 30_threads/promise/members/at_thread_exit2.cc (test for excess errors)
UNRESOLVED: 30_threads/promise/members/at_thread_exit2.cc compilation failed to produce executable
FAIL: 30_threads/promise/members/get_future.cc (test for excess errors)
UNRESOLVED: 30_threads/promise/members/get_future.cc compilation failed to produce executable
FAIL: 30_threads/promise/members/set_exception.cc (test for excess errors)
UNRESOLVED: 30_threads/promise/members/set_exception.cc compilation failed to produce executable
FAIL: 30_threads/promise/members/set_exception2.cc (test for excess errors)
UNRESOLVED: 30_threads/promise/members/set_exception2.cc compilation failed to produce executable
FAIL: 30_threads/promise/members/set_value.cc (test for excess errors)
UNRESOLVED: 30_threads/promise/members/set_value.cc compilation failed to produce executable
FAIL: 30_threads/promise/members/set_value2.cc (test for excess errors)
UNRESOLVED: 30_threads/promise/members/set_value2.cc compilation failed to produce executable
FAIL: 30_threads/promise/members/set_value3.cc (test for excess errors)
UNRESOLVED: 30_threads/promise/members/set_value3.cc compilation failed to produce executable
FAIL: 30_threads/promise/members/swap.cc (test for excess errors)
UNRESOLVED: 30_threads/promise/members/swap.cc compilation failed to produce executable
FAIL: 30_threads/shared_future/members/get.cc (test for excess errors)
UNRESOLVED: 30_threads/shared_future/members/get.cc compilation failed to produce executable
FAIL: 30_threads/shared_future/members/get2.cc (test for excess errors)
UNRESOLVED: 30_threads/shared_future/members/get2.cc compilation failed to produce executable
FAIL: 30_threads/shared_future/members/valid.cc (test for excess errors)
UNRESOLVED: 30_threads/shared_future/members/valid.cc compilation failed to produce executable
FAIL: 30_threads/shared_future/members/wait.cc (test for excess errors)
UNRESOLVED: 30_threads/shared_future/members/wait.cc compilation failed to produce executable
FAIL: 30_threads/shared_future/members/wait_for.cc (test for excess errors)
UNRESOLVED: 30_threads/shared_future/members/wait_for.cc compilation failed to produce executable
FAIL: 30_threads/shared_future/members/wait_until.cc (test for excess errors)
UNRESOLVED: 30_threads/shared_future/members/wait_until.cc compilation failed to produce executable
WARNING: program timed out.
=== libstdc++ Summary ===
# of expected passes 11911
# of unexpected failures 59
# of expected failures 71
# of unresolved testcases 59
# of unsupported tests 325
Compiler version: 8.0.1 20180403 (experimental) [trunk revision 259052] (GCC)
Platform: riscv64-unknown-linux-gnu
configure flags: --disable-multilib --disable-stage1-checking --disable-libstdcxx-pch