This is the mail archive of the
gcc-testresults@gcc.gnu.org
mailing list for the GCC project.
Results for 6.4.1 20180323 [gcc-6-branch revision 258787] (GCC) testsuite on i386-pc-solaris2.11
- From: Rainer Orth <ro at CeBiTec dot Uni-Bielefeld dot DE>
- To: gcc-testresults at gcc dot gnu dot org
- Date: Sat, 24 Mar 2018 02:04:21 +0100 (MET)
- Subject: Results for 6.4.1 20180323 [gcc-6-branch revision 258787] (GCC) testsuite on i386-pc-solaris2.11
LAST_UPDATED: Fri Mar 23 10:34:39 UTC 2018 (revision 258787)
=== acats tests ===
=== acats Summary ===
# of expected passes 2320
# of unexpected failures 0
Native configuration is i386-pc-solaris2.11
=== g++ tests ===
Running target unix
=== g++ Summary for unix ===
# of expected passes 97752
# of expected failures 332
# of unsupported tests 3609
Running target unix/-m64
=== g++ Summary for unix/-m64 ===
# of expected passes 99088
# of expected failures 332
# of unsupported tests 3864
=== g++ Summary ===
# of expected passes 196840
# of expected failures 664
# of unsupported tests 7473
/var/gcc/regression/gcc-6-branch/11-gcc/build/gcc/xg++ version 6.4.1 20180323 [gcc-6-branch revision 258787] (GCC)
=== gcc tests ===
Running target unix
FAIL: gcc.dg/attr-weakref-1.c (test for excess errors)
UNRESOLVED: gcc.dg/attr-weakref-1.c compilation failed to produce executable
FAIL: gcc.dg/visibility-22.c execution test
FAIL: gcc.dg/simulate-thread/atomic-load-longlong.c -O3 -g thread simulation test
FAIL: gcc.dg/torture/pr60092.c -O0 execution test
WARNING: profopt.exp does not support dg-error
XPASS: gcc.target/i386/bmi-6.c (test for excess errors)
FAIL: gcc.target/i386/pr78419.c (test for excess errors)
FAIL: gcc.target/i386/pr80569.c (test for excess errors)
=== gcc Summary for unix ===
# of expected passes 107574
# of unexpected failures 6
# of unexpected successes 1
# of expected failures 322
# of unresolved testcases 1
# of unsupported tests 2052
Running target unix/-m64
FAIL: gcc.dg/attr-weakref-1.c (test for excess errors)
UNRESOLVED: gcc.dg/attr-weakref-1.c compilation failed to produce executable
FAIL: gcc.dg/visibility-22.c execution test
FAIL: gcc.dg/torture/pr60092.c -O0 execution test
WARNING: profopt.exp does not support dg-error
XPASS: gcc.target/i386/bmi-6.c (test for excess errors)
FAIL: gcc.target/i386/pr58218.c (test for excess errors)
FAIL: gcc.target/i386/pr61599-1.c (test for excess errors)
UNRESOLVED: gcc.target/i386/pr61599-1.c compilation failed to produce executable
FAIL: gcc.target/i386/pr78419.c (test for excess errors)
FAIL: gcc.target/i386/pr80569.c (test for excess errors)
=== gcc Summary for unix/-m64 ===
# of expected passes 108609
# of unexpected failures 7
# of unexpected successes 1
# of expected failures 319
# of unresolved testcases 2
# of unsupported tests 2152
=== gcc Summary ===
# of expected passes 216183
# of unexpected failures 13
# of unexpected successes 2
# of expected failures 641
# of unresolved testcases 3
# of unsupported tests 4204
/var/gcc/regression/gcc-6-branch/11-gcc/build/gcc/xgcc version 6.4.1 20180323 [gcc-6-branch revision 258787] (GCC)
=== gfortran tests ===
Running target unix
=== gfortran Summary for unix ===
# of expected passes 42948
# of expected failures 78
# of unsupported tests 175
Running target unix/-m64
=== gfortran Summary for unix/-m64 ===
# of expected passes 43165
# of expected failures 78
# of unsupported tests 72
=== gfortran Summary ===
# of expected passes 86113
# of expected failures 156
# of unsupported tests 247
/var/gcc/regression/gcc-6-branch/11-gcc/build/gcc/gfortran version 6.4.1 20180323 [gcc-6-branch revision 258787] (GCC)
=== gnat tests ===
Running target unix
=== gnat Summary for unix ===
# of expected passes 2533
# of expected failures 22
# of unsupported tests 5
Running target unix/-m64
=== gnat Summary for unix/-m64 ===
# of expected passes 2533
# of expected failures 22
# of unsupported tests 5
=== gnat Summary ===
# of expected passes 5066
# of expected failures 44
# of unsupported tests 10
/var/gcc/regression/gcc-6-branch/11-gcc/build/gcc/gnatmake version 6.4.1 20180323 [gcc-6-branch revision 258787]
=== go tests ===
Running target unix
=== go Summary for unix ===
# of expected passes 7366
# of expected failures 1
# of untested testcases 10
# of unsupported tests 2
Running target unix/-m64
=== go Summary for unix/-m64 ===
# of expected passes 7247
# of expected failures 1
# of untested testcases 10
# of unsupported tests 1
=== go Summary ===
# of expected passes 14613
# of expected failures 2
# of untested testcases 20
# of unsupported tests 3
=== obj-c++ tests ===
Running target unix
=== obj-c++ Summary for unix ===
# of expected passes 1454
# of expected failures 2
# of unsupported tests 77
Running target unix/-m64
=== obj-c++ Summary for unix/-m64 ===
# of expected passes 1446
# of expected failures 10
# of unsupported tests 77
=== obj-c++ Summary ===
# of expected passes 2900
# of expected failures 12
# of unsupported tests 154
/var/gcc/regression/gcc-6-branch/11-gcc/build/gcc/xg++ version 6.4.1 20180323 [gcc-6-branch revision 258787] (GCC)
=== objc tests ===
Running target unix
=== objc Summary for unix ===
# of expected passes 2783
# of expected failures 6
# of unsupported tests 68
Running target unix/-m64
=== objc Summary for unix/-m64 ===
# of expected passes 2783
# of expected failures 6
# of unsupported tests 68
=== objc Summary ===
# of expected passes 5566
# of expected failures 12
# of unsupported tests 136
/var/gcc/regression/gcc-6-branch/11-gcc/build/gcc/xgcc version 6.4.1 20180323 [gcc-6-branch revision 258787] (GCC)
=== boehm-gc tests ===
Running target unix
=== boehm-gc Summary for unix ===
# of expected passes 12
# of unsupported tests 1
Running target unix/-m64
=== boehm-gc Summary for unix/-m64 ===
# of expected passes 12
# of unsupported tests 1
=== boehm-gc Summary ===
# of expected passes 24
# of unsupported tests 2
=== libatomic tests ===
Running target unix
=== libatomic Summary for unix ===
# of expected passes 44
# of unsupported tests 5
Running target unix/-m64
=== libatomic Summary for unix/-m64 ===
# of expected passes 54
=== libatomic Summary ===
# of expected passes 98
# of unsupported tests 5
=== libffi tests ===
Running target unix
=== libffi Summary for unix ===
# of expected passes 2799
Running target unix/-m64
=== libffi Summary for unix/-m64 ===
# of expected passes 2214
=== libffi Summary ===
# of expected passes 5013
=== libgo tests ===
Running target unix
FAIL: time
FAIL: go/build
=== libgo Summary for unix ===
# of expected passes 132
# of unexpected failures 2
Running target unix/-m64
FAIL: time
FAIL: go/build
=== libgo Summary for unix/-m64 ===
# of expected passes 132
# of unexpected failures 2
=== libgo Summary ===
# of expected passes 264
# of unexpected failures 4
/var/gcc/regression/gcc-6-branch/11-gcc/build/./gcc/gccgo version 6.4.1 20180323 [gcc-6-branch revision 258787] (GCC)
=== libgomp tests ===
Running target unix
=== libgomp Summary for unix ===
# of expected passes 5075
# of unsupported tests 322
Running target unix/-m64
=== libgomp Summary for unix/-m64 ===
# of expected passes 5075
# of unsupported tests 322
=== libgomp Summary ===
# of expected passes 10150
# of unsupported tests 644
=== libitm tests ===
Running target unix
=== libitm Summary for unix ===
# of expected passes 42
# of expected failures 3
# of unsupported tests 1
Running target unix/-m64
=== libitm Summary for unix/-m64 ===
# of expected passes 42
# of expected failures 3
# of unsupported tests 1
=== libitm Summary ===
# of expected passes 84
# of expected failures 6
# of unsupported tests 2
=== libjava tests ===
Running target unix
=== libjava Summary for unix ===
# of expected passes 2582
# of expected failures 4
Running target unix/-m64
=== libjava Summary for unix/-m64 ===
# of expected passes 2582
# of expected failures 4
=== libjava Summary ===
# of expected passes 5164
# of expected failures 8
=== libstdc++ tests ===
Running target unix
=== libstdc++ Summary for unix ===
# of expected passes 10223
# of expected failures 67
# of unsupported tests 615
Running target unix/-m64
=== libstdc++ Summary for unix/-m64 ===
# of expected passes 10223
# of expected failures 67
# of unsupported tests 615
=== libstdc++ Summary ===
# of expected passes 20446
# of expected failures 134
# of unsupported tests 1230
Compiler version: 6.4.1 20180323 [gcc-6-branch revision 258787] (GCC)
Platform: i386-pc-solaris2.11
configure flags: --prefix=/vol/gcc --target=i386-pc-solaris2.11 --enable-objc-gc --enable-libmudflap --with-as=/usr/ccs/bin/as --without-gnu-as --with-gmp-include=/vol/gcc/include --with-gmp-lib=/vol/gcc/lib --with-mpfr-include=/vol/gcc/include --with-mpfr-lib=/vol/gcc/lib --with-mpc-include=/vol/gcc/include --with-mpc-lib=/vol/gcc/lib --enable-languages=all,ada,obj-c++,go --with-isl-include=/vol/gcc/include --with-isl-lib=/vol/gcc/lib --build=i386-pc-solaris2.11 --host=i386-pc-solaris2.11
BOOT_CFLAGS=-g -O2