This is the mail archive of the
gcc-testresults@gcc.gnu.org
mailing list for the GCC project.
Results for 8.0.1 20180306 (experimental) [trunk revision 258272] (GCC) testsuite on x86_64-pc-linux-gnu
- From: hjl at gnu-skx-1 dot sc dot intel dot com (H.J. Lu)
- To: gcc-testresults at gcc dot gnu dot org
- Date: Tue, 06 Mar 2018 01:26:26 -0800
- Subject: Results for 8.0.1 20180306 (experimental) [trunk revision 258272] (GCC) testsuite on x86_64-pc-linux-gnu
- Authentication-results: sourceware.org; auth=none
Native configuration is x86_64-pc-linux-gnu
=== gcc tests ===
Running target unix
FAIL: gcc.dg/20050503-1.c scan-assembler-not call
UNRESOLVED: gcc.dg/superblock.c scan-rtl-dump-times sched2 "ADVANCING TO" 2
FAIL: gcc.dg/graphite/interchange-3.c scan-tree-dump graphite "tiled"
FAIL: gcc.dg/graphite/interchange-7.c scan-tree-dump graphite "tiled"
FAIL: gcc.dg/graphite/interchange-9.c scan-tree-dump graphite "tiled"
FAIL: gcc.dg/graphite/uns-interchange-9.c scan-tree-dump graphite "tiled"
XPASS: gcc.dg/guality/example.c -O0 execution test
XPASS: gcc.dg/guality/example.c -O1 execution test
XPASS: gcc.dg/guality/example.c -O2 execution test
XPASS: gcc.dg/guality/example.c -O2 -flto -fno-use-linker-plugin -flto-partition=none execution test
XPASS: gcc.dg/guality/example.c -O3 -fomit-frame-pointer -funroll-loops -fpeel-loops -ftracer -finline-functions execution test
XPASS: gcc.dg/guality/example.c -O3 -g execution test
XPASS: gcc.dg/guality/guality.c -O0 execution test
XPASS: gcc.dg/guality/guality.c -O1 execution test
XPASS: gcc.dg/guality/guality.c -O2 execution test
XPASS: gcc.dg/guality/guality.c -O2 -flto -fno-use-linker-plugin -flto-partition=none execution test
XPASS: gcc.dg/guality/guality.c -O2 -flto -fuse-linker-plugin -fno-fat-lto-objects execution test
XPASS: gcc.dg/guality/guality.c -O3 -g execution test
XPASS: gcc.dg/guality/guality.c -Os execution test
XPASS: gcc.dg/guality/inline-params.c -O2 execution test
XPASS: gcc.dg/guality/inline-params.c -O2 -flto -fno-use-linker-plugin -flto-partition=none execution test
XPASS: gcc.dg/guality/inline-params.c -O2 -flto -fuse-linker-plugin -fno-fat-lto-objects execution test
XPASS: gcc.dg/guality/inline-params.c -O3 -g execution test
XPASS: gcc.dg/guality/inline-params.c -Os execution test
XPASS: gcc.dg/guality/pr41353-1.c -O0 line 28 j == 28 + 37
FAIL: gcc.dg/guality/pr41616-1.c -O2 -flto -fuse-linker-plugin -fno-fat-lto-objects execution test
FAIL: gcc.dg/guality/pr41616-1.c -O3 -g execution test
FAIL: gcc.dg/guality/pr45882.c -O2 -flto -fuse-linker-plugin -fno-fat-lto-objects line 16 d == 112
FAIL: gcc.dg/guality/pr45882.c -O2 -flto -fuse-linker-plugin -fno-fat-lto-objects line 16 e == 142
FAIL: gcc.dg/guality/pr54200.c -Os line 20 z == 3
FAIL: gcc.dg/guality/pr54519-1.c -O2 -flto -fno-use-linker-plugin -flto-partition=none line 20 y == 25
FAIL: gcc.dg/guality/pr54519-1.c -O2 -flto -fno-use-linker-plugin -flto-partition=none line 20 z == 6
FAIL: gcc.dg/guality/pr54519-1.c -O2 -flto -fno-use-linker-plugin -flto-partition=none line 23 y == 117
FAIL: gcc.dg/guality/pr54519-1.c -O2 -flto -fno-use-linker-plugin -flto-partition=none line 23 z == 8
FAIL: gcc.dg/guality/pr54519-2.c -O2 -flto -fno-use-linker-plugin -flto-partition=none line 17 y == 25
FAIL: gcc.dg/guality/pr54519-2.c -O2 -flto -fuse-linker-plugin -fno-fat-lto-objects line 17 y == 25
FAIL: gcc.dg/guality/pr54519-3.c -O2 -flto -fno-use-linker-plugin -flto-partition=none line 20 y == 25
FAIL: gcc.dg/guality/pr54519-3.c -O2 -flto -fno-use-linker-plugin -flto-partition=none line 20 z == 6
FAIL: gcc.dg/guality/pr54519-3.c -O2 -flto -fno-use-linker-plugin -flto-partition=none line 23 y == 117
FAIL: gcc.dg/guality/pr54519-3.c -O2 -flto -fno-use-linker-plugin -flto-partition=none line 23 z == 8
FAIL: gcc.dg/guality/pr54519-3.c -O2 -flto -fuse-linker-plugin -fno-fat-lto-objects line 20 y == 25
FAIL: gcc.dg/guality/pr54519-3.c -O2 -flto -fuse-linker-plugin -fno-fat-lto-objects line 20 z == 6
FAIL: gcc.dg/guality/pr54519-3.c -O2 -flto -fuse-linker-plugin -fno-fat-lto-objects line 23 y == 117
FAIL: gcc.dg/guality/pr54519-3.c -O2 -flto -fuse-linker-plugin -fno-fat-lto-objects line 23 z == 8
FAIL: gcc.dg/guality/pr54519-4.c -O2 -flto -fno-use-linker-plugin -flto-partition=none line 17 y == 25
FAIL: gcc.dg/guality/pr54519-4.c -O2 -flto -fuse-linker-plugin -fno-fat-lto-objects line 17 y == 25
FAIL: gcc.dg/guality/pr54519-5.c -O2 -flto -fno-use-linker-plugin -flto-partition=none line 17 y == 25
FAIL: gcc.dg/guality/pr54519-5.c -O2 -flto -fuse-linker-plugin -fno-fat-lto-objects line 17 y == 25
XPASS: gcc.dg/guality/pr54970.c -O0 line 31 a[0] == 4
XPASS: gcc.dg/guality/pr54970.c -O0 line 36 a[0] == 4
XPASS: gcc.dg/guality/pr54970.c -O0 line 45 a[0] == 4
XPASS: gcc.dg/guality/pr54970.c -O0 line 45 p[-2] == 4
XPASS: gcc.dg/guality/pr54970.c -O0 line 45 q[-1] == 4
FAIL: gcc.dg/guality/pr68860-1.c -O2 -flto -fno-use-linker-plugin -flto-partition=none line 14 arg1 == 1
FAIL: gcc.dg/guality/pr68860-1.c -O2 -flto -fno-use-linker-plugin -flto-partition=none line 14 arg2 == 2
FAIL: gcc.dg/guality/pr68860-1.c -O2 -flto -fno-use-linker-plugin -flto-partition=none line 14 arg3 == 3
FAIL: gcc.dg/guality/pr68860-1.c -O2 -flto -fno-use-linker-plugin -flto-partition=none line 14 arg4 == 4
FAIL: gcc.dg/guality/pr68860-1.c -O2 -flto -fno-use-linker-plugin -flto-partition=none line 14 arg5 == 5
FAIL: gcc.dg/guality/pr68860-1.c -O2 -flto -fno-use-linker-plugin -flto-partition=none line 14 arg6 == 6
FAIL: gcc.dg/guality/pr68860-1.c -O2 -flto -fno-use-linker-plugin -flto-partition=none line 16 arg1 == 1
FAIL: gcc.dg/guality/pr68860-1.c -O2 -flto -fno-use-linker-plugin -flto-partition=none line 16 arg2 == 2
FAIL: gcc.dg/guality/pr68860-1.c -O2 -flto -fno-use-linker-plugin -flto-partition=none line 16 arg3 == 3
FAIL: gcc.dg/guality/pr68860-1.c -O2 -flto -fno-use-linker-plugin -flto-partition=none line 16 arg4 == 4
FAIL: gcc.dg/guality/pr68860-1.c -O2 -flto -fno-use-linker-plugin -flto-partition=none line 16 arg5 == 5
FAIL: gcc.dg/guality/pr68860-1.c -O2 -flto -fno-use-linker-plugin -flto-partition=none line 16 arg6 == 6
FAIL: gcc.dg/guality/pr68860-1.c -O2 -flto -fuse-linker-plugin -fno-fat-lto-objects line 14 arg1 == 1
FAIL: gcc.dg/guality/pr68860-1.c -O2 -flto -fuse-linker-plugin -fno-fat-lto-objects line 14 arg2 == 2
FAIL: gcc.dg/guality/pr68860-1.c -O2 -flto -fuse-linker-plugin -fno-fat-lto-objects line 14 arg3 == 3
FAIL: gcc.dg/guality/pr68860-1.c -O2 -flto -fuse-linker-plugin -fno-fat-lto-objects line 14 arg4 == 4
FAIL: gcc.dg/guality/pr68860-1.c -O2 -flto -fuse-linker-plugin -fno-fat-lto-objects line 14 arg5 == 5
FAIL: gcc.dg/guality/pr68860-1.c -O2 -flto -fuse-linker-plugin -fno-fat-lto-objects line 14 arg6 == 6
FAIL: gcc.dg/guality/pr68860-1.c -O2 -flto -fuse-linker-plugin -fno-fat-lto-objects line 16 arg1 == 1
FAIL: gcc.dg/guality/pr68860-1.c -O2 -flto -fuse-linker-plugin -fno-fat-lto-objects line 16 arg2 == 2
FAIL: gcc.dg/guality/pr68860-1.c -O2 -flto -fuse-linker-plugin -fno-fat-lto-objects line 16 arg3 == 3
FAIL: gcc.dg/guality/pr68860-1.c -O2 -flto -fuse-linker-plugin -fno-fat-lto-objects line 16 arg4 == 4
FAIL: gcc.dg/guality/pr68860-1.c -O2 -flto -fuse-linker-plugin -fno-fat-lto-objects line 16 arg5 == 5
FAIL: gcc.dg/guality/pr68860-1.c -O2 -flto -fuse-linker-plugin -fno-fat-lto-objects line 16 arg6 == 6
FAIL: gcc.dg/guality/vla-1.c -O1 line 17 sizeof (a) == 6
FAIL: gcc.dg/guality/vla-1.c -O2 line 17 sizeof (a) == 6
FAIL: gcc.dg/guality/vla-1.c -O2 -flto -fno-use-linker-plugin -flto-partition=none line 17 sizeof (a) == 6
FAIL: gcc.dg/guality/vla-1.c -O2 -flto -fno-use-linker-plugin -flto-partition=none line 24 sizeof (a) == 17 * sizeof (short)
FAIL: gcc.dg/guality/vla-1.c -O2 -flto -fuse-linker-plugin -fno-fat-lto-objects line 17 sizeof (a) == 6
FAIL: gcc.dg/guality/vla-1.c -O2 -flto -fuse-linker-plugin -fno-fat-lto-objects line 24 sizeof (a) == 17 * sizeof (short)
FAIL: gcc.dg/guality/vla-1.c -O3 -g line 17 sizeof (a) == 6
FAIL: gcc.dg/guality/vla-1.c -Os line 17 sizeof (a) == 6
FAIL: gcc.dg/ipa/iinline-attr.c scan-ipa-dump inline "hooray[^\\\\n]*inline copy in test"
FAIL: gcc.dg/lto/chkp-ctor-merge c_lto_chkp-ctor-merge_0.o-c_lto_chkp-ctor-merge_0.o link, -O2 -flto -fcheck-pointer-bounds -mmpx -nodefaultlibs -lc (internal compiler error)
FAIL: gcc.dg/vect/no-section-anchors-vect-31.c scan-tree-dump-times vect "Alignment of access forced using peeling" 2 (found 1 times)
FAIL: gcc.dg/vect/no-section-anchors-vect-31.c scan-tree-dump-times vect "Vectorizing an unaligned access" 0 (found 1 times)
FAIL: gcc.dg/vect/no-section-anchors-vect-64.c scan-tree-dump-times vect "Alignment of access forced using peeling" 2 (found 1 times)
FAIL: gcc.dg/vect/no-section-anchors-vect-64.c scan-tree-dump-times vect "Vectorizing an unaligned access" 0 (found 1 times)
FAIL: gcc.dg/vect/slp-perm-9.c -flto -ffat-lto-objects scan-tree-dump-times vect "vectorized 0 loops" 2 (found 1 times)
FAIL: gcc.dg/vect/slp-perm-9.c -flto -ffat-lto-objects scan-tree-dump-times vect "vectorizing stmts using SLP" 0 (found 1 times)
FAIL: gcc.dg/vect/slp-perm-9.c scan-tree-dump-times vect "vectorized 0 loops" 2 (found 1 times)
FAIL: gcc.dg/vect/slp-perm-9.c scan-tree-dump-times vect "vectorizing stmts using SLP" 0 (found 1 times)
FAIL: gcc.dg/vect/vect-24.c -flto -ffat-lto-objects scan-tree-dump-times vect "Vectorizing an unaligned access" 0 (found 6 times)
XPASS: gcc.dg/vect/vect-24.c -flto -ffat-lto-objects scan-tree-dump-times vect "vectorized 3 loops" 1
FAIL: gcc.dg/vect/vect-24.c scan-tree-dump-times vect "Vectorizing an unaligned access" 0 (found 6 times)
XPASS: gcc.dg/vect/vect-24.c scan-tree-dump-times vect "vectorized 3 loops" 1
FAIL: gcc.dg/vect/vect-92.c -flto -ffat-lto-objects scan-tree-dump-times vect "Alignment of access forced using peeling" 3 (found 1 times)
FAIL: gcc.dg/vect/vect-92.c -flto -ffat-lto-objects scan-tree-dump-times vect "Vectorizing an unaligned access" 0 (found 6 times)
FAIL: gcc.dg/vect/vect-92.c scan-tree-dump-times vect "Alignment of access forced using peeling" 3 (found 1 times)
FAIL: gcc.dg/vect/vect-92.c scan-tree-dump-times vect "Vectorizing an unaligned access" 0 (found 6 times)
XPASS: gcc.dg/vect/vect-95.c -flto -ffat-lto-objects scan-tree-dump-times vect "Alignment of access forced using peeling" 0
XPASS: gcc.dg/vect/vect-95.c scan-tree-dump-times vect "Alignment of access forced using peeling" 0
FAIL: gcc.dg/vect/vect-bool-cmp.c -flto -ffat-lto-objects scan-tree-dump-times vect "VECTORIZED" 18 (found 12 times)
FAIL: gcc.dg/vect/vect-bool-cmp.c scan-tree-dump-times vect "VECTORIZED" 18 (found 12 times)
FAIL: gcc.dg/vect/vect-cselim-1.c -flto -ffat-lto-objects scan-tree-dump-times vect "vectorized 1 loops" 1 (found 0 times)
FAIL: gcc.dg/vect/vect-cselim-1.c scan-tree-dump-times vect "vectorized 1 loops" 1 (found 0 times)
FAIL: gcc.dg/vect/vect-nb-iter-ub-2.c -flto -ffat-lto-objects scan-tree-dump cunroll "loop turned into non-loop; it never loops"
FAIL: gcc.dg/vect/vect-nb-iter-ub-2.c scan-tree-dump cunroll "loop turned into non-loop; it never loops"
FAIL: gcc.dg/vect/vect-nb-iter-ub-3.c -flto -ffat-lto-objects scan-tree-dump-not cunroll "loop turned into non-loop; it never loops"
FAIL: gcc.dg/vect/vect-nb-iter-ub-3.c scan-tree-dump-not cunroll "loop turned into non-loop; it never loops"
FAIL: gcc.target/i386/avx2-cvt-2.c scan-assembler vcvtdq2pd[^\\n\\r]*(%xmm[^\\n\\r]*%ymm|ymm[^\\n\\r]*xmm)
FAIL: gcc.target/i386/avx2-cvt-2.c scan-assembler vcvtdq2ps[^\\n\\r]*ymm
FAIL: gcc.target/i386/avx2-cvt-2.c scan-assembler vcvtpd2ps(y[^\\n\\r]*%xmm|[^\\n\\r]*xmm[^\\n\\r]*YMMWORD PTR)
FAIL: gcc.target/i386/avx2-cvt-2.c scan-assembler vcvtps2pd[^\\n\\r]*(%xmm[^\\n\\r]*%ymm|ymm[^\\n\\r]*xmm)
FAIL: gcc.target/i386/avx2-cvt-2.c scan-assembler vcvttpd2dq(y[^\\n\\r]*%xmm|[^\\n\\r]*xmm[^\\n\\r]*YMMWORD PTR)
FAIL: gcc.target/i386/avx2-cvt-2.c scan-assembler vcvttps2dq[^\\n\\r]*ymm
FAIL: gcc.target/i386/avx2-gather-6.c scan-tree-dump-times vect "note: vectorized 1 loops in function" 1 (found 0 times)
FAIL: gcc.target/i386/avx2-vbroadcastss_ps256-1.c scan-assembler vbroadcastss[ \\\\t]+[^\\n]*%xmm[0-9]
FAIL: gcc.target/i386/avx2-vextracti128-1.c scan-assembler vextracti128[ \\\\t]+[^\\n]*%ymm[0-9]
FAIL: gcc.target/i386/avx2-vinserti128-1.c scan-assembler vinserti128[ \\\\t]+[^\\n]
FAIL: gcc.target/i386/avx256-unaligned-load-2.c scan-assembler (sse2_loaddqu|(vmovdqu|vmovups)[^\\n\\r]*movv16qi_internal)
FAIL: gcc.target/i386/avx256-unaligned-load-2.c scan-assembler vinsert.128
FAIL: gcc.target/i386/avx256-unaligned-load-3.c scan-assembler (sse2_loadupd|vmovupd[^\\n\\r]*movv2df_internal)
FAIL: gcc.target/i386/avx256-unaligned-load-3.c scan-assembler vinsertf128
FAIL: gcc.target/i386/avx256-unaligned-load-4.c scan-assembler-not (sse_loadups|vmovups[^\\n\\r]*movv4sf_internal)
FAIL: gcc.target/i386/avx256-unaligned-store-3.c scan-assembler vextractf128
FAIL: gcc.target/i386/avx256-unaligned-store-3.c scan-assembler vmovups.*movv2df_internal/3
FAIL: gcc.target/i386/avx512er-vrcp28ps-4.c scan-assembler-times vrcp28ps[^\\n\\r]*zmm[0-9]+(?:\\n|[ \\\\t]+#) 1 (found 0 times)
FAIL: gcc.target/i386/avx512er-vrsqrt28ps-4.c scan-assembler-times vrsqrt28ps[^\\n\\r]*zmm[0-9]+(?:\\n|[ \\\\t]+#) 1 (found 0 times)
FAIL: gcc.target/i386/avx512er-vrsqrt28ps-6.c scan-assembler-times vrcp28ps[^\\n\\r]*zmm[0-9]+(?:\\n|[ \\\\t]+#) 1 (found 0 times)
FAIL: gcc.target/i386/avx512er-vrsqrt28ps-6.c scan-assembler-times vrsqrt28ps[^\\n\\r]*zmm[0-9]+(?:\\n|[ \\\\t]+#) 1 (found 0 times)
FAIL: gcc.target/i386/avx512f-ceil-sfix-vec-2.c scan-assembler-times vcvttpd2dq[^\\n]*zmm[0-9].{7}(?:\\n|[ \\\\t]+#) 2 (found 0 times)
FAIL: gcc.target/i386/avx512f-ceil-sfix-vec-2.c scan-assembler-times vrndscalepd[^\\n]*zmm[0-9](?:\\n|[ \\\\t]+#) 2 (found 0 times)
FAIL: gcc.target/i386/avx512f-ceil-vec-2.c scan-assembler-times vrndscalepd[^\\n]+zmm[0-9](?:\\n|[ \\\\t]+#) 1 (found 0 times)
FAIL: gcc.target/i386/avx512f-ceilf-sfix-vec-2.c scan-assembler-times vcvttps2dq[^\\n]+zmm[0-9].{7}(?:\\n|[ \\\\t]+#) 1 (found 0 times)
FAIL: gcc.target/i386/avx512f-ceilf-sfix-vec-2.c scan-assembler-times vrndscaleps[^\\n]+zmm[0-9](?:\\n|[ \\\\t]+#) 1 (found 0 times)
FAIL: gcc.target/i386/avx512f-ceilf-vec-2.c scan-assembler-times vrndscaleps[^\\n]+zmm[0-9](?:\\n|[ \\\\t]+#) 1 (found 0 times)
FAIL: gcc.target/i386/avx512f-floor-sfix-vec-2.c scan-assembler-times vcvttpd2dq[^\\n]*zmm[0-9].{7}(?:\\n|[ \\\\t]+#) 2 (found 0 times)
FAIL: gcc.target/i386/avx512f-floor-sfix-vec-2.c scan-assembler-times vrndscalepd[^\\n]*zmm[0-9](?:\\n|[ \\\\t]+#) 2 (found 0 times)
FAIL: gcc.target/i386/avx512f-floor-vec-2.c scan-assembler-times vrndscalepd[^\\n]+zmm[0-9](?:\\n|[ \\\\t]+#) 1 (found 0 times)
FAIL: gcc.target/i386/avx512f-floorf-sfix-vec-2.c scan-assembler-times vcvttps2dq[^\\n]+zmm[0-9].{7}(?:\\n|[ \\\\t]+#) 1 (found 0 times)
FAIL: gcc.target/i386/avx512f-floorf-sfix-vec-2.c scan-assembler-times vrndscaleps[^\\n]+zmm[0-9](?:\\n|[ \\\\t]+#) 1 (found 0 times)
FAIL: gcc.target/i386/avx512f-floorf-vec-2.c scan-assembler-times vrndscaleps[^\\n]+zmm[0-9](?:\\n|[ \\\\t]+#) 1 (found 0 times)
FAIL: gcc.target/i386/avx512f-rint-sfix-vec-2.c scan-assembler-times vcvtpd2dq[^\\n]+ymm[0-9](?:\\n|[ \\\\t]+#) 2 (found 0 times)
FAIL: gcc.target/i386/avx512f-rint-sfix-vec-2.c scan-assembler-times vinserti64x4[^\\n]+zmm[0-9](?:\\n|[ \\\\t]+#) 1 (found 0 times)
FAIL: gcc.target/i386/avx512f-rintf-sfix-vec-2.c scan-assembler-times vcvtps2dq[^\\n]+zmm[0-9](?:\\n|[ \\\\t]+#) 1 (found 0 times)
FAIL: gcc.target/i386/avx512f-round-sfix-vec-2.c scan-assembler-times vcvttpd2dq[^\\n]+zmm[0-9].{7}(?:\\n|[ \\\\t]+#) 2 (found 0 times)
FAIL: gcc.target/i386/avx512f-round-sfix-vec-2.c scan-assembler-times vrndscalepd[^\\n]+zmm[0-9](?:\\n|[ \\\\t]+#) 2 (found 0 times)
FAIL: gcc.target/i386/avx512f-roundf-sfix-vec-2.c scan-assembler-times vcvttps2dq[^\\n]+zmm[0-9].{7}(?:\\n|[ \\\\t]+#) 1 (found 0 times)
FAIL: gcc.target/i386/avx512f-roundf-sfix-vec-2.c scan-assembler-times vrndscaleps[^\\n]+zmm[0-9](?:\\n|[ \\\\t]+#) 1 (found 0 times)
FAIL: gcc.target/i386/avx512f-trunc-vec-2.c scan-assembler-times vrndscalepd[^\\n]+zmm[0-9](?:\\n|[ \\\\t]+#) 1 (found 0 times)
FAIL: gcc.target/i386/avx512f-truncf-vec-2.c scan-assembler-times vrndscaleps[^\\n]+zmm[0-9](?:\\n|[ \\\\t]+#) 1 (found 0 times)
FAIL: gcc.target/i386/avx512f-vec-init.c scan-assembler-times vpbroadcastb[ \\\\t]+[^{\\n]*%ymm[0-9]+(?:\\n|[ \\\\t]+#) 2 (found 1 times)
FAIL: gcc.target/i386/avx512f-vec-init.c scan-assembler-times vpbroadcastw[ \\\\t]+[^{\\n]*%ymm[0-9]+(?:\\n|[ \\\\t]+#) 2 (found 1 times)
FAIL: gcc.target/i386/avx512f_cond_move.c scan-assembler-times (?:vpblendmd|vmovdqa32)[ \\\\t]+[^{\\n]*%zmm[0-9]+{%k[1-7]}{z}(?:\\n|[ \\\\t]+#) 8 (found 0 times)
FAIL: gcc.target/i386/fma4-256-vector.c scan-assembler vfmaddpd
FAIL: gcc.target/i386/fma4-256-vector.c scan-assembler vfmaddps
FAIL: gcc.target/i386/fma4-256-vector.c scan-assembler vfmsubpd
FAIL: gcc.target/i386/fma4-256-vector.c scan-assembler vfmsubps
FAIL: gcc.target/i386/fma4-256-vector.c scan-assembler vfnmaddpd
FAIL: gcc.target/i386/fma4-256-vector.c scan-assembler vfnmaddps
FAIL: gcc.target/i386/fma4-builtin-2.c scan-assembler-times vfmaddpd 1 (found 0 times)
FAIL: gcc.target/i386/fma4-builtin-2.c scan-assembler-times vfmaddps 1 (found 0 times)
FAIL: gcc.target/i386/fma4-builtin-2.c scan-assembler-times vfmsubpd 1 (found 0 times)
FAIL: gcc.target/i386/fma4-builtin-2.c scan-assembler-times vfmsubps 1 (found 0 times)
FAIL: gcc.target/i386/fma4-builtin-2.c scan-assembler-times vfnmaddpd 1 (found 0 times)
FAIL: gcc.target/i386/fma4-builtin-2.c scan-assembler-times vfnmaddps 1 (found 0 times)
FAIL: gcc.target/i386/fma4-builtin-2.c scan-assembler-times vfnmsubpd 1 (found 0 times)
FAIL: gcc.target/i386/fma4-builtin-2.c scan-assembler-times vfnmsubps 1 (found 0 times)
FAIL: gcc.target/i386/fma4-vector-2.c scan-assembler vfmaddps
FAIL: gcc.target/i386/fma4-vector-2.c scan-assembler vfmsubps
FAIL: gcc.target/i386/fma4-vector.c scan-assembler vfmaddpd
FAIL: gcc.target/i386/fma4-vector.c scan-assembler vfmaddps
FAIL: gcc.target/i386/fma4-vector.c scan-assembler vfmsubpd
FAIL: gcc.target/i386/fma4-vector.c scan-assembler vfmsubps
FAIL: gcc.target/i386/fma4-vector.c scan-assembler vfnmaddpd
FAIL: gcc.target/i386/fma4-vector.c scan-assembler vfnmaddps
FAIL: gcc.target/i386/l_fma_double_1.c scan-assembler-times vfmadd[123]+sd 32 (found 64 times)
FAIL: gcc.target/i386/l_fma_double_1.c scan-assembler-times vfmsub[123]+sd 32 (found 64 times)
FAIL: gcc.target/i386/l_fma_double_1.c scan-assembler-times vfnmadd[123]+sd 32 (found 64 times)
FAIL: gcc.target/i386/l_fma_double_1.c scan-assembler-times vfnmsub[123]+sd 32 (found 64 times)
FAIL: gcc.target/i386/l_fma_double_2.c scan-assembler-times vfmadd[123]+sd 32 (found 64 times)
FAIL: gcc.target/i386/l_fma_double_2.c scan-assembler-times vfmsub[123]+sd 32 (found 64 times)
FAIL: gcc.target/i386/l_fma_double_2.c scan-assembler-times vfnmadd[123]+sd 32 (found 64 times)
FAIL: gcc.target/i386/l_fma_double_2.c scan-assembler-times vfnmsub[123]+sd 32 (found 64 times)
FAIL: gcc.target/i386/l_fma_double_3.c scan-assembler-times vfmadd[123]+sd 32 (found 64 times)
FAIL: gcc.target/i386/l_fma_double_3.c scan-assembler-times vfmsub[123]+sd 32 (found 64 times)
FAIL: gcc.target/i386/l_fma_double_3.c scan-assembler-times vfnmadd[123]+sd 32 (found 64 times)
FAIL: gcc.target/i386/l_fma_double_3.c scan-assembler-times vfnmsub[123]+sd 32 (found 64 times)
FAIL: gcc.target/i386/l_fma_double_4.c scan-assembler-times vfmadd[123]+sd 32 (found 64 times)
FAIL: gcc.target/i386/l_fma_double_4.c scan-assembler-times vfmsub[123]+sd 32 (found 64 times)
FAIL: gcc.target/i386/l_fma_double_4.c scan-assembler-times vfnmadd[123]+sd 32 (found 64 times)
FAIL: gcc.target/i386/l_fma_double_4.c scan-assembler-times vfnmsub[123]+sd 32 (found 64 times)
FAIL: gcc.target/i386/l_fma_double_5.c scan-assembler-times vfmadd[123]+sd 32 (found 64 times)
FAIL: gcc.target/i386/l_fma_double_5.c scan-assembler-times vfmsub[123]+sd 32 (found 64 times)
FAIL: gcc.target/i386/l_fma_double_5.c scan-assembler-times vfnmadd[123]+sd 32 (found 64 times)
FAIL: gcc.target/i386/l_fma_double_5.c scan-assembler-times vfnmsub[123]+sd 32 (found 64 times)
FAIL: gcc.target/i386/l_fma_double_6.c scan-assembler-times vfmadd[123]+sd 32 (found 64 times)
FAIL: gcc.target/i386/l_fma_double_6.c scan-assembler-times vfmsub[123]+sd 32 (found 64 times)
FAIL: gcc.target/i386/l_fma_double_6.c scan-assembler-times vfnmadd[123]+sd 32 (found 64 times)
FAIL: gcc.target/i386/l_fma_double_6.c scan-assembler-times vfnmsub[123]+sd 32 (found 64 times)
FAIL: gcc.target/i386/l_fma_float_1.c scan-assembler-times vfmadd[123]+ss 64 (found 128 times)
FAIL: gcc.target/i386/l_fma_float_1.c scan-assembler-times vfmsub[123]+ss 64 (found 128 times)
FAIL: gcc.target/i386/l_fma_float_1.c scan-assembler-times vfnmadd[123]+ss 64 (found 128 times)
FAIL: gcc.target/i386/l_fma_float_1.c scan-assembler-times vfnmsub[123]+ss 64 (found 128 times)
FAIL: gcc.target/i386/l_fma_float_2.c scan-assembler-times vfmadd[123]+ss 64 (found 128 times)
FAIL: gcc.target/i386/l_fma_float_2.c scan-assembler-times vfmsub[123]+ss 64 (found 128 times)
FAIL: gcc.target/i386/l_fma_float_2.c scan-assembler-times vfnmadd[123]+ss 64 (found 128 times)
FAIL: gcc.target/i386/l_fma_float_2.c scan-assembler-times vfnmsub[123]+ss 64 (found 128 times)
FAIL: gcc.target/i386/l_fma_float_3.c scan-assembler-times vfmadd[123]+ss 64 (found 128 times)
FAIL: gcc.target/i386/l_fma_float_3.c scan-assembler-times vfmsub[123]+ss 64 (found 128 times)
FAIL: gcc.target/i386/l_fma_float_3.c scan-assembler-times vfnmadd[123]+ss 64 (found 128 times)
FAIL: gcc.target/i386/l_fma_float_3.c scan-assembler-times vfnmsub[123]+ss 64 (found 128 times)
FAIL: gcc.target/i386/l_fma_float_4.c scan-assembler-times vfmadd[123]+ss 64 (found 128 times)
FAIL: gcc.target/i386/l_fma_float_4.c scan-assembler-times vfmsub[123]+ss 64 (found 128 times)
FAIL: gcc.target/i386/l_fma_float_4.c scan-assembler-times vfnmadd[123]+ss 64 (found 128 times)
FAIL: gcc.target/i386/l_fma_float_4.c scan-assembler-times vfnmsub[123]+ss 64 (found 128 times)
FAIL: gcc.target/i386/l_fma_float_5.c scan-assembler-times vfmadd[123]+ss 64 (found 128 times)
FAIL: gcc.target/i386/l_fma_float_5.c scan-assembler-times vfmsub[123]+ss 64 (found 128 times)
FAIL: gcc.target/i386/l_fma_float_5.c scan-assembler-times vfnmadd[123]+ss 64 (found 128 times)
FAIL: gcc.target/i386/l_fma_float_5.c scan-assembler-times vfnmsub[123]+ss 64 (found 128 times)
FAIL: gcc.target/i386/l_fma_float_6.c scan-assembler-times vfmadd[123]+ss 64 (found 128 times)
FAIL: gcc.target/i386/l_fma_float_6.c scan-assembler-times vfmsub[123]+ss 64 (found 128 times)
FAIL: gcc.target/i386/l_fma_float_6.c scan-assembler-times vfnmadd[123]+ss 64 (found 128 times)
FAIL: gcc.target/i386/l_fma_float_6.c scan-assembler-times vfnmsub[123]+ss 64 (found 128 times)
FAIL: gcc.target/i386/mask-pack.c scan-tree-dump-times vect "vectorized 1 loops" 10 (found 6 times)
FAIL: gcc.target/i386/mask-unpack.c scan-tree-dump-times vect "vectorized 1 loops" 10 (found 5 times)
FAIL: gcc.target/i386/mvc6.c scan-assembler punpcklbw
FAIL: gcc.target/i386/pieces-memcpy-5.c scan-assembler-times vmovdqu[ \\\\t]+[^\\n]*%xmm 1 (found 0 times)
FAIL: gcc.target/i386/pr42542-5a.c scan-assembler pcmpgtq
FAIL: gcc.target/i386/pr46091-1.c scan-assembler-times btr 2 (found 0 times)
FAIL: gcc.target/i386/pr46091-2.c scan-assembler-times bts 2 (found 0 times)
FAIL: gcc.target/i386/pr46091-3.c scan-assembler-times btc 2 (found 0 times)
FAIL: gcc.target/i386/pr46091-4.c scan-assembler btc
FAIL: gcc.target/i386/pr46091-4.c scan-assembler btr
FAIL: gcc.target/i386/pr46091-4.c scan-assembler bts
FAIL: gcc.target/i386/pr46091-5.c scan-assembler btc
FAIL: gcc.target/i386/pr46091-5.c scan-assembler btr
FAIL: gcc.target/i386/pr46091-5.c scan-assembler bts
FAIL: gcc.target/i386/pr52252-atom.c scan-assembler palignr
FAIL: gcc.target/i386/pr57233.c scan-assembler vpslld[^\\n\\r]*2
FAIL: gcc.target/i386/pr57233.c scan-assembler vpsrld[^\\n\\r]*30
FAIL: gcc.target/i386/pr59390.c scan-assembler-not vfmadd
FAIL: gcc.target/i386/pr61403.c scan-assembler rsqrtps
FAIL: gcc.target/i386/pr70325.c (test for warnings, line 11)
FAIL: gcc.target/i386/pr70325.c (test for excess errors)
FAIL: gcc.target/i386/pr79690.c scan-assembler mov[au]p.[ \\t][^,]+, %gs:
FAIL: gcc.target/i386/pr79723.c scan-assembler mov[au]p.[ \\t][^,]+, %gs:
FAIL: gcc.target/i386/pr80846-1.c scan-assembler-times vextracti 2 (found 1 times)
FAIL: gcc.target/i386/pr80969-4.c execution test
FAIL: gcc.target/i386/pr80969-4a.c execution test
FAIL: gcc.target/i386/pr80969-4b.c execution test
FAIL: gcc.target/i386/recip-vec-divf-avx.c scan-assembler vrcpps[ \\\\t]+[^\\n]*%ymm
FAIL: gcc.target/i386/recip-vec-sqrtf-avx.c scan-assembler-times vrsqrtps[ \\\\t]+[^\\n]*%ymm 3 (found 0 times)
FAIL: gcc.target/i386/vect-pack-trunc-1.c scan-assembler-times vpmovwb[ \\\\t]+[^\\n]*%zmm 2 (found 0 times)
FAIL: gcc.target/i386/vect-pack-trunc-2.c scan-assembler-times vperm[it]2w[ \\\\t]+[^\\n]*%zmm 1 (found 0 times)
FAIL: gcc.target/i386/vect-perm-even-1.c scan-assembler-times vpmovwb[ \\\\t]+[^\\n]*%zmm 2 (found 0 times)
FAIL: gcc.target/i386/vect-perm-odd-1.c scan-assembler-times vpmovwb[ \\\\t]+[^\\n]*%zmm 4 (found 0 times)
FAIL: gcc.target/i386/vect-rebuild.c scan-assembler-times \\tv?extractf128[ \\t] 1 (found 0 times)
FAIL: gcc.target/i386/vect-unpack-1.c scan-assembler-times vpmovzxbw[ \\\\t]+[^\\n]*%zmm 2 (found 0 times)
FAIL: gcc.target/i386/vect-unpack-2.c scan-assembler-times vpmovsxbw[ \\\\t]+[^\\n]*%zmm 2 (found 0 times)
FAIL: gcc.target/i386/vectorize1.c scan-tree-dump vect "vect_cst"
FAIL: gcc.target/i386/vectorize4-avx.c scan-assembler vsqrtpd[ \\\\t]+[^\\n]*%ymm
FAIL: gcc.target/i386/vectorize7.c scan-assembler cvtdq2ps
=== gcc Summary for unix ===
# of expected passes 137987
# of unexpected failures 238
# of unexpected successes 28
# of expected failures 436
# of unresolved testcases 1
# of unsupported tests 2272
Running target unix/-m32
FAIL: gcc.dg/20050503-1.c scan-assembler-not call
UNRESOLVED: gcc.dg/superblock.c scan-rtl-dump-times sched2 "ADVANCING TO" 2
FAIL: gcc.dg/graphite/interchange-3.c scan-tree-dump graphite "tiled"
FAIL: gcc.dg/graphite/interchange-7.c scan-tree-dump graphite "tiled"
FAIL: gcc.dg/graphite/interchange-9.c scan-tree-dump graphite "tiled"
FAIL: gcc.dg/graphite/uns-interchange-9.c scan-tree-dump graphite "tiled"
XPASS: gcc.dg/guality/example.c -O0 execution test
XPASS: gcc.dg/guality/example.c -O1 execution test
XPASS: gcc.dg/guality/example.c -O2 execution test
XPASS: gcc.dg/guality/example.c -O2 -flto -fno-use-linker-plugin -flto-partition=none execution test
XPASS: gcc.dg/guality/example.c -O3 -fomit-frame-pointer -funroll-loops -fpeel-loops -ftracer -finline-functions execution test
XPASS: gcc.dg/guality/example.c -O3 -g execution test
XPASS: gcc.dg/guality/guality.c -O0 execution test
XPASS: gcc.dg/guality/guality.c -O1 execution test
XPASS: gcc.dg/guality/guality.c -O2 execution test
XPASS: gcc.dg/guality/guality.c -O2 -flto -fno-use-linker-plugin -flto-partition=none execution test
XPASS: gcc.dg/guality/guality.c -O2 -flto -fuse-linker-plugin -fno-fat-lto-objects execution test
XPASS: gcc.dg/guality/guality.c -O3 -g execution test
XPASS: gcc.dg/guality/guality.c -Os execution test
XPASS: gcc.dg/guality/inline-params.c -O2 execution test
XPASS: gcc.dg/guality/inline-params.c -O2 -flto -fno-use-linker-plugin -flto-partition=none execution test
XPASS: gcc.dg/guality/inline-params.c -O2 -flto -fuse-linker-plugin -fno-fat-lto-objects execution test
XPASS: gcc.dg/guality/inline-params.c -O3 -g execution test
XPASS: gcc.dg/guality/inline-params.c -Os execution test
XPASS: gcc.dg/guality/pr41353-1.c -O0 line 28 j == 28 + 37
XPASS: gcc.dg/guality/pr41353-1.c -Os line 28 j == 28 + 37
FAIL: gcc.dg/guality/pr41616-1.c -O2 -flto -fuse-linker-plugin -fno-fat-lto-objects execution test
FAIL: gcc.dg/guality/pr41616-1.c -O3 -g execution test
FAIL: gcc.dg/guality/pr45882.c -O2 -flto -fuse-linker-plugin -fno-fat-lto-objects line 16 d == 112
FAIL: gcc.dg/guality/pr45882.c -O2 -flto -fuse-linker-plugin -fno-fat-lto-objects line 16 e == 142
FAIL: gcc.dg/guality/pr54519-1.c -O2 -flto -fno-use-linker-plugin -flto-partition=none line 20 y == 25
FAIL: gcc.dg/guality/pr54519-1.c -O2 -flto -fno-use-linker-plugin -flto-partition=none line 20 z == 6
FAIL: gcc.dg/guality/pr54519-1.c -O2 -flto -fno-use-linker-plugin -flto-partition=none line 23 y == 117
FAIL: gcc.dg/guality/pr54519-1.c -O2 -flto -fno-use-linker-plugin -flto-partition=none line 23 z == 8
FAIL: gcc.dg/guality/pr54519-2.c -O2 -flto -fno-use-linker-plugin -flto-partition=none line 17 y == 25
FAIL: gcc.dg/guality/pr54519-2.c -O2 -flto -fuse-linker-plugin -fno-fat-lto-objects line 17 y == 25
FAIL: gcc.dg/guality/pr54519-3.c -O2 -flto -fno-use-linker-plugin -flto-partition=none line 20 y == 25
FAIL: gcc.dg/guality/pr54519-3.c -O2 -flto -fno-use-linker-plugin -flto-partition=none line 20 z == 6
FAIL: gcc.dg/guality/pr54519-3.c -O2 -flto -fno-use-linker-plugin -flto-partition=none line 23 y == 117
FAIL: gcc.dg/guality/pr54519-3.c -O2 -flto -fno-use-linker-plugin -flto-partition=none line 23 z == 8
FAIL: gcc.dg/guality/pr54519-3.c -O2 -flto -fuse-linker-plugin -fno-fat-lto-objects line 20 y == 25
FAIL: gcc.dg/guality/pr54519-3.c -O2 -flto -fuse-linker-plugin -fno-fat-lto-objects line 20 z == 6
FAIL: gcc.dg/guality/pr54519-3.c -O2 -flto -fuse-linker-plugin -fno-fat-lto-objects line 23 y == 117
FAIL: gcc.dg/guality/pr54519-3.c -O2 -flto -fuse-linker-plugin -fno-fat-lto-objects line 23 z == 8
FAIL: gcc.dg/guality/pr54519-4.c -O2 -flto -fno-use-linker-plugin -flto-partition=none line 17 y == 25
FAIL: gcc.dg/guality/pr54519-4.c -O2 -flto -fuse-linker-plugin -fno-fat-lto-objects line 17 y == 25
FAIL: gcc.dg/guality/pr54519-5.c -O2 -flto -fno-use-linker-plugin -flto-partition=none line 17 y == 25
FAIL: gcc.dg/guality/pr54519-5.c -O2 -flto -fuse-linker-plugin -fno-fat-lto-objects line 17 y == 25
XPASS: gcc.dg/guality/pr54970.c -O0 line 31 a[0] == 4
XPASS: gcc.dg/guality/pr54970.c -O0 line 36 a[0] == 4
XPASS: gcc.dg/guality/pr54970.c -O0 line 45 a[0] == 4
XPASS: gcc.dg/guality/pr54970.c -O0 line 45 p[-2] == 4
XPASS: gcc.dg/guality/pr54970.c -O0 line 45 q[-1] == 4
FAIL: gcc.dg/guality/pr68860-1.c -O2 -flto -fno-use-linker-plugin -flto-partition=none line 14 arg1 == 1
FAIL: gcc.dg/guality/pr68860-1.c -O2 -flto -fno-use-linker-plugin -flto-partition=none line 14 arg2 == 2
FAIL: gcc.dg/guality/pr68860-1.c -O2 -flto -fno-use-linker-plugin -flto-partition=none line 14 arg3 == 3
FAIL: gcc.dg/guality/pr68860-1.c -O2 -flto -fno-use-linker-plugin -flto-partition=none line 14 arg4 == 4
FAIL: gcc.dg/guality/pr68860-1.c -O2 -flto -fno-use-linker-plugin -flto-partition=none line 14 arg5 == 5
FAIL: gcc.dg/guality/pr68860-1.c -O2 -flto -fno-use-linker-plugin -flto-partition=none line 14 arg6 == 6
FAIL: gcc.dg/guality/pr68860-1.c -O2 -flto -fno-use-linker-plugin -flto-partition=none line 16 arg1 == 1
FAIL: gcc.dg/guality/pr68860-1.c -O2 -flto -fno-use-linker-plugin -flto-partition=none line 16 arg2 == 2
FAIL: gcc.dg/guality/pr68860-1.c -O2 -flto -fno-use-linker-plugin -flto-partition=none line 16 arg3 == 3
FAIL: gcc.dg/guality/pr68860-1.c -O2 -flto -fno-use-linker-plugin -flto-partition=none line 16 arg4 == 4
FAIL: gcc.dg/guality/pr68860-1.c -O2 -flto -fno-use-linker-plugin -flto-partition=none line 16 arg5 == 5
FAIL: gcc.dg/guality/pr68860-1.c -O2 -flto -fno-use-linker-plugin -flto-partition=none line 16 arg6 == 6
FAIL: gcc.dg/guality/pr68860-1.c -O2 -flto -fuse-linker-plugin -fno-fat-lto-objects line 14 arg1 == 1
FAIL: gcc.dg/guality/pr68860-1.c -O2 -flto -fuse-linker-plugin -fno-fat-lto-objects line 14 arg2 == 2
FAIL: gcc.dg/guality/pr68860-1.c -O2 -flto -fuse-linker-plugin -fno-fat-lto-objects line 14 arg3 == 3
FAIL: gcc.dg/guality/pr68860-1.c -O2 -flto -fuse-linker-plugin -fno-fat-lto-objects line 14 arg4 == 4
FAIL: gcc.dg/guality/pr68860-1.c -O2 -flto -fuse-linker-plugin -fno-fat-lto-objects line 14 arg5 == 5
FAIL: gcc.dg/guality/pr68860-1.c -O2 -flto -fuse-linker-plugin -fno-fat-lto-objects line 14 arg6 == 6
FAIL: gcc.dg/guality/pr68860-1.c -O2 -flto -fuse-linker-plugin -fno-fat-lto-objects line 16 arg1 == 1
FAIL: gcc.dg/guality/pr68860-1.c -O2 -flto -fuse-linker-plugin -fno-fat-lto-objects line 16 arg2 == 2
FAIL: gcc.dg/guality/pr68860-1.c -O2 -flto -fuse-linker-plugin -fno-fat-lto-objects line 16 arg3 == 3
FAIL: gcc.dg/guality/pr68860-1.c -O2 -flto -fuse-linker-plugin -fno-fat-lto-objects line 16 arg4 == 4
FAIL: gcc.dg/guality/pr68860-1.c -O2 -flto -fuse-linker-plugin -fno-fat-lto-objects line 16 arg5 == 5
FAIL: gcc.dg/guality/pr68860-1.c -O2 -flto -fuse-linker-plugin -fno-fat-lto-objects line 16 arg6 == 6
FAIL: gcc.dg/guality/vla-1.c -O1 line 17 sizeof (a) == 6
FAIL: gcc.dg/guality/vla-1.c -O2 line 17 sizeof (a) == 6
FAIL: gcc.dg/guality/vla-1.c -O2 -flto -fno-use-linker-plugin -flto-partition=none line 17 sizeof (a) == 6
FAIL: gcc.dg/guality/vla-1.c -O2 -flto -fno-use-linker-plugin -flto-partition=none line 24 sizeof (a) == 17 * sizeof (short)
FAIL: gcc.dg/guality/vla-1.c -O2 -flto -fuse-linker-plugin -fno-fat-lto-objects line 17 sizeof (a) == 6
FAIL: gcc.dg/guality/vla-1.c -O2 -flto -fuse-linker-plugin -fno-fat-lto-objects line 24 sizeof (a) == 17 * sizeof (short)
FAIL: gcc.dg/guality/vla-1.c -O3 -g line 17 sizeof (a) == 6
FAIL: gcc.dg/guality/vla-1.c -Os line 17 sizeof (a) == 6
FAIL: gcc.dg/ipa/iinline-attr.c scan-ipa-dump inline "hooray[^\\\\n]*inline copy in test"
FAIL: gcc.dg/lto/chkp-ctor-merge c_lto_chkp-ctor-merge_0.o-c_lto_chkp-ctor-merge_0.o link, -O2 -flto -fcheck-pointer-bounds -mmpx -nodefaultlibs -lc (internal compiler error)
FAIL: gcc.dg/tree-ssa/gen-vect-2.c scan-tree-dump-times vect "vectorized 1 loops" 1 (found 0 times)
FAIL: gcc.dg/tree-ssa/gen-vect-25.c scan-tree-dump-times vect "vectorized 2 loops" 1 (found 0 times)
FAIL: gcc.dg/tree-ssa/pr64910-2.c scan-assembler-times and|test 20 (found 22 times)
FAIL: c-c++-common/ubsan/ptr-overflow-sanitization-1.c -O0 scan-tree-dump-times optimized "__ubsan_handle_pointer_overflow" 17 (found 14 times)
FAIL: c-c++-common/ubsan/ptr-overflow-sanitization-1.c -O1 scan-tree-dump-times optimized "__ubsan_handle_pointer_overflow" 17 (found 14 times)
FAIL: c-c++-common/ubsan/ptr-overflow-sanitization-1.c -O2 scan-tree-dump-times optimized "__ubsan_handle_pointer_overflow" 17 (found 14 times)
FAIL: c-c++-common/ubsan/ptr-overflow-sanitization-1.c -O3 -g scan-tree-dump-times optimized "__ubsan_handle_pointer_overflow" 17 (found 14 times)
FAIL: c-c++-common/ubsan/ptr-overflow-sanitization-1.c -Os scan-tree-dump-times optimized "__ubsan_handle_pointer_overflow" 17 (found 14 times)
FAIL: gcc.dg/vect/no-section-anchors-vect-31.c scan-tree-dump-times vect "Alignment of access forced using peeling" 2 (found 1 times)
FAIL: gcc.dg/vect/no-section-anchors-vect-31.c scan-tree-dump-times vect "Vectorizing an unaligned access" 0 (found 1 times)
FAIL: gcc.dg/vect/no-section-anchors-vect-64.c scan-tree-dump-times vect "Alignment of access forced using peeling" 2 (found 1 times)
FAIL: gcc.dg/vect/no-section-anchors-vect-64.c scan-tree-dump-times vect "Vectorizing an unaligned access" 0 (found 1 times)
FAIL: gcc.dg/vect/slp-perm-9.c -flto -ffat-lto-objects scan-tree-dump-times vect "vectorized 0 loops" 2 (found 1 times)
FAIL: gcc.dg/vect/slp-perm-9.c -flto -ffat-lto-objects scan-tree-dump-times vect "vectorizing stmts using SLP" 0 (found 1 times)
FAIL: gcc.dg/vect/slp-perm-9.c scan-tree-dump-times vect "vectorized 0 loops" 2 (found 1 times)
FAIL: gcc.dg/vect/slp-perm-9.c scan-tree-dump-times vect "vectorizing stmts using SLP" 0 (found 1 times)
FAIL: gcc.dg/vect/vect-24.c -flto -ffat-lto-objects scan-tree-dump-times vect "Vectorizing an unaligned access" 0 (found 3 times)
XPASS: gcc.dg/vect/vect-24.c -flto -ffat-lto-objects scan-tree-dump-times vect "vectorized 3 loops" 1
FAIL: gcc.dg/vect/vect-24.c scan-tree-dump-times vect "Vectorizing an unaligned access" 0 (found 3 times)
XPASS: gcc.dg/vect/vect-24.c scan-tree-dump-times vect "vectorized 3 loops" 1
FAIL: gcc.dg/vect/vect-92.c -flto -ffat-lto-objects scan-tree-dump-times vect "Alignment of access forced using peeling" 3 (found 1 times)
FAIL: gcc.dg/vect/vect-92.c -flto -ffat-lto-objects scan-tree-dump-times vect "Vectorizing an unaligned access" 0 (found 6 times)
FAIL: gcc.dg/vect/vect-92.c scan-tree-dump-times vect "Alignment of access forced using peeling" 3 (found 1 times)
FAIL: gcc.dg/vect/vect-92.c scan-tree-dump-times vect "Vectorizing an unaligned access" 0 (found 6 times)
XPASS: gcc.dg/vect/vect-95.c -flto -ffat-lto-objects scan-tree-dump-times vect "Alignment of access forced using peeling" 0
XPASS: gcc.dg/vect/vect-95.c scan-tree-dump-times vect "Alignment of access forced using peeling" 0
FAIL: gcc.dg/vect/vect-bool-cmp.c -flto -ffat-lto-objects scan-tree-dump-times vect "VECTORIZED" 18 (found 12 times)
FAIL: gcc.dg/vect/vect-bool-cmp.c scan-tree-dump-times vect "VECTORIZED" 18 (found 12 times)
FAIL: gcc.dg/vect/vect-cselim-1.c -flto -ffat-lto-objects scan-tree-dump-times vect "vectorized 1 loops" 1 (found 0 times)
FAIL: gcc.dg/vect/vect-cselim-1.c scan-tree-dump-times vect "vectorized 1 loops" 1 (found 0 times)
FAIL: gcc.dg/vect/vect-nb-iter-ub-2.c -flto -ffat-lto-objects scan-tree-dump cunroll "loop turned into non-loop; it never loops"
FAIL: gcc.dg/vect/vect-nb-iter-ub-2.c scan-tree-dump cunroll "loop turned into non-loop; it never loops"
FAIL: gcc.dg/vect/vect-nb-iter-ub-3.c -flto -ffat-lto-objects scan-tree-dump-not cunroll "loop turned into non-loop; it never loops"
FAIL: gcc.dg/vect/vect-nb-iter-ub-3.c scan-tree-dump-not cunroll "loop turned into non-loop; it never loops"
XPASS: gcc.dg/vect/vect-reduc-in-order-1.c -flto -ffat-lto-objects execution test
XPASS: gcc.dg/vect/vect-reduc-in-order-1.c execution test
XPASS: gcc.dg/vect/vect-reduc-in-order-2.c -flto -ffat-lto-objects execution test
XPASS: gcc.dg/vect/vect-reduc-in-order-2.c execution test
XPASS: gcc.dg/vect/vect-reduc-in-order-3.c -flto -ffat-lto-objects execution test
XPASS: gcc.dg/vect/vect-reduc-in-order-3.c execution test
XPASS: gcc.dg/vect/vect-reduc-in-order-4.c -flto -ffat-lto-objects execution test
XPASS: gcc.dg/vect/vect-reduc-in-order-4.c execution test
FAIL: gcc.target/i386/avx2-cvt-2.c scan-assembler vcvtdq2pd[^\\n\\r]*(%xmm[^\\n\\r]*%ymm|ymm[^\\n\\r]*xmm)
FAIL: gcc.target/i386/avx2-cvt-2.c scan-assembler vcvtdq2ps[^\\n\\r]*ymm
FAIL: gcc.target/i386/avx2-cvt-2.c scan-assembler vcvtpd2ps(y[^\\n\\r]*%xmm|[^\\n\\r]*xmm[^\\n\\r]*YMMWORD PTR)
FAIL: gcc.target/i386/avx2-cvt-2.c scan-assembler vcvtps2pd[^\\n\\r]*(%xmm[^\\n\\r]*%ymm|ymm[^\\n\\r]*xmm)
FAIL: gcc.target/i386/avx2-cvt-2.c scan-assembler vcvttpd2dq(y[^\\n\\r]*%xmm|[^\\n\\r]*xmm[^\\n\\r]*YMMWORD PTR)
FAIL: gcc.target/i386/avx2-cvt-2.c scan-assembler vcvttps2dq[^\\n\\r]*ymm
FAIL: gcc.target/i386/avx2-gather-6.c scan-tree-dump-times vect "note: vectorized 1 loops in function" 1 (found 0 times)
FAIL: gcc.target/i386/avx2-vbroadcastss_ps256-1.c scan-assembler vbroadcastss[ \\\\t]+[^\\n]*%xmm[0-9]
FAIL: gcc.target/i386/avx2-vextracti128-1.c scan-assembler vextracti128[ \\\\t]+[^\\n]*%ymm[0-9]
FAIL: gcc.target/i386/avx2-vinserti128-1.c scan-assembler vinserti128[ \\\\t]+[^\\n]
FAIL: gcc.target/i386/avx256-unaligned-load-3.c scan-assembler (sse2_loadupd|vmovupd[^\\n\\r]*movv2df_internal)
FAIL: gcc.target/i386/avx256-unaligned-load-3.c scan-assembler vinsertf128
FAIL: gcc.target/i386/avx256-unaligned-load-4.c scan-assembler-not (sse_loadups|vmovups[^\\n\\r]*movv4sf_internal)
FAIL: gcc.target/i386/avx256-unaligned-store-3.c scan-assembler vextractf128
FAIL: gcc.target/i386/avx256-unaligned-store-3.c scan-assembler vmovups.*movv2df_internal/3
FAIL: gcc.target/i386/avx512er-vrcp28ps-4.c scan-assembler-times vrcp28ps[^\\n\\r]*zmm[0-9]+(?:\\n|[ \\\\t]+#) 1 (found 0 times)
FAIL: gcc.target/i386/avx512er-vrsqrt28ps-4.c scan-assembler-times vrsqrt28ps[^\\n\\r]*zmm[0-9]+(?:\\n|[ \\\\t]+#) 1 (found 0 times)
FAIL: gcc.target/i386/avx512er-vrsqrt28ps-6.c scan-assembler-times vrcp28ps[^\\n\\r]*zmm[0-9]+(?:\\n|[ \\\\t]+#) 1 (found 0 times)
FAIL: gcc.target/i386/avx512er-vrsqrt28ps-6.c scan-assembler-times vrsqrt28ps[^\\n\\r]*zmm[0-9]+(?:\\n|[ \\\\t]+#) 1 (found 0 times)
FAIL: gcc.target/i386/avx512f-ceil-sfix-vec-2.c scan-assembler-times vcvttpd2dq[^\\n]*zmm[0-9].{7}(?:\\n|[ \\\\t]+#) 2 (found 0 times)
FAIL: gcc.target/i386/avx512f-ceil-sfix-vec-2.c scan-assembler-times vrndscalepd[^\\n]*zmm[0-9](?:\\n|[ \\\\t]+#) 2 (found 0 times)
FAIL: gcc.target/i386/avx512f-ceil-vec-2.c scan-assembler-times vrndscalepd[^\\n]+zmm[0-9](?:\\n|[ \\\\t]+#) 1 (found 0 times)
FAIL: gcc.target/i386/avx512f-ceilf-sfix-vec-2.c scan-assembler-times vcvttps2dq[^\\n]+zmm[0-9].{7}(?:\\n|[ \\\\t]+#) 1 (found 0 times)
FAIL: gcc.target/i386/avx512f-ceilf-sfix-vec-2.c scan-assembler-times vrndscaleps[^\\n]+zmm[0-9](?:\\n|[ \\\\t]+#) 1 (found 0 times)
FAIL: gcc.target/i386/avx512f-ceilf-vec-2.c scan-assembler-times vrndscaleps[^\\n]+zmm[0-9](?:\\n|[ \\\\t]+#) 1 (found 0 times)
FAIL: gcc.target/i386/avx512f-floor-sfix-vec-2.c scan-assembler-times vcvttpd2dq[^\\n]*zmm[0-9].{7}(?:\\n|[ \\\\t]+#) 2 (found 0 times)
FAIL: gcc.target/i386/avx512f-floor-sfix-vec-2.c scan-assembler-times vrndscalepd[^\\n]*zmm[0-9](?:\\n|[ \\\\t]+#) 2 (found 0 times)
FAIL: gcc.target/i386/avx512f-floor-vec-2.c scan-assembler-times vrndscalepd[^\\n]+zmm[0-9](?:\\n|[ \\\\t]+#) 1 (found 0 times)
FAIL: gcc.target/i386/avx512f-floorf-sfix-vec-2.c scan-assembler-times vcvttps2dq[^\\n]+zmm[0-9].{7}(?:\\n|[ \\\\t]+#) 1 (found 0 times)
FAIL: gcc.target/i386/avx512f-floorf-sfix-vec-2.c scan-assembler-times vrndscaleps[^\\n]+zmm[0-9](?:\\n|[ \\\\t]+#) 1 (found 0 times)
FAIL: gcc.target/i386/avx512f-floorf-vec-2.c scan-assembler-times vrndscaleps[^\\n]+zmm[0-9](?:\\n|[ \\\\t]+#) 1 (found 0 times)
FAIL: gcc.target/i386/avx512f-rint-sfix-vec-2.c scan-assembler-times vcvtpd2dq[^\\n]+ymm[0-9](?:\\n|[ \\\\t]+#) 2 (found 0 times)
FAIL: gcc.target/i386/avx512f-rint-sfix-vec-2.c scan-assembler-times vinserti64x4[^\\n]+zmm[0-9](?:\\n|[ \\\\t]+#) 1 (found 0 times)
FAIL: gcc.target/i386/avx512f-rintf-sfix-vec-2.c scan-assembler-times vcvtps2dq[^\\n]+zmm[0-9](?:\\n|[ \\\\t]+#) 1 (found 0 times)
FAIL: gcc.target/i386/avx512f-round-sfix-vec-2.c scan-assembler-times vcvttpd2dq[^\\n]+zmm[0-9].{7}(?:\\n|[ \\\\t]+#) 2 (found 0 times)
FAIL: gcc.target/i386/avx512f-round-sfix-vec-2.c scan-assembler-times vrndscalepd[^\\n]+zmm[0-9](?:\\n|[ \\\\t]+#) 2 (found 0 times)
FAIL: gcc.target/i386/avx512f-roundf-sfix-vec-2.c scan-assembler-times vcvttps2dq[^\\n]+zmm[0-9].{7}(?:\\n|[ \\\\t]+#) 1 (found 0 times)
FAIL: gcc.target/i386/avx512f-roundf-sfix-vec-2.c scan-assembler-times vrndscaleps[^\\n]+zmm[0-9](?:\\n|[ \\\\t]+#) 1 (found 0 times)
FAIL: gcc.target/i386/avx512f-trunc-vec-2.c scan-assembler-times vrndscalepd[^\\n]+zmm[0-9](?:\\n|[ \\\\t]+#) 1 (found 0 times)
FAIL: gcc.target/i386/avx512f-truncf-vec-2.c scan-assembler-times vrndscaleps[^\\n]+zmm[0-9](?:\\n|[ \\\\t]+#) 1 (found 0 times)
FAIL: gcc.target/i386/avx512f-vec-init.c scan-assembler-times vpbroadcastb[ \\\\t]+[^{\\n]*%ymm[0-9]+(?:\\n|[ \\\\t]+#) 2 (found 1 times)
FAIL: gcc.target/i386/avx512f-vec-init.c scan-assembler-times vpbroadcastw[ \\\\t]+[^{\\n]*%ymm[0-9]+(?:\\n|[ \\\\t]+#) 2 (found 1 times)
FAIL: gcc.target/i386/avx512f_cond_move.c scan-assembler-times (?:vpblendmd|vmovdqa32)[ \\\\t]+[^{\\n]*%zmm[0-9]+{%k[1-7]}{z}(?:\\n|[ \\\\t]+#) 8 (found 0 times)
FAIL: gcc.target/i386/fma4-builtin-2.c scan-assembler-times vfmaddpd 1 (found 0 times)
FAIL: gcc.target/i386/fma4-builtin-2.c scan-assembler-times vfmaddps 1 (found 0 times)
FAIL: gcc.target/i386/fma4-builtin-2.c scan-assembler-times vfmsubpd 1 (found 0 times)
FAIL: gcc.target/i386/fma4-builtin-2.c scan-assembler-times vfmsubps 1 (found 0 times)
FAIL: gcc.target/i386/fma4-builtin-2.c scan-assembler-times vfnmaddpd 1 (found 0 times)
FAIL: gcc.target/i386/fma4-builtin-2.c scan-assembler-times vfnmaddps 1 (found 0 times)
FAIL: gcc.target/i386/fma4-builtin-2.c scan-assembler-times vfnmsubpd 1 (found 0 times)
FAIL: gcc.target/i386/fma4-builtin-2.c scan-assembler-times vfnmsubps 1 (found 0 times)
FAIL: gcc.target/i386/l_fma_double_1.c scan-assembler-times vfmadd[123]+sd 32 (found 64 times)
FAIL: gcc.target/i386/l_fma_double_1.c scan-assembler-times vfmsub[123]+sd 32 (found 64 times)
FAIL: gcc.target/i386/l_fma_double_1.c scan-assembler-times vfnmadd[123]+sd 32 (found 64 times)
FAIL: gcc.target/i386/l_fma_double_1.c scan-assembler-times vfnmsub[123]+sd 32 (found 64 times)
FAIL: gcc.target/i386/l_fma_double_2.c scan-assembler-times vfmadd[123]+sd 32 (found 64 times)
FAIL: gcc.target/i386/l_fma_double_2.c scan-assembler-times vfmsub[123]+sd 32 (found 64 times)
FAIL: gcc.target/i386/l_fma_double_2.c scan-assembler-times vfnmadd[123]+sd 32 (found 64 times)
FAIL: gcc.target/i386/l_fma_double_2.c scan-assembler-times vfnmsub[123]+sd 32 (found 64 times)
FAIL: gcc.target/i386/l_fma_double_3.c scan-assembler-times vfmadd[123]+sd 32 (found 64 times)
FAIL: gcc.target/i386/l_fma_double_3.c scan-assembler-times vfmsub[123]+sd 32 (found 64 times)
FAIL: gcc.target/i386/l_fma_double_3.c scan-assembler-times vfnmadd[123]+sd 32 (found 64 times)
FAIL: gcc.target/i386/l_fma_double_3.c scan-assembler-times vfnmsub[123]+sd 32 (found 64 times)
FAIL: gcc.target/i386/l_fma_double_4.c scan-assembler-times vfmadd[123]+sd 32 (found 64 times)
FAIL: gcc.target/i386/l_fma_double_4.c scan-assembler-times vfmsub[123]+sd 32 (found 64 times)
FAIL: gcc.target/i386/l_fma_double_4.c scan-assembler-times vfnmadd[123]+sd 32 (found 64 times)
FAIL: gcc.target/i386/l_fma_double_4.c scan-assembler-times vfnmsub[123]+sd 32 (found 64 times)
FAIL: gcc.target/i386/l_fma_double_5.c scan-assembler-times vfmadd[123]+sd 32 (found 64 times)
FAIL: gcc.target/i386/l_fma_double_5.c scan-assembler-times vfmsub[123]+sd 32 (found 64 times)
FAIL: gcc.target/i386/l_fma_double_5.c scan-assembler-times vfnmadd[123]+sd 32 (found 64 times)
FAIL: gcc.target/i386/l_fma_double_5.c scan-assembler-times vfnmsub[123]+sd 32 (found 64 times)
FAIL: gcc.target/i386/l_fma_double_6.c scan-assembler-times vfmadd[123]+sd 32 (found 64 times)
FAIL: gcc.target/i386/l_fma_double_6.c scan-assembler-times vfmsub[123]+sd 32 (found 64 times)
FAIL: gcc.target/i386/l_fma_double_6.c scan-assembler-times vfnmadd[123]+sd 32 (found 64 times)
FAIL: gcc.target/i386/l_fma_double_6.c scan-assembler-times vfnmsub[123]+sd 32 (found 64 times)
FAIL: gcc.target/i386/l_fma_float_1.c scan-assembler-times vfmadd[123]+ss 64 (found 128 times)
FAIL: gcc.target/i386/l_fma_float_1.c scan-assembler-times vfmsub[123]+ss 64 (found 128 times)
FAIL: gcc.target/i386/l_fma_float_1.c scan-assembler-times vfnmadd[123]+ss 64 (found 128 times)
FAIL: gcc.target/i386/l_fma_float_1.c scan-assembler-times vfnmsub[123]+ss 64 (found 128 times)
FAIL: gcc.target/i386/l_fma_float_2.c scan-assembler-times vfmadd[123]+ss 64 (found 128 times)
FAIL: gcc.target/i386/l_fma_float_2.c scan-assembler-times vfmsub[123]+ss 64 (found 128 times)
FAIL: gcc.target/i386/l_fma_float_2.c scan-assembler-times vfnmadd[123]+ss 64 (found 128 times)
FAIL: gcc.target/i386/l_fma_float_2.c scan-assembler-times vfnmsub[123]+ss 64 (found 128 times)
FAIL: gcc.target/i386/l_fma_float_3.c scan-assembler-times vfmadd[123]+ss 64 (found 128 times)
FAIL: gcc.target/i386/l_fma_float_3.c scan-assembler-times vfmsub[123]+ss 64 (found 128 times)
FAIL: gcc.target/i386/l_fma_float_3.c scan-assembler-times vfnmadd[123]+ss 64 (found 128 times)
FAIL: gcc.target/i386/l_fma_float_3.c scan-assembler-times vfnmsub[123]+ss 64 (found 128 times)
FAIL: gcc.target/i386/l_fma_float_4.c scan-assembler-times vfmadd[123]+ss 64 (found 128 times)
FAIL: gcc.target/i386/l_fma_float_4.c scan-assembler-times vfmsub[123]+ss 64 (found 128 times)
FAIL: gcc.target/i386/l_fma_float_4.c scan-assembler-times vfnmadd[123]+ss 64 (found 128 times)
FAIL: gcc.target/i386/l_fma_float_4.c scan-assembler-times vfnmsub[123]+ss 64 (found 128 times)
FAIL: gcc.target/i386/l_fma_float_5.c scan-assembler-times vfmadd[123]+ss 64 (found 128 times)
FAIL: gcc.target/i386/l_fma_float_5.c scan-assembler-times vfmsub[123]+ss 64 (found 128 times)
FAIL: gcc.target/i386/l_fma_float_5.c scan-assembler-times vfnmadd[123]+ss 64 (found 128 times)
FAIL: gcc.target/i386/l_fma_float_5.c scan-assembler-times vfnmsub[123]+ss 64 (found 128 times)
FAIL: gcc.target/i386/l_fma_float_6.c scan-assembler-times vfmadd[123]+ss 64 (found 128 times)
FAIL: gcc.target/i386/l_fma_float_6.c scan-assembler-times vfmsub[123]+ss 64 (found 128 times)
FAIL: gcc.target/i386/l_fma_float_6.c scan-assembler-times vfnmadd[123]+ss 64 (found 128 times)
FAIL: gcc.target/i386/l_fma_float_6.c scan-assembler-times vfnmsub[123]+ss 64 (found 128 times)
FAIL: gcc.target/i386/mask-pack.c scan-tree-dump-times vect "vectorized 1 loops" 10 (found 9 times)
FAIL: gcc.target/i386/mask-unpack.c scan-tree-dump-times vect "vectorized 1 loops" 10 (found 8 times)
FAIL: gcc.target/i386/mvc6.c scan-assembler punpcklbw
FAIL: gcc.target/i386/pr42542-5a.c scan-assembler pcmpgtq
FAIL: gcc.target/i386/pr46091-4.c scan-assembler btc
FAIL: gcc.target/i386/pr46091-4.c scan-assembler btr
FAIL: gcc.target/i386/pr46091-4.c scan-assembler bts
FAIL: gcc.target/i386/pr52252-atom.c scan-assembler palignr
FAIL: gcc.target/i386/pr57233.c scan-assembler vpslld[^\\n\\r]*2
FAIL: gcc.target/i386/pr57233.c scan-assembler vpsrld[^\\n\\r]*30
FAIL: gcc.target/i386/pr59390.c scan-assembler-not vfmadd
FAIL: gcc.target/i386/pr61403.c scan-assembler rsqrtps
FAIL: gcc.target/i386/pr70325.c (test for warnings, line 11)
FAIL: gcc.target/i386/pr70325.c (test for excess errors)
FAIL: gcc.target/i386/pr78904-4.c scan-assembler [ \\t]movb[\\t ]+%.h, t
FAIL: gcc.target/i386/pr79690.c scan-assembler mov[au]p.[ \\t][^,]+, %gs:
FAIL: gcc.target/i386/pr79723.c scan-assembler mov[au]p.[ \\t][^,]+, %gs:
FAIL: gcc.target/i386/pr80846-1.c scan-assembler-times vextracti 2 (found 1 times)
FAIL: gcc.target/i386/recip-vec-divf-avx.c scan-assembler vrcpps[ \\\\t]+[^\\n]*%ymm
FAIL: gcc.target/i386/recip-vec-sqrtf-avx.c scan-assembler-times vrsqrtps[ \\\\t]+[^\\n]*%ymm 3 (found 0 times)
FAIL: gcc.target/i386/vect-pack-trunc-1.c scan-assembler-times vpmovwb[ \\\\t]+[^\\n]*%zmm 2 (found 0 times)
FAIL: gcc.target/i386/vect-pack-trunc-2.c scan-assembler-times vperm[it]2w[ \\\\t]+[^\\n]*%zmm 1 (found 0 times)
FAIL: gcc.target/i386/vect-perm-even-1.c scan-assembler-times vpmovwb[ \\\\t]+[^\\n]*%zmm 2 (found 0 times)
FAIL: gcc.target/i386/vect-perm-odd-1.c scan-assembler-times vpmovwb[ \\\\t]+[^\\n]*%zmm 4 (found 0 times)
FAIL: gcc.target/i386/vect-rebuild.c scan-assembler-times \\tv?extractf128[ \\t] 1 (found 0 times)
FAIL: gcc.target/i386/vect-unpack-1.c scan-assembler-times vpmovzxbw[ \\\\t]+[^\\n]*%zmm 2 (found 0 times)
FAIL: gcc.target/i386/vect-unpack-2.c scan-assembler-times vpmovsxbw[ \\\\t]+[^\\n]*%zmm 2 (found 0 times)
FAIL: gcc.target/i386/vectorize4-avx.c scan-assembler vsqrtpd[ \\\\t]+[^\\n]*%ymm
FAIL: gcc.target/i386/vectorize7.c scan-assembler cvtdq2ps
FAIL: gcc.target/i386/xchg-2.c scan-assembler xchgb
=== gcc Summary for unix/-m32 ===
# of expected passes 135778
# of unexpected failures 220
# of unexpected successes 37
# of expected failures 438
# of unresolved testcases 1
# of unsupported tests 2443
Running target unix/-mx32
FAIL: gcc.dg/20050503-1.c scan-assembler-not call
UNRESOLVED: gcc.dg/superblock.c scan-rtl-dump-times sched2 "ADVANCING TO" 2
FAIL: gcc.dg/graphite/interchange-3.c scan-tree-dump graphite "tiled"
FAIL: gcc.dg/graphite/interchange-7.c scan-tree-dump graphite "tiled"
FAIL: gcc.dg/graphite/interchange-9.c scan-tree-dump graphite "tiled"
FAIL: gcc.dg/graphite/uns-interchange-9.c scan-tree-dump graphite "tiled"
XPASS: gcc.dg/guality/example.c -O0 execution test
XPASS: gcc.dg/guality/guality.c -O0 execution test
XPASS: gcc.dg/guality/guality.c -O1 execution test
XPASS: gcc.dg/guality/guality.c -O2 execution test
XPASS: gcc.dg/guality/guality.c -O2 -flto -fno-use-linker-plugin -flto-partition=none execution test
XPASS: gcc.dg/guality/guality.c -O2 -flto -fuse-linker-plugin -fno-fat-lto-objects execution test
XPASS: gcc.dg/guality/guality.c -O3 -g execution test
XPASS: gcc.dg/guality/guality.c -Os execution test
XPASS: gcc.dg/guality/inline-params.c -O2 execution test
XPASS: gcc.dg/guality/inline-params.c -O2 -flto -fno-use-linker-plugin -flto-partition=none execution test
XPASS: gcc.dg/guality/inline-params.c -O2 -flto -fuse-linker-plugin -fno-fat-lto-objects execution test
XPASS: gcc.dg/guality/inline-params.c -O3 -g execution test
XPASS: gcc.dg/guality/inline-params.c -Os execution test
XPASS: gcc.dg/guality/pr41353-1.c -O0 line 28 j == 28 + 37
FAIL: gcc.dg/guality/pr41616-1.c -O2 -flto -fuse-linker-plugin -fno-fat-lto-objects execution test
FAIL: gcc.dg/guality/pr41616-1.c -O3 -g execution test
FAIL: gcc.dg/guality/pr43051-1.c -O1 line 36 e == &a[1]
FAIL: gcc.dg/guality/pr43051-1.c -O1 line 41 e == &a[1]
FAIL: gcc.dg/guality/pr43051-1.c -O2 line 36 e == &a[1]
FAIL: gcc.dg/guality/pr43051-1.c -O2 line 41 e == &a[1]
FAIL: gcc.dg/guality/pr43051-1.c -O2 -flto -fno-use-linker-plugin -flto-partition=none line 36 e == &a[1]
FAIL: gcc.dg/guality/pr43051-1.c -O2 -flto -fno-use-linker-plugin -flto-partition=none line 41 e == &a[1]
FAIL: gcc.dg/guality/pr43051-1.c -O2 -flto -fuse-linker-plugin -fno-fat-lto-objects line 36 e == &a[1]
FAIL: gcc.dg/guality/pr43051-1.c -O2 -flto -fuse-linker-plugin -fno-fat-lto-objects line 41 e == &a[1]
FAIL: gcc.dg/guality/pr43051-1.c -O3 -fomit-frame-pointer -funroll-loops -fpeel-loops -ftracer -finline-functions line 39 c == &a[0]
FAIL: gcc.dg/guality/pr43051-1.c -Os line 34 c == &a[0]
FAIL: gcc.dg/guality/pr43051-1.c -Os line 36 e == &a[1]
FAIL: gcc.dg/guality/pr43051-1.c -Os line 39 c == &a[0]
FAIL: gcc.dg/guality/pr43051-1.c -Os line 41 e == &a[1]
FAIL: gcc.dg/guality/pr45882.c -O2 -flto -fuse-linker-plugin -fno-fat-lto-objects line 16 d == 112
FAIL: gcc.dg/guality/pr45882.c -O2 -flto -fuse-linker-plugin -fno-fat-lto-objects line 16 e == 142
FAIL: gcc.dg/guality/pr54200.c -Os line 20 z == 3
FAIL: gcc.dg/guality/pr54519-1.c -O2 -flto -fno-use-linker-plugin -flto-partition=none line 20 y == 25
FAIL: gcc.dg/guality/pr54519-1.c -O2 -flto -fno-use-linker-plugin -flto-partition=none line 20 z == 6
FAIL: gcc.dg/guality/pr54519-1.c -O2 -flto -fno-use-linker-plugin -flto-partition=none line 23 y == 117
FAIL: gcc.dg/guality/pr54519-1.c -O2 -flto -fno-use-linker-plugin -flto-partition=none line 23 z == 8
FAIL: gcc.dg/guality/pr54519-2.c -O2 -flto -fno-use-linker-plugin -flto-partition=none line 17 y == 25
FAIL: gcc.dg/guality/pr54519-2.c -O2 -flto -fuse-linker-plugin -fno-fat-lto-objects line 17 y == 25
FAIL: gcc.dg/guality/pr54519-3.c -O2 -flto -fno-use-linker-plugin -flto-partition=none line 20 y == 25
FAIL: gcc.dg/guality/pr54519-3.c -O2 -flto -fno-use-linker-plugin -flto-partition=none line 20 z == 6
FAIL: gcc.dg/guality/pr54519-3.c -O2 -flto -fno-use-linker-plugin -flto-partition=none line 23 y == 117
FAIL: gcc.dg/guality/pr54519-3.c -O2 -flto -fno-use-linker-plugin -flto-partition=none line 23 z == 8
FAIL: gcc.dg/guality/pr54519-3.c -O2 -flto -fuse-linker-plugin -fno-fat-lto-objects line 20 y == 25
FAIL: gcc.dg/guality/pr54519-3.c -O2 -flto -fuse-linker-plugin -fno-fat-lto-objects line 20 z == 6
FAIL: gcc.dg/guality/pr54519-3.c -O2 -flto -fuse-linker-plugin -fno-fat-lto-objects line 23 y == 117
FAIL: gcc.dg/guality/pr54519-3.c -O2 -flto -fuse-linker-plugin -fno-fat-lto-objects line 23 z == 8
FAIL: gcc.dg/guality/pr54519-4.c -O2 -flto -fno-use-linker-plugin -flto-partition=none line 17 y == 25
FAIL: gcc.dg/guality/pr54519-4.c -O2 -flto -fuse-linker-plugin -fno-fat-lto-objects line 17 y == 25
FAIL: gcc.dg/guality/pr54519-5.c -O2 -flto -fno-use-linker-plugin -flto-partition=none line 17 y == 25
FAIL: gcc.dg/guality/pr54519-5.c -O2 -flto -fuse-linker-plugin -fno-fat-lto-objects line 17 y == 25
XPASS: gcc.dg/guality/pr54970.c -O0 line 31 a[0] == 4
XPASS: gcc.dg/guality/pr54970.c -O0 line 36 a[0] == 4
XPASS: gcc.dg/guality/pr54970.c -O0 line 45 a[0] == 4
XPASS: gcc.dg/guality/pr54970.c -O0 line 45 p[-2] == 4
XPASS: gcc.dg/guality/pr54970.c -O0 line 45 q[-1] == 4
FAIL: gcc.dg/guality/pr68860-1.c -O2 -flto -fno-use-linker-plugin -flto-partition=none line 14 arg1 == 1
FAIL: gcc.dg/guality/pr68860-1.c -O2 -flto -fno-use-linker-plugin -flto-partition=none line 14 arg2 == 2
FAIL: gcc.dg/guality/pr68860-1.c -O2 -flto -fno-use-linker-plugin -flto-partition=none line 14 arg3 == 3
FAIL: gcc.dg/guality/pr68860-1.c -O2 -flto -fno-use-linker-plugin -flto-partition=none line 14 arg4 == 4
FAIL: gcc.dg/guality/pr68860-1.c -O2 -flto -fno-use-linker-plugin -flto-partition=none line 14 arg5 == 5
FAIL: gcc.dg/guality/pr68860-1.c -O2 -flto -fno-use-linker-plugin -flto-partition=none line 14 arg6 == 6
FAIL: gcc.dg/guality/pr68860-1.c -O2 -flto -fno-use-linker-plugin -flto-partition=none line 16 arg1 == 1
FAIL: gcc.dg/guality/pr68860-1.c -O2 -flto -fno-use-linker-plugin -flto-partition=none line 16 arg2 == 2
FAIL: gcc.dg/guality/pr68860-1.c -O2 -flto -fno-use-linker-plugin -flto-partition=none line 16 arg3 == 3
FAIL: gcc.dg/guality/pr68860-1.c -O2 -flto -fno-use-linker-plugin -flto-partition=none line 16 arg4 == 4
FAIL: gcc.dg/guality/pr68860-1.c -O2 -flto -fno-use-linker-plugin -flto-partition=none line 16 arg5 == 5
FAIL: gcc.dg/guality/pr68860-1.c -O2 -flto -fno-use-linker-plugin -flto-partition=none line 16 arg6 == 6
FAIL: gcc.dg/guality/pr68860-1.c -O2 -flto -fuse-linker-plugin -fno-fat-lto-objects line 14 arg1 == 1
FAIL: gcc.dg/guality/pr68860-1.c -O2 -flto -fuse-linker-plugin -fno-fat-lto-objects line 14 arg2 == 2
FAIL: gcc.dg/guality/pr68860-1.c -O2 -flto -fuse-linker-plugin -fno-fat-lto-objects line 14 arg3 == 3
FAIL: gcc.dg/guality/pr68860-1.c -O2 -flto -fuse-linker-plugin -fno-fat-lto-objects line 14 arg4 == 4
FAIL: gcc.dg/guality/pr68860-1.c -O2 -flto -fuse-linker-plugin -fno-fat-lto-objects line 14 arg5 == 5
FAIL: gcc.dg/guality/pr68860-1.c -O2 -flto -fuse-linker-plugin -fno-fat-lto-objects line 14 arg6 == 6
FAIL: gcc.dg/guality/pr68860-1.c -O2 -flto -fuse-linker-plugin -fno-fat-lto-objects line 16 arg1 == 1
FAIL: gcc.dg/guality/pr68860-1.c -O2 -flto -fuse-linker-plugin -fno-fat-lto-objects line 16 arg2 == 2
FAIL: gcc.dg/guality/pr68860-1.c -O2 -flto -fuse-linker-plugin -fno-fat-lto-objects line 16 arg3 == 3
FAIL: gcc.dg/guality/pr68860-1.c -O2 -flto -fuse-linker-plugin -fno-fat-lto-objects line 16 arg4 == 4
FAIL: gcc.dg/guality/pr68860-1.c -O2 -flto -fuse-linker-plugin -fno-fat-lto-objects line 16 arg5 == 5
FAIL: gcc.dg/guality/pr68860-1.c -O2 -flto -fuse-linker-plugin -fno-fat-lto-objects line 16 arg6 == 6
FAIL: gcc.dg/guality/vla-1.c -O1 line 17 sizeof (a) == 6
FAIL: gcc.dg/guality/vla-1.c -O2 line 17 sizeof (a) == 6
FAIL: gcc.dg/guality/vla-1.c -O2 -flto -fno-use-linker-plugin -flto-partition=none line 17 sizeof (a) == 6
FAIL: gcc.dg/guality/vla-1.c -O2 -flto -fno-use-linker-plugin -flto-partition=none line 24 sizeof (a) == 17 * sizeof (short)
FAIL: gcc.dg/guality/vla-1.c -O2 -flto -fuse-linker-plugin -fno-fat-lto-objects line 17 sizeof (a) == 6
FAIL: gcc.dg/guality/vla-1.c -O2 -flto -fuse-linker-plugin -fno-fat-lto-objects line 24 sizeof (a) == 17 * sizeof (short)
FAIL: gcc.dg/guality/vla-1.c -O3 -g line 17 sizeof (a) == 6
FAIL: gcc.dg/guality/vla-1.c -Os line 17 sizeof (a) == 6
FAIL: gcc.dg/ipa/iinline-attr.c scan-ipa-dump inline "hooray[^\\\\n]*inline copy in test"
FAIL: c-c++-common/ubsan/ptr-overflow-sanitization-1.c -O0 scan-tree-dump-times optimized "__ubsan_handle_pointer_overflow" 17 (found 14 times)
FAIL: c-c++-common/ubsan/ptr-overflow-sanitization-1.c -O1 scan-tree-dump-times optimized "__ubsan_handle_pointer_overflow" 17 (found 14 times)
FAIL: c-c++-common/ubsan/ptr-overflow-sanitization-1.c -O2 scan-tree-dump-times optimized "__ubsan_handle_pointer_overflow" 17 (found 14 times)
FAIL: c-c++-common/ubsan/ptr-overflow-sanitization-1.c -O3 -g scan-tree-dump-times optimized "__ubsan_handle_pointer_overflow" 17 (found 14 times)
FAIL: c-c++-common/ubsan/ptr-overflow-sanitization-1.c -Os scan-tree-dump-times optimized "__ubsan_handle_pointer_overflow" 17 (found 14 times)
FAIL: gcc.dg/vect/no-section-anchors-vect-31.c scan-tree-dump-times vect "Alignment of access forced using peeling" 2 (found 1 times)
FAIL: gcc.dg/vect/no-section-anchors-vect-31.c scan-tree-dump-times vect "Vectorizing an unaligned access" 0 (found 1 times)
FAIL: gcc.dg/vect/no-section-anchors-vect-64.c scan-tree-dump-times vect "Alignment of access forced using peeling" 2 (found 1 times)
FAIL: gcc.dg/vect/no-section-anchors-vect-64.c scan-tree-dump-times vect "Vectorizing an unaligned access" 0 (found 1 times)
FAIL: gcc.dg/vect/slp-perm-9.c -flto -ffat-lto-objects scan-tree-dump-times vect "vectorized 0 loops" 2 (found 1 times)
FAIL: gcc.dg/vect/slp-perm-9.c -flto -ffat-lto-objects scan-tree-dump-times vect "vectorizing stmts using SLP" 0 (found 1 times)
FAIL: gcc.dg/vect/slp-perm-9.c scan-tree-dump-times vect "vectorized 0 loops" 2 (found 1 times)
FAIL: gcc.dg/vect/slp-perm-9.c scan-tree-dump-times vect "vectorizing stmts using SLP" 0 (found 1 times)
FAIL: gcc.dg/vect/vect-24.c -flto -ffat-lto-objects scan-tree-dump-times vect "Vectorizing an unaligned access" 0 (found 6 times)
XPASS: gcc.dg/vect/vect-24.c -flto -ffat-lto-objects scan-tree-dump-times vect "vectorized 3 loops" 1
FAIL: gcc.dg/vect/vect-24.c scan-tree-dump-times vect "Vectorizing an unaligned access" 0 (found 6 times)
XPASS: gcc.dg/vect/vect-24.c scan-tree-dump-times vect "vectorized 3 loops" 1
FAIL: gcc.dg/vect/vect-92.c -flto -ffat-lto-objects scan-tree-dump-times vect "Alignment of access forced using peeling" 3 (found 1 times)
FAIL: gcc.dg/vect/vect-92.c -flto -ffat-lto-objects scan-tree-dump-times vect "Vectorizing an unaligned access" 0 (found 6 times)
FAIL: gcc.dg/vect/vect-92.c scan-tree-dump-times vect "Alignment of access forced using peeling" 3 (found 1 times)
FAIL: gcc.dg/vect/vect-92.c scan-tree-dump-times vect "Vectorizing an unaligned access" 0 (found 6 times)
XPASS: gcc.dg/vect/vect-95.c -flto -ffat-lto-objects scan-tree-dump-times vect "Alignment of access forced using peeling" 0
XPASS: gcc.dg/vect/vect-95.c scan-tree-dump-times vect "Alignment of access forced using peeling" 0
FAIL: gcc.dg/vect/vect-bool-cmp.c -flto -ffat-lto-objects scan-tree-dump-times vect "VECTORIZED" 18 (found 12 times)
FAIL: gcc.dg/vect/vect-bool-cmp.c scan-tree-dump-times vect "VECTORIZED" 18 (found 12 times)
FAIL: gcc.dg/vect/vect-cselim-1.c -flto -ffat-lto-objects scan-tree-dump-times vect "vectorized 1 loops" 1 (found 0 times)
FAIL: gcc.dg/vect/vect-cselim-1.c scan-tree-dump-times vect "vectorized 1 loops" 1 (found 0 times)
FAIL: gcc.dg/vect/vect-nb-iter-ub-2.c -flto -ffat-lto-objects scan-tree-dump cunroll "loop turned into non-loop; it never loops"
FAIL: gcc.dg/vect/vect-nb-iter-ub-2.c scan-tree-dump cunroll "loop turned into non-loop; it never loops"
FAIL: gcc.dg/vect/vect-nb-iter-ub-3.c -flto -ffat-lto-objects scan-tree-dump-not cunroll "loop turned into non-loop; it never loops"
FAIL: gcc.dg/vect/vect-nb-iter-ub-3.c scan-tree-dump-not cunroll "loop turned into non-loop; it never loops"
FAIL: gcc.target/i386/avx2-cvt-2.c scan-assembler vcvtdq2pd[^\\n\\r]*(%xmm[^\\n\\r]*%ymm|ymm[^\\n\\r]*xmm)
FAIL: gcc.target/i386/avx2-cvt-2.c scan-assembler vcvtdq2ps[^\\n\\r]*ymm
FAIL: gcc.target/i386/avx2-cvt-2.c scan-assembler vcvtpd2ps(y[^\\n\\r]*%xmm|[^\\n\\r]*xmm[^\\n\\r]*YMMWORD PTR)
FAIL: gcc.target/i386/avx2-cvt-2.c scan-assembler vcvtps2pd[^\\n\\r]*(%xmm[^\\n\\r]*%ymm|ymm[^\\n\\r]*xmm)
FAIL: gcc.target/i386/avx2-cvt-2.c scan-assembler vcvttpd2dq(y[^\\n\\r]*%xmm|[^\\n\\r]*xmm[^\\n\\r]*YMMWORD PTR)
FAIL: gcc.target/i386/avx2-cvt-2.c scan-assembler vcvttps2dq[^\\n\\r]*ymm
FAIL: gcc.target/i386/avx2-gather-6.c scan-tree-dump-times vect "note: vectorized 1 loops in function" 1 (found 0 times)
FAIL: gcc.target/i386/avx2-vbroadcastss_ps256-1.c scan-assembler vbroadcastss[ \\\\t]+[^\\n]*%xmm[0-9]
FAIL: gcc.target/i386/avx2-vextracti128-1.c scan-assembler vextracti128[ \\\\t]+[^\\n]*%ymm[0-9]
FAIL: gcc.target/i386/avx2-vinserti128-1.c scan-assembler vinserti128[ \\\\t]+[^\\n]
FAIL: gcc.target/i386/avx256-unaligned-load-2.c scan-assembler (sse2_loaddqu|(vmovdqu|vmovups)[^\\n\\r]*movv16qi_internal)
FAIL: gcc.target/i386/avx256-unaligned-load-2.c scan-assembler vinsert.128
FAIL: gcc.target/i386/avx256-unaligned-load-3.c scan-assembler (sse2_loadupd|vmovupd[^\\n\\r]*movv2df_internal)
FAIL: gcc.target/i386/avx256-unaligned-load-3.c scan-assembler vinsertf128
FAIL: gcc.target/i386/avx256-unaligned-load-4.c scan-assembler-not (sse_loadups|vmovups[^\\n\\r]*movv4sf_internal)
FAIL: gcc.target/i386/avx256-unaligned-store-3.c scan-assembler vextractf128
FAIL: gcc.target/i386/avx256-unaligned-store-3.c scan-assembler vmovups.*movv2df_internal/3
FAIL: gcc.target/i386/avx512er-vrcp28ps-4.c scan-assembler-times vrcp28ps[^\\n\\r]*zmm[0-9]+(?:\\n|[ \\\\t]+#) 1 (found 0 times)
FAIL: gcc.target/i386/avx512er-vrsqrt28ps-4.c scan-assembler-times vrsqrt28ps[^\\n\\r]*zmm[0-9]+(?:\\n|[ \\\\t]+#) 1 (found 0 times)
FAIL: gcc.target/i386/avx512er-vrsqrt28ps-6.c scan-assembler-times vrcp28ps[^\\n\\r]*zmm[0-9]+(?:\\n|[ \\\\t]+#) 1 (found 0 times)
FAIL: gcc.target/i386/avx512er-vrsqrt28ps-6.c scan-assembler-times vrsqrt28ps[^\\n\\r]*zmm[0-9]+(?:\\n|[ \\\\t]+#) 1 (found 0 times)
FAIL: gcc.target/i386/avx512f-ceil-sfix-vec-2.c scan-assembler-times vcvttpd2dq[^\\n]*zmm[0-9].{7}(?:\\n|[ \\\\t]+#) 2 (found 0 times)
FAIL: gcc.target/i386/avx512f-ceil-sfix-vec-2.c scan-assembler-times vrndscalepd[^\\n]*zmm[0-9](?:\\n|[ \\\\t]+#) 2 (found 0 times)
FAIL: gcc.target/i386/avx512f-ceil-vec-2.c scan-assembler-times vrndscalepd[^\\n]+zmm[0-9](?:\\n|[ \\\\t]+#) 1 (found 0 times)
FAIL: gcc.target/i386/avx512f-ceilf-sfix-vec-2.c scan-assembler-times vcvttps2dq[^\\n]+zmm[0-9].{7}(?:\\n|[ \\\\t]+#) 1 (found 0 times)
FAIL: gcc.target/i386/avx512f-ceilf-sfix-vec-2.c scan-assembler-times vrndscaleps[^\\n]+zmm[0-9](?:\\n|[ \\\\t]+#) 1 (found 0 times)
FAIL: gcc.target/i386/avx512f-ceilf-vec-2.c scan-assembler-times vrndscaleps[^\\n]+zmm[0-9](?:\\n|[ \\\\t]+#) 1 (found 0 times)
FAIL: gcc.target/i386/avx512f-floor-sfix-vec-2.c scan-assembler-times vcvttpd2dq[^\\n]*zmm[0-9].{7}(?:\\n|[ \\\\t]+#) 2 (found 0 times)
FAIL: gcc.target/i386/avx512f-floor-sfix-vec-2.c scan-assembler-times vrndscalepd[^\\n]*zmm[0-9](?:\\n|[ \\\\t]+#) 2 (found 0 times)
FAIL: gcc.target/i386/avx512f-floor-vec-2.c scan-assembler-times vrndscalepd[^\\n]+zmm[0-9](?:\\n|[ \\\\t]+#) 1 (found 0 times)
FAIL: gcc.target/i386/avx512f-floorf-sfix-vec-2.c scan-assembler-times vcvttps2dq[^\\n]+zmm[0-9].{7}(?:\\n|[ \\\\t]+#) 1 (found 0 times)
FAIL: gcc.target/i386/avx512f-floorf-sfix-vec-2.c scan-assembler-times vrndscaleps[^\\n]+zmm[0-9](?:\\n|[ \\\\t]+#) 1 (found 0 times)
FAIL: gcc.target/i386/avx512f-floorf-vec-2.c scan-assembler-times vrndscaleps[^\\n]+zmm[0-9](?:\\n|[ \\\\t]+#) 1 (found 0 times)
FAIL: gcc.target/i386/avx512f-rint-sfix-vec-2.c scan-assembler-times vcvtpd2dq[^\\n]+ymm[0-9](?:\\n|[ \\\\t]+#) 2 (found 0 times)
FAIL: gcc.target/i386/avx512f-rint-sfix-vec-2.c scan-assembler-times vinserti64x4[^\\n]+zmm[0-9](?:\\n|[ \\\\t]+#) 1 (found 0 times)
FAIL: gcc.target/i386/avx512f-rintf-sfix-vec-2.c scan-assembler-times vcvtps2dq[^\\n]+zmm[0-9](?:\\n|[ \\\\t]+#) 1 (found 0 times)
FAIL: gcc.target/i386/avx512f-round-sfix-vec-2.c scan-assembler-times vcvttpd2dq[^\\n]+zmm[0-9].{7}(?:\\n|[ \\\\t]+#) 2 (found 0 times)
FAIL: gcc.target/i386/avx512f-round-sfix-vec-2.c scan-assembler-times vrndscalepd[^\\n]+zmm[0-9](?:\\n|[ \\\\t]+#) 2 (found 0 times)
FAIL: gcc.target/i386/avx512f-roundf-sfix-vec-2.c scan-assembler-times vcvttps2dq[^\\n]+zmm[0-9].{7}(?:\\n|[ \\\\t]+#) 1 (found 0 times)
FAIL: gcc.target/i386/avx512f-roundf-sfix-vec-2.c scan-assembler-times vrndscaleps[^\\n]+zmm[0-9](?:\\n|[ \\\\t]+#) 1 (found 0 times)
FAIL: gcc.target/i386/avx512f-trunc-vec-2.c scan-assembler-times vrndscalepd[^\\n]+zmm[0-9](?:\\n|[ \\\\t]+#) 1 (found 0 times)
FAIL: gcc.target/i386/avx512f-truncf-vec-2.c scan-assembler-times vrndscaleps[^\\n]+zmm[0-9](?:\\n|[ \\\\t]+#) 1 (found 0 times)
FAIL: gcc.target/i386/avx512f-vec-init.c scan-assembler-times vpbroadcastb[ \\\\t]+[^{\\n]*%ymm[0-9]+(?:\\n|[ \\\\t]+#) 2 (found 1 times)
FAIL: gcc.target/i386/avx512f-vec-init.c scan-assembler-times vpbroadcastw[ \\\\t]+[^{\\n]*%ymm[0-9]+(?:\\n|[ \\\\t]+#) 2 (found 1 times)
FAIL: gcc.target/i386/avx512f_cond_move.c scan-assembler-times (?:vpblendmd|vmovdqa32)[ \\\\t]+[^{\\n]*%zmm[0-9]+{%k[1-7]}{z}(?:\\n|[ \\\\t]+#) 8 (found 0 times)
FAIL: gcc.target/i386/fma4-256-vector.c scan-assembler vfmaddpd
FAIL: gcc.target/i386/fma4-256-vector.c scan-assembler vfmaddps
FAIL: gcc.target/i386/fma4-256-vector.c scan-assembler vfmsubpd
FAIL: gcc.target/i386/fma4-256-vector.c scan-assembler vfmsubps
FAIL: gcc.target/i386/fma4-256-vector.c scan-assembler vfnmaddpd
FAIL: gcc.target/i386/fma4-256-vector.c scan-assembler vfnmaddps
FAIL: gcc.target/i386/fma4-builtin-2.c scan-assembler-times vfmaddpd 1 (found 0 times)
FAIL: gcc.target/i386/fma4-builtin-2.c scan-assembler-times vfmaddps 1 (found 0 times)
FAIL: gcc.target/i386/fma4-builtin-2.c scan-assembler-times vfmsubpd 1 (found 0 times)
FAIL: gcc.target/i386/fma4-builtin-2.c scan-assembler-times vfmsubps 1 (found 0 times)
FAIL: gcc.target/i386/fma4-builtin-2.c scan-assembler-times vfnmaddpd 1 (found 0 times)
FAIL: gcc.target/i386/fma4-builtin-2.c scan-assembler-times vfnmaddps 1 (found 0 times)
FAIL: gcc.target/i386/fma4-builtin-2.c scan-assembler-times vfnmsubpd 1 (found 0 times)
FAIL: gcc.target/i386/fma4-builtin-2.c scan-assembler-times vfnmsubps 1 (found 0 times)
FAIL: gcc.target/i386/fma4-vector-2.c scan-assembler vfmaddps
FAIL: gcc.target/i386/fma4-vector-2.c scan-assembler vfmsubps
FAIL: gcc.target/i386/fma4-vector.c scan-assembler vfmaddpd
FAIL: gcc.target/i386/fma4-vector.c scan-assembler vfmaddps
FAIL: gcc.target/i386/fma4-vector.c scan-assembler vfmsubpd
FAIL: gcc.target/i386/fma4-vector.c scan-assembler vfmsubps
FAIL: gcc.target/i386/fma4-vector.c scan-assembler vfnmaddpd
FAIL: gcc.target/i386/fma4-vector.c scan-assembler vfnmaddps
FAIL: gcc.target/i386/l_fma_double_1.c scan-assembler-times vfmadd[123]+sd 32 (found 64 times)
FAIL: gcc.target/i386/l_fma_double_1.c scan-assembler-times vfmsub[123]+sd 32 (found 64 times)
FAIL: gcc.target/i386/l_fma_double_1.c scan-assembler-times vfnmadd[123]+sd 32 (found 64 times)
FAIL: gcc.target/i386/l_fma_double_1.c scan-assembler-times vfnmsub[123]+sd 32 (found 64 times)
FAIL: gcc.target/i386/l_fma_double_2.c scan-assembler-times vfmadd[123]+sd 32 (found 64 times)
FAIL: gcc.target/i386/l_fma_double_2.c scan-assembler-times vfmsub[123]+sd 32 (found 64 times)
FAIL: gcc.target/i386/l_fma_double_2.c scan-assembler-times vfnmadd[123]+sd 32 (found 64 times)
FAIL: gcc.target/i386/l_fma_double_2.c scan-assembler-times vfnmsub[123]+sd 32 (found 64 times)
FAIL: gcc.target/i386/l_fma_double_3.c scan-assembler-times vfmadd[123]+sd 32 (found 64 times)
FAIL: gcc.target/i386/l_fma_double_3.c scan-assembler-times vfmsub[123]+sd 32 (found 64 times)
FAIL: gcc.target/i386/l_fma_double_3.c scan-assembler-times vfnmadd[123]+sd 32 (found 64 times)
FAIL: gcc.target/i386/l_fma_double_3.c scan-assembler-times vfnmsub[123]+sd 32 (found 64 times)
FAIL: gcc.target/i386/l_fma_double_4.c scan-assembler-times vfmadd[123]+sd 32 (found 64 times)
FAIL: gcc.target/i386/l_fma_double_4.c scan-assembler-times vfmsub[123]+sd 32 (found 64 times)
FAIL: gcc.target/i386/l_fma_double_4.c scan-assembler-times vfnmadd[123]+sd 32 (found 64 times)
FAIL: gcc.target/i386/l_fma_double_4.c scan-assembler-times vfnmsub[123]+sd 32 (found 64 times)
FAIL: gcc.target/i386/l_fma_double_5.c scan-assembler-times vfmadd[123]+sd 32 (found 64 times)
FAIL: gcc.target/i386/l_fma_double_5.c scan-assembler-times vfmsub[123]+sd 32 (found 64 times)
FAIL: gcc.target/i386/l_fma_double_5.c scan-assembler-times vfnmadd[123]+sd 32 (found 64 times)
FAIL: gcc.target/i386/l_fma_double_5.c scan-assembler-times vfnmsub[123]+sd 32 (found 64 times)
FAIL: gcc.target/i386/l_fma_double_6.c scan-assembler-times vfmadd[123]+sd 32 (found 64 times)
FAIL: gcc.target/i386/l_fma_double_6.c scan-assembler-times vfmsub[123]+sd 32 (found 64 times)
FAIL: gcc.target/i386/l_fma_double_6.c scan-assembler-times vfnmadd[123]+sd 32 (found 64 times)
FAIL: gcc.target/i386/l_fma_double_6.c scan-assembler-times vfnmsub[123]+sd 32 (found 64 times)
FAIL: gcc.target/i386/l_fma_float_1.c scan-assembler-times vfmadd[123]+ss 64 (found 128 times)
FAIL: gcc.target/i386/l_fma_float_1.c scan-assembler-times vfmsub[123]+ss 64 (found 128 times)
FAIL: gcc.target/i386/l_fma_float_1.c scan-assembler-times vfnmadd[123]+ss 64 (found 128 times)
FAIL: gcc.target/i386/l_fma_float_1.c scan-assembler-times vfnmsub[123]+ss 64 (found 128 times)
FAIL: gcc.target/i386/l_fma_float_2.c scan-assembler-times vfmadd[123]+ss 64 (found 128 times)
FAIL: gcc.target/i386/l_fma_float_2.c scan-assembler-times vfmsub[123]+ss 64 (found 128 times)
FAIL: gcc.target/i386/l_fma_float_2.c scan-assembler-times vfnmadd[123]+ss 64 (found 128 times)
FAIL: gcc.target/i386/l_fma_float_2.c scan-assembler-times vfnmsub[123]+ss 64 (found 128 times)
FAIL: gcc.target/i386/l_fma_float_3.c scan-assembler-times vfmadd[123]+ss 64 (found 128 times)
FAIL: gcc.target/i386/l_fma_float_3.c scan-assembler-times vfmsub[123]+ss 64 (found 128 times)
FAIL: gcc.target/i386/l_fma_float_3.c scan-assembler-times vfnmadd[123]+ss 64 (found 128 times)
FAIL: gcc.target/i386/l_fma_float_3.c scan-assembler-times vfnmsub[123]+ss 64 (found 128 times)
FAIL: gcc.target/i386/l_fma_float_4.c scan-assembler-times vfmadd[123]+ss 64 (found 128 times)
FAIL: gcc.target/i386/l_fma_float_4.c scan-assembler-times vfmsub[123]+ss 64 (found 128 times)
FAIL: gcc.target/i386/l_fma_float_4.c scan-assembler-times vfnmadd[123]+ss 64 (found 128 times)
FAIL: gcc.target/i386/l_fma_float_4.c scan-assembler-times vfnmsub[123]+ss 64 (found 128 times)
FAIL: gcc.target/i386/l_fma_float_5.c scan-assembler-times vfmadd[123]+ss 64 (found 128 times)
FAIL: gcc.target/i386/l_fma_float_5.c scan-assembler-times vfmsub[123]+ss 64 (found 128 times)
FAIL: gcc.target/i386/l_fma_float_5.c scan-assembler-times vfnmadd[123]+ss 64 (found 128 times)
FAIL: gcc.target/i386/l_fma_float_5.c scan-assembler-times vfnmsub[123]+ss 64 (found 128 times)
FAIL: gcc.target/i386/l_fma_float_6.c scan-assembler-times vfmadd[123]+ss 64 (found 128 times)
FAIL: gcc.target/i386/l_fma_float_6.c scan-assembler-times vfmsub[123]+ss 64 (found 128 times)
FAIL: gcc.target/i386/l_fma_float_6.c scan-assembler-times vfnmadd[123]+ss 64 (found 128 times)
FAIL: gcc.target/i386/l_fma_float_6.c scan-assembler-times vfnmsub[123]+ss 64 (found 128 times)
FAIL: gcc.target/i386/mask-pack.c scan-tree-dump-times vect "vectorized 1 loops" 10 (found 9 times)
FAIL: gcc.target/i386/mask-unpack.c scan-tree-dump-times vect "vectorized 1 loops" 10 (found 8 times)
FAIL: gcc.target/i386/mvc6.c scan-assembler punpcklbw
FAIL: gcc.target/i386/pieces-memcpy-5.c scan-assembler-times vmovdqu[ \\\\t]+[^\\n]*%xmm 1 (found 0 times)
FAIL: gcc.target/i386/pr42542-5a.c scan-assembler pcmpgtq
FAIL: gcc.target/i386/pr46091-1.c scan-assembler-times btr 2 (found 0 times)
FAIL: gcc.target/i386/pr46091-2.c scan-assembler-times bts 2 (found 0 times)
FAIL: gcc.target/i386/pr46091-3.c scan-assembler-times btc 2 (found 0 times)
FAIL: gcc.target/i386/pr46091-4.c scan-assembler btc
FAIL: gcc.target/i386/pr46091-4.c scan-assembler btr
FAIL: gcc.target/i386/pr46091-4.c scan-assembler bts
FAIL: gcc.target/i386/pr46091-5.c scan-assembler btc
FAIL: gcc.target/i386/pr46091-5.c scan-assembler btr
FAIL: gcc.target/i386/pr46091-5.c scan-assembler bts
FAIL: gcc.target/i386/pr52252-atom.c scan-assembler palignr
FAIL: gcc.target/i386/pr57233.c scan-assembler vpslld[^\\n\\r]*2
FAIL: gcc.target/i386/pr57233.c scan-assembler vpsrld[^\\n\\r]*30
FAIL: gcc.target/i386/pr59390.c scan-assembler-not vfmadd
FAIL: gcc.target/i386/pr61403.c scan-assembler rsqrtps
FAIL: gcc.target/i386/pr70325.c (test for warnings, line 11)
FAIL: gcc.target/i386/pr70325.c (test for excess errors)
FAIL: gcc.target/i386/pr79690.c scan-assembler mov[au]p.[ \\t][^,]+, %gs:
FAIL: gcc.target/i386/pr79723.c scan-assembler mov[au]p.[ \\t][^,]+, %gs:
FAIL: gcc.target/i386/pr80846-1.c scan-assembler-times vextracti 2 (found 1 times)
FAIL: gcc.target/i386/recip-vec-divf-avx.c scan-assembler vrcpps[ \\\\t]+[^\\n]*%ymm
FAIL: gcc.target/i386/recip-vec-sqrtf-avx.c scan-assembler-times vrsqrtps[ \\\\t]+[^\\n]*%ymm 3 (found 0 times)
FAIL: gcc.target/i386/vect-pack-trunc-1.c scan-assembler-times vpmovwb[ \\\\t]+[^\\n]*%zmm 2 (found 0 times)
FAIL: gcc.target/i386/vect-pack-trunc-2.c scan-assembler-times vperm[it]2w[ \\\\t]+[^\\n]*%zmm 1 (found 0 times)
FAIL: gcc.target/i386/vect-perm-even-1.c scan-assembler-times vpmovwb[ \\\\t]+[^\\n]*%zmm 2 (found 0 times)
FAIL: gcc.target/i386/vect-perm-odd-1.c scan-assembler-times vpmovwb[ \\\\t]+[^\\n]*%zmm 4 (found 0 times)
FAIL: gcc.target/i386/vect-rebuild.c scan-assembler-times \\tv?extractf128[ \\t] 1 (found 0 times)
FAIL: gcc.target/i386/vect-unpack-1.c scan-assembler-times vpmovzxbw[ \\\\t]+[^\\n]*%zmm 2 (found 0 times)
FAIL: gcc.target/i386/vect-unpack-2.c scan-assembler-times vpmovsxbw[ \\\\t]+[^\\n]*%zmm 2 (found 0 times)
FAIL: gcc.target/i386/vectorize4-avx.c scan-assembler vsqrtpd[ \\\\t]+[^\\n]*%ymm
FAIL: gcc.target/i386/vectorize7.c scan-assembler cvtdq2ps
=== gcc Summary for unix/-mx32 ===
# of expected passes 132205
# of unexpected failures 251
# of unexpected successes 23
# of expected failures 438
# of unresolved testcases 1
# of unsupported tests 2491
=== gcc Summary ===
# of expected passes 405970
# of unexpected failures 709
# of unexpected successes 88
# of expected failures 1312
# of unresolved testcases 3
# of unsupported tests 7206
/export/ssd/git/gcc-test-native/bld/gcc/xgcc version 8.0.1 20180306 (experimental) [trunk revision 258272] (GCC)
=== gfortran tests ===
Running target unix
=== gfortran Summary for unix ===
# of expected passes 47141
# of expected failures 92
# of unsupported tests 79
Running target unix/-m32
=== gfortran Summary for unix/-m32 ===
# of expected passes 46924
# of expected failures 92
# of unsupported tests 182
Running target unix/-mx32
=== gfortran Summary for unix/-mx32 ===
# of expected passes 47158
# of expected failures 92
# of unsupported tests 68
=== gfortran Summary ===
# of expected passes 141223
# of expected failures 276
# of unsupported tests 329
/export/ssd/git/gcc-test-native/bld/gcc/gfortran version 8.0.1 20180306 (experimental) [trunk revision 258272] (GCC)
=== g++ tests ===
Running target unix
FAIL: g++.dg/ext/mv16.C -std=gnu++11 execution test
FAIL: g++.dg/ext/mv16.C -std=gnu++14 execution test
FAIL: g++.dg/ext/mv16.C -std=gnu++98 execution test
FAIL: g++.dg/guality/pr55665.C -O2 line 23 p == 40
FAIL: g++.dg/vect/simd-bool-comparison-1.cc -std=c++11 scan-tree-dump-times vect "vectorized 1 loops" 1 (found 0 times)
FAIL: g++.dg/vect/simd-bool-comparison-1.cc -std=c++14 scan-tree-dump-times vect "vectorized 1 loops" 1 (found 0 times)
FAIL: g++.dg/vect/simd-bool-comparison-1.cc -std=c++98 scan-tree-dump-times vect "vectorized 1 loops" 1 (found 0 times)
=== g++ Summary for unix ===
# of expected passes 123087
# of unexpected failures 7
# of expected failures 494
# of unsupported tests 4746
Running target unix/-m32
FAIL: g++.dg/ext/mv16.C -std=gnu++11 execution test
FAIL: g++.dg/ext/mv16.C -std=gnu++14 execution test
FAIL: g++.dg/ext/mv16.C -std=gnu++98 execution test
FAIL: g++.dg/guality/pr55665.C -O2 line 23 p == 40
FAIL: c-c++-common/ubsan/ptr-overflow-sanitization-1.c -O0 scan-tree-dump-times optimized "__ubsan_handle_pointer_overflow" 17 (found 14 times)
FAIL: c-c++-common/ubsan/ptr-overflow-sanitization-1.c -O1 scan-tree-dump-times optimized "__ubsan_handle_pointer_overflow" 17 (found 14 times)
FAIL: c-c++-common/ubsan/ptr-overflow-sanitization-1.c -O2 scan-tree-dump-times optimized "__ubsan_handle_pointer_overflow" 17 (found 14 times)
FAIL: c-c++-common/ubsan/ptr-overflow-sanitization-1.c -O3 -g scan-tree-dump-times optimized "__ubsan_handle_pointer_overflow" 17 (found 14 times)
FAIL: c-c++-common/ubsan/ptr-overflow-sanitization-1.c -Os scan-tree-dump-times optimized "__ubsan_handle_pointer_overflow" 17 (found 14 times)
FAIL: g++.dg/vect/simd-bool-comparison-1.cc -std=c++11 scan-tree-dump-times vect "vectorized 1 loops" 1 (found 0 times)
FAIL: g++.dg/vect/simd-bool-comparison-1.cc -std=c++14 scan-tree-dump-times vect "vectorized 1 loops" 1 (found 0 times)
FAIL: g++.dg/vect/simd-bool-comparison-1.cc -std=c++98 scan-tree-dump-times vect "vectorized 1 loops" 1 (found 0 times)
=== g++ Summary for unix/-m32 ===
# of expected passes 121289
# of unexpected failures 12
# of expected failures 491
# of unsupported tests 4579
Running target unix/-mx32
FAIL: g++.dg/ext/mv16.C -std=gnu++11 execution test
FAIL: g++.dg/ext/mv16.C -std=gnu++14 execution test
FAIL: g++.dg/ext/mv16.C -std=gnu++98 execution test
FAIL: g++.dg/guality/pr55665.C -O2 line 23 p == 40
FAIL: c-c++-common/ubsan/ptr-overflow-sanitization-1.c -O0 scan-tree-dump-times optimized "__ubsan_handle_pointer_overflow" 17 (found 14 times)
FAIL: c-c++-common/ubsan/ptr-overflow-sanitization-1.c -O1 scan-tree-dump-times optimized "__ubsan_handle_pointer_overflow" 17 (found 14 times)
FAIL: c-c++-common/ubsan/ptr-overflow-sanitization-1.c -O2 scan-tree-dump-times optimized "__ubsan_handle_pointer_overflow" 17 (found 14 times)
FAIL: c-c++-common/ubsan/ptr-overflow-sanitization-1.c -O3 -g scan-tree-dump-times optimized "__ubsan_handle_pointer_overflow" 17 (found 14 times)
FAIL: c-c++-common/ubsan/ptr-overflow-sanitization-1.c -Os scan-tree-dump-times optimized "__ubsan_handle_pointer_overflow" 17 (found 14 times)
FAIL: g++.dg/vect/simd-bool-comparison-1.cc -std=c++11 scan-tree-dump-times vect "vectorized 1 loops" 1 (found 0 times)
FAIL: g++.dg/vect/simd-bool-comparison-1.cc -std=c++14 scan-tree-dump-times vect "vectorized 1 loops" 1 (found 0 times)
FAIL: g++.dg/vect/simd-bool-comparison-1.cc -std=c++98 scan-tree-dump-times vect "vectorized 1 loops" 1 (found 0 times)
=== g++ Summary for unix/-mx32 ===
# of expected passes 123019
# of unexpected failures 12
# of expected failures 491
# of unsupported tests 4729
=== g++ Summary ===
# of expected passes 367395
# of unexpected failures 31
# of expected failures 1476
# of unsupported tests 14054
/export/ssd/git/gcc-test-native/bld/gcc/xg++ version 8.0.1 20180306 (experimental) [trunk revision 258272] (GCC)
=== objc tests ===
Running target unix
=== objc Summary for unix ===
# of expected passes 2797
# of expected failures 6
# of unsupported tests 68
Running target unix/-m32
=== objc Summary for unix/-m32 ===
# of expected passes 2797
# of expected failures 6
# of unsupported tests 68
Running target unix/-mx32
=== objc Summary for unix/-mx32 ===
# of expected passes 2797
# of expected failures 6
# of unsupported tests 68
=== objc Summary ===
# of expected passes 8391
# of expected failures 18
# of unsupported tests 204
/export/ssd/git/gcc-test-native/bld/gcc/xgcc version 8.0.1 20180306 (experimental) [trunk revision 258272] (GCC)
=== libatomic tests ===
Running target unix/-m32
=== libatomic Summary for unix/-m32 ===
# of expected passes 44
# of unsupported tests 5
Running target unix/-mx32
=== libatomic Summary for unix/-mx32 ===
# of expected passes 54
Running target unix
=== libatomic Summary for unix ===
# of expected passes 54
=== libatomic Summary ===
# of expected passes 152
# of unsupported tests 5
=== libgomp tests ===
Running target unix/-m32
FAIL: libgomp.fortran/target7.f90 -O0 execution test
FAIL: libgomp.fortran/target7.f90 -O1 execution test
FAIL: libgomp.fortran/target7.f90 -O2 execution test
FAIL: libgomp.fortran/target7.f90 -O3 -fomit-frame-pointer -funroll-loops -fpeel-loops -ftracer -finline-functions execution test
FAIL: libgomp.fortran/target7.f90 -O3 -g execution test
FAIL: libgomp.fortran/target7.f90 -Os execution test
FAIL: libgomp.fortran/target8.f90 -O0 execution test
FAIL: libgomp.fortran/target8.f90 -O1 execution test
FAIL: libgomp.fortran/target8.f90 -O2 execution test
FAIL: libgomp.fortran/target8.f90 -O3 -fomit-frame-pointer -funroll-loops -fpeel-loops -ftracer -finline-functions execution test
FAIL: libgomp.fortran/target8.f90 -O3 -g execution test
FAIL: libgomp.fortran/target8.f90 -Os execution test
=== libgomp Summary for unix/-m32 ===
# of expected passes 5441
# of unexpected failures 12
# of unsupported tests 290
Running target unix/-mx32
FAIL: libgomp.fortran/target7.f90 -O0 execution test
FAIL: libgomp.fortran/target7.f90 -O1 execution test
FAIL: libgomp.fortran/target7.f90 -O2 execution test
FAIL: libgomp.fortran/target7.f90 -O3 -fomit-frame-pointer -funroll-loops -fpeel-loops -ftracer -finline-functions execution test
FAIL: libgomp.fortran/target7.f90 -O3 -g execution test
FAIL: libgomp.fortran/target7.f90 -Os execution test
FAIL: libgomp.fortran/target8.f90 -O0 execution test
FAIL: libgomp.fortran/target8.f90 -O1 execution test
FAIL: libgomp.fortran/target8.f90 -O2 execution test
FAIL: libgomp.fortran/target8.f90 -O3 -fomit-frame-pointer -funroll-loops -fpeel-loops -ftracer -finline-functions execution test
FAIL: libgomp.fortran/target8.f90 -O3 -g execution test
FAIL: libgomp.fortran/target8.f90 -Os execution test
=== libgomp Summary for unix/-mx32 ===
# of expected passes 5441
# of unexpected failures 12
# of unsupported tests 290
Running target unix
=== libgomp Summary for unix ===
# of expected passes 5453
# of unsupported tests 290
=== libgomp Summary ===
# of expected passes 16335
# of unexpected failures 24
# of unsupported tests 870
=== libitm tests ===
Running target unix/-m32
=== libitm Summary for unix/-m32 ===
# of expected passes 42
# of expected failures 3
# of unsupported tests 1
Running target unix/-mx32
=== libitm Summary for unix/-mx32 ===
# of expected passes 42
# of expected failures 3
# of unsupported tests 1
Running target unix
=== libitm Summary for unix ===
# of expected passes 42
# of expected failures 3
# of unsupported tests 1
=== libitm Summary ===
# of expected passes 126
# of expected failures 9
# of unsupported tests 3
=== libstdc++ tests ===
Running target unix
=== libstdc++ Summary for unix ===
# of expected passes 12934
# of expected failures 71
# of unsupported tests 255
Running target unix/-m32
=== libstdc++ Summary for unix/-m32 ===
# of expected passes 12942
# of expected failures 71
# of unsupported tests 251
Running target unix/-mx32
FAIL: 21_strings/basic_string_view/operators/wchar_t/2.cc execution test
FAIL: experimental/string_view/operators/wchar_t/2.cc execution test
=== libstdc++ Summary for unix/-mx32 ===
# of expected passes 12932
# of unexpected failures 2
# of expected failures 71
# of unsupported tests 255
=== libstdc++ Summary ===
# of expected passes 38808
# of unexpected failures 2
# of expected failures 213
# of unsupported tests 761
Compiler version: 8.0.1 20180306 (experimental) [trunk revision 258272] (GCC)
Platform: x86_64-pc-linux-gnu
configure flags: --with-arch=native --with-cpu=native --prefix=/usr/8.0.1 --enable-clocale=gnu --with-system-zlib --enable-shared --with-demangler-in-ld --enable-libmpx --with-multilib-list=m32,m64,mx32 --with-fpmath=sse