This is the mail archive of the
gcc-testresults@gcc.gnu.org
mailing list for the GCC project.
Results for 6.4.1 20180304 [gcc-6-branch revision 258230] (GCC) testsuite on i686-pc-linux-gnu
- From: hjl at gnu-29 dot sc dot intel dot com (H.J. Lu (ia32))
- To: gcc-testresults at gcc dot gnu dot org
- Date: Sun, 04 Mar 2018 03:36:28 -0800
- Subject: Results for 6.4.1 20180304 [gcc-6-branch revision 258230] (GCC) testsuite on i686-pc-linux-gnu
- Authentication-results: sourceware.org; auth=none
Native configuration is i686-pc-linux-gnu
=== gcc tests ===
Running target unix
FAIL: gcc.dg/cpp/trad/include.c (test for excess errors)
WARNING: profopt.exp does not support dg-error
XPASS: gcc.target/i386/bmi-6.c (test for excess errors)
=== gcc Summary ===
# of expected passes 117887
# of unexpected failures 1
# of unexpected successes 1
# of expected failures 320
# of unsupported tests 1716
/export/gnu/import/git/gcc-test/bld/gcc/xgcc version 6.4.1 20180304 [gcc-6-branch revision 258230] (GCC)
=== gfortran tests ===
Running target unix
=== gfortran Summary ===
# of expected passes 42957
# of expected failures 78
# of unsupported tests 181
/export/gnu/import/git/gcc-test/bld/gcc/gfortran version 6.4.1 20180304 [gcc-6-branch revision 258230] (GCC)
=== g++ tests ===
Running target unix
XPASS: g++.dg/tls/thread_local-order2.C -std=c++11 execution test
XPASS: g++.dg/tls/thread_local-order2.C -std=c++14 execution test
=== g++ Summary ===
# of expected passes 105022
# of unexpected successes 2
# of expected failures 324
# of unsupported tests 3652
/export/gnu/import/git/gcc-test/bld/gcc/xg++ version 6.4.1 20180304 [gcc-6-branch revision 258230] (GCC)
=== objc tests ===
Running target unix
=== objc Summary ===
# of expected passes 2783
# of expected failures 6
# of unsupported tests 68
/export/gnu/import/git/gcc-test/bld/gcc/xgcc version 6.4.1 20180304 [gcc-6-branch revision 258230] (GCC)
=== boehm-gc tests ===
Running target unix
=== boehm-gc Summary ===
# of expected passes 12
# of unsupported tests 1
=== libatomic tests ===
Running target unix
=== libatomic Summary ===
# of expected passes 44
# of unsupported tests 5
=== libffi tests ===
Running target unix
=== libffi Summary ===
# of expected passes 2799
=== libgomp tests ===
Running target unix
=== libgomp Summary ===
# of expected passes 5177
# of unsupported tests 271
=== libitm tests ===
Running target unix
=== libitm Summary ===
# of expected passes 42
# of expected failures 3
# of unsupported tests 1
=== libjava tests ===
Running target unix
=== libjava Summary ===
# of expected passes 2582
# of expected failures 4
=== libstdc++ tests ===
Running target unix
=== libstdc++ Summary ===
# of expected passes 11190
# of expected failures 66
# of unsupported tests 230
Compiler version: 6.4.1 20180304 [gcc-6-branch revision 258230] (GCC)
Platform: i686-pc-linux-gnu
configure flags: --prefix=/usr/6.4.1 --enable-clocale=gnu --with-system-zlib --enable-shared --with-demangler-in-ld --enable-libmpx --with-fpmath=sse