This is the mail archive of the gcc-testresults@gcc.gnu.org mailing list for the GCC project.


Index Nav: [Date Index] [Subject Index] [Author Index] [Thread Index]
Message Nav: [Date Prev] [Date Next] [Thread Prev] [Thread Next]
Other format: [Raw text]

Results for 8.0.1 20180130 (experimental) [trunk revision 257172] (GCC) testsuite on x86_64-pc-linux-gnu


Native configuration is x86_64-pc-linux-gnu

		=== g++ tests ===


Running target unix/-fpic
FAIL: c-c++-common/asan/inc.c   -O0   scan-tree-dump-times asan0 "ASAN_" 4 (found 5 times)
FAIL: c-c++-common/Warray-bounds-2.c  -std=gnu++11  (test for warnings, line 113)
FAIL: c-c++-common/Warray-bounds-2.c  -std=gnu++11  (test for warnings, line 126)
FAIL: c-c++-common/Warray-bounds-2.c  -std=gnu++11  (test for warnings, line 142)
FAIL: c-c++-common/Warray-bounds-2.c  -std=gnu++11  (test for warnings, line 170)
FAIL: c-c++-common/Warray-bounds-2.c  -std=gnu++11  (test for warnings, line 183)
FAIL: c-c++-common/Warray-bounds-2.c  -std=gnu++11  (test for warnings, line 197)
FAIL: c-c++-common/Warray-bounds-2.c  -std=gnu++11  (test for warnings, line 59)
FAIL: c-c++-common/Warray-bounds-2.c  -std=gnu++11  (test for warnings, line 72)
FAIL: c-c++-common/Warray-bounds-2.c  -std=gnu++11  (test for warnings, line 86)
FAIL: c-c++-common/Warray-bounds-2.c  -std=gnu++11  (test for warnings, line 99)
FAIL: c-c++-common/Warray-bounds-2.c  -std=gnu++11 memcpy (test for warnings, line 29)
FAIL: c-c++-common/Warray-bounds-2.c  -std=gnu++11 memcpy (test for warnings, line 44)
FAIL: c-c++-common/Warray-bounds-2.c  -std=gnu++11 memcpy (test for warnings, line 54)
FAIL: c-c++-common/Warray-bounds-2.c  -std=gnu++11 memcpy (test for warnings, line 67)
FAIL: c-c++-common/Warray-bounds-2.c  -std=gnu++11 strcat (test for warnings, line 81)
FAIL: c-c++-common/Warray-bounds-2.c  -std=gnu++11 strcat (test for warnings, line 94)
FAIL: c-c++-common/Warray-bounds-2.c  -std=gnu++11 strcpy (test for warnings, line 108)
FAIL: c-c++-common/Warray-bounds-2.c  -std=gnu++11 strcpy (test for warnings, line 121)
FAIL: c-c++-common/Warray-bounds-2.c  -std=gnu++11 strncpy (test for warnings, line 137)
FAIL: c-c++-common/Warray-bounds-2.c  -std=gnu++11 strncpy (test for warnings, line 165)
FAIL: c-c++-common/Warray-bounds-2.c  -std=gnu++11 strncpy (test for warnings, line 178)
FAIL: c-c++-common/Warray-bounds-2.c  -std=gnu++11 strncpy (test for warnings, line 192)
FAIL: c-c++-common/Warray-bounds-2.c  -std=gnu++14  (test for warnings, line 113)
FAIL: c-c++-common/Warray-bounds-2.c  -std=gnu++14  (test for warnings, line 126)
FAIL: c-c++-common/Warray-bounds-2.c  -std=gnu++14  (test for warnings, line 142)
FAIL: c-c++-common/Warray-bounds-2.c  -std=gnu++14  (test for warnings, line 170)
FAIL: c-c++-common/Warray-bounds-2.c  -std=gnu++14  (test for warnings, line 183)
FAIL: c-c++-common/Warray-bounds-2.c  -std=gnu++14  (test for warnings, line 197)
FAIL: c-c++-common/Warray-bounds-2.c  -std=gnu++14  (test for warnings, line 59)
FAIL: c-c++-common/Warray-bounds-2.c  -std=gnu++14  (test for warnings, line 72)
FAIL: c-c++-common/Warray-bounds-2.c  -std=gnu++14  (test for warnings, line 86)
FAIL: c-c++-common/Warray-bounds-2.c  -std=gnu++14  (test for warnings, line 99)
FAIL: c-c++-common/Warray-bounds-2.c  -std=gnu++14 memcpy (test for warnings, line 29)
FAIL: c-c++-common/Warray-bounds-2.c  -std=gnu++14 memcpy (test for warnings, line 44)
FAIL: c-c++-common/Warray-bounds-2.c  -std=gnu++14 memcpy (test for warnings, line 54)
FAIL: c-c++-common/Warray-bounds-2.c  -std=gnu++14 memcpy (test for warnings, line 67)
FAIL: c-c++-common/Warray-bounds-2.c  -std=gnu++14 strcat (test for warnings, line 81)
FAIL: c-c++-common/Warray-bounds-2.c  -std=gnu++14 strcat (test for warnings, line 94)
FAIL: c-c++-common/Warray-bounds-2.c  -std=gnu++14 strcpy (test for warnings, line 108)
FAIL: c-c++-common/Warray-bounds-2.c  -std=gnu++14 strcpy (test for warnings, line 121)
FAIL: c-c++-common/Warray-bounds-2.c  -std=gnu++14 strncpy (test for warnings, line 137)
FAIL: c-c++-common/Warray-bounds-2.c  -std=gnu++14 strncpy (test for warnings, line 165)
FAIL: c-c++-common/Warray-bounds-2.c  -std=gnu++14 strncpy (test for warnings, line 178)
FAIL: c-c++-common/Warray-bounds-2.c  -std=gnu++14 strncpy (test for warnings, line 192)
FAIL: c-c++-common/Warray-bounds-2.c  -std=gnu++98  (test for warnings, line 113)
FAIL: c-c++-common/Warray-bounds-2.c  -std=gnu++98  (test for warnings, line 126)
FAIL: c-c++-common/Warray-bounds-2.c  -std=gnu++98  (test for warnings, line 142)
FAIL: c-c++-common/Warray-bounds-2.c  -std=gnu++98  (test for warnings, line 170)
FAIL: c-c++-common/Warray-bounds-2.c  -std=gnu++98  (test for warnings, line 183)
FAIL: c-c++-common/Warray-bounds-2.c  -std=gnu++98  (test for warnings, line 197)
FAIL: c-c++-common/Warray-bounds-2.c  -std=gnu++98  (test for warnings, line 59)
FAIL: c-c++-common/Warray-bounds-2.c  -std=gnu++98  (test for warnings, line 72)
FAIL: c-c++-common/Warray-bounds-2.c  -std=gnu++98  (test for warnings, line 86)
FAIL: c-c++-common/Warray-bounds-2.c  -std=gnu++98  (test for warnings, line 99)
FAIL: c-c++-common/Warray-bounds-2.c  -std=gnu++98 memcpy (test for warnings, line 29)
FAIL: c-c++-common/Warray-bounds-2.c  -std=gnu++98 memcpy (test for warnings, line 44)
FAIL: c-c++-common/Warray-bounds-2.c  -std=gnu++98 memcpy (test for warnings, line 54)
FAIL: c-c++-common/Warray-bounds-2.c  -std=gnu++98 memcpy (test for warnings, line 67)
FAIL: c-c++-common/Warray-bounds-2.c  -std=gnu++98 strcat (test for warnings, line 81)
FAIL: c-c++-common/Warray-bounds-2.c  -std=gnu++98 strcat (test for warnings, line 94)
FAIL: c-c++-common/Warray-bounds-2.c  -std=gnu++98 strcpy (test for warnings, line 108)
FAIL: c-c++-common/Warray-bounds-2.c  -std=gnu++98 strcpy (test for warnings, line 121)
FAIL: c-c++-common/Warray-bounds-2.c  -std=gnu++98 strncpy (test for warnings, line 137)
FAIL: c-c++-common/Warray-bounds-2.c  -std=gnu++98 strncpy (test for warnings, line 165)
FAIL: c-c++-common/Warray-bounds-2.c  -std=gnu++98 strncpy (test for warnings, line 178)
FAIL: c-c++-common/Warray-bounds-2.c  -std=gnu++98 strncpy (test for warnings, line 192)
FAIL: c-c++-common/Wrestrict-2.c  -std=gnu++11 memcpy (test for warnings, line 15)
FAIL: c-c++-common/Wrestrict-2.c  -std=gnu++11 strcat (test for warnings, line 27)
FAIL: c-c++-common/Wrestrict-2.c  -std=gnu++11 strcpy (test for warnings, line 39)
FAIL: c-c++-common/Wrestrict-2.c  -std=gnu++11 strncat (test for warnings, line 51)
FAIL: c-c++-common/Wrestrict-2.c  -std=gnu++11 strncpy (test for warnings, line 63)
FAIL: c-c++-common/Wrestrict-2.c  -std=gnu++14 memcpy (test for warnings, line 15)
FAIL: c-c++-common/Wrestrict-2.c  -std=gnu++14 strcat (test for warnings, line 27)
FAIL: c-c++-common/Wrestrict-2.c  -std=gnu++14 strcpy (test for warnings, line 39)
FAIL: c-c++-common/Wrestrict-2.c  -std=gnu++14 strncat (test for warnings, line 51)
FAIL: c-c++-common/Wrestrict-2.c  -std=gnu++14 strncpy (test for warnings, line 63)
FAIL: c-c++-common/Wrestrict-2.c  -std=gnu++98 memcpy (test for warnings, line 15)
FAIL: c-c++-common/Wrestrict-2.c  -std=gnu++98 strcat (test for warnings, line 27)
FAIL: c-c++-common/Wrestrict-2.c  -std=gnu++98 strcpy (test for warnings, line 39)
FAIL: c-c++-common/Wrestrict-2.c  -std=gnu++98 strncat (test for warnings, line 51)
FAIL: c-c++-common/Wrestrict-2.c  -std=gnu++98 strncpy (test for warnings, line 63)
FAIL: c-c++-common/Wstringop-truncation.c  -std=gnu++11  (test for warnings, line 78)
FAIL: c-c++-common/Wstringop-truncation.c  -std=gnu++11  (test for warnings, line 79)
FAIL: c-c++-common/Wstringop-truncation.c  -std=gnu++11  (test for warnings, line 80)
FAIL: c-c++-common/Wstringop-truncation.c  -std=gnu++11  (test for warnings, line 81)
FAIL: c-c++-common/Wstringop-truncation.c  -std=gnu++14  (test for warnings, line 78)
FAIL: c-c++-common/Wstringop-truncation.c  -std=gnu++14  (test for warnings, line 79)
FAIL: c-c++-common/Wstringop-truncation.c  -std=gnu++14  (test for warnings, line 80)
FAIL: c-c++-common/Wstringop-truncation.c  -std=gnu++14  (test for warnings, line 81)
FAIL: c-c++-common/Wstringop-truncation.c  -std=gnu++98  (test for warnings, line 78)
FAIL: c-c++-common/Wstringop-truncation.c  -std=gnu++98  (test for warnings, line 79)
FAIL: c-c++-common/Wstringop-truncation.c  -std=gnu++98  (test for warnings, line 80)
FAIL: c-c++-common/Wstringop-truncation.c  -std=gnu++98  (test for warnings, line 81)
FAIL: g++.dg/ipa/devirt-40.C  -std=gnu++11  scan-tree-dump-not fre3 "\\\\n  OBJ_TYPE_REF"
FAIL: g++.dg/ipa/devirt-40.C  -std=gnu++14  scan-tree-dump-not fre3 "\\\\n  OBJ_TYPE_REF"
FAIL: g++.dg/ipa/devirt-40.C  -std=gnu++98  scan-tree-dump-not fre3 "\\\\n  OBJ_TYPE_REF"
FAIL: g++.dg/ipa/devirt-42.C  -std=gnu++11  scan-ipa-dump-times inline "Discovered a virtual call to a known target" 2 (found 1 times)
FAIL: g++.dg/ipa/devirt-42.C  -std=gnu++11  scan-tree-dump-times optimized "return 2" 3 (found 2 times)
FAIL: g++.dg/ipa/devirt-42.C  -std=gnu++14  scan-ipa-dump-times inline "Discovered a virtual call to a known target" 2 (found 1 times)
FAIL: g++.dg/ipa/devirt-42.C  -std=gnu++14  scan-tree-dump-times optimized "return 2" 3 (found 2 times)
FAIL: g++.dg/ipa/devirt-42.C  -std=gnu++98  scan-ipa-dump-times inline "Discovered a virtual call to a known target" 2 (found 1 times)
FAIL: g++.dg/ipa/devirt-42.C  -std=gnu++98  scan-tree-dump-times optimized "return 2" 3 (found 2 times)
FAIL: g++.dg/ipa/devirt-c-8.C  -std=gnu++11  scan-ipa-dump cp "Discovered a virtual call to a known target.*A::foo"
FAIL: g++.dg/ipa/devirt-c-8.C  -std=gnu++11  scan-tree-dump-times optimized "OBJ_TYPE_REF" 0 (found 1 times)
FAIL: g++.dg/ipa/devirt-c-8.C  -std=gnu++14  scan-ipa-dump cp "Discovered a virtual call to a known target.*A::foo"
FAIL: g++.dg/ipa/devirt-c-8.C  -std=gnu++14  scan-tree-dump-times optimized "OBJ_TYPE_REF" 0 (found 1 times)
FAIL: g++.dg/ipa/devirt-c-8.C  -std=gnu++98  scan-ipa-dump cp "Discovered a virtual call to a known target.*A::foo"
FAIL: g++.dg/ipa/devirt-c-8.C  -std=gnu++98  scan-tree-dump-times optimized "OBJ_TYPE_REF" 0 (found 1 times)
FAIL: g++.dg/ipa/ipa-icf-3.C  -std=gnu++11  scan-ipa-dump icf "Equal symbols: 2"
FAIL: g++.dg/ipa/ipa-icf-3.C  -std=gnu++11  scan-ipa-dump icf "Semantic equality hit:.*bar.*->.*foo.*"
FAIL: g++.dg/ipa/ipa-icf-3.C  -std=gnu++14  scan-ipa-dump icf "Equal symbols: 2"
FAIL: g++.dg/ipa/ipa-icf-3.C  -std=gnu++14  scan-ipa-dump icf "Semantic equality hit:.*bar.*->.*foo.*"
FAIL: g++.dg/ipa/ipa-icf-3.C  -std=gnu++98  scan-ipa-dump icf "Equal symbols: 2"
FAIL: g++.dg/ipa/ipa-icf-3.C  -std=gnu++98  scan-ipa-dump icf "Semantic equality hit:.*bar.*->.*foo.*"
FAIL: g++.dg/ubsan/pr82353.C   -O0   scan-rtl-dump-not reload "Inserting rematerialization insn"
FAIL: g++.dg/ubsan/pr82353.C   -O1   scan-rtl-dump-not reload "Inserting rematerialization insn"
FAIL: g++.dg/ubsan/pr82353.C   -O2   scan-rtl-dump-not reload "Inserting rematerialization insn"
FAIL: g++.dg/ubsan/pr82353.C   -O2 -flto -fno-use-linker-plugin -flto-partition=none   scan-rtl-dump-not reload "Inserting rematerialization insn"
FAIL: g++.dg/ubsan/pr82353.C   -O2 -flto -fuse-linker-plugin -fno-fat-lto-objects   scan-rtl-dump-not reload "Inserting rematerialization insn"
FAIL: g++.dg/ubsan/pr82353.C   -O3 -g   scan-rtl-dump-not reload "Inserting rematerialization insn"
FAIL: g++.dg/ubsan/pr82353.C   -Os   scan-rtl-dump-not reload "Inserting rematerialization insn"
FAIL: g++.dg/vect/slp-pr56812.cc  -std=c++11  scan-tree-dump-times slp1 "basic block vectorized" 1 (found 0 times)
FAIL: g++.dg/vect/slp-pr56812.cc  -std=c++14  scan-tree-dump-times slp1 "basic block vectorized" 1 (found 0 times)
FAIL: g++.dg/vect/slp-pr56812.cc  -std=c++98  scan-tree-dump-times slp1 "basic block vectorized" 1 (found 0 times)

		=== g++ Summary for unix/-fpic ===

# of expected passes		121799
# of unexpected failures	125
# of expected failures		488
# of unsupported tests		4679

Running target unix/-fpic -mcmodel=medium
FAIL: c-c++-common/asan/inc.c   -O0   scan-tree-dump-times asan0 "ASAN_" 4 (found 5 times)
FAIL: c-c++-common/Warray-bounds-2.c  -std=gnu++11  (test for warnings, line 113)
FAIL: c-c++-common/Warray-bounds-2.c  -std=gnu++11  (test for warnings, line 126)
FAIL: c-c++-common/Warray-bounds-2.c  -std=gnu++11  (test for warnings, line 142)
FAIL: c-c++-common/Warray-bounds-2.c  -std=gnu++11  (test for warnings, line 170)
FAIL: c-c++-common/Warray-bounds-2.c  -std=gnu++11  (test for warnings, line 183)
FAIL: c-c++-common/Warray-bounds-2.c  -std=gnu++11  (test for warnings, line 197)
FAIL: c-c++-common/Warray-bounds-2.c  -std=gnu++11  (test for warnings, line 59)
FAIL: c-c++-common/Warray-bounds-2.c  -std=gnu++11  (test for warnings, line 72)
FAIL: c-c++-common/Warray-bounds-2.c  -std=gnu++11  (test for warnings, line 86)
FAIL: c-c++-common/Warray-bounds-2.c  -std=gnu++11  (test for warnings, line 99)
FAIL: c-c++-common/Warray-bounds-2.c  -std=gnu++11 memcpy (test for warnings, line 29)
FAIL: c-c++-common/Warray-bounds-2.c  -std=gnu++11 memcpy (test for warnings, line 44)
FAIL: c-c++-common/Warray-bounds-2.c  -std=gnu++11 memcpy (test for warnings, line 54)
FAIL: c-c++-common/Warray-bounds-2.c  -std=gnu++11 memcpy (test for warnings, line 67)
FAIL: c-c++-common/Warray-bounds-2.c  -std=gnu++11 strcat (test for warnings, line 81)
FAIL: c-c++-common/Warray-bounds-2.c  -std=gnu++11 strcat (test for warnings, line 94)
FAIL: c-c++-common/Warray-bounds-2.c  -std=gnu++11 strcpy (test for warnings, line 108)
FAIL: c-c++-common/Warray-bounds-2.c  -std=gnu++11 strcpy (test for warnings, line 121)
FAIL: c-c++-common/Warray-bounds-2.c  -std=gnu++11 strncpy (test for warnings, line 137)
FAIL: c-c++-common/Warray-bounds-2.c  -std=gnu++11 strncpy (test for warnings, line 165)
FAIL: c-c++-common/Warray-bounds-2.c  -std=gnu++11 strncpy (test for warnings, line 178)
FAIL: c-c++-common/Warray-bounds-2.c  -std=gnu++11 strncpy (test for warnings, line 192)
FAIL: c-c++-common/Warray-bounds-2.c  -std=gnu++14  (test for warnings, line 113)
FAIL: c-c++-common/Warray-bounds-2.c  -std=gnu++14  (test for warnings, line 126)
FAIL: c-c++-common/Warray-bounds-2.c  -std=gnu++14  (test for warnings, line 142)
FAIL: c-c++-common/Warray-bounds-2.c  -std=gnu++14  (test for warnings, line 170)
FAIL: c-c++-common/Warray-bounds-2.c  -std=gnu++14  (test for warnings, line 183)
FAIL: c-c++-common/Warray-bounds-2.c  -std=gnu++14  (test for warnings, line 197)
FAIL: c-c++-common/Warray-bounds-2.c  -std=gnu++14  (test for warnings, line 59)
FAIL: c-c++-common/Warray-bounds-2.c  -std=gnu++14  (test for warnings, line 72)
FAIL: c-c++-common/Warray-bounds-2.c  -std=gnu++14  (test for warnings, line 86)
FAIL: c-c++-common/Warray-bounds-2.c  -std=gnu++14  (test for warnings, line 99)
FAIL: c-c++-common/Warray-bounds-2.c  -std=gnu++14 memcpy (test for warnings, line 29)
FAIL: c-c++-common/Warray-bounds-2.c  -std=gnu++14 memcpy (test for warnings, line 44)
FAIL: c-c++-common/Warray-bounds-2.c  -std=gnu++14 memcpy (test for warnings, line 54)
FAIL: c-c++-common/Warray-bounds-2.c  -std=gnu++14 memcpy (test for warnings, line 67)
FAIL: c-c++-common/Warray-bounds-2.c  -std=gnu++14 strcat (test for warnings, line 81)
FAIL: c-c++-common/Warray-bounds-2.c  -std=gnu++14 strcat (test for warnings, line 94)
FAIL: c-c++-common/Warray-bounds-2.c  -std=gnu++14 strcpy (test for warnings, line 108)
FAIL: c-c++-common/Warray-bounds-2.c  -std=gnu++14 strcpy (test for warnings, line 121)
FAIL: c-c++-common/Warray-bounds-2.c  -std=gnu++14 strncpy (test for warnings, line 137)
FAIL: c-c++-common/Warray-bounds-2.c  -std=gnu++14 strncpy (test for warnings, line 165)
FAIL: c-c++-common/Warray-bounds-2.c  -std=gnu++14 strncpy (test for warnings, line 178)
FAIL: c-c++-common/Warray-bounds-2.c  -std=gnu++14 strncpy (test for warnings, line 192)
FAIL: c-c++-common/Warray-bounds-2.c  -std=gnu++98  (test for warnings, line 113)
FAIL: c-c++-common/Warray-bounds-2.c  -std=gnu++98  (test for warnings, line 126)
FAIL: c-c++-common/Warray-bounds-2.c  -std=gnu++98  (test for warnings, line 142)
FAIL: c-c++-common/Warray-bounds-2.c  -std=gnu++98  (test for warnings, line 170)
FAIL: c-c++-common/Warray-bounds-2.c  -std=gnu++98  (test for warnings, line 183)
FAIL: c-c++-common/Warray-bounds-2.c  -std=gnu++98  (test for warnings, line 197)
FAIL: c-c++-common/Warray-bounds-2.c  -std=gnu++98  (test for warnings, line 59)
FAIL: c-c++-common/Warray-bounds-2.c  -std=gnu++98  (test for warnings, line 72)
FAIL: c-c++-common/Warray-bounds-2.c  -std=gnu++98  (test for warnings, line 86)
FAIL: c-c++-common/Warray-bounds-2.c  -std=gnu++98  (test for warnings, line 99)
FAIL: c-c++-common/Warray-bounds-2.c  -std=gnu++98 memcpy (test for warnings, line 29)
FAIL: c-c++-common/Warray-bounds-2.c  -std=gnu++98 memcpy (test for warnings, line 44)
FAIL: c-c++-common/Warray-bounds-2.c  -std=gnu++98 memcpy (test for warnings, line 54)
FAIL: c-c++-common/Warray-bounds-2.c  -std=gnu++98 memcpy (test for warnings, line 67)
FAIL: c-c++-common/Warray-bounds-2.c  -std=gnu++98 strcat (test for warnings, line 81)
FAIL: c-c++-common/Warray-bounds-2.c  -std=gnu++98 strcat (test for warnings, line 94)
FAIL: c-c++-common/Warray-bounds-2.c  -std=gnu++98 strcpy (test for warnings, line 108)
FAIL: c-c++-common/Warray-bounds-2.c  -std=gnu++98 strcpy (test for warnings, line 121)
FAIL: c-c++-common/Warray-bounds-2.c  -std=gnu++98 strncpy (test for warnings, line 137)
FAIL: c-c++-common/Warray-bounds-2.c  -std=gnu++98 strncpy (test for warnings, line 165)
FAIL: c-c++-common/Warray-bounds-2.c  -std=gnu++98 strncpy (test for warnings, line 178)
FAIL: c-c++-common/Warray-bounds-2.c  -std=gnu++98 strncpy (test for warnings, line 192)
FAIL: c-c++-common/Wrestrict-2.c  -std=gnu++11 memcpy (test for warnings, line 15)
FAIL: c-c++-common/Wrestrict-2.c  -std=gnu++11 strcat (test for warnings, line 27)
FAIL: c-c++-common/Wrestrict-2.c  -std=gnu++11 strcpy (test for warnings, line 39)
FAIL: c-c++-common/Wrestrict-2.c  -std=gnu++11 strncat (test for warnings, line 51)
FAIL: c-c++-common/Wrestrict-2.c  -std=gnu++11 strncpy (test for warnings, line 63)
FAIL: c-c++-common/Wrestrict-2.c  -std=gnu++14 memcpy (test for warnings, line 15)
FAIL: c-c++-common/Wrestrict-2.c  -std=gnu++14 strcat (test for warnings, line 27)
FAIL: c-c++-common/Wrestrict-2.c  -std=gnu++14 strcpy (test for warnings, line 39)
FAIL: c-c++-common/Wrestrict-2.c  -std=gnu++14 strncat (test for warnings, line 51)
FAIL: c-c++-common/Wrestrict-2.c  -std=gnu++14 strncpy (test for warnings, line 63)
FAIL: c-c++-common/Wrestrict-2.c  -std=gnu++98 memcpy (test for warnings, line 15)
FAIL: c-c++-common/Wrestrict-2.c  -std=gnu++98 strcat (test for warnings, line 27)
FAIL: c-c++-common/Wrestrict-2.c  -std=gnu++98 strcpy (test for warnings, line 39)
FAIL: c-c++-common/Wrestrict-2.c  -std=gnu++98 strncat (test for warnings, line 51)
FAIL: c-c++-common/Wrestrict-2.c  -std=gnu++98 strncpy (test for warnings, line 63)
FAIL: c-c++-common/Wstringop-truncation.c  -std=gnu++11  (test for warnings, line 78)
FAIL: c-c++-common/Wstringop-truncation.c  -std=gnu++11  (test for warnings, line 79)
FAIL: c-c++-common/Wstringop-truncation.c  -std=gnu++11  (test for warnings, line 80)
FAIL: c-c++-common/Wstringop-truncation.c  -std=gnu++11  (test for warnings, line 81)
FAIL: c-c++-common/Wstringop-truncation.c  -std=gnu++14  (test for warnings, line 78)
FAIL: c-c++-common/Wstringop-truncation.c  -std=gnu++14  (test for warnings, line 79)
FAIL: c-c++-common/Wstringop-truncation.c  -std=gnu++14  (test for warnings, line 80)
FAIL: c-c++-common/Wstringop-truncation.c  -std=gnu++14  (test for warnings, line 81)
FAIL: c-c++-common/Wstringop-truncation.c  -std=gnu++98  (test for warnings, line 78)
FAIL: c-c++-common/Wstringop-truncation.c  -std=gnu++98  (test for warnings, line 79)
FAIL: c-c++-common/Wstringop-truncation.c  -std=gnu++98  (test for warnings, line 80)
FAIL: c-c++-common/Wstringop-truncation.c  -std=gnu++98  (test for warnings, line 81)
FAIL: g++.dg/ipa/devirt-40.C  -std=gnu++11  scan-tree-dump-not fre3 "\\\\n  OBJ_TYPE_REF"
FAIL: g++.dg/ipa/devirt-40.C  -std=gnu++14  scan-tree-dump-not fre3 "\\\\n  OBJ_TYPE_REF"
FAIL: g++.dg/ipa/devirt-40.C  -std=gnu++98  scan-tree-dump-not fre3 "\\\\n  OBJ_TYPE_REF"
FAIL: g++.dg/ipa/devirt-42.C  -std=gnu++11  scan-ipa-dump-times inline "Discovered a virtual call to a known target" 2 (found 1 times)
FAIL: g++.dg/ipa/devirt-42.C  -std=gnu++11  scan-tree-dump-times optimized "return 2" 3 (found 2 times)
FAIL: g++.dg/ipa/devirt-42.C  -std=gnu++14  scan-ipa-dump-times inline "Discovered a virtual call to a known target" 2 (found 1 times)
FAIL: g++.dg/ipa/devirt-42.C  -std=gnu++14  scan-tree-dump-times optimized "return 2" 3 (found 2 times)
FAIL: g++.dg/ipa/devirt-42.C  -std=gnu++98  scan-ipa-dump-times inline "Discovered a virtual call to a known target" 2 (found 1 times)
FAIL: g++.dg/ipa/devirt-42.C  -std=gnu++98  scan-tree-dump-times optimized "return 2" 3 (found 2 times)
FAIL: g++.dg/ipa/devirt-c-8.C  -std=gnu++11  scan-ipa-dump cp "Discovered a virtual call to a known target.*A::foo"
FAIL: g++.dg/ipa/devirt-c-8.C  -std=gnu++11  scan-tree-dump-times optimized "OBJ_TYPE_REF" 0 (found 1 times)
FAIL: g++.dg/ipa/devirt-c-8.C  -std=gnu++14  scan-ipa-dump cp "Discovered a virtual call to a known target.*A::foo"
FAIL: g++.dg/ipa/devirt-c-8.C  -std=gnu++14  scan-tree-dump-times optimized "OBJ_TYPE_REF" 0 (found 1 times)
FAIL: g++.dg/ipa/devirt-c-8.C  -std=gnu++98  scan-ipa-dump cp "Discovered a virtual call to a known target.*A::foo"
FAIL: g++.dg/ipa/devirt-c-8.C  -std=gnu++98  scan-tree-dump-times optimized "OBJ_TYPE_REF" 0 (found 1 times)
FAIL: g++.dg/ipa/ipa-icf-3.C  -std=gnu++11  scan-ipa-dump icf "Equal symbols: 2"
FAIL: g++.dg/ipa/ipa-icf-3.C  -std=gnu++11  scan-ipa-dump icf "Semantic equality hit:.*bar.*->.*foo.*"
FAIL: g++.dg/ipa/ipa-icf-3.C  -std=gnu++14  scan-ipa-dump icf "Equal symbols: 2"
FAIL: g++.dg/ipa/ipa-icf-3.C  -std=gnu++14  scan-ipa-dump icf "Semantic equality hit:.*bar.*->.*foo.*"
FAIL: g++.dg/ipa/ipa-icf-3.C  -std=gnu++98  scan-ipa-dump icf "Equal symbols: 2"
FAIL: g++.dg/ipa/ipa-icf-3.C  -std=gnu++98  scan-ipa-dump icf "Semantic equality hit:.*bar.*->.*foo.*"
FAIL: g++.dg/pr80481.C  -std=gnu++11  scan-assembler-not vmovaps
FAIL: g++.dg/pr80481.C  -std=gnu++14  scan-assembler-not vmovaps
FAIL: g++.dg/pr80481.C  -std=gnu++98  scan-assembler-not vmovaps
FAIL: g++.dg/ubsan/pr82353.C   -O0   scan-rtl-dump-not reload "Inserting rematerialization insn"
FAIL: g++.dg/ubsan/pr82353.C   -O1   scan-rtl-dump-not reload "Inserting rematerialization insn"
FAIL: g++.dg/ubsan/pr82353.C   -O2   scan-rtl-dump-not reload "Inserting rematerialization insn"
FAIL: g++.dg/ubsan/pr82353.C   -O2 -flto -fno-use-linker-plugin -flto-partition=none   scan-rtl-dump-not reload "Inserting rematerialization insn"
FAIL: g++.dg/ubsan/pr82353.C   -O2 -flto -fuse-linker-plugin -fno-fat-lto-objects   scan-rtl-dump-not reload "Inserting rematerialization insn"
FAIL: g++.dg/ubsan/pr82353.C   -O3 -g   scan-rtl-dump-not reload "Inserting rematerialization insn"
FAIL: g++.dg/ubsan/pr82353.C   -Os   scan-rtl-dump-not reload "Inserting rematerialization insn"
FAIL: g++.dg/vect/slp-pr56812.cc  -std=c++11  scan-tree-dump-times slp1 "basic block vectorized" 1 (found 0 times)
FAIL: g++.dg/vect/slp-pr56812.cc  -std=c++14  scan-tree-dump-times slp1 "basic block vectorized" 1 (found 0 times)
FAIL: g++.dg/vect/slp-pr56812.cc  -std=c++98  scan-tree-dump-times slp1 "basic block vectorized" 1 (found 0 times)

		=== g++ Summary for unix/-fpic -mcmodel=medium ===

# of expected passes		121793
# of unexpected failures	128
# of expected failures		488
# of unsupported tests		4682

Running target unix/-mcmodel=medium
FAIL: g++.dg/guality/pr55665.C   -O2  line 23 p == 40
FAIL: g++.dg/vect/slp-pr56812.cc  -std=c++11  scan-tree-dump-times slp1 "basic block vectorized" 1 (found 0 times)
FAIL: g++.dg/vect/slp-pr56812.cc  -std=c++14  scan-tree-dump-times slp1 "basic block vectorized" 1 (found 0 times)
FAIL: g++.dg/vect/slp-pr56812.cc  -std=c++98  scan-tree-dump-times slp1 "basic block vectorized" 1 (found 0 times)

		=== g++ Summary for unix/-mcmodel=medium ===

# of expected passes		122030
# of unexpected failures	4
# of expected failures		488
# of unsupported tests		4644

		=== g++ Summary ===

# of expected passes		365622
# of unexpected failures	257
# of expected failures		1464
# of unsupported tests		14005
/export/gnu/import/git/gcc-test-intel64/bld/gcc/xg++  version 8.0.1 20180130 (experimental) [trunk revision 257172] (GCC) 

		=== gcc tests ===


Running target unix/-fpic
FAIL: c-c++-common/Warray-bounds-2.c  -Wc++-compat   (test for warnings, line 113)
FAIL: c-c++-common/Warray-bounds-2.c  -Wc++-compat   (test for warnings, line 126)
FAIL: c-c++-common/Warray-bounds-2.c  -Wc++-compat   (test for warnings, line 142)
FAIL: c-c++-common/Warray-bounds-2.c  -Wc++-compat   (test for warnings, line 170)
FAIL: c-c++-common/Warray-bounds-2.c  -Wc++-compat   (test for warnings, line 183)
FAIL: c-c++-common/Warray-bounds-2.c  -Wc++-compat   (test for warnings, line 197)
FAIL: c-c++-common/Warray-bounds-2.c  -Wc++-compat   (test for warnings, line 59)
FAIL: c-c++-common/Warray-bounds-2.c  -Wc++-compat   (test for warnings, line 72)
FAIL: c-c++-common/Warray-bounds-2.c  -Wc++-compat   (test for warnings, line 86)
FAIL: c-c++-common/Warray-bounds-2.c  -Wc++-compat   (test for warnings, line 99)
FAIL: c-c++-common/Warray-bounds-2.c  -Wc++-compat  memcpy (test for warnings, line 29)
FAIL: c-c++-common/Warray-bounds-2.c  -Wc++-compat  memcpy (test for warnings, line 44)
FAIL: c-c++-common/Warray-bounds-2.c  -Wc++-compat  memcpy (test for warnings, line 54)
FAIL: c-c++-common/Warray-bounds-2.c  -Wc++-compat  memcpy (test for warnings, line 67)
FAIL: c-c++-common/Warray-bounds-2.c  -Wc++-compat  strcat (test for warnings, line 81)
FAIL: c-c++-common/Warray-bounds-2.c  -Wc++-compat  strcat (test for warnings, line 94)
FAIL: c-c++-common/Warray-bounds-2.c  -Wc++-compat  strcpy (test for warnings, line 108)
FAIL: c-c++-common/Warray-bounds-2.c  -Wc++-compat  strcpy (test for warnings, line 121)
FAIL: c-c++-common/Warray-bounds-2.c  -Wc++-compat  strncpy (test for warnings, line 137)
FAIL: c-c++-common/Warray-bounds-2.c  -Wc++-compat  strncpy (test for warnings, line 165)
FAIL: c-c++-common/Warray-bounds-2.c  -Wc++-compat  strncpy (test for warnings, line 178)
FAIL: c-c++-common/Warray-bounds-2.c  -Wc++-compat  strncpy (test for warnings, line 192)
FAIL: c-c++-common/Wrestrict-2.c  -Wc++-compat  memcpy (test for warnings, line 15)
FAIL: c-c++-common/Wrestrict-2.c  -Wc++-compat  strcat (test for warnings, line 27)
FAIL: c-c++-common/Wrestrict-2.c  -Wc++-compat  strcpy (test for warnings, line 39)
FAIL: c-c++-common/Wrestrict-2.c  -Wc++-compat  strncat (test for warnings, line 51)
FAIL: c-c++-common/Wrestrict-2.c  -Wc++-compat  strncpy (test for warnings, line 63)
FAIL: c-c++-common/Wstringop-truncation.c  -Wc++-compat   (test for warnings, line 78)
FAIL: c-c++-common/Wstringop-truncation.c  -Wc++-compat   (test for warnings, line 79)
FAIL: c-c++-common/Wstringop-truncation.c  -Wc++-compat   (test for warnings, line 80)
FAIL: c-c++-common/Wstringop-truncation.c  -Wc++-compat   (test for warnings, line 81)
FAIL: gcc.dg/20050503-1.c scan-assembler-not call
FAIL: gcc.dg/Warray-bounds-22.c vla (test for warnings, line 85)
FAIL: gcc.dg/Wstringop-overflow.c  (test for warnings, line 100)
FAIL: gcc.dg/Wstringop-overflow.c  (test for warnings, line 101)
FAIL: gcc.dg/Wstringop-overflow.c  (test for warnings, line 102)
FAIL: gcc.dg/Wstringop-overflow.c  (test for warnings, line 104)
FAIL: gcc.dg/Wstringop-overflow.c  (test for warnings, line 105)
FAIL: gcc.dg/Wstringop-overflow.c  (test for warnings, line 106)
FAIL: gcc.dg/Wstringop-overflow.c  (test for warnings, line 124)
FAIL: gcc.dg/Wstringop-overflow.c  (test for warnings, line 125)
FAIL: gcc.dg/Wstringop-overflow.c  (test for warnings, line 126)
FAIL: gcc.dg/Wstringop-overflow.c  (test for warnings, line 127)
FAIL: gcc.dg/Wstringop-overflow.c  (test for warnings, line 128)
FAIL: gcc.dg/Wstringop-overflow.c  (test for warnings, line 130)
FAIL: gcc.dg/Wstringop-overflow.c  (test for warnings, line 131)
FAIL: gcc.dg/Wstringop-overflow.c  (test for warnings, line 47)
FAIL: gcc.dg/Wstringop-overflow.c  (test for warnings, line 48)
FAIL: gcc.dg/Wstringop-overflow.c  (test for warnings, line 49)
FAIL: gcc.dg/Wstringop-overflow.c  (test for warnings, line 50)
FAIL: gcc.dg/Wstringop-overflow.c  (test for warnings, line 51)
FAIL: gcc.dg/Wstringop-overflow.c  (test for warnings, line 53)
FAIL: gcc.dg/Wstringop-overflow.c  (test for warnings, line 54)
FAIL: gcc.dg/Wstringop-overflow.c  (test for warnings, line 55)
FAIL: gcc.dg/Wstringop-overflow.c  (test for warnings, line 98)
FAIL: gcc.dg/Wstringop-overflow.c  (test for warnings, line 99)
FAIL: gcc.dg/attr-alloc_size-3.c  (test for warnings, line 196)
FAIL: gcc.dg/attr-alloc_size-3.c  (test for warnings, line 197)
FAIL: gcc.dg/attr-alloc_size-3.c  (test for warnings, line 198)
FAIL: gcc.dg/attr-alloc_size-3.c  (test for warnings, line 207)
FAIL: gcc.dg/attr-alloc_size-3.c  (test for warnings, line 208)
FAIL: gcc.dg/attr-alloc_size-3.c  (test for warnings, line 209)
FAIL: gcc.dg/attr-alloc_size-3.c  (test for warnings, line 210)
FAIL: gcc.dg/attr-alloc_size-3.c  (test for warnings, line 211)
FAIL: gcc.dg/attr-alloc_size-3.c  (test for warnings, line 213)
FAIL: gcc.dg/attr-alloc_size-3.c  (test for warnings, line 216)
FAIL: gcc.dg/attr-alloc_size-3.c  (test for warnings, line 217)
FAIL: gcc.dg/attr-alloc_size-3.c  (test for warnings, line 218)
FAIL: gcc.dg/attr-alloc_size-3.c  (test for warnings, line 219)
FAIL: gcc.dg/attr-alloc_size-3.c  (test for warnings, line 220)
FAIL: gcc.dg/attr-alloc_size-3.c  (test for warnings, line 221)
FAIL: gcc.dg/attr-alloc_size-3.c  (test for warnings, line 280)
FAIL: gcc.dg/attr-alloc_size-3.c  (test for warnings, line 281)
FAIL: gcc.dg/attr-alloc_size-3.c  (test for warnings, line 282)
FAIL: gcc.dg/attr-alloc_size-3.c  (test for warnings, line 338)
FAIL: gcc.dg/attr-alloc_size-3.c  (test for warnings, line 339)
FAIL: gcc.dg/attr-alloc_size-3.c  (test for warnings, line 340)
FAIL: gcc.dg/attr-alloc_size-3.c  (test for warnings, line 396)
FAIL: gcc.dg/attr-alloc_size-3.c  (test for warnings, line 397)
FAIL: gcc.dg/attr-alloc_size-3.c  (test for warnings, line 398)
FAIL: gcc.dg/attr-alloc_size-3.c  (test for warnings, line 448)
FAIL: gcc.dg/attr-alloc_size-3.c  (test for warnings, line 463)
FAIL: gcc.dg/attr-alloc_size-3.c  (test for warnings, line 464)
FAIL: gcc.dg/attr-alloc_size-3.c  (test for warnings, line 465)
FAIL: gcc.dg/attr-alloc_size-3.c argument 2 (test for warnings, line 465)
FAIL: gcc.dg/attr-alloc_size-4.c  (test for warnings, line 101)
FAIL: gcc.dg/attr-alloc_size-4.c  (test for warnings, line 130)
FAIL: gcc.dg/attr-alloc_size-4.c  (test for warnings, line 132)
FAIL: gcc.dg/attr-alloc_size-4.c  (test for warnings, line 133)
FAIL: gcc.dg/attr-alloc_size-4.c  (test for warnings, line 138)
FAIL: gcc.dg/attr-alloc_size-4.c  (test for warnings, line 143)
FAIL: gcc.dg/attr-alloc_size-4.c  (test for warnings, line 146)
FAIL: gcc.dg/attr-alloc_size-4.c  (test for warnings, line 150)
FAIL: gcc.dg/attr-alloc_size-4.c  (test for warnings, line 187)
FAIL: gcc.dg/attr-alloc_size-4.c  (test for warnings, line 198)
FAIL: gcc.dg/attr-alloc_size-4.c  (test for warnings, line 200)
FAIL: gcc.dg/attr-alloc_size-4.c argument 2 (test for warnings, line 200)
FAIL: gcc.dg/attr-alloc_size-7.c  (test for warnings, line 27)
FAIL: gcc.dg/attr-alloc_size-7.c  (test for warnings, line 30)
FAIL: gcc.dg/attr-alloc_size-7.c  (test for warnings, line 35)
FAIL: gcc.dg/attr-alloc_size-7.c  (test for warnings, line 36)
FAIL: gcc.dg/attr-alloc_size-7.c  (test for warnings, line 39)
FAIL: gcc.dg/attr-alloc_size-7.c  (test for warnings, line 42)
FAIL: gcc.dg/attr-alloc_size-7.c  (test for warnings, line 57)
FAIL: gcc.dg/attr-alloc_size-7.c  (test for warnings, line 60)
FAIL: gcc.dg/attr-alloc_size-7.c  (test for warnings, line 65)
FAIL: gcc.dg/attr-alloc_size-7.c  (test for warnings, line 66)
FAIL: gcc.dg/attr-alloc_size-7.c  (test for warnings, line 69)
FAIL: gcc.dg/attr-alloc_size-7.c  (test for warnings, line 72)
FAIL: gcc.dg/attr-alloc_size-8.c  (test for warnings, line 39)
FAIL: gcc.dg/attr-alloc_size-8.c  (test for warnings, line 50)
FAIL: gcc.dg/attr-alloc_size-8.c  (test for warnings, line 60)
FAIL: gcc.dg/attr-alloc_size-8.c (test for excess errors)
FAIL: gcc.dg/builtin-alloc-size.c scan-tree-dump-not optimized "abort"
FAIL: gcc.dg/builtin-stpncpy.c  (test for warnings, line 76)
FAIL: gcc.dg/builtins-nonnull.c  (test for warnings, line 101)
FAIL: gcc.dg/builtins-nonnull.c  (test for warnings, line 102)
FAIL: gcc.dg/builtins-nonnull.c  (test for warnings, line 122)
FAIL: gcc.dg/builtins-nonnull.c  (test for warnings, line 123)
FAIL: gcc.dg/builtins-nonnull.c  (test for warnings, line 125)
FAIL: gcc.dg/builtins-nonnull.c  (test for warnings, line 127)
FAIL: gcc.dg/builtins-nonnull.c  (test for warnings, line 128)
FAIL: gcc.dg/builtins-nonnull.c  (test for warnings, line 130)
FAIL: gcc.dg/builtins-nonnull.c  (test for warnings, line 131)
FAIL: gcc.dg/builtins-nonnull.c  (test for warnings, line 133)
FAIL: gcc.dg/builtins-nonnull.c  (test for warnings, line 134)
FAIL: gcc.dg/builtins-nonnull.c  (test for warnings, line 136)
FAIL: gcc.dg/builtins-nonnull.c  (test for warnings, line 137)
FAIL: gcc.dg/builtins-nonnull.c  (test for warnings, line 139)
FAIL: gcc.dg/builtins-nonnull.c  (test for warnings, line 140)
FAIL: gcc.dg/builtins-nonnull.c  (test for warnings, line 157)
FAIL: gcc.dg/builtins-nonnull.c  (test for warnings, line 158)
FAIL: gcc.dg/builtins-nonnull.c  (test for warnings, line 160)
FAIL: gcc.dg/builtins-nonnull.c  (test for warnings, line 161)
FAIL: gcc.dg/builtins-nonnull.c  (test for warnings, line 163)
FAIL: gcc.dg/builtins-nonnull.c  (test for warnings, line 164)
FAIL: gcc.dg/builtins-nonnull.c  (test for warnings, line 166)
FAIL: gcc.dg/builtins-nonnull.c  (test for warnings, line 168)
FAIL: gcc.dg/builtins-nonnull.c  (test for warnings, line 169)
FAIL: gcc.dg/builtins-nonnull.c  (test for warnings, line 171)
FAIL: gcc.dg/builtins-nonnull.c  (test for warnings, line 173)
FAIL: gcc.dg/builtins-nonnull.c  (test for warnings, line 174)
FAIL: gcc.dg/builtins-nonnull.c  (test for warnings, line 177)
FAIL: gcc.dg/builtins-nonnull.c  (test for warnings, line 179)
FAIL: gcc.dg/builtins-nonnull.c  (test for warnings, line 180)
FAIL: gcc.dg/builtins-nonnull.c  (test for warnings, line 183)
FAIL: gcc.dg/builtins-nonnull.c  (test for warnings, line 217)
FAIL: gcc.dg/builtins-nonnull.c  (test for warnings, line 218)
FAIL: gcc.dg/builtins-nonnull.c  (test for warnings, line 220)
FAIL: gcc.dg/builtins-nonnull.c  (test for warnings, line 221)
FAIL: gcc.dg/builtins-nonnull.c  (test for warnings, line 223)
FAIL: gcc.dg/builtins-nonnull.c  (test for warnings, line 225)
FAIL: gcc.dg/builtins-nonnull.c  (test for warnings, line 227)
FAIL: gcc.dg/builtins-nonnull.c  (test for warnings, line 229)
FAIL: gcc.dg/builtins-nonnull.c  (test for warnings, line 230)
FAIL: gcc.dg/builtins-nonnull.c  (test for warnings, line 233)
FAIL: gcc.dg/builtins-nonnull.c  (test for warnings, line 235)
FAIL: gcc.dg/builtins-nonnull.c  (test for warnings, line 236)
FAIL: gcc.dg/builtins-nonnull.c  (test for warnings, line 239)
FAIL: gcc.dg/builtins-nonnull.c  (test for warnings, line 29)
FAIL: gcc.dg/builtins-nonnull.c  (test for warnings, line 31)
FAIL: gcc.dg/builtins-nonnull.c  (test for warnings, line 32)
FAIL: gcc.dg/builtins-nonnull.c  (test for warnings, line 34)
FAIL: gcc.dg/builtins-nonnull.c  (test for warnings, line 35)
FAIL: gcc.dg/builtins-nonnull.c  (test for warnings, line 37)
FAIL: gcc.dg/builtins-nonnull.c  (test for warnings, line 38)
FAIL: gcc.dg/builtins-nonnull.c  (test for warnings, line 40)
FAIL: gcc.dg/builtins-nonnull.c  (test for warnings, line 54)
FAIL: gcc.dg/builtins-nonnull.c  (test for warnings, line 55)
FAIL: gcc.dg/builtins-nonnull.c  (test for warnings, line 57)
FAIL: gcc.dg/builtins-nonnull.c  (test for warnings, line 58)
FAIL: gcc.dg/builtins-nonnull.c  (test for warnings, line 60)
FAIL: gcc.dg/builtins-nonnull.c  (test for warnings, line 61)
FAIL: gcc.dg/builtins-nonnull.c  (test for warnings, line 63)
FAIL: gcc.dg/builtins-nonnull.c  (test for warnings, line 79)
FAIL: gcc.dg/builtins-nonnull.c  (test for warnings, line 80)
FAIL: gcc.dg/builtins-nonnull.c  (test for warnings, line 82)
FAIL: gcc.dg/builtins-nonnull.c  (test for warnings, line 84)
FAIL: gcc.dg/builtins-nonnull.c  (test for warnings, line 85)
FAIL: gcc.dg/builtins-nonnull.c  (test for warnings, line 87)
FAIL: gcc.dg/builtins-nonnull.c  (test for warnings, line 88)
FAIL: gcc.dg/builtins-nonnull.c  (test for warnings, line 90)
FAIL: gcc.dg/builtins-nonnull.c  (test for warnings, line 91)
FAIL: gcc.dg/builtins-nonnull.c  (test for warnings, line 93)
FAIL: gcc.dg/builtins-nonnull.c  (test for warnings, line 94)
FAIL: gcc.dg/builtins-nonnull.c  (test for warnings, line 96)
FAIL: gcc.dg/builtins-nonnull.c  (test for warnings, line 98)
FAIL: gcc.dg/builtins-nonnull.c  (test for warnings, line 99)
FAIL: gcc.dg/nonnull-4.c  (test for warnings, line 35)
FAIL: gcc.dg/nonnull-4.c  (test for warnings, line 38)
FAIL: gcc.dg/nonnull-4.c  (test for warnings, line 40)
FAIL: gcc.dg/nonnull-4.c  (test for warnings, line 42)
FAIL: gcc.dg/nonnull-4.c  (test for warnings, line 43)
FAIL: gcc.dg/nonnull-4.c  (test for warnings, line 44)
FAIL: gcc.dg/nonnull-4.c  (test for warnings, line 47)
FAIL: gcc.dg/nonnull-4.c  (test for warnings, line 49)
FAIL: gcc.dg/nonnull-4.c  (test for warnings, line 50)
FAIL: gcc.dg/nonnull-4.c  (test for warnings, line 51)
FAIL: gcc.dg/nonnull-4.c  (test for warnings, line 52)
FAIL: gcc.dg/nonnull-4.c  (test for warnings, line 55)
FAIL: gcc.dg/nonnull-4.c  (test for warnings, line 56)
FAIL: gcc.dg/nonnull-4.c  (test for warnings, line 58)
FAIL: gcc.dg/nonnull-4.c  (test for warnings, line 60)
FAIL: gcc.dg/nonnull-4.c  (test for warnings, line 62)
FAIL: gcc.dg/nonnull-4.c  (test for warnings, line 63)
FAIL: gcc.dg/nonnull-4.c  (test for warnings, line 66)
FAIL: gcc.dg/nonnull-4.c  (test for warnings, line 67)
FAIL: gcc.dg/nonnull-4.c  (test for warnings, line 68)
FAIL: gcc.dg/nonnull-4.c  (test for warnings, line 70)
FAIL: gcc.dg/nonnull-4.c  (test for warnings, line 71)
FAIL: gcc.dg/nonnull-4.c  (test for warnings, line 72)
FAIL: gcc.dg/nonnull-4.c  (test for warnings, line 73)
FAIL: gcc.dg/nonnull-4.c  (test for warnings, line 78)
FAIL: gcc.dg/nonnull-4.c argument 2 (test for warnings, line 44)
FAIL: gcc.dg/nonnull-4.c argument 3 (test for warnings, line 52)
FAIL: gcc.dg/pr78973-2.c ilp32 (test for warnings, line 16)
FAIL: gcc.dg/pr78973.c pr79073 (test for warnings, line 12)
FAIL: gcc.dg/pr79214.c  (test for warnings, line 25)
FAIL: gcc.dg/pr79214.c  (test for warnings, line 30)
FAIL: gcc.dg/pr79214.c  (test for warnings, line 35)
FAIL: gcc.dg/pr79214.c  (test for warnings, line 40)
FAIL: gcc.dg/pr79214.c  (test for warnings, line 45)
FAIL: gcc.dg/pr79214.c  (test for warnings, line 66)
FAIL: gcc.dg/pr79214.c  (test for warnings, line 80)
FAIL: gcc.dg/pr79214.c  (test for warnings, line 87)
FAIL: gcc.dg/pr79223.c  (test for warnings, line 26)
FAIL: gcc.dg/pr79223.c  (test for warnings, line 31)
FAIL: gcc.dg/pr79223.c  (test for warnings, line 36)
FAIL: gcc.dg/graphite/interchange-3.c scan-tree-dump graphite "tiled"
FAIL: gcc.dg/graphite/interchange-7.c scan-tree-dump graphite "tiled"
FAIL: gcc.dg/graphite/interchange-9.c scan-tree-dump graphite "tiled"
FAIL: gcc.dg/graphite/uns-interchange-9.c scan-tree-dump graphite "tiled"
XPASS: gcc.dg/guality/example.c   -O0  execution test
XPASS: gcc.dg/guality/example.c   -O1  execution test
XPASS: gcc.dg/guality/guality.c   -O0  execution test
XPASS: gcc.dg/guality/guality.c   -O1  execution test
XPASS: gcc.dg/guality/guality.c   -O2  execution test
XPASS: gcc.dg/guality/guality.c   -O2 -flto -fno-use-linker-plugin -flto-partition=none  execution test
XPASS: gcc.dg/guality/guality.c   -O2 -flto -fuse-linker-plugin -fno-fat-lto-objects  execution test
XPASS: gcc.dg/guality/guality.c   -O3 -g  execution test
XPASS: gcc.dg/guality/guality.c   -Os  execution test
XPASS: gcc.dg/guality/inline-params.c   -O2  execution test
XPASS: gcc.dg/guality/inline-params.c   -O2 -flto -fno-use-linker-plugin -flto-partition=none  execution test
XPASS: gcc.dg/guality/inline-params.c   -O2 -flto -fuse-linker-plugin -fno-fat-lto-objects  execution test
XPASS: gcc.dg/guality/inline-params.c   -O3 -g  execution test
XPASS: gcc.dg/guality/inline-params.c   -Os  execution test
FAIL: gcc.dg/guality/pr36728-2.c   -O1  line 18 *x == (char) 25
FAIL: gcc.dg/guality/pr36728-2.c   -O2  line 18 *x == (char) 25
FAIL: gcc.dg/guality/pr36728-2.c   -O2 -flto -fno-use-linker-plugin -flto-partition=none  line 18 *x == (char) 25
FAIL: gcc.dg/guality/pr36728-2.c   -O3 -g  line 18 *x == (char) 25
FAIL: gcc.dg/guality/pr36728-2.c   -Os  line 18 *x == (char) 25
XPASS: gcc.dg/guality/pr41353-1.c   -O0  line 28 j == 28 + 37
FAIL: gcc.dg/guality/pr41447-1.c   -O2  execution test
FAIL: gcc.dg/guality/pr41447-1.c   -O2 -flto -fno-use-linker-plugin -flto-partition=none  execution test
FAIL: gcc.dg/guality/pr41447-1.c   -O3 -g  execution test
FAIL: gcc.dg/guality/pr41447-1.c   -Os  execution test
FAIL: gcc.dg/guality/pr41616-1.c   -O2 -flto -fuse-linker-plugin -fno-fat-lto-objects  execution test
FAIL: gcc.dg/guality/pr45882.c   -O2 -flto -fuse-linker-plugin -fno-fat-lto-objects  line 16 d == 112
FAIL: gcc.dg/guality/pr45882.c   -O2 -flto -fuse-linker-plugin -fno-fat-lto-objects  line 16 e == 142
FAIL: gcc.dg/guality/pr54519-1.c   -O2 -flto -fno-use-linker-plugin -flto-partition=none  line 20 y == 25
FAIL: gcc.dg/guality/pr54519-1.c   -O2 -flto -fno-use-linker-plugin -flto-partition=none  line 20 z == 6
FAIL: gcc.dg/guality/pr54519-1.c   -O2 -flto -fno-use-linker-plugin -flto-partition=none  line 23 y == 117
FAIL: gcc.dg/guality/pr54519-1.c   -O2 -flto -fno-use-linker-plugin -flto-partition=none  line 23 z == 8
FAIL: gcc.dg/guality/pr54519-2.c   -O2 -flto -fno-use-linker-plugin -flto-partition=none  line 17 y == 25
FAIL: gcc.dg/guality/pr54519-2.c   -O2 -flto -fuse-linker-plugin -fno-fat-lto-objects  line 17 y == 25
FAIL: gcc.dg/guality/pr54519-3.c   -O2 -flto -fno-use-linker-plugin -flto-partition=none  line 20 y == 25
FAIL: gcc.dg/guality/pr54519-3.c   -O2 -flto -fno-use-linker-plugin -flto-partition=none  line 20 z == 6
FAIL: gcc.dg/guality/pr54519-3.c   -O2 -flto -fno-use-linker-plugin -flto-partition=none  line 23 y == 117
FAIL: gcc.dg/guality/pr54519-3.c   -O2 -flto -fno-use-linker-plugin -flto-partition=none  line 23 z == 8
FAIL: gcc.dg/guality/pr54519-3.c   -O2 -flto -fuse-linker-plugin -fno-fat-lto-objects  line 20 y == 25
FAIL: gcc.dg/guality/pr54519-3.c   -O2 -flto -fuse-linker-plugin -fno-fat-lto-objects  line 20 z == 6
FAIL: gcc.dg/guality/pr54519-3.c   -O2 -flto -fuse-linker-plugin -fno-fat-lto-objects  line 23 y == 117
FAIL: gcc.dg/guality/pr54519-3.c   -O2 -flto -fuse-linker-plugin -fno-fat-lto-objects  line 23 z == 8
FAIL: gcc.dg/guality/pr54519-4.c   -O2 -flto -fno-use-linker-plugin -flto-partition=none  line 17 y == 25
FAIL: gcc.dg/guality/pr54519-4.c   -O2 -flto -fuse-linker-plugin -fno-fat-lto-objects  line 17 y == 25
FAIL: gcc.dg/guality/pr54519-5.c   -O2 -flto -fno-use-linker-plugin -flto-partition=none  line 17 y == 25
FAIL: gcc.dg/guality/pr54519-5.c   -O2 -flto -fuse-linker-plugin -fno-fat-lto-objects  line 17 y == 25
XPASS: gcc.dg/guality/pr54970.c   -O0  line 31 a[0] == 4
XPASS: gcc.dg/guality/pr54970.c   -O0  line 36 a[0] == 4
XPASS: gcc.dg/guality/pr54970.c   -O0  line 45 a[0] == 4
XPASS: gcc.dg/guality/pr54970.c   -O0  line 45 p[-2] == 4
XPASS: gcc.dg/guality/pr54970.c   -O0  line 45 q[-1] == 4
FAIL: gcc.dg/guality/pr68860-1.c   -O2 -flto -fno-use-linker-plugin -flto-partition=none  line 14 arg1 == 1
FAIL: gcc.dg/guality/pr68860-1.c   -O2 -flto -fno-use-linker-plugin -flto-partition=none  line 14 arg2 == 2
FAIL: gcc.dg/guality/pr68860-1.c   -O2 -flto -fno-use-linker-plugin -flto-partition=none  line 14 arg3 == 3
FAIL: gcc.dg/guality/pr68860-1.c   -O2 -flto -fno-use-linker-plugin -flto-partition=none  line 14 arg4 == 4
FAIL: gcc.dg/guality/pr68860-1.c   -O2 -flto -fno-use-linker-plugin -flto-partition=none  line 14 arg5 == 5
FAIL: gcc.dg/guality/pr68860-1.c   -O2 -flto -fno-use-linker-plugin -flto-partition=none  line 14 arg6 == 6
FAIL: gcc.dg/guality/pr68860-1.c   -O2 -flto -fno-use-linker-plugin -flto-partition=none  line 16 arg1 == 1
FAIL: gcc.dg/guality/pr68860-1.c   -O2 -flto -fno-use-linker-plugin -flto-partition=none  line 16 arg2 == 2
FAIL: gcc.dg/guality/pr68860-1.c   -O2 -flto -fno-use-linker-plugin -flto-partition=none  line 16 arg3 == 3
FAIL: gcc.dg/guality/pr68860-1.c   -O2 -flto -fno-use-linker-plugin -flto-partition=none  line 16 arg4 == 4
FAIL: gcc.dg/guality/pr68860-1.c   -O2 -flto -fno-use-linker-plugin -flto-partition=none  line 16 arg5 == 5
FAIL: gcc.dg/guality/pr68860-1.c   -O2 -flto -fno-use-linker-plugin -flto-partition=none  line 16 arg6 == 6
FAIL: gcc.dg/guality/pr68860-1.c   -O2 -flto -fuse-linker-plugin -fno-fat-lto-objects  line 14 arg1 == 1
FAIL: gcc.dg/guality/pr68860-1.c   -O2 -flto -fuse-linker-plugin -fno-fat-lto-objects  line 14 arg2 == 2
FAIL: gcc.dg/guality/pr68860-1.c   -O2 -flto -fuse-linker-plugin -fno-fat-lto-objects  line 14 arg3 == 3
FAIL: gcc.dg/guality/pr68860-1.c   -O2 -flto -fuse-linker-plugin -fno-fat-lto-objects  line 14 arg4 == 4
FAIL: gcc.dg/guality/pr68860-1.c   -O2 -flto -fuse-linker-plugin -fno-fat-lto-objects  line 14 arg5 == 5
FAIL: gcc.dg/guality/pr68860-1.c   -O2 -flto -fuse-linker-plugin -fno-fat-lto-objects  line 14 arg6 == 6
FAIL: gcc.dg/guality/pr68860-1.c   -O2 -flto -fuse-linker-plugin -fno-fat-lto-objects  line 16 arg1 == 1
FAIL: gcc.dg/guality/pr68860-1.c   -O2 -flto -fuse-linker-plugin -fno-fat-lto-objects  line 16 arg2 == 2
FAIL: gcc.dg/guality/pr68860-1.c   -O2 -flto -fuse-linker-plugin -fno-fat-lto-objects  line 16 arg3 == 3
FAIL: gcc.dg/guality/pr68860-1.c   -O2 -flto -fuse-linker-plugin -fno-fat-lto-objects  line 16 arg4 == 4
FAIL: gcc.dg/guality/pr68860-1.c   -O2 -flto -fuse-linker-plugin -fno-fat-lto-objects  line 16 arg5 == 5
FAIL: gcc.dg/guality/pr68860-1.c   -O2 -flto -fuse-linker-plugin -fno-fat-lto-objects  line 16 arg6 == 6
FAIL: gcc.dg/guality/sra-1.c   -O2  line 43 a.j == 14
FAIL: gcc.dg/guality/sra-1.c   -O2 -flto -fno-use-linker-plugin -flto-partition=none  line 43 a.j == 14
FAIL: gcc.dg/guality/sra-1.c   -O3 -g  line 43 a.j == 14
FAIL: gcc.dg/guality/sra-1.c   -Os  line 43 a.j == 14
FAIL: gcc.dg/guality/vla-1.c   -O1  line 17 sizeof (a) == 6
FAIL: gcc.dg/guality/vla-1.c   -O2  line 17 sizeof (a) == 6
FAIL: gcc.dg/guality/vla-1.c   -O2 -flto -fno-use-linker-plugin -flto-partition=none  line 17 sizeof (a) == 6
FAIL: gcc.dg/guality/vla-1.c   -O2 -flto -fno-use-linker-plugin -flto-partition=none  line 24 sizeof (a) == 17 * sizeof (short)
FAIL: gcc.dg/guality/vla-1.c   -O2 -flto -fuse-linker-plugin -fno-fat-lto-objects  line 17 sizeof (a) == 6
FAIL: gcc.dg/guality/vla-1.c   -O2 -flto -fuse-linker-plugin -fno-fat-lto-objects  line 24 sizeof (a) == 17 * sizeof (short)
FAIL: gcc.dg/guality/vla-1.c   -O3 -g  line 17 sizeof (a) == 6
FAIL: gcc.dg/guality/vla-1.c   -Os  line 17 sizeof (a) == 6
FAIL: gcc.dg/ipa/inline-2.c scan-ipa-dump inline "op2 change 10.000000. of time"
FAIL: gcc.dg/ipa/inline-3.c scan-ipa-dump inline "Scaling time by probability:0.100000"
FAIL: gcc.dg/ipa/inline-7.c scan-tree-dump-times einline "Inlining a into m" 1 (found 0 times)
FAIL: gcc.dg/ipa/inline-8.c execution test
FAIL: gcc.dg/ipa/ipa-icf-28.c scan-ipa-dump icf "different decl attributes"
FAIL: gcc.dg/ipa/ipa-icf-merge-1.c scan-ipa-dump icf "= foo \\\\(\\\\);"
FAIL: gcc.dg/lto/chkp-ctor-merge c_lto_chkp-ctor-merge_0.o-c_lto_chkp-ctor-merge_0.o link,  -O2 -flto -fcheck-pointer-bounds -mmpx -nodefaultlibs -lc  (internal compiler error)
FAIL: gcc.dg/tree-prof/inliner-1.c scan-tree-dump optimized "cold_function ..;"
FAIL: gcc.dg/tree-ssa/builtin-snprintf-warn-1.c  (test for warnings, line 40)
FAIL: gcc.dg/tree-ssa/builtin-snprintf-warn-1.c  (test for warnings, line 41)
FAIL: gcc.dg/tree-ssa/builtin-snprintf-warn-1.c  (test for warnings, line 42)
FAIL: gcc.dg/tree-ssa/builtin-snprintf-warn-1.c  (test for warnings, line 78)
FAIL: gcc.dg/tree-ssa/builtin-snprintf-warn-2.c  (test for warnings, line 39)
FAIL: gcc.dg/tree-ssa/builtin-snprintf-warn-2.c  (test for warnings, line 66)
FAIL: gcc.dg/tree-ssa/builtin-snprintf-warn-2.c (test for excess errors)
FAIL: gcc.dg/tree-ssa/builtin-sprintf-5.c scan-tree-dump-not optimized "failure_on_line"
FAIL: gcc.dg/tree-ssa/builtin-sprintf-5.c scan-tree-dump-not optimized "snprintf"
FAIL: gcc.dg/tree-ssa/builtin-sprintf-warn-11.c  (test for warnings, line 132)
FAIL: gcc.dg/tree-ssa/builtin-sprintf-warn-11.c  (test for warnings, line 134)
FAIL: gcc.dg/tree-ssa/builtin-sprintf-warn-11.c  (test for warnings, line 143)
FAIL: gcc.dg/tree-ssa/builtin-sprintf-warn-11.c  (test for warnings, line 144)
FAIL: gcc.dg/tree-ssa/builtin-sprintf-warn-11.c  (test for warnings, line 145)
FAIL: gcc.dg/tree-ssa/builtin-sprintf-warn-11.c  (test for warnings, line 146)
FAIL: gcc.dg/tree-ssa/builtin-sprintf-warn-11.c  (test for warnings, line 147)
FAIL: gcc.dg/tree-ssa/builtin-sprintf-warn-11.c  (test for warnings, line 148)
FAIL: gcc.dg/tree-ssa/builtin-sprintf-warn-11.c  (test for warnings, line 149)
FAIL: gcc.dg/tree-ssa/builtin-sprintf-warn-11.c  (test for warnings, line 152)
FAIL: gcc.dg/tree-ssa/builtin-sprintf-warn-11.c  (test for warnings, line 153)
FAIL: gcc.dg/tree-ssa/builtin-sprintf-warn-11.c  (test for warnings, line 155)
FAIL: gcc.dg/tree-ssa/builtin-sprintf-warn-11.c  (test for warnings, line 156)
FAIL: gcc.dg/tree-ssa/builtin-sprintf-warn-11.c  (test for warnings, line 159)
FAIL: gcc.dg/tree-ssa/builtin-sprintf-warn-11.c  (test for warnings, line 160)
FAIL: gcc.dg/tree-ssa/builtin-sprintf-warn-11.c  (test for warnings, line 164)
FAIL: gcc.dg/tree-ssa/builtin-sprintf-warn-11.c  (test for warnings, line 165)
FAIL: gcc.dg/tree-ssa/builtin-sprintf-warn-11.c  (test for warnings, line 167)
FAIL: gcc.dg/tree-ssa/builtin-sprintf-warn-11.c  (test for warnings, line 168)
FAIL: gcc.dg/tree-ssa/builtin-sprintf-warn-11.c  (test for warnings, line 216)
FAIL: gcc.dg/tree-ssa/builtin-sprintf-warn-11.c  (test for warnings, line 221)
FAIL: gcc.dg/tree-ssa/builtin-sprintf-warn-11.c  (test for warnings, line 222)
FAIL: gcc.dg/tree-ssa/builtin-sprintf-warn-11.c  (test for warnings, line 223)
FAIL: gcc.dg/tree-ssa/builtin-sprintf-warn-11.c  (test for warnings, line 224)
FAIL: gcc.dg/tree-ssa/builtin-sprintf-warn-11.c  (test for warnings, line 225)
FAIL: gcc.dg/tree-ssa/builtin-sprintf-warn-11.c  (test for warnings, line 226)
FAIL: gcc.dg/tree-ssa/builtin-sprintf-warn-11.c  (test for warnings, line 227)
FAIL: gcc.dg/tree-ssa/builtin-sprintf-warn-11.c  (test for warnings, line 228)
FAIL: gcc.dg/tree-ssa/builtin-sprintf-warn-11.c  (test for warnings, line 229)
FAIL: gcc.dg/tree-ssa/builtin-sprintf-warn-11.c  (test for warnings, line 230)
FAIL: gcc.dg/tree-ssa/builtin-sprintf-warn-11.c  (test for warnings, line 231)
FAIL: gcc.dg/tree-ssa/builtin-sprintf-warn-11.c  (test for warnings, line 232)
FAIL: gcc.dg/tree-ssa/builtin-sprintf-warn-11.c  (test for warnings, line 233)
FAIL: gcc.dg/tree-ssa/builtin-sprintf-warn-11.c  (test for warnings, line 235)
FAIL: gcc.dg/tree-ssa/builtin-sprintf-warn-11.c  (test for warnings, line 236)
FAIL: gcc.dg/tree-ssa/builtin-sprintf-warn-11.c  (test for warnings, line 237)
FAIL: gcc.dg/tree-ssa/builtin-sprintf-warn-11.c  (test for warnings, line 238)
FAIL: gcc.dg/tree-ssa/builtin-sprintf-warn-11.c  (test for warnings, line 239)
FAIL: gcc.dg/tree-ssa/builtin-sprintf-warn-11.c  (test for warnings, line 240)
FAIL: gcc.dg/tree-ssa/builtin-sprintf-warn-11.c  (test for warnings, line 241)
FAIL: gcc.dg/tree-ssa/builtin-sprintf-warn-11.c  (test for warnings, line 242)
FAIL: gcc.dg/tree-ssa/builtin-sprintf-warn-11.c  (test for warnings, line 243)
FAIL: gcc.dg/tree-ssa/builtin-sprintf-warn-11.c  (test for warnings, line 244)
FAIL: gcc.dg/tree-ssa/builtin-sprintf-warn-11.c  (test for warnings, line 245)
FAIL: gcc.dg/tree-ssa/builtin-sprintf-warn-11.c  (test for warnings, line 246)
FAIL: gcc.dg/tree-ssa/builtin-sprintf-warn-11.c  (test for warnings, line 275)
FAIL: gcc.dg/tree-ssa/builtin-sprintf-warn-11.c  (test for warnings, line 277)
FAIL: gcc.dg/tree-ssa/builtin-sprintf-warn-11.c  (test for warnings, line 278)
FAIL: gcc.dg/tree-ssa/builtin-sprintf-warn-11.c  (test for warnings, line 279)
FAIL: gcc.dg/tree-ssa/builtin-sprintf-warn-11.c  (test for warnings, line 287)
FAIL: gcc.dg/tree-ssa/builtin-sprintf-warn-11.c  (test for warnings, line 289)
FAIL: gcc.dg/tree-ssa/builtin-sprintf-warn-11.c  (test for warnings, line 290)
FAIL: gcc.dg/tree-ssa/builtin-sprintf-warn-11.c  (test for warnings, line 291)
FAIL: gcc.dg/tree-ssa/builtin-sprintf-warn-11.c  (test for warnings, line 292)
FAIL: gcc.dg/tree-ssa/builtin-sprintf-warn-11.c  (test for warnings, line 298)
FAIL: gcc.dg/tree-ssa/builtin-sprintf-warn-11.c  (test for warnings, line 299)
FAIL: gcc.dg/tree-ssa/builtin-sprintf-warn-11.c  (test for warnings, line 300)
FAIL: gcc.dg/tree-ssa/builtin-sprintf-warn-11.c  (test for warnings, line 301)
FAIL: gcc.dg/tree-ssa/builtin-sprintf-warn-11.c  (test for warnings, line 303)
FAIL: gcc.dg/tree-ssa/builtin-sprintf-warn-11.c  (test for warnings, line 304)
FAIL: gcc.dg/tree-ssa/builtin-sprintf-warn-11.c  (test for warnings, line 305)
FAIL: gcc.dg/tree-ssa/builtin-sprintf-warn-11.c  (test for warnings, line 308)
FAIL: gcc.dg/tree-ssa/builtin-sprintf-warn-11.c  (test for warnings, line 309)
FAIL: gcc.dg/tree-ssa/builtin-sprintf-warn-11.c  (test for warnings, line 310)
FAIL: gcc.dg/tree-ssa/builtin-sprintf-warn-11.c  (test for warnings, line 311)
FAIL: gcc.dg/tree-ssa/builtin-sprintf-warn-11.c  (test for warnings, line 312)
FAIL: gcc.dg/tree-ssa/builtin-sprintf-warn-11.c (test for excess errors)
FAIL: gcc.dg/tree-ssa/builtin-sprintf-warn-12.c  (test for warnings, line 101)
FAIL: gcc.dg/tree-ssa/builtin-sprintf-warn-12.c  (test for warnings, line 103)
FAIL: gcc.dg/tree-ssa/builtin-sprintf-warn-12.c  (test for warnings, line 105)
FAIL: gcc.dg/tree-ssa/builtin-sprintf-warn-12.c  (test for warnings, line 111)
FAIL: gcc.dg/tree-ssa/builtin-sprintf-warn-12.c  (test for warnings, line 114)
FAIL: gcc.dg/tree-ssa/builtin-sprintf-warn-12.c  (test for warnings, line 118)
FAIL: gcc.dg/tree-ssa/builtin-sprintf-warn-12.c  (test for warnings, line 121)
FAIL: gcc.dg/tree-ssa/builtin-sprintf-warn-12.c  (test for warnings, line 124)
FAIL: gcc.dg/tree-ssa/builtin-sprintf-warn-12.c  (test for warnings, line 128)
FAIL: gcc.dg/tree-ssa/builtin-sprintf-warn-12.c  (test for warnings, line 154)
FAIL: gcc.dg/tree-ssa/builtin-sprintf-warn-12.c  (test for warnings, line 155)
FAIL: gcc.dg/tree-ssa/builtin-sprintf-warn-12.c  (test for warnings, line 161)
FAIL: gcc.dg/tree-ssa/builtin-sprintf-warn-12.c  (test for warnings, line 162)
FAIL: gcc.dg/tree-ssa/builtin-sprintf-warn-12.c  (test for warnings, line 163)
FAIL: gcc.dg/tree-ssa/builtin-sprintf-warn-12.c  (test for warnings, line 164)
FAIL: gcc.dg/tree-ssa/builtin-sprintf-warn-12.c  (test for warnings, line 165)
FAIL: gcc.dg/tree-ssa/builtin-sprintf-warn-12.c  (test for warnings, line 166)
FAIL: gcc.dg/tree-ssa/builtin-sprintf-warn-12.c  (test for warnings, line 167)
FAIL: gcc.dg/tree-ssa/builtin-sprintf-warn-12.c  (test for warnings, line 168)
FAIL: gcc.dg/tree-ssa/builtin-sprintf-warn-12.c  (test for warnings, line 169)
FAIL: gcc.dg/tree-ssa/builtin-sprintf-warn-12.c  (test for warnings, line 170)
FAIL: gcc.dg/tree-ssa/builtin-sprintf-warn-12.c  (test for warnings, line 171)
FAIL: gcc.dg/tree-ssa/builtin-sprintf-warn-12.c  (test for warnings, line 174)
FAIL: gcc.dg/tree-ssa/builtin-sprintf-warn-12.c  (test for warnings, line 182)
FAIL: gcc.dg/tree-ssa/builtin-sprintf-warn-12.c  (test for warnings, line 185)
FAIL: gcc.dg/tree-ssa/builtin-sprintf-warn-12.c  (test for warnings, line 193)
FAIL: gcc.dg/tree-ssa/builtin-sprintf-warn-12.c  (test for warnings, line 195)
FAIL: gcc.dg/tree-ssa/builtin-sprintf-warn-12.c  (test for warnings, line 201)
FAIL: gcc.dg/tree-ssa/builtin-sprintf-warn-12.c  (test for warnings, line 202)
FAIL: gcc.dg/tree-ssa/builtin-sprintf-warn-12.c  (test for warnings, line 203)
FAIL: gcc.dg/tree-ssa/builtin-sprintf-warn-12.c  (test for warnings, line 204)
FAIL: gcc.dg/tree-ssa/builtin-sprintf-warn-12.c  (test for warnings, line 205)
FAIL: gcc.dg/tree-ssa/builtin-sprintf-warn-12.c  (test for warnings, line 206)
FAIL: gcc.dg/tree-ssa/builtin-sprintf-warn-12.c  (test for warnings, line 207)
FAIL: gcc.dg/tree-ssa/builtin-sprintf-warn-12.c  (test for warnings, line 208)
FAIL: gcc.dg/tree-ssa/builtin-sprintf-warn-12.c  (test for warnings, line 209)
FAIL: gcc.dg/tree-ssa/builtin-sprintf-warn-12.c  (test for warnings, line 212)
FAIL: gcc.dg/tree-ssa/builtin-sprintf-warn-12.c  (test for warnings, line 223)
FAIL: gcc.dg/tree-ssa/builtin-sprintf-warn-12.c  (test for warnings, line 227)
FAIL: gcc.dg/tree-ssa/builtin-sprintf-warn-12.c  (test for warnings, line 66)
FAIL: gcc.dg/tree-ssa/builtin-sprintf-warn-12.c  (test for warnings, line 67)
FAIL: gcc.dg/tree-ssa/builtin-sprintf-warn-12.c  (test for warnings, line 68)
FAIL: gcc.dg/tree-ssa/builtin-sprintf-warn-12.c  (test for warnings, line 69)
FAIL: gcc.dg/tree-ssa/builtin-sprintf-warn-12.c  (test for warnings, line 73)
FAIL: gcc.dg/tree-ssa/builtin-sprintf-warn-12.c  (test for warnings, line 74)
FAIL: gcc.dg/tree-ssa/builtin-sprintf-warn-12.c  (test for warnings, line 75)
FAIL: gcc.dg/tree-ssa/builtin-sprintf-warn-12.c  (test for warnings, line 76)
FAIL: gcc.dg/tree-ssa/builtin-sprintf-warn-12.c  (test for warnings, line 77)
FAIL: gcc.dg/tree-ssa/builtin-sprintf-warn-12.c  (test for warnings, line 78)
FAIL: gcc.dg/tree-ssa/builtin-sprintf-warn-12.c  (test for warnings, line 82)
FAIL: gcc.dg/tree-ssa/builtin-sprintf-warn-12.c  (test for warnings, line 83)
FAIL: gcc.dg/tree-ssa/builtin-sprintf-warn-12.c  (test for warnings, line 91)
FAIL: gcc.dg/tree-ssa/builtin-sprintf-warn-12.c  (test for warnings, line 93)
FAIL: gcc.dg/tree-ssa/builtin-sprintf-warn-12.c (test for excess errors)
FAIL: gcc.dg/tree-ssa/builtin-sprintf-warn-13.c  (test for warnings, line 102)
FAIL: gcc.dg/tree-ssa/builtin-sprintf-warn-13.c  (test for warnings, line 103)
FAIL: gcc.dg/tree-ssa/builtin-sprintf-warn-13.c  (test for warnings, line 108)
FAIL: gcc.dg/tree-ssa/builtin-sprintf-warn-13.c  (test for warnings, line 109)
FAIL: gcc.dg/tree-ssa/builtin-sprintf-warn-13.c  (test for warnings, line 112)
FAIL: gcc.dg/tree-ssa/builtin-sprintf-warn-13.c  (test for warnings, line 114)
FAIL: gcc.dg/tree-ssa/builtin-sprintf-warn-13.c  (test for warnings, line 116)
FAIL: gcc.dg/tree-ssa/builtin-sprintf-warn-13.c  (test for warnings, line 118)
FAIL: gcc.dg/tree-ssa/builtin-sprintf-warn-13.c  (test for warnings, line 123)
FAIL: gcc.dg/tree-ssa/builtin-sprintf-warn-13.c  (test for warnings, line 124)
FAIL: gcc.dg/tree-ssa/builtin-sprintf-warn-13.c  (test for warnings, line 129)
FAIL: gcc.dg/tree-ssa/builtin-sprintf-warn-13.c  (test for warnings, line 130)
FAIL: gcc.dg/tree-ssa/builtin-sprintf-warn-13.c  (test for warnings, line 135)
FAIL: gcc.dg/tree-ssa/builtin-sprintf-warn-13.c  (test for warnings, line 136)
FAIL: gcc.dg/tree-ssa/builtin-sprintf-warn-13.c  (test for warnings, line 160)
FAIL: gcc.dg/tree-ssa/builtin-sprintf-warn-13.c  (test for warnings, line 162)
FAIL: gcc.dg/tree-ssa/builtin-sprintf-warn-13.c  (test for warnings, line 163)
FAIL: gcc.dg/tree-ssa/builtin-sprintf-warn-13.c  (test for warnings, line 165)
FAIL: gcc.dg/tree-ssa/builtin-sprintf-warn-13.c  (test for warnings, line 172)
FAIL: gcc.dg/tree-ssa/builtin-sprintf-warn-13.c  (test for warnings, line 178)
FAIL: gcc.dg/tree-ssa/builtin-sprintf-warn-13.c  (test for warnings, line 199)
FAIL: gcc.dg/tree-ssa/builtin-sprintf-warn-13.c  (test for warnings, line 200)
FAIL: gcc.dg/tree-ssa/builtin-sprintf-warn-13.c  (test for warnings, line 201)
FAIL: gcc.dg/tree-ssa/builtin-sprintf-warn-13.c  (test for warnings, line 202)
FAIL: gcc.dg/tree-ssa/builtin-sprintf-warn-13.c  (test for warnings, line 204)
FAIL: gcc.dg/tree-ssa/builtin-sprintf-warn-13.c  (test for warnings, line 205)
FAIL: gcc.dg/tree-ssa/builtin-sprintf-warn-13.c  (test for warnings, line 206)
FAIL: gcc.dg/tree-ssa/builtin-sprintf-warn-13.c  (test for warnings, line 207)
FAIL: gcc.dg/tree-ssa/builtin-sprintf-warn-13.c  (test for warnings, line 213)
FAIL: gcc.dg/tree-ssa/builtin-sprintf-warn-13.c  (test for warnings, line 214)
FAIL: gcc.dg/tree-ssa/builtin-sprintf-warn-13.c  (test for warnings, line 219)
FAIL: gcc.dg/tree-ssa/builtin-sprintf-warn-13.c  (test for warnings, line 220)
FAIL: gcc.dg/tree-ssa/builtin-sprintf-warn-13.c  (test for warnings, line 248)
FAIL: gcc.dg/tree-ssa/builtin-sprintf-warn-13.c  (test for warnings, line 254)
FAIL: gcc.dg/tree-ssa/builtin-sprintf-warn-13.c  (test for warnings, line 260)
FAIL: gcc.dg/tree-ssa/builtin-sprintf-warn-13.c  (test for warnings, line 77)
FAIL: gcc.dg/tree-ssa/builtin-sprintf-warn-13.c  (test for warnings, line 78)
FAIL: gcc.dg/tree-ssa/builtin-sprintf-warn-13.c  (test for warnings, line 79)
FAIL: gcc.dg/tree-ssa/builtin-sprintf-warn-13.c  (test for warnings, line 80)
FAIL: gcc.dg/tree-ssa/builtin-sprintf-warn-13.c  (test for warnings, line 82)
FAIL: gcc.dg/tree-ssa/builtin-sprintf-warn-13.c  (test for warnings, line 83)
FAIL: gcc.dg/tree-ssa/builtin-sprintf-warn-13.c  (test for warnings, line 84)
FAIL: gcc.dg/tree-ssa/builtin-sprintf-warn-13.c  (test for warnings, line 85)
FAIL: gcc.dg/tree-ssa/builtin-sprintf-warn-13.c  (test for warnings, line 89)
FAIL: gcc.dg/tree-ssa/builtin-sprintf-warn-13.c  (test for warnings, line 91)
FAIL: gcc.dg/tree-ssa/builtin-sprintf-warn-13.c  (test for warnings, line 93)
FAIL: gcc.dg/tree-ssa/builtin-sprintf-warn-13.c  (test for warnings, line 95)
FAIL: gcc.dg/tree-ssa/builtin-sprintf-warn-13.c  (test for warnings, line 97)
FAIL: gcc.dg/tree-ssa/builtin-sprintf-warn-13.c (test for excess errors)
FAIL: gcc.dg/tree-ssa/builtin-sprintf-warn-14.c  (test for warnings, line 100)
FAIL: gcc.dg/tree-ssa/builtin-sprintf-warn-14.c  (test for warnings, line 101)
FAIL: gcc.dg/tree-ssa/builtin-sprintf-warn-14.c  (test for warnings, line 103)
FAIL: gcc.dg/tree-ssa/builtin-sprintf-warn-14.c  (test for warnings, line 104)
FAIL: gcc.dg/tree-ssa/builtin-sprintf-warn-14.c  (test for warnings, line 105)
FAIL: gcc.dg/tree-ssa/builtin-sprintf-warn-14.c  (test for warnings, line 107)
FAIL: gcc.dg/tree-ssa/builtin-sprintf-warn-14.c  (test for warnings, line 108)
FAIL: gcc.dg/tree-ssa/builtin-sprintf-warn-14.c  (test for warnings, line 109)
FAIL: gcc.dg/tree-ssa/builtin-sprintf-warn-14.c  (test for warnings, line 111)
FAIL: gcc.dg/tree-ssa/builtin-sprintf-warn-14.c  (test for warnings, line 112)
FAIL: gcc.dg/tree-ssa/builtin-sprintf-warn-14.c  (test for warnings, line 113)
FAIL: gcc.dg/tree-ssa/builtin-sprintf-warn-14.c  (test for warnings, line 115)
FAIL: gcc.dg/tree-ssa/builtin-sprintf-warn-14.c  (test for warnings, line 116)
FAIL: gcc.dg/tree-ssa/builtin-sprintf-warn-14.c  (test for warnings, line 117)
FAIL: gcc.dg/tree-ssa/builtin-sprintf-warn-14.c  (test for warnings, line 119)
FAIL: gcc.dg/tree-ssa/builtin-sprintf-warn-14.c  (test for warnings, line 120)
FAIL: gcc.dg/tree-ssa/builtin-sprintf-warn-14.c  (test for warnings, line 121)
FAIL: gcc.dg/tree-ssa/builtin-sprintf-warn-14.c  (test for warnings, line 123)
FAIL: gcc.dg/tree-ssa/builtin-sprintf-warn-14.c  (test for warnings, line 124)
FAIL: gcc.dg/tree-ssa/builtin-sprintf-warn-14.c  (test for warnings, line 125)
FAIL: gcc.dg/tree-ssa/builtin-sprintf-warn-14.c  (test for warnings, line 127)
FAIL: gcc.dg/tree-ssa/builtin-sprintf-warn-14.c  (test for warnings, line 128)
FAIL: gcc.dg/tree-ssa/builtin-sprintf-warn-14.c  (test for warnings, line 129)
FAIL: gcc.dg/tree-ssa/builtin-sprintf-warn-14.c  (test for warnings, line 131)
FAIL: gcc.dg/tree-ssa/builtin-sprintf-warn-14.c  (test for warnings, line 132)
FAIL: gcc.dg/tree-ssa/builtin-sprintf-warn-14.c  (test for warnings, line 137)
FAIL: gcc.dg/tree-ssa/builtin-sprintf-warn-14.c  (test for warnings, line 141)
FAIL: gcc.dg/tree-ssa/builtin-sprintf-warn-14.c  (test for warnings, line 145)
FAIL: gcc.dg/tree-ssa/builtin-sprintf-warn-14.c  (test for warnings, line 149)
FAIL: gcc.dg/tree-ssa/builtin-sprintf-warn-14.c  (test for warnings, line 153)
FAIL: gcc.dg/tree-ssa/builtin-sprintf-warn-14.c  (test for warnings, line 157)
FAIL: gcc.dg/tree-ssa/builtin-sprintf-warn-14.c  (test for warnings, line 161)
FAIL: gcc.dg/tree-ssa/builtin-sprintf-warn-14.c  (test for warnings, line 165)
FAIL: gcc.dg/tree-ssa/builtin-sprintf-warn-14.c  (test for warnings, line 172)
FAIL: gcc.dg/tree-ssa/builtin-sprintf-warn-14.c  (test for warnings, line 179)
FAIL: gcc.dg/tree-ssa/builtin-sprintf-warn-14.c  (test for warnings, line 184)
FAIL: gcc.dg/tree-ssa/builtin-sprintf-warn-14.c  (test for warnings, line 189)
FAIL: gcc.dg/tree-ssa/builtin-sprintf-warn-14.c  (test for warnings, line 201)
FAIL: gcc.dg/tree-ssa/builtin-sprintf-warn-14.c  (test for warnings, line 206)
FAIL: gcc.dg/tree-ssa/builtin-sprintf-warn-14.c  (test for warnings, line 87)
FAIL: gcc.dg/tree-ssa/builtin-sprintf-warn-14.c  (test for warnings, line 88)
FAIL: gcc.dg/tree-ssa/builtin-sprintf-warn-14.c  (test for warnings, line 89)
FAIL: gcc.dg/tree-ssa/builtin-sprintf-warn-14.c  (test for warnings, line 91)
FAIL: gcc.dg/tree-ssa/builtin-sprintf-warn-14.c  (test for warnings, line 92)
FAIL: gcc.dg/tree-ssa/builtin-sprintf-warn-14.c  (test for warnings, line 93)
FAIL: gcc.dg/tree-ssa/builtin-sprintf-warn-14.c  (test for warnings, line 95)
FAIL: gcc.dg/tree-ssa/builtin-sprintf-warn-14.c  (test for warnings, line 96)
FAIL: gcc.dg/tree-ssa/builtin-sprintf-warn-14.c  (test for warnings, line 97)
FAIL: gcc.dg/tree-ssa/builtin-sprintf-warn-14.c  (test for warnings, line 99)
FAIL: gcc.dg/tree-ssa/builtin-sprintf-warn-14.c (test for excess errors)
FAIL: gcc.dg/tree-ssa/builtin-sprintf-warn-15.c  (test for warnings, line 116)
FAIL: gcc.dg/tree-ssa/builtin-sprintf-warn-15.c  (test for warnings, line 122)
FAIL: gcc.dg/tree-ssa/builtin-sprintf-warn-15.c  (test for warnings, line 123)
FAIL: gcc.dg/tree-ssa/builtin-sprintf-warn-15.c  (test for warnings, line 135)
FAIL: gcc.dg/tree-ssa/builtin-sprintf-warn-15.c  (test for warnings, line 136)
FAIL: gcc.dg/tree-ssa/builtin-sprintf-warn-15.c  (test for warnings, line 152)
FAIL: gcc.dg/tree-ssa/builtin-sprintf-warn-15.c  (test for warnings, line 162)
FAIL: gcc.dg/tree-ssa/builtin-sprintf-warn-15.c  (test for warnings, line 164)
FAIL: gcc.dg/tree-ssa/builtin-sprintf-warn-15.c (test for excess errors)
FAIL: gcc.dg/tree-ssa/builtin-sprintf-warn-19.c  (test for warnings, line 34)
FAIL: gcc.dg/tree-ssa/builtin-sprintf-warn-19.c  (test for warnings, line 35)
FAIL: gcc.dg/tree-ssa/builtin-sprintf-warn-19.c  (test for warnings, line 37)
FAIL: gcc.dg/tree-ssa/builtin-sprintf-warn-19.c  (test for warnings, line 38)
FAIL: gcc.dg/tree-ssa/builtin-sprintf-warn-19.c  (test for warnings, line 39)
FAIL: gcc.dg/tree-ssa/builtin-sprintf-warn-19.c  (test for warnings, line 40)
FAIL: gcc.dg/tree-ssa/builtin-sprintf-warn-19.c  (test for warnings, line 42)
FAIL: gcc.dg/tree-ssa/builtin-sprintf-warn-19.c  (test for warnings, line 43)
FAIL: gcc.dg/tree-ssa/builtin-sprintf-warn-19.c  (test for warnings, line 44)
FAIL: gcc.dg/tree-ssa/builtin-sprintf-warn-19.c  (test for warnings, line 45)
FAIL: gcc.dg/tree-ssa/builtin-sprintf-warn-19.c  (test for warnings, line 46)
FAIL: gcc.dg/tree-ssa/builtin-sprintf-warn-19.c  (test for warnings, line 54)
FAIL: gcc.dg/tree-ssa/builtin-sprintf-warn-19.c  (test for warnings, line 55)
FAIL: gcc.dg/tree-ssa/builtin-sprintf-warn-19.c  (test for warnings, line 56)
FAIL: gcc.dg/tree-ssa/builtin-sprintf-warn-19.c  (test for warnings, line 57)
FAIL: gcc.dg/tree-ssa/builtin-sprintf-warn-19.c  (test for warnings, line 58)
FAIL: gcc.dg/tree-ssa/builtin-sprintf-warn-19.c  (test for warnings, line 60)
FAIL: gcc.dg/tree-ssa/builtin-sprintf-warn-19.c  (test for warnings, line 61)
FAIL: gcc.dg/tree-ssa/builtin-sprintf-warn-19.c (test for excess errors)
FAIL: gcc.dg/tree-ssa/builtin-sprintf-warn-3.c  (test for warnings, line 105)
FAIL: gcc.dg/tree-ssa/builtin-sprintf-warn-3.c  (test for warnings, line 106)
FAIL: gcc.dg/tree-ssa/builtin-sprintf-warn-3.c  (test for warnings, line 112)
FAIL: gcc.dg/tree-ssa/builtin-sprintf-warn-3.c  (test for warnings, line 113)
FAIL: gcc.dg/tree-ssa/builtin-sprintf-warn-3.c  (test for warnings, line 118)
FAIL: gcc.dg/tree-ssa/builtin-sprintf-warn-3.c  (test for warnings, line 119)
FAIL: gcc.dg/tree-ssa/builtin-sprintf-warn-3.c  (test for warnings, line 120)
FAIL: gcc.dg/tree-ssa/builtin-sprintf-warn-3.c  (test for warnings, line 128)
FAIL: gcc.dg/tree-ssa/builtin-sprintf-warn-3.c  (test for warnings, line 130)
FAIL: gcc.dg/tree-ssa/builtin-sprintf-warn-3.c  (test for warnings, line 189)
FAIL: gcc.dg/tree-ssa/builtin-sprintf-warn-3.c  (test for warnings, line 192)
FAIL: gcc.dg/tree-ssa/builtin-sprintf-warn-3.c  (test for warnings, line 195)
FAIL: gcc.dg/tree-ssa/builtin-sprintf-warn-3.c  (test for warnings, line 198)
FAIL: gcc.dg/tree-ssa/builtin-sprintf-warn-3.c  (test for warnings, line 211)
FAIL: gcc.dg/tree-ssa/builtin-sprintf-warn-3.c  (test for warnings, line 212)
FAIL: gcc.dg/tree-ssa/builtin-sprintf-warn-3.c  (test for warnings, line 214)
FAIL: gcc.dg/tree-ssa/builtin-sprintf-warn-3.c  (test for warnings, line 215)
FAIL: gcc.dg/tree-ssa/builtin-sprintf-warn-3.c  (test for warnings, line 218)
FAIL: gcc.dg/tree-ssa/builtin-sprintf-warn-3.c  (test for warnings, line 220)
FAIL: gcc.dg/tree-ssa/builtin-sprintf-warn-3.c  (test for warnings, line 225)
FAIL: gcc.dg/tree-ssa/builtin-sprintf-warn-3.c  (test for warnings, line 227)
FAIL: gcc.dg/tree-ssa/builtin-sprintf-warn-3.c  (test for warnings, line 232)
FAIL: gcc.dg/tree-ssa/builtin-sprintf-warn-3.c  (test for warnings, line 233)
FAIL: gcc.dg/tree-ssa/builtin-sprintf-warn-3.c  (test for warnings, line 234)
FAIL: gcc.dg/tree-ssa/builtin-sprintf-warn-3.c  (test for warnings, line 235)
FAIL: gcc.dg/tree-ssa/builtin-sprintf-warn-3.c  (test for warnings, line 236)
FAIL: gcc.dg/tree-ssa/builtin-sprintf-warn-3.c  (test for warnings, line 237)
FAIL: gcc.dg/tree-ssa/builtin-sprintf-warn-3.c  (test for warnings, line 238)
FAIL: gcc.dg/tree-ssa/builtin-sprintf-warn-3.c  (test for warnings, line 239)
FAIL: gcc.dg/tree-ssa/builtin-sprintf-warn-3.c  (test for warnings, line 247)
FAIL: gcc.dg/tree-ssa/builtin-sprintf-warn-3.c  (test for warnings, line 248)
FAIL: gcc.dg/tree-ssa/builtin-sprintf-warn-3.c  (test for warnings, line 250)
FAIL: gcc.dg/tree-ssa/builtin-sprintf-warn-3.c  (test for warnings, line 261)
FAIL: gcc.dg/tree-ssa/builtin-sprintf-warn-3.c  (test for warnings, line 262)
FAIL: gcc.dg/tree-ssa/builtin-sprintf-warn-3.c  (test for warnings, line 263)
FAIL: gcc.dg/tree-ssa/builtin-sprintf-warn-3.c  (test for warnings, line 267)
FAIL: gcc.dg/tree-ssa/builtin-sprintf-warn-3.c  (test for warnings, line 268)
FAIL: gcc.dg/tree-ssa/builtin-sprintf-warn-3.c  (test for warnings, line 271)
FAIL: gcc.dg/tree-ssa/builtin-sprintf-warn-3.c  (test for warnings, line 276)
FAIL: gcc.dg/tree-ssa/builtin-sprintf-warn-3.c  (test for warnings, line 284)
FAIL: gcc.dg/tree-ssa/builtin-sprintf-warn-3.c  (test for warnings, line 285)
FAIL: gcc.dg/tree-ssa/builtin-sprintf-warn-3.c  (test for warnings, line 286)
FAIL: gcc.dg/tree-ssa/builtin-sprintf-warn-3.c  (test for warnings, line 290)
FAIL: gcc.dg/tree-ssa/builtin-sprintf-warn-3.c  (test for warnings, line 293)
FAIL: gcc.dg/tree-ssa/builtin-sprintf-warn-3.c  (test for warnings, line 298)
FAIL: gcc.dg/tree-ssa/builtin-sprintf-warn-3.c  (test for warnings, line 306)
FAIL: gcc.dg/tree-ssa/builtin-sprintf-warn-3.c  (test for warnings, line 312)
FAIL: gcc.dg/tree-ssa/builtin-sprintf-warn-3.c  (test for warnings, line 313)
FAIL: gcc.dg/tree-ssa/builtin-sprintf-warn-3.c  (test for warnings, line 316)
FAIL: gcc.dg/tree-ssa/builtin-sprintf-warn-3.c  (test for warnings, line 321)
FAIL: gcc.dg/tree-ssa/builtin-sprintf-warn-3.c  (test for warnings, line 329)
FAIL: gcc.dg/tree-ssa/builtin-sprintf-warn-3.c  (test for warnings, line 335)
FAIL: gcc.dg/tree-ssa/builtin-sprintf-warn-3.c  (test for warnings, line 338)
FAIL: gcc.dg/tree-ssa/builtin-sprintf-warn-3.c  (test for warnings, line 343)
FAIL: gcc.dg/tree-ssa/builtin-sprintf-warn-3.c  (test for warnings, line 456)
FAIL: gcc.dg/tree-ssa/builtin-sprintf-warn-3.c  (test for warnings, line 457)
FAIL: gcc.dg/tree-ssa/builtin-sprintf-warn-3.c  (test for warnings, line 458)
FAIL: gcc.dg/tree-ssa/builtin-sprintf-warn-3.c  (test for warnings, line 459)
FAIL: gcc.dg/tree-ssa/builtin-sprintf-warn-3.c  (test for warnings, line 467)
FAIL: gcc.dg/tree-ssa/builtin-sprintf-warn-3.c  (test for warnings, line 468)
FAIL: gcc.dg/tree-ssa/builtin-sprintf-warn-3.c  (test for warnings, line 470)
FAIL: gcc.dg/tree-ssa/builtin-sprintf-warn-3.c  (test for warnings, line 471)
FAIL: gcc.dg/tree-ssa/builtin-sprintf-warn-3.c  (test for warnings, line 91)
FAIL: gcc.dg/tree-ssa/builtin-sprintf-warn-3.c  (test for warnings, line 98)
FAIL: gcc.dg/tree-ssa/builtin-sprintf-warn-3.c (test for excess errors)
FAIL: gcc.dg/tree-ssa/builtin-sprintf-warn-3.c note (test for warnings, line 189)
FAIL: gcc.dg/tree-ssa/builtin-sprintf-warn-3.c note (test for warnings, line 192)
FAIL: gcc.dg/tree-ssa/builtin-sprintf-warn-3.c note (test for warnings, line 195)
FAIL: gcc.dg/tree-ssa/builtin-sprintf-warn-3.c note (test for warnings, line 198)
FAIL: gcc.dg/tree-ssa/builtin-sprintf-warn-9.c  (test for warnings, line 100)
FAIL: gcc.dg/tree-ssa/builtin-sprintf-warn-9.c  (test for warnings, line 102)
FAIL: gcc.dg/tree-ssa/builtin-sprintf-warn-9.c  (test for warnings, line 103)
FAIL: gcc.dg/tree-ssa/builtin-sprintf-warn-9.c  (test for warnings, line 104)
FAIL: gcc.dg/tree-ssa/builtin-sprintf-warn-9.c  (test for warnings, line 105)
FAIL: gcc.dg/tree-ssa/builtin-sprintf-warn-9.c  (test for warnings, line 107)
FAIL: gcc.dg/tree-ssa/builtin-sprintf-warn-9.c  (test for warnings, line 108)
FAIL: gcc.dg/tree-ssa/builtin-sprintf-warn-9.c  (test for warnings, line 109)
FAIL: gcc.dg/tree-ssa/builtin-sprintf-warn-9.c  (test for warnings, line 110)
FAIL: gcc.dg/tree-ssa/builtin-sprintf-warn-9.c  (test for warnings, line 112)
FAIL: gcc.dg/tree-ssa/builtin-sprintf-warn-9.c  (test for warnings, line 113)
FAIL: gcc.dg/tree-ssa/builtin-sprintf-warn-9.c  (test for warnings, line 114)
FAIL: gcc.dg/tree-ssa/builtin-sprintf-warn-9.c  (test for warnings, line 115)
FAIL: gcc.dg/tree-ssa/builtin-sprintf-warn-9.c  (test for warnings, line 117)
FAIL: gcc.dg/tree-ssa/builtin-sprintf-warn-9.c  (test for warnings, line 118)
FAIL: gcc.dg/tree-ssa/builtin-sprintf-warn-9.c  (test for warnings, line 119)
FAIL: gcc.dg/tree-ssa/builtin-sprintf-warn-9.c  (test for warnings, line 120)
FAIL: gcc.dg/tree-ssa/builtin-sprintf-warn-9.c  (test for warnings, line 122)
FAIL: gcc.dg/tree-ssa/builtin-sprintf-warn-9.c  (test for warnings, line 123)
FAIL: gcc.dg/tree-ssa/builtin-sprintf-warn-9.c  (test for warnings, line 124)
FAIL: gcc.dg/tree-ssa/builtin-sprintf-warn-9.c  (test for warnings, line 125)
FAIL: gcc.dg/tree-ssa/builtin-sprintf-warn-9.c  (test for warnings, line 133)
FAIL: gcc.dg/tree-ssa/builtin-sprintf-warn-9.c  (test for warnings, line 134)
FAIL: gcc.dg/tree-ssa/builtin-sprintf-warn-9.c  (test for warnings, line 135)
FAIL: gcc.dg/tree-ssa/builtin-sprintf-warn-9.c  (test for warnings, line 136)
FAIL: gcc.dg/tree-ssa/builtin-sprintf-warn-9.c  (test for warnings, line 137)
FAIL: gcc.dg/tree-ssa/builtin-sprintf-warn-9.c  (test for warnings, line 138)
FAIL: gcc.dg/tree-ssa/builtin-sprintf-warn-9.c  (test for warnings, line 139)
FAIL: gcc.dg/tree-ssa/builtin-sprintf-warn-9.c  (test for warnings, line 140)
FAIL: gcc.dg/tree-ssa/builtin-sprintf-warn-9.c  (test for warnings, line 141)
FAIL: gcc.dg/tree-ssa/builtin-sprintf-warn-9.c  (test for warnings, line 142)
FAIL: gcc.dg/tree-ssa/builtin-sprintf-warn-9.c  (test for warnings, line 143)
FAIL: gcc.dg/tree-ssa/builtin-sprintf-warn-9.c  (test for warnings, line 144)
FAIL: gcc.dg/tree-ssa/builtin-sprintf-warn-9.c  (test for warnings, line 148)
FAIL: gcc.dg/tree-ssa/builtin-sprintf-warn-9.c  (test for warnings, line 149)
FAIL: gcc.dg/tree-ssa/builtin-sprintf-warn-9.c  (test for warnings, line 150)
FAIL: gcc.dg/tree-ssa/builtin-sprintf-warn-9.c  (test for warnings, line 151)
FAIL: gcc.dg/tree-ssa/builtin-sprintf-warn-9.c  (test for warnings, line 152)
FAIL: gcc.dg/tree-ssa/builtin-sprintf-warn-9.c  (test for warnings, line 153)
FAIL: gcc.dg/tree-ssa/builtin-sprintf-warn-9.c  (test for warnings, line 155)
FAIL: gcc.dg/tree-ssa/builtin-sprintf-warn-9.c  (test for warnings, line 65)
FAIL: gcc.dg/tree-ssa/builtin-sprintf-warn-9.c  (test for warnings, line 66)
FAIL: gcc.dg/tree-ssa/builtin-sprintf-warn-9.c  (test for warnings, line 67)
FAIL: gcc.dg/tree-ssa/builtin-sprintf-warn-9.c  (test for warnings, line 68)
FAIL: gcc.dg/tree-ssa/builtin-sprintf-warn-9.c  (test for warnings, line 70)
FAIL: gcc.dg/tree-ssa/builtin-sprintf-warn-9.c  (test for warnings, line 71)
FAIL: gcc.dg/tree-ssa/builtin-sprintf-warn-9.c  (test for warnings, line 74)
FAIL: gcc.dg/tree-ssa/builtin-sprintf-warn-9.c  (test for warnings, line 76)
FAIL: gcc.dg/tree-ssa/builtin-sprintf-warn-9.c  (test for warnings, line 82)
FAIL: gcc.dg/tree-ssa/builtin-sprintf-warn-9.c  (test for warnings, line 83)
FAIL: gcc.dg/tree-ssa/builtin-sprintf-warn-9.c  (test for warnings, line 85)
FAIL: gcc.dg/tree-ssa/builtin-sprintf-warn-9.c  (test for warnings, line 86)
FAIL: gcc.dg/tree-ssa/builtin-sprintf-warn-9.c  (test for warnings, line 87)
FAIL: gcc.dg/tree-ssa/builtin-sprintf-warn-9.c  (test for warnings, line 89)
FAIL: gcc.dg/tree-ssa/builtin-sprintf-warn-9.c  (test for warnings, line 90)
FAIL: gcc.dg/tree-ssa/builtin-sprintf-warn-9.c  (test for warnings, line 91)
FAIL: gcc.dg/tree-ssa/builtin-sprintf-warn-9.c  (test for warnings, line 93)
FAIL: gcc.dg/tree-ssa/builtin-sprintf-warn-9.c  (test for warnings, line 94)
FAIL: gcc.dg/tree-ssa/builtin-sprintf-warn-9.c  (test for warnings, line 95)
FAIL: gcc.dg/tree-ssa/builtin-sprintf-warn-9.c  (test for warnings, line 97)
FAIL: gcc.dg/tree-ssa/builtin-sprintf-warn-9.c  (test for warnings, line 98)
FAIL: gcc.dg/tree-ssa/builtin-sprintf-warn-9.c  (test for warnings, line 99)
FAIL: gcc.dg/tree-ssa/builtin-sprintf-warn-9.c (test for excess errors)
FAIL: gcc.dg/tree-ssa/counts-1.c scan-tree-dump optimized "i_am_also_unlikely2[^\\r\\n]*(unlikely executed)"
FAIL: gcc.dg/tree-ssa/ifc-10.c scan-tree-dump-times ifcvt "Applying if-conversion" 1 (found 0 times)
FAIL: gcc.dg/tree-ssa/ifc-10.c scan-tree-dump-times ifcvt "Invalid sum of incoming counts" 1 (found 0 times)
FAIL: gcc.dg/tree-ssa/ifc-10.c scan-tree-dump-times ifcvt "Invalid sum of outgoing probabilities 200.0" 1 (found 0 times)
FAIL: gcc.dg/tree-ssa/ifc-12.c scan-tree-dump-times ifcvt "Applying if-conversion" 1 (found 0 times)
FAIL: gcc.dg/tree-ssa/ifc-12.c scan-tree-dump-times ifcvt "Invalid sum of incoming counts" 1 (found 0 times)
FAIL: gcc.dg/tree-ssa/ifc-12.c scan-tree-dump-times ifcvt "Invalid sum of outgoing probabilities 200.0" 1 (found 0 times)
FAIL: gcc.dg/tree-ssa/inline-10.c scan-tree-dump-not optimized "do_something \\\\(70\\\\)"
FAIL: gcc.dg/tree-ssa/inline-10.c scan-tree-dump-times optimized "do_something2" 1 (found 0 times)
FAIL: gcc.dg/tree-ssa/inline-10.c scan-tree-dump-times optimized "do_something3" 1 (found 0 times)
FAIL: gcc.dg/tree-ssa/inline-8.c scan-tree-dump-times einline "Inlining" 5 (found 0 times)
FAIL: gcc.dg/tree-ssa/inline-9.c scan-tree-dump-times optimized "q \\\\(15\\\\)" 1 (found 0 times)
FAIL: gcc.dg/tree-ssa/ipa-split-6.c scan-tree-dump optimized "part"
FAIL: gcc.dg/tree-ssa/pr77445.c scan-tree-dump-not thread3 "Invalid sum"
FAIL: gcc.dg/tree-ssa/pr77445.c scan-tree-dump-times thread3 "Registering FSM jump thread" 2 (found 1 times)
FAIL: gcc.dg/tree-ssa/ssa-fre-56.c scan-tree-dump-times fre1 " \\\\+ " 0 (found 1 times)
FAIL: gcc.dg/tree-ssa/ssa-fre-56.c scan-tree-dump-times fre1 "= x;" 1 (found 2 times)
FAIL: gcc.dg/vect/pr65947-1.c -flto -ffat-lto-objects  scan-tree-dump-times vect "LOOP VECTORIZED" 2 (found 1 times)
FAIL: gcc.dg/vect/pr65947-1.c -flto -ffat-lto-objects  scan-tree-dump-times vect "condition expression based on integer induction." 4 (found 2 times)
FAIL: gcc.dg/vect/pr65947-1.c scan-tree-dump-times vect "LOOP VECTORIZED" 2 (found 1 times)
FAIL: gcc.dg/vect/pr65947-1.c scan-tree-dump-times vect "condition expression based on integer induction." 4 (found 2 times)
FAIL: gcc.dg/vect/pr65947-10.c -flto -ffat-lto-objects  scan-tree-dump-times vect "LOOP VECTORIZED" 2 (found 1 times)
FAIL: gcc.dg/vect/pr65947-10.c scan-tree-dump-times vect "LOOP VECTORIZED" 2 (found 1 times)
FAIL: gcc.dg/vect/pr65947-12.c -flto -ffat-lto-objects  scan-tree-dump-times vect "LOOP VECTORIZED" 2 (found 1 times)
FAIL: gcc.dg/vect/pr65947-12.c scan-tree-dump-times vect "LOOP VECTORIZED" 2 (found 1 times)
FAIL: gcc.dg/vect/pr65947-13.c -flto -ffat-lto-objects  scan-tree-dump-times vect "LOOP VECTORIZED" 2 (found 1 times)
FAIL: gcc.dg/vect/pr65947-13.c -flto -ffat-lto-objects  scan-tree-dump-times vect "condition expression based on integer induction." 4 (found 2 times)
FAIL: gcc.dg/vect/pr65947-13.c scan-tree-dump-times vect "LOOP VECTORIZED" 2 (found 1 times)
FAIL: gcc.dg/vect/pr65947-13.c scan-tree-dump-times vect "condition expression based on integer induction." 4 (found 2 times)
FAIL: gcc.dg/vect/pr65947-14.c -flto -ffat-lto-objects  scan-tree-dump-times vect "LOOP VECTORIZED" 2 (found 1 times)
FAIL: gcc.dg/vect/pr65947-14.c -flto -ffat-lto-objects  scan-tree-dump-times vect "condition expression based on integer induction." 4 (found 2 times)
FAIL: gcc.dg/vect/pr65947-14.c scan-tree-dump-times vect "LOOP VECTORIZED" 2 (found 1 times)
FAIL: gcc.dg/vect/pr65947-14.c scan-tree-dump-times vect "condition expression based on integer induction." 4 (found 2 times)
FAIL: gcc.dg/vect/pr65947-2.c -flto -ffat-lto-objects  scan-tree-dump-times vect "LOOP VECTORIZED" 2 (found 1 times)
FAIL: gcc.dg/vect/pr65947-2.c scan-tree-dump-times vect "LOOP VECTORIZED" 2 (found 1 times)
FAIL: gcc.dg/vect/pr65947-3.c -flto -ffat-lto-objects  scan-tree-dump-times vect "LOOP VECTORIZED" 2 (found 1 times)
FAIL: gcc.dg/vect/pr65947-3.c scan-tree-dump-times vect "LOOP VECTORIZED" 2 (found 1 times)
FAIL: gcc.dg/vect/pr65947-4.c -flto -ffat-lto-objects  scan-tree-dump-times vect "LOOP VECTORIZED" 2 (found 1 times)
FAIL: gcc.dg/vect/pr65947-4.c -flto -ffat-lto-objects  scan-tree-dump-times vect "condition expression based on integer induction." 4 (found 2 times)
FAIL: gcc.dg/vect/pr65947-4.c scan-tree-dump-times vect "LOOP VECTORIZED" 2 (found 1 times)
FAIL: gcc.dg/vect/pr65947-4.c scan-tree-dump-times vect "condition expression based on integer induction." 4 (found 2 times)
FAIL: gcc.dg/vect/pr65947-5.c -flto -ffat-lto-objects  scan-tree-dump-times vect "LOOP VECTORIZED" 1 (found 0 times)
FAIL: gcc.dg/vect/pr65947-5.c scan-tree-dump-times vect "LOOP VECTORIZED" 1 (found 0 times)
FAIL: gcc.dg/vect/pr65947-6.c -flto -ffat-lto-objects  scan-tree-dump-times vect "LOOP VECTORIZED" 2 (found 1 times)
FAIL: gcc.dg/vect/pr65947-6.c scan-tree-dump-times vect "LOOP VECTORIZED" 2 (found 1 times)
XPASS: gcc.dg/vect/vect-95.c -flto -ffat-lto-objects  scan-tree-dump-times vect "Alignment of access forced using peeling" 0
XPASS: gcc.dg/vect/vect-95.c scan-tree-dump-times vect "Alignment of access forced using peeling" 0
FAIL: gcc.target/i386/avx512bitalg-vpopcntb-1.c (test for excess errors)
UNRESOLVED: gcc.target/i386/avx512bitalg-vpopcntb-1.c compilation failed to produce executable
FAIL: gcc.target/i386/avx512bitalg-vpopcntw-1.c (test for excess errors)
UNRESOLVED: gcc.target/i386/avx512bitalg-vpopcntw-1.c compilation failed to produce executable
FAIL: gcc.target/i386/avx512bitalgvl-vpopcntb-1.c (test for excess errors)
UNRESOLVED: gcc.target/i386/avx512bitalgvl-vpopcntb-1.c compilation failed to produce executable
FAIL: gcc.target/i386/avx512bw-vpmovswb-1.c scan-assembler-times vpmovswb[ \\\\t]+[^{\\n]*%xmm[0-9]+[^\\n]*res1[^\\n]*{%k[1-7]}(?:\\n|[ \\\\t]+#) 1 (found 0 times)
FAIL: gcc.target/i386/avx512bw-vpmovswb-1.c scan-assembler-times vpmovswb[ \\\\t]+[^{\\n]*%ymm[0-9]+[^\\n]*res2[^\\n]*{%k[1-7]}(?:\\n|[ \\\\t]+#) 1 (found 0 times)
FAIL: gcc.target/i386/avx512bw-vpmovswb-1.c scan-assembler-times vpmovswb[ \\\\t]+[^{\\n]*%zmm[0-9]+[^\\n]*res3[^\\n]*{%k[1-7]}(?:\\n|[ \\\\t]+#) 1 (found 0 times)
FAIL: gcc.target/i386/avx512bw-vpmovuswb-1.c scan-assembler-times vpmovuswb[ \\\\t]+[^{\\n]*%xmm[0-9]+[^\\n]*res1[^\\n]*{%k[1-7]}(?:\\n|[ \\\\t]+#) 1 (found 0 times)
FAIL: gcc.target/i386/avx512bw-vpmovuswb-1.c scan-assembler-times vpmovuswb[ \\\\t]+[^{\\n]*%ymm[0-9]+[^\\n]*res2[^\\n]*{%k[1-7]}(?:\\n|[ \\\\t]+#) 1 (found 0 times)
FAIL: gcc.target/i386/avx512bw-vpmovuswb-1.c scan-assembler-times vpmovuswb[ \\\\t]+[^{\\n]*%zmm[0-9]+[^\\n]*res3[^\\n]*{%k[1-7]}(?:\\n|[ \\\\t]+#) 1 (found 0 times)
FAIL: gcc.target/i386/avx512bw-vpmovwb-1.c scan-assembler-times vpmovwb[ \\\\t]+[^{\\n]*%xmm[0-9]+[^\\n]*res1[^\\n]*{%k[1-7]}(?:\\n|[ \\\\t]+#) 1 (found 0 times)
FAIL: gcc.target/i386/avx512bw-vpmovwb-1.c scan-assembler-times vpmovwb[ \\\\t]+[^{\\n]*%ymm[0-9]+[^\\n]*res2[^\\n]*{%k[1-7]}(?:\\n|[ \\\\t]+#) 1 (found 0 times)
FAIL: gcc.target/i386/avx512bw-vpmovwb-1.c scan-assembler-times vpmovwb[ \\\\t]+[^{\\n]*%zmm[0-9]+[^\\n]*res3[^\\n]*{%k[1-7]}(?:\\n|[ \\\\t]+#) 1 (found 0 times)
FAIL: gcc.target/i386/pr71321.c scan-assembler-times lea.\\t\\\\(%[0-9a-z]+,%[0-9a-z]+,4 3 (found 0 times)
FAIL: gcc.target/i386/pr71321.c scan-assembler-times lea.\\t\\\\(%[0-9a-z]+,%[0-9a-z]+,8 1 (found 0 times)
FAIL: gcc.target/i386/pr78035.c scan-assembler-times cmp 2 (found 3 times)
FAIL: gcc.target/i386/stack-prot-sym.c scan-assembler gs:my_guard
FAIL: gcc.target/i386/thunk-retbnd.c scan-tree-dump-times optimized "return &glob," 2 (found 1 times)
FAIL: gcc.target/i386/vect-sizes-1.c scan-assembler vmovapd[ \\\\t]+[^\\n]*%ymm

		=== gcc Summary for unix/-fpic ===

# of expected passes		136714
# of unexpected failures	758
# of unexpected successes	22
# of expected failures		435
# of unresolved testcases	3
# of unsupported tests		2297

Running target unix/-fpic -mcmodel=medium
FAIL: c-c++-common/Warray-bounds-2.c  -Wc++-compat   (test for warnings, line 113)
FAIL: c-c++-common/Warray-bounds-2.c  -Wc++-compat   (test for warnings, line 126)
FAIL: c-c++-common/Warray-bounds-2.c  -Wc++-compat   (test for warnings, line 142)
FAIL: c-c++-common/Warray-bounds-2.c  -Wc++-compat   (test for warnings, line 170)
FAIL: c-c++-common/Warray-bounds-2.c  -Wc++-compat   (test for warnings, line 183)
FAIL: c-c++-common/Warray-bounds-2.c  -Wc++-compat   (test for warnings, line 197)
FAIL: c-c++-common/Warray-bounds-2.c  -Wc++-compat   (test for warnings, line 59)
FAIL: c-c++-common/Warray-bounds-2.c  -Wc++-compat   (test for warnings, line 72)
FAIL: c-c++-common/Warray-bounds-2.c  -Wc++-compat   (test for warnings, line 86)
FAIL: c-c++-common/Warray-bounds-2.c  -Wc++-compat   (test for warnings, line 99)
FAIL: c-c++-common/Warray-bounds-2.c  -Wc++-compat  memcpy (test for warnings, line 29)
FAIL: c-c++-common/Warray-bounds-2.c  -Wc++-compat  memcpy (test for warnings, line 44)
FAIL: c-c++-common/Warray-bounds-2.c  -Wc++-compat  memcpy (test for warnings, line 54)
FAIL: c-c++-common/Warray-bounds-2.c  -Wc++-compat  memcpy (test for warnings, line 67)
FAIL: c-c++-common/Warray-bounds-2.c  -Wc++-compat  strcat (test for warnings, line 81)
FAIL: c-c++-common/Warray-bounds-2.c  -Wc++-compat  strcat (test for warnings, line 94)
FAIL: c-c++-common/Warray-bounds-2.c  -Wc++-compat  strcpy (test for warnings, line 108)
FAIL: c-c++-common/Warray-bounds-2.c  -Wc++-compat  strcpy (test for warnings, line 121)
FAIL: c-c++-common/Warray-bounds-2.c  -Wc++-compat  strncpy (test for warnings, line 137)
FAIL: c-c++-common/Warray-bounds-2.c  -Wc++-compat  strncpy (test for warnings, line 165)
FAIL: c-c++-common/Warray-bounds-2.c  -Wc++-compat  strncpy (test for warnings, line 178)
FAIL: c-c++-common/Warray-bounds-2.c  -Wc++-compat  strncpy (test for warnings, line 192)
FAIL: c-c++-common/Wrestrict-2.c  -Wc++-compat  memcpy (test for warnings, line 15)
FAIL: c-c++-common/Wrestrict-2.c  -Wc++-compat  strcat (test for warnings, line 27)
FAIL: c-c++-common/Wrestrict-2.c  -Wc++-compat  strcpy (test for warnings, line 39)
FAIL: c-c++-common/Wrestrict-2.c  -Wc++-compat  strncat (test for warnings, line 51)
FAIL: c-c++-common/Wrestrict-2.c  -Wc++-compat  strncpy (test for warnings, line 63)
FAIL: c-c++-common/Wstringop-truncation.c  -Wc++-compat   (test for warnings, line 78)
FAIL: c-c++-common/Wstringop-truncation.c  -Wc++-compat   (test for warnings, line 79)
FAIL: c-c++-common/Wstringop-truncation.c  -Wc++-compat   (test for warnings, line 80)
FAIL: c-c++-common/Wstringop-truncation.c  -Wc++-compat   (test for warnings, line 81)
FAIL: gcc.dg/20050503-1.c scan-assembler-not call
FAIL: gcc.dg/Warray-bounds-22.c vla (test for warnings, line 85)
FAIL: gcc.dg/Wstringop-overflow.c  (test for warnings, line 100)
FAIL: gcc.dg/Wstringop-overflow.c  (test for warnings, line 101)
FAIL: gcc.dg/Wstringop-overflow.c  (test for warnings, line 102)
FAIL: gcc.dg/Wstringop-overflow.c  (test for warnings, line 104)
FAIL: gcc.dg/Wstringop-overflow.c  (test for warnings, line 105)
FAIL: gcc.dg/Wstringop-overflow.c  (test for warnings, line 106)
FAIL: gcc.dg/Wstringop-overflow.c  (test for warnings, line 124)
FAIL: gcc.dg/Wstringop-overflow.c  (test for warnings, line 125)
FAIL: gcc.dg/Wstringop-overflow.c  (test for warnings, line 126)
FAIL: gcc.dg/Wstringop-overflow.c  (test for warnings, line 127)
FAIL: gcc.dg/Wstringop-overflow.c  (test for warnings, line 128)
FAIL: gcc.dg/Wstringop-overflow.c  (test for warnings, line 130)
FAIL: gcc.dg/Wstringop-overflow.c  (test for warnings, line 131)
FAIL: gcc.dg/Wstringop-overflow.c  (test for warnings, line 47)
FAIL: gcc.dg/Wstringop-overflow.c  (test for warnings, line 48)
FAIL: gcc.dg/Wstringop-overflow.c  (test for warnings, line 49)
FAIL: gcc.dg/Wstringop-overflow.c  (test for warnings, line 50)
FAIL: gcc.dg/Wstringop-overflow.c  (test for warnings, line 51)
FAIL: gcc.dg/Wstringop-overflow.c  (test for warnings, line 53)
FAIL: gcc.dg/Wstringop-overflow.c  (test for warnings, line 54)
FAIL: gcc.dg/Wstringop-overflow.c  (test for warnings, line 55)
FAIL: gcc.dg/Wstringop-overflow.c  (test for warnings, line 98)
FAIL: gcc.dg/Wstringop-overflow.c  (test for warnings, line 99)
FAIL: gcc.dg/attr-alloc_size-3.c  (test for warnings, line 196)
FAIL: gcc.dg/attr-alloc_size-3.c  (test for warnings, line 197)
FAIL: gcc.dg/attr-alloc_size-3.c  (test for warnings, line 198)
FAIL: gcc.dg/attr-alloc_size-3.c  (test for warnings, line 207)
FAIL: gcc.dg/attr-alloc_size-3.c  (test for warnings, line 208)
FAIL: gcc.dg/attr-alloc_size-3.c  (test for warnings, line 209)
FAIL: gcc.dg/attr-alloc_size-3.c  (test for warnings, line 210)
FAIL: gcc.dg/attr-alloc_size-3.c  (test for warnings, line 211)
FAIL: gcc.dg/attr-alloc_size-3.c  (test for warnings, line 213)
FAIL: gcc.dg/attr-alloc_size-3.c  (test for warnings, line 216)
FAIL: gcc.dg/attr-alloc_size-3.c  (test for warnings, line 217)
FAIL: gcc.dg/attr-alloc_size-3.c  (test for warnings, line 218)
FAIL: gcc.dg/attr-alloc_size-3.c  (test for warnings, line 219)
FAIL: gcc.dg/attr-alloc_size-3.c  (test for warnings, line 220)
FAIL: gcc.dg/attr-alloc_size-3.c  (test for warnings, line 221)
FAIL: gcc.dg/attr-alloc_size-3.c  (test for warnings, line 280)
FAIL: gcc.dg/attr-alloc_size-3.c  (test for warnings, line 281)
FAIL: gcc.dg/attr-alloc_size-3.c  (test for warnings, line 282)
FAIL: gcc.dg/attr-alloc_size-3.c  (test for warnings, line 338)
FAIL: gcc.dg/attr-alloc_size-3.c  (test for warnings, line 339)
FAIL: gcc.dg/attr-alloc_size-3.c  (test for warnings, line 340)
FAIL: gcc.dg/attr-alloc_size-3.c  (test for warnings, line 396)
FAIL: gcc.dg/attr-alloc_size-3.c  (test for warnings, line 397)
FAIL: gcc.dg/attr-alloc_size-3.c  (test for warnings, line 398)
FAIL: gcc.dg/attr-alloc_size-3.c  (test for warnings, line 448)
FAIL: gcc.dg/attr-alloc_size-3.c  (test for warnings, line 463)
FAIL: gcc.dg/attr-alloc_size-3.c  (test for warnings, line 464)
FAIL: gcc.dg/attr-alloc_size-3.c  (test for warnings, line 465)
FAIL: gcc.dg/attr-alloc_size-3.c argument 2 (test for warnings, line 465)
FAIL: gcc.dg/attr-alloc_size-4.c  (test for warnings, line 101)
FAIL: gcc.dg/attr-alloc_size-4.c  (test for warnings, line 130)
FAIL: gcc.dg/attr-alloc_size-4.c  (test for warnings, line 132)
FAIL: gcc.dg/attr-alloc_size-4.c  (test for warnings, line 133)
FAIL: gcc.dg/attr-alloc_size-4.c  (test for warnings, line 138)
FAIL: gcc.dg/attr-alloc_size-4.c  (test for warnings, line 143)
FAIL: gcc.dg/attr-alloc_size-4.c  (test for warnings, line 146)
FAIL: gcc.dg/attr-alloc_size-4.c  (test for warnings, line 150)
FAIL: gcc.dg/attr-alloc_size-4.c  (test for warnings, line 187)
FAIL: gcc.dg/attr-alloc_size-4.c  (test for warnings, line 198)
FAIL: gcc.dg/attr-alloc_size-4.c  (test for warnings, line 200)
FAIL: gcc.dg/attr-alloc_size-4.c argument 2 (test for warnings, line 200)
FAIL: gcc.dg/attr-alloc_size-7.c  (test for warnings, line 27)
FAIL: gcc.dg/attr-alloc_size-7.c  (test for warnings, line 30)
FAIL: gcc.dg/attr-alloc_size-7.c  (test for warnings, line 35)
FAIL: gcc.dg/attr-alloc_size-7.c  (test for warnings, line 36)
FAIL: gcc.dg/attr-alloc_size-7.c  (test for warnings, line 39)
FAIL: gcc.dg/attr-alloc_size-7.c  (test for warnings, line 42)
FAIL: gcc.dg/attr-alloc_size-7.c  (test for warnings, line 57)
FAIL: gcc.dg/attr-alloc_size-7.c  (test for warnings, line 60)
FAIL: gcc.dg/attr-alloc_size-7.c  (test for warnings, line 65)
FAIL: gcc.dg/attr-alloc_size-7.c  (test for warnings, line 66)
FAIL: gcc.dg/attr-alloc_size-7.c  (test for warnings, line 69)
FAIL: gcc.dg/attr-alloc_size-7.c  (test for warnings, line 72)
FAIL: gcc.dg/attr-alloc_size-8.c  (test for warnings, line 39)
FAIL: gcc.dg/attr-alloc_size-8.c  (test for warnings, line 50)
FAIL: gcc.dg/attr-alloc_size-8.c  (test for warnings, line 60)
FAIL: gcc.dg/attr-alloc_size-8.c (test for excess errors)
FAIL: gcc.dg/builtin-alloc-size.c scan-tree-dump-not optimized "abort"
FAIL: gcc.dg/builtin-stpncpy.c  (test for warnings, line 76)
FAIL: gcc.dg/builtins-nonnull.c  (test for warnings, line 101)
FAIL: gcc.dg/builtins-nonnull.c  (test for warnings, line 102)
FAIL: gcc.dg/builtins-nonnull.c  (test for warnings, line 122)
FAIL: gcc.dg/builtins-nonnull.c  (test for warnings, line 123)
FAIL: gcc.dg/builtins-nonnull.c  (test for warnings, line 125)
FAIL: gcc.dg/builtins-nonnull.c  (test for warnings, line 127)
FAIL: gcc.dg/builtins-nonnull.c  (test for warnings, line 128)
FAIL: gcc.dg/builtins-nonnull.c  (test for warnings, line 130)
FAIL: gcc.dg/builtins-nonnull.c  (test for warnings, line 131)
FAIL: gcc.dg/builtins-nonnull.c  (test for warnings, line 133)
FAIL: gcc.dg/builtins-nonnull.c  (test for warnings, line 134)
FAIL: gcc.dg/builtins-nonnull.c  (test for warnings, line 136)
FAIL: gcc.dg/builtins-nonnull.c  (test for warnings, line 137)
FAIL: gcc.dg/builtins-nonnull.c  (test for warnings, line 139)
FAIL: gcc.dg/builtins-nonnull.c  (test for warnings, line 140)
FAIL: gcc.dg/builtins-nonnull.c  (test for warnings, line 157)
FAIL: gcc.dg/builtins-nonnull.c  (test for warnings, line 158)
FAIL: gcc.dg/builtins-nonnull.c  (test for warnings, line 160)
FAIL: gcc.dg/builtins-nonnull.c  (test for warnings, line 161)
FAIL: gcc.dg/builtins-nonnull.c  (test for warnings, line 163)
FAIL: gcc.dg/builtins-nonnull.c  (test for warnings, line 164)
FAIL: gcc.dg/builtins-nonnull.c  (test for warnings, line 166)
FAIL: gcc.dg/builtins-nonnull.c  (test for warnings, line 168)
FAIL: gcc.dg/builtins-nonnull.c  (test for warnings, line 169)
FAIL: gcc.dg/builtins-nonnull.c  (test for warnings, line 171)
FAIL: gcc.dg/builtins-nonnull.c  (test for warnings, line 173)
FAIL: gcc.dg/builtins-nonnull.c  (test for warnings, line 174)
FAIL: gcc.dg/builtins-nonnull.c  (test for warnings, line 177)
FAIL: gcc.dg/builtins-nonnull.c  (test for warnings, line 179)
FAIL: gcc.dg/builtins-nonnull.c  (test for warnings, line 180)
FAIL: gcc.dg/builtins-nonnull.c  (test for warnings, line 183)
FAIL: gcc.dg/builtins-nonnull.c  (test for warnings, line 217)
FAIL: gcc.dg/builtins-nonnull.c  (test for warnings, line 218)
FAIL: gcc.dg/builtins-nonnull.c  (test for warnings, line 220)
FAIL: gcc.dg/builtins-nonnull.c  (test for warnings, line 221)
FAIL: gcc.dg/builtins-nonnull.c  (test for warnings, line 223)
FAIL: gcc.dg/builtins-nonnull.c  (test for warnings, line 225)
FAIL: gcc.dg/builtins-nonnull.c  (test for warnings, line 227)
FAIL: gcc.dg/builtins-nonnull.c  (test for warnings, line 229)
FAIL: gcc.dg/builtins-nonnull.c  (test for warnings, line 230)
FAIL: gcc.dg/builtins-nonnull.c  (test for warnings, line 233)
FAIL: gcc.dg/builtins-nonnull.c  (test for warnings, line 235)
FAIL: gcc.dg/builtins-nonnull.c  (test for warnings, line 236)
FAIL: gcc.dg/builtins-nonnull.c  (test for warnings, line 239)
FAIL: gcc.dg/builtins-nonnull.c  (test for warnings, line 29)
FAIL: gcc.dg/builtins-nonnull.c  (test for warnings, line 31)
FAIL: gcc.dg/builtins-nonnull.c  (test for warnings, line 32)
FAIL: gcc.dg/builtins-nonnull.c  (test for warnings, line 34)
FAIL: gcc.dg/builtins-nonnull.c  (test for warnings, line 35)
FAIL: gcc.dg/builtins-nonnull.c  (test for warnings, line 37)
FAIL: gcc.dg/builtins-nonnull.c  (test for warnings, line 38)
FAIL: gcc.dg/builtins-nonnull.c  (test for warnings, line 40)
FAIL: gcc.dg/builtins-nonnull.c  (test for warnings, line 54)
FAIL: gcc.dg/builtins-nonnull.c  (test for warnings, line 55)
FAIL: gcc.dg/builtins-nonnull.c  (test for warnings, line 57)
FAIL: gcc.dg/builtins-nonnull.c  (test for warnings, line 58)
FAIL: gcc.dg/builtins-nonnull.c  (test for warnings, line 60)
FAIL: gcc.dg/builtins-nonnull.c  (test for warnings, line 61)
FAIL: gcc.dg/builtins-nonnull.c  (test for warnings, line 63)
FAIL: gcc.dg/builtins-nonnull.c  (test for warnings, line 79)
FAIL: gcc.dg/builtins-nonnull.c  (test for warnings, line 80)
FAIL: gcc.dg/builtins-nonnull.c  (test for warnings, line 82)
FAIL: gcc.dg/builtins-nonnull.c  (test for warnings, line 84)
FAIL: gcc.dg/builtins-nonnull.c  (test for warnings, line 85)
FAIL: gcc.dg/builtins-nonnull.c  (test for warnings, line 87)
FAIL: gcc.dg/builtins-nonnull.c  (test for warnings, line 88)
FAIL: gcc.dg/builtins-nonnull.c  (test for warnings, line 90)
FAIL: gcc.dg/builtins-nonnull.c  (test for warnings, line 91)
FAIL: gcc.dg/builtins-nonnull.c  (test for warnings, line 93)
FAIL: gcc.dg/builtins-nonnull.c  (test for warnings, line 94)
FAIL: gcc.dg/builtins-nonnull.c  (test for warnings, line 96)
FAIL: gcc.dg/builtins-nonnull.c  (test for warnings, line 98)
FAIL: gcc.dg/builtins-nonnull.c  (test for warnings, line 99)
FAIL: gcc.dg/nonnull-4.c  (test for warnings, line 35)
FAIL: gcc.dg/nonnull-4.c  (test for warnings, line 38)
FAIL: gcc.dg/nonnull-4.c  (test for warnings, line 40)
FAIL: gcc.dg/nonnull-4.c  (test for warnings, line 42)
FAIL: gcc.dg/nonnull-4.c  (test for warnings, line 43)
FAIL: gcc.dg/nonnull-4.c  (test for warnings, line 44)
FAIL: gcc.dg/nonnull-4.c  (test for warnings, line 47)
FAIL: gcc.dg/nonnull-4.c  (test for warnings, line 49)
FAIL: gcc.dg/nonnull-4.c  (test for warnings, line 50)
FAIL: gcc.dg/nonnull-4.c  (test for warnings, line 51)
FAIL: gcc.dg/nonnull-4.c  (test for warnings, line 52)
FAIL: gcc.dg/nonnull-4.c  (test for warnings, line 55)
FAIL: gcc.dg/nonnull-4.c  (test for warnings, line 56)
FAIL: gcc.dg/nonnull-4.c  (test for warnings, line 58)
FAIL: gcc.dg/nonnull-4.c  (test for warnings, line 60)
FAIL: gcc.dg/nonnull-4.c  (test for warnings, line 62)
FAIL: gcc.dg/nonnull-4.c  (test for warnings, line 63)
FAIL: gcc.dg/nonnull-4.c  (test for warnings, line 66)
FAIL: gcc.dg/nonnull-4.c  (test for warnings, line 67)
FAIL: gcc.dg/nonnull-4.c  (test for warnings, line 68)
FAIL: gcc.dg/nonnull-4.c  (test for warnings, line 70)
FAIL: gcc.dg/nonnull-4.c  (test for warnings, line 71)
FAIL: gcc.dg/nonnull-4.c  (test for warnings, line 72)
FAIL: gcc.dg/nonnull-4.c  (test for warnings, line 73)
FAIL: gcc.dg/nonnull-4.c  (test for warnings, line 78)
FAIL: gcc.dg/nonnull-4.c argument 2 (test for warnings, line 44)
FAIL: gcc.dg/nonnull-4.c argument 3 (test for warnings, line 52)
FAIL: gcc.dg/pr78973-2.c ilp32 (test for warnings, line 16)
FAIL: gcc.dg/pr78973.c pr79073 (test for warnings, line 12)
FAIL: gcc.dg/pr79214.c  (test for warnings, line 25)
FAIL: gcc.dg/pr79214.c  (test for warnings, line 30)
FAIL: gcc.dg/pr79214.c  (test for warnings, line 35)
FAIL: gcc.dg/pr79214.c  (test for warnings, line 40)
FAIL: gcc.dg/pr79214.c  (test for warnings, line 45)
FAIL: gcc.dg/pr79214.c  (test for warnings, line 66)
FAIL: gcc.dg/pr79214.c  (test for warnings, line 80)
FAIL: gcc.dg/pr79214.c  (test for warnings, line 87)
FAIL: gcc.dg/pr79223.c  (test for warnings, line 26)
FAIL: gcc.dg/pr79223.c  (test for warnings, line 31)
FAIL: gcc.dg/pr79223.c  (test for warnings, line 36)
FAIL: gcc.dg/graphite/interchange-3.c scan-tree-dump graphite "tiled"
FAIL: gcc.dg/graphite/interchange-7.c scan-tree-dump graphite "tiled"
FAIL: gcc.dg/graphite/interchange-9.c scan-tree-dump graphite "tiled"
FAIL: gcc.dg/graphite/uns-interchange-9.c scan-tree-dump graphite "tiled"
XPASS: gcc.dg/guality/example.c   -O0  execution test
XPASS: gcc.dg/guality/example.c   -O1  execution test
XPASS: gcc.dg/guality/guality.c   -O0  execution test
XPASS: gcc.dg/guality/guality.c   -O1  execution test
XPASS: gcc.dg/guality/guality.c   -O2  execution test
XPASS: gcc.dg/guality/guality.c   -O2 -flto -fno-use-linker-plugin -flto-partition=none  execution test
XPASS: gcc.dg/guality/guality.c   -O2 -flto -fuse-linker-plugin -fno-fat-lto-objects  execution test
XPASS: gcc.dg/guality/guality.c   -O3 -g  execution test
XPASS: gcc.dg/guality/guality.c   -Os  execution test
XPASS: gcc.dg/guality/inline-params.c   -O2  execution test
XPASS: gcc.dg/guality/inline-params.c   -O2 -flto -fno-use-linker-plugin -flto-partition=none  execution test
XPASS: gcc.dg/guality/inline-params.c   -O2 -flto -fuse-linker-plugin -fno-fat-lto-objects  execution test
XPASS: gcc.dg/guality/inline-params.c   -O3 -g  execution test
XPASS: gcc.dg/guality/inline-params.c   -Os  execution test
FAIL: gcc.dg/guality/pr36728-2.c   -O1  line 18 *x == (char) 25
FAIL: gcc.dg/guality/pr36728-2.c   -O2  line 18 *x == (char) 25
FAIL: gcc.dg/guality/pr36728-2.c   -O2 -flto -fno-use-linker-plugin -flto-partition=none  line 18 *x == (char) 25
FAIL: gcc.dg/guality/pr36728-2.c   -O3 -g  line 18 *x == (char) 25
FAIL: gcc.dg/guality/pr36728-2.c   -Os  line 18 *x == (char) 25
XPASS: gcc.dg/guality/pr41353-1.c   -O0  line 28 j == 28 + 37
FAIL: gcc.dg/guality/pr41447-1.c   -O2  execution test
FAIL: gcc.dg/guality/pr41447-1.c   -O2 -flto -fno-use-linker-plugin -flto-partition=none  execution test
FAIL: gcc.dg/guality/pr41447-1.c   -O3 -g  execution test
FAIL: gcc.dg/guality/pr41447-1.c   -Os  execution test
FAIL: gcc.dg/guality/pr41616-1.c   -O2 -flto -fuse-linker-plugin -fno-fat-lto-objects  execution test
FAIL: gcc.dg/guality/pr45882.c   -O2 -flto -fuse-linker-plugin -fno-fat-lto-objects  line 16 d == 112
FAIL: gcc.dg/guality/pr45882.c   -O2 -flto -fuse-linker-plugin -fno-fat-lto-objects  line 16 e == 142
FAIL: gcc.dg/guality/pr54519-1.c   -O2 -flto -fno-use-linker-plugin -flto-partition=none  line 20 y == 25
FAIL: gcc.dg/guality/pr54519-1.c   -O2 -flto -fno-use-linker-plugin -flto-partition=none  line 20 z == 6
FAIL: gcc.dg/guality/pr54519-1.c   -O2 -flto -fno-use-linker-plugin -flto-partition=none  line 23 y == 117
FAIL: gcc.dg/guality/pr54519-1.c   -O2 -flto -fno-use-linker-plugin -flto-partition=none  line 23 z == 8
FAIL: gcc.dg/guality/pr54519-2.c   -O2 -flto -fno-use-linker-plugin -flto-partition=none  line 17 y == 25
FAIL: gcc.dg/guality/pr54519-2.c   -O2 -flto -fuse-linker-plugin -fno-fat-lto-objects  line 17 y == 25
FAIL: gcc.dg/guality/pr54519-3.c   -O2 -flto -fno-use-linker-plugin -flto-partition=none  line 20 y == 25
FAIL: gcc.dg/guality/pr54519-3.c   -O2 -flto -fno-use-linker-plugin -flto-partition=none  line 20 z == 6
FAIL: gcc.dg/guality/pr54519-3.c   -O2 -flto -fno-use-linker-plugin -flto-partition=none  line 23 y == 117
FAIL: gcc.dg/guality/pr54519-3.c   -O2 -flto -fno-use-linker-plugin -flto-partition=none  line 23 z == 8
FAIL: gcc.dg/guality/pr54519-3.c   -O2 -flto -fuse-linker-plugin -fno-fat-lto-objects  line 20 y == 25
FAIL: gcc.dg/guality/pr54519-3.c   -O2 -flto -fuse-linker-plugin -fno-fat-lto-objects  line 20 z == 6
FAIL: gcc.dg/guality/pr54519-3.c   -O2 -flto -fuse-linker-plugin -fno-fat-lto-objects  line 23 y == 117
FAIL: gcc.dg/guality/pr54519-3.c   -O2 -flto -fuse-linker-plugin -fno-fat-lto-objects  line 23 z == 8
FAIL: gcc.dg/guality/pr54519-4.c   -O2 -flto -fno-use-linker-plugin -flto-partition=none  line 17 y == 25
FAIL: gcc.dg/guality/pr54519-4.c   -O2 -flto -fuse-linker-plugin -fno-fat-lto-objects  line 17 y == 25
FAIL: gcc.dg/guality/pr54519-5.c   -O2 -flto -fno-use-linker-plugin -flto-partition=none  line 17 y == 25
FAIL: gcc.dg/guality/pr54519-5.c   -O2 -flto -fuse-linker-plugin -fno-fat-lto-objects  line 17 y == 25
XPASS: gcc.dg/guality/pr54970.c   -O0  line 31 a[0] == 4
XPASS: gcc.dg/guality/pr54970.c   -O0  line 36 a[0] == 4
XPASS: gcc.dg/guality/pr54970.c   -O0  line 45 a[0] == 4
XPASS: gcc.dg/guality/pr54970.c   -O0  line 45 p[-2] == 4
XPASS: gcc.dg/guality/pr54970.c   -O0  line 45 q[-1] == 4
FAIL: gcc.dg/guality/pr68860-1.c   -O2 -flto -fno-use-linker-plugin -flto-partition=none  line 14 arg1 == 1
FAIL: gcc.dg/guality/pr68860-1.c   -O2 -flto -fno-use-linker-plugin -flto-partition=none  line 14 arg2 == 2
FAIL: gcc.dg/guality/pr68860-1.c   -O2 -flto -fno-use-linker-plugin -flto-partition=none  line 14 arg3 == 3
FAIL: gcc.dg/guality/pr68860-1.c   -O2 -flto -fno-use-linker-plugin -flto-partition=none  line 14 arg4 == 4
FAIL: gcc.dg/guality/pr68860-1.c   -O2 -flto -fno-use-linker-plugin -flto-partition=none  line 14 arg5 == 5
FAIL: gcc.dg/guality/pr68860-1.c   -O2 -flto -fno-use-linker-plugin -flto-partition=none  line 14 arg6 == 6
FAIL: gcc.dg/guality/pr68860-1.c   -O2 -flto -fno-use-linker-plugin -flto-partition=none  line 16 arg1 == 1
FAIL: gcc.dg/guality/pr68860-1.c   -O2 -flto -fno-use-linker-plugin -flto-partition=none  line 16 arg2 == 2
FAIL: gcc.dg/guality/pr68860-1.c   -O2 -flto -fno-use-linker-plugin -flto-partition=none  line 16 arg3 == 3
FAIL: gcc.dg/guality/pr68860-1.c   -O2 -flto -fno-use-linker-plugin -flto-partition=none  line 16 arg4 == 4
FAIL: gcc.dg/guality/pr68860-1.c   -O2 -flto -fno-use-linker-plugin -flto-partition=none  line 16 arg5 == 5
FAIL: gcc.dg/guality/pr68860-1.c   -O2 -flto -fno-use-linker-plugin -flto-partition=none  line 16 arg6 == 6
FAIL: gcc.dg/guality/pr68860-1.c   -O2 -flto -fuse-linker-plugin -fno-fat-lto-objects  line 14 arg1 == 1
FAIL: gcc.dg/guality/pr68860-1.c   -O2 -flto -fuse-linker-plugin -fno-fat-lto-objects  line 14 arg2 == 2
FAIL: gcc.dg/guality/pr68860-1.c   -O2 -flto -fuse-linker-plugin -fno-fat-lto-objects  line 14 arg3 == 3
FAIL: gcc.dg/guality/pr68860-1.c   -O2 -flto -fuse-linker-plugin -fno-fat-lto-objects  line 14 arg4 == 4
FAIL: gcc.dg/guality/pr68860-1.c   -O2 -flto -fuse-linker-plugin -fno-fat-lto-objects  line 14 arg5 == 5
FAIL: gcc.dg/guality/pr68860-1.c   -O2 -flto -fuse-linker-plugin -fno-fat-lto-objects  line 14 arg6 == 6
FAIL: gcc.dg/guality/pr68860-1.c   -O2 -flto -fuse-linker-plugin -fno-fat-lto-objects  line 16 arg1 == 1
FAIL: gcc.dg/guality/pr68860-1.c   -O2 -flto -fuse-linker-plugin -fno-fat-lto-objects  line 16 arg2 == 2
FAIL: gcc.dg/guality/pr68860-1.c   -O2 -flto -fuse-linker-plugin -fno-fat-lto-objects  line 16 arg3 == 3
FAIL: gcc.dg/guality/pr68860-1.c   -O2 -flto -fuse-linker-plugin -fno-fat-lto-objects  line 16 arg4 == 4
FAIL: gcc.dg/guality/pr68860-1.c   -O2 -flto -fuse-linker-plugin -fno-fat-lto-objects  line 16 arg5 == 5
FAIL: gcc.dg/guality/pr68860-1.c   -O2 -flto -fuse-linker-plugin -fno-fat-lto-objects  line 16 arg6 == 6
FAIL: gcc.dg/guality/sra-1.c   -O2  line 43 a.j == 14
FAIL: gcc.dg/guality/sra-1.c   -O2 -flto -fno-use-linker-plugin -flto-partition=none  line 43 a.j == 14
FAIL: gcc.dg/guality/sra-1.c   -O3 -g  line 43 a.j == 14
FAIL: gcc.dg/guality/sra-1.c   -Os  line 43 a.j == 14
FAIL: gcc.dg/guality/vla-1.c   -O1  line 17 sizeof (a) == 6
FAIL: gcc.dg/guality/vla-1.c   -O2  line 17 sizeof (a) == 6
FAIL: gcc.dg/guality/vla-1.c   -O2 -flto -fno-use-linker-plugin -flto-partition=none  line 17 sizeof (a) == 6
FAIL: gcc.dg/guality/vla-1.c   -O2 -flto -fno-use-linker-plugin -flto-partition=none  line 24 sizeof (a) == 17 * sizeof (short)
FAIL: gcc.dg/guality/vla-1.c   -O2 -flto -fuse-linker-plugin -fno-fat-lto-objects  line 17 sizeof (a) == 6
FAIL: gcc.dg/guality/vla-1.c   -O2 -flto -fuse-linker-plugin -fno-fat-lto-objects  line 24 sizeof (a) == 17 * sizeof (short)
FAIL: gcc.dg/guality/vla-1.c   -O3 -g  line 17 sizeof (a) == 6
FAIL: gcc.dg/guality/vla-1.c   -Os  line 17 sizeof (a) == 6
FAIL: gcc.dg/ipa/inline-2.c scan-ipa-dump inline "op2 change 10.000000. of time"
FAIL: gcc.dg/ipa/inline-3.c scan-ipa-dump inline "Scaling time by probability:0.100000"
FAIL: gcc.dg/ipa/inline-7.c scan-tree-dump-times einline "Inlining a into m" 1 (found 0 times)
FAIL: gcc.dg/ipa/inline-8.c execution test
FAIL: gcc.dg/ipa/ipa-icf-28.c scan-ipa-dump icf "different decl attributes"
FAIL: gcc.dg/ipa/ipa-icf-merge-1.c scan-ipa-dump icf "= foo \\\\(\\\\);"
FAIL: gcc.dg/lto/chkp-ctor-merge c_lto_chkp-ctor-merge_0.o-c_lto_chkp-ctor-merge_0.o link,  -O2 -flto -fcheck-pointer-bounds -mmpx -nodefaultlibs -lc  (internal compiler error)
FAIL: gcc.dg/tree-prof/inliner-1.c scan-tree-dump optimized "cold_function ..;"
FAIL: gcc.dg/tree-ssa/builtin-snprintf-warn-1.c  (test for warnings, line 40)
FAIL: gcc.dg/tree-ssa/builtin-snprintf-warn-1.c  (test for warnings, line 41)
FAIL: gcc.dg/tree-ssa/builtin-snprintf-warn-1.c  (test for warnings, line 42)
FAIL: gcc.dg/tree-ssa/builtin-snprintf-warn-1.c  (test for warnings, line 78)
FAIL: gcc.dg/tree-ssa/builtin-snprintf-warn-2.c  (test for warnings, line 39)
FAIL: gcc.dg/tree-ssa/builtin-snprintf-warn-2.c  (test for warnings, line 66)
FAIL: gcc.dg/tree-ssa/builtin-snprintf-warn-2.c (test for excess errors)
FAIL: gcc.dg/tree-ssa/builtin-sprintf-5.c scan-tree-dump-not optimized "failure_on_line"
FAIL: gcc.dg/tree-ssa/builtin-sprintf-5.c scan-tree-dump-not optimized "snprintf"
FAIL: gcc.dg/tree-ssa/builtin-sprintf-warn-11.c  (test for warnings, line 132)
FAIL: gcc.dg/tree-ssa/builtin-sprintf-warn-11.c  (test for warnings, line 134)
FAIL: gcc.dg/tree-ssa/builtin-sprintf-warn-11.c  (test for warnings, line 143)
FAIL: gcc.dg/tree-ssa/builtin-sprintf-warn-11.c  (test for warnings, line 144)
FAIL: gcc.dg/tree-ssa/builtin-sprintf-warn-11.c  (test for warnings, line 145)
FAIL: gcc.dg/tree-ssa/builtin-sprintf-warn-11.c  (test for warnings, line 146)
FAIL: gcc.dg/tree-ssa/builtin-sprintf-warn-11.c  (test for warnings, line 147)
FAIL: gcc.dg/tree-ssa/builtin-sprintf-warn-11.c  (test for warnings, line 148)
FAIL: gcc.dg/tree-ssa/builtin-sprintf-warn-11.c  (test for warnings, line 149)
FAIL: gcc.dg/tree-ssa/builtin-sprintf-warn-11.c  (test for warnings, line 152)
FAIL: gcc.dg/tree-ssa/builtin-sprintf-warn-11.c  (test for warnings, line 153)
FAIL: gcc.dg/tree-ssa/builtin-sprintf-warn-11.c  (test for warnings, line 155)
FAIL: gcc.dg/tree-ssa/builtin-sprintf-warn-11.c  (test for warnings, line 156)
FAIL: gcc.dg/tree-ssa/builtin-sprintf-warn-11.c  (test for warnings, line 159)
FAIL: gcc.dg/tree-ssa/builtin-sprintf-warn-11.c  (test for warnings, line 160)
FAIL: gcc.dg/tree-ssa/builtin-sprintf-warn-11.c  (test for warnings, line 164)
FAIL: gcc.dg/tree-ssa/builtin-sprintf-warn-11.c  (test for warnings, line 165)
FAIL: gcc.dg/tree-ssa/builtin-sprintf-warn-11.c  (test for warnings, line 167)
FAIL: gcc.dg/tree-ssa/builtin-sprintf-warn-11.c  (test for warnings, line 168)
FAIL: gcc.dg/tree-ssa/builtin-sprintf-warn-11.c  (test for warnings, line 216)
FAIL: gcc.dg/tree-ssa/builtin-sprintf-warn-11.c  (test for warnings, line 221)
FAIL: gcc.dg/tree-ssa/builtin-sprintf-warn-11.c  (test for warnings, line 222)
FAIL: gcc.dg/tree-ssa/builtin-sprintf-warn-11.c  (test for warnings, line 223)
FAIL: gcc.dg/tree-ssa/builtin-sprintf-warn-11.c  (test for warnings, line 224)
FAIL: gcc.dg/tree-ssa/builtin-sprintf-warn-11.c  (test for warnings, line 225)
FAIL: gcc.dg/tree-ssa/builtin-sprintf-warn-11.c  (test for warnings, line 226)
FAIL: gcc.dg/tree-ssa/builtin-sprintf-warn-11.c  (test for warnings, line 227)
FAIL: gcc.dg/tree-ssa/builtin-sprintf-warn-11.c  (test for warnings, line 228)
FAIL: gcc.dg/tree-ssa/builtin-sprintf-warn-11.c  (test for warnings, line 229)
FAIL: gcc.dg/tree-ssa/builtin-sprintf-warn-11.c  (test for warnings, line 230)
FAIL: gcc.dg/tree-ssa/builtin-sprintf-warn-11.c  (test for warnings, line 231)
FAIL: gcc.dg/tree-ssa/builtin-sprintf-warn-11.c  (test for warnings, line 232)
FAIL: gcc.dg/tree-ssa/builtin-sprintf-warn-11.c  (test for warnings, line 233)
FAIL: gcc.dg/tree-ssa/builtin-sprintf-warn-11.c  (test for warnings, line 235)
FAIL: gcc.dg/tree-ssa/builtin-sprintf-warn-11.c  (test for warnings, line 236)
FAIL: gcc.dg/tree-ssa/builtin-sprintf-warn-11.c  (test for warnings, line 237)
FAIL: gcc.dg/tree-ssa/builtin-sprintf-warn-11.c  (test for warnings, line 238)
FAIL: gcc.dg/tree-ssa/builtin-sprintf-warn-11.c  (test for warnings, line 239)
FAIL: gcc.dg/tree-ssa/builtin-sprintf-warn-11.c  (test for warnings, line 240)
FAIL: gcc.dg/tree-ssa/builtin-sprintf-warn-11.c  (test for warnings, line 241)
FAIL: gcc.dg/tree-ssa/builtin-sprintf-warn-11.c  (test for warnings, line 242)
FAIL: gcc.dg/tree-ssa/builtin-sprintf-warn-11.c  (test for warnings, line 243)
FAIL: gcc.dg/tree-ssa/builtin-sprintf-warn-11.c  (test for warnings, line 244)
FAIL: gcc.dg/tree-ssa/builtin-sprintf-warn-11.c  (test for warnings, line 245)
FAIL: gcc.dg/tree-ssa/builtin-sprintf-warn-11.c  (test for warnings, line 246)
FAIL: gcc.dg/tree-ssa/builtin-sprintf-warn-11.c  (test for warnings, line 275)
FAIL: gcc.dg/tree-ssa/builtin-sprintf-warn-11.c  (test for warnings, line 277)
FAIL: gcc.dg/tree-ssa/builtin-sprintf-warn-11.c  (test for warnings, line 278)
FAIL: gcc.dg/tree-ssa/builtin-sprintf-warn-11.c  (test for warnings, line 279)
FAIL: gcc.dg/tree-ssa/builtin-sprintf-warn-11.c  (test for warnings, line 287)
FAIL: gcc.dg/tree-ssa/builtin-sprintf-warn-11.c  (test for warnings, line 289)
FAIL: gcc.dg/tree-ssa/builtin-sprintf-warn-11.c  (test for warnings, line 290)
FAIL: gcc.dg/tree-ssa/builtin-sprintf-warn-11.c  (test for warnings, line 291)
FAIL: gcc.dg/tree-ssa/builtin-sprintf-warn-11.c  (test for warnings, line 292)
FAIL: gcc.dg/tree-ssa/builtin-sprintf-warn-11.c  (test for warnings, line 298)
FAIL: gcc.dg/tree-ssa/builtin-sprintf-warn-11.c  (test for warnings, line 299)
FAIL: gcc.dg/tree-ssa/builtin-sprintf-warn-11.c  (test for warnings, line 300)
FAIL: gcc.dg/tree-ssa/builtin-sprintf-warn-11.c  (test for warnings, line 301)
FAIL: gcc.dg/tree-ssa/builtin-sprintf-warn-11.c  (test for warnings, line 303)
FAIL: gcc.dg/tree-ssa/builtin-sprintf-warn-11.c  (test for warnings, line 304)
FAIL: gcc.dg/tree-ssa/builtin-sprintf-warn-11.c  (test for warnings, line 305)
FAIL: gcc.dg/tree-ssa/builtin-sprintf-warn-11.c  (test for warnings, line 308)
FAIL: gcc.dg/tree-ssa/builtin-sprintf-warn-11.c  (test for warnings, line 309)
FAIL: gcc.dg/tree-ssa/builtin-sprintf-warn-11.c  (test for warnings, line 310)
FAIL: gcc.dg/tree-ssa/builtin-sprintf-warn-11.c  (test for warnings, line 311)
FAIL: gcc.dg/tree-ssa/builtin-sprintf-warn-11.c  (test for warnings, line 312)
FAIL: gcc.dg/tree-ssa/builtin-sprintf-warn-11.c (test for excess errors)
FAIL: gcc.dg/tree-ssa/builtin-sprintf-warn-12.c  (test for warnings, line 101)
FAIL: gcc.dg/tree-ssa/builtin-sprintf-warn-12.c  (test for warnings, line 103)
FAIL: gcc.dg/tree-ssa/builtin-sprintf-warn-12.c  (test for warnings, line 105)
FAIL: gcc.dg/tree-ssa/builtin-sprintf-warn-12.c  (test for warnings, line 111)
FAIL: gcc.dg/tree-ssa/builtin-sprintf-warn-12.c  (test for warnings, line 114)
FAIL: gcc.dg/tree-ssa/builtin-sprintf-warn-12.c  (test for warnings, line 118)
FAIL: gcc.dg/tree-ssa/builtin-sprintf-warn-12.c  (test for warnings, line 121)
FAIL: gcc.dg/tree-ssa/builtin-sprintf-warn-12.c  (test for warnings, line 124)
FAIL: gcc.dg/tree-ssa/builtin-sprintf-warn-12.c  (test for warnings, line 128)
FAIL: gcc.dg/tree-ssa/builtin-sprintf-warn-12.c  (test for warnings, line 154)
FAIL: gcc.dg/tree-ssa/builtin-sprintf-warn-12.c  (test for warnings, line 155)
FAIL: gcc.dg/tree-ssa/builtin-sprintf-warn-12.c  (test for warnings, line 161)
FAIL: gcc.dg/tree-ssa/builtin-sprintf-warn-12.c  (test for warnings, line 162)
FAIL: gcc.dg/tree-ssa/builtin-sprintf-warn-12.c  (test for warnings, line 163)
FAIL: gcc.dg/tree-ssa/builtin-sprintf-warn-12.c  (test for warnings, line 164)
FAIL: gcc.dg/tree-ssa/builtin-sprintf-warn-12.c  (test for warnings, line 165)
FAIL: gcc.dg/tree-ssa/builtin-sprintf-warn-12.c  (test for warnings, line 166)
FAIL: gcc.dg/tree-ssa/builtin-sprintf-warn-12.c  (test for warnings, line 167)
FAIL: gcc.dg/tree-ssa/builtin-sprintf-warn-12.c  (test for warnings, line 168)
FAIL: gcc.dg/tree-ssa/builtin-sprintf-warn-12.c  (test for warnings, line 169)
FAIL: gcc.dg/tree-ssa/builtin-sprintf-warn-12.c  (test for warnings, line 170)
FAIL: gcc.dg/tree-ssa/builtin-sprintf-warn-12.c  (test for warnings, line 171)
FAIL: gcc.dg/tree-ssa/builtin-sprintf-warn-12.c  (test for warnings, line 174)
FAIL: gcc.dg/tree-ssa/builtin-sprintf-warn-12.c  (test for warnings, line 182)
FAIL: gcc.dg/tree-ssa/builtin-sprintf-warn-12.c  (test for warnings, line 185)
FAIL: gcc.dg/tree-ssa/builtin-sprintf-warn-12.c  (test for warnings, line 193)
FAIL: gcc.dg/tree-ssa/builtin-sprintf-warn-12.c  (test for warnings, line 195)
FAIL: gcc.dg/tree-ssa/builtin-sprintf-warn-12.c  (test for warnings, line 201)
FAIL: gcc.dg/tree-ssa/builtin-sprintf-warn-12.c  (test for warnings, line 202)
FAIL: gcc.dg/tree-ssa/builtin-sprintf-warn-12.c  (test for warnings, line 203)
FAIL: gcc.dg/tree-ssa/builtin-sprintf-warn-12.c  (test for warnings, line 204)
FAIL: gcc.dg/tree-ssa/builtin-sprintf-warn-12.c  (test for warnings, line 205)
FAIL: gcc.dg/tree-ssa/builtin-sprintf-warn-12.c  (test for warnings, line 206)
FAIL: gcc.dg/tree-ssa/builtin-sprintf-warn-12.c  (test for warnings, line 207)
FAIL: gcc.dg/tree-ssa/builtin-sprintf-warn-12.c  (test for warnings, line 208)
FAIL: gcc.dg/tree-ssa/builtin-sprintf-warn-12.c  (test for warnings, line 209)
FAIL: gcc.dg/tree-ssa/builtin-sprintf-warn-12.c  (test for warnings, line 212)
FAIL: gcc.dg/tree-ssa/builtin-sprintf-warn-12.c  (test for warnings, line 223)
FAIL: gcc.dg/tree-ssa/builtin-sprintf-warn-12.c  (test for warnings, line 227)
FAIL: gcc.dg/tree-ssa/builtin-sprintf-warn-12.c  (test for warnings, line 66)
FAIL: gcc.dg/tree-ssa/builtin-sprintf-warn-12.c  (test for warnings, line 67)
FAIL: gcc.dg/tree-ssa/builtin-sprintf-warn-12.c  (test for warnings, line 68)
FAIL: gcc.dg/tree-ssa/builtin-sprintf-warn-12.c  (test for warnings, line 69)
FAIL: gcc.dg/tree-ssa/builtin-sprintf-warn-12.c  (test for warnings, line 73)
FAIL: gcc.dg/tree-ssa/builtin-sprintf-warn-12.c  (test for warnings, line 74)
FAIL: gcc.dg/tree-ssa/builtin-sprintf-warn-12.c  (test for warnings, line 75)
FAIL: gcc.dg/tree-ssa/builtin-sprintf-warn-12.c  (test for warnings, line 76)
FAIL: gcc.dg/tree-ssa/builtin-sprintf-warn-12.c  (test for warnings, line 77)
FAIL: gcc.dg/tree-ssa/builtin-sprintf-warn-12.c  (test for warnings, line 78)
FAIL: gcc.dg/tree-ssa/builtin-sprintf-warn-12.c  (test for warnings, line 82)
FAIL: gcc.dg/tree-ssa/builtin-sprintf-warn-12.c  (test for warnings, line 83)
FAIL: gcc.dg/tree-ssa/builtin-sprintf-warn-12.c  (test for warnings, line 91)
FAIL: gcc.dg/tree-ssa/builtin-sprintf-warn-12.c  (test for warnings, line 93)
FAIL: gcc.dg/tree-ssa/builtin-sprintf-warn-12.c (test for excess errors)
FAIL: gcc.dg/tree-ssa/builtin-sprintf-warn-13.c  (test for warnings, line 102)
FAIL: gcc.dg/tree-ssa/builtin-sprintf-warn-13.c  (test for warnings, line 103)
FAIL: gcc.dg/tree-ssa/builtin-sprintf-warn-13.c  (test for warnings, line 108)
FAIL: gcc.dg/tree-ssa/builtin-sprintf-warn-13.c  (test for warnings, line 109)
FAIL: gcc.dg/tree-ssa/builtin-sprintf-warn-13.c  (test for warnings, line 112)
FAIL: gcc.dg/tree-ssa/builtin-sprintf-warn-13.c  (test for warnings, line 114)
FAIL: gcc.dg/tree-ssa/builtin-sprintf-warn-13.c  (test for warnings, line 116)
FAIL: gcc.dg/tree-ssa/builtin-sprintf-warn-13.c  (test for warnings, line 118)
FAIL: gcc.dg/tree-ssa/builtin-sprintf-warn-13.c  (test for warnings, line 123)
FAIL: gcc.dg/tree-ssa/builtin-sprintf-warn-13.c  (test for warnings, line 124)
FAIL: gcc.dg/tree-ssa/builtin-sprintf-warn-13.c  (test for warnings, line 129)
FAIL: gcc.dg/tree-ssa/builtin-sprintf-warn-13.c  (test for warnings, line 130)
FAIL: gcc.dg/tree-ssa/builtin-sprintf-warn-13.c  (test for warnings, line 135)
FAIL: gcc.dg/tree-ssa/builtin-sprintf-warn-13.c  (test for warnings, line 136)
FAIL: gcc.dg/tree-ssa/builtin-sprintf-warn-13.c  (test for warnings, line 160)
FAIL: gcc.dg/tree-ssa/builtin-sprintf-warn-13.c  (test for warnings, line 162)
FAIL: gcc.dg/tree-ssa/builtin-sprintf-warn-13.c  (test for warnings, line 163)
FAIL: gcc.dg/tree-ssa/builtin-sprintf-warn-13.c  (test for warnings, line 165)
FAIL: gcc.dg/tree-ssa/builtin-sprintf-warn-13.c  (test for warnings, line 172)
FAIL: gcc.dg/tree-ssa/builtin-sprintf-warn-13.c  (test for warnings, line 178)
FAIL: gcc.dg/tree-ssa/builtin-sprintf-warn-13.c  (test for warnings, line 199)
FAIL: gcc.dg/tree-ssa/builtin-sprintf-warn-13.c  (test for warnings, line 200)
FAIL: gcc.dg/tree-ssa/builtin-sprintf-warn-13.c  (test for warnings, line 201)
FAIL: gcc.dg/tree-ssa/builtin-sprintf-warn-13.c  (test for warnings, line 202)
FAIL: gcc.dg/tree-ssa/builtin-sprintf-warn-13.c  (test for warnings, line 204)
FAIL: gcc.dg/tree-ssa/builtin-sprintf-warn-13.c  (test for warnings, line 205)
FAIL: gcc.dg/tree-ssa/builtin-sprintf-warn-13.c  (test for warnings, line 206)
FAIL: gcc.dg/tree-ssa/builtin-sprintf-warn-13.c  (test for warnings, line 207)
FAIL: gcc.dg/tree-ssa/builtin-sprintf-warn-13.c  (test for warnings, line 213)
FAIL: gcc.dg/tree-ssa/builtin-sprintf-warn-13.c  (test for warnings, line 214)
FAIL: gcc.dg/tree-ssa/builtin-sprintf-warn-13.c  (test for warnings, line 219)
FAIL: gcc.dg/tree-ssa/builtin-sprintf-warn-13.c  (test for warnings, line 220)
FAIL: gcc.dg/tree-ssa/builtin-sprintf-warn-13.c  (test for warnings, line 248)
FAIL: gcc.dg/tree-ssa/builtin-sprintf-warn-13.c  (test for warnings, line 254)
FAIL: gcc.dg/tree-ssa/builtin-sprintf-warn-13.c  (test for warnings, line 260)
FAIL: gcc.dg/tree-ssa/builtin-sprintf-warn-13.c  (test for warnings, line 77)
FAIL: gcc.dg/tree-ssa/builtin-sprintf-warn-13.c  (test for warnings, line 78)
FAIL: gcc.dg/tree-ssa/builtin-sprintf-warn-13.c  (test for warnings, line 79)
FAIL: gcc.dg/tree-ssa/builtin-sprintf-warn-13.c  (test for warnings, line 80)
FAIL: gcc.dg/tree-ssa/builtin-sprintf-warn-13.c  (test for warnings, line 82)
FAIL: gcc.dg/tree-ssa/builtin-sprintf-warn-13.c  (test for warnings, line 83)
FAIL: gcc.dg/tree-ssa/builtin-sprintf-warn-13.c  (test for warnings, line 84)
FAIL: gcc.dg/tree-ssa/builtin-sprintf-warn-13.c  (test for warnings, line 85)
FAIL: gcc.dg/tree-ssa/builtin-sprintf-warn-13.c  (test for warnings, line 89)
FAIL: gcc.dg/tree-ssa/builtin-sprintf-warn-13.c  (test for warnings, line 91)
FAIL: gcc.dg/tree-ssa/builtin-sprintf-warn-13.c  (test for warnings, line 93)
FAIL: gcc.dg/tree-ssa/builtin-sprintf-warn-13.c  (test for warnings, line 95)
FAIL: gcc.dg/tree-ssa/builtin-sprintf-warn-13.c  (test for warnings, line 97)
FAIL: gcc.dg/tree-ssa/builtin-sprintf-warn-13.c (test for excess errors)
FAIL: gcc.dg/tree-ssa/builtin-sprintf-warn-14.c  (test for warnings, line 100)
FAIL: gcc.dg/tree-ssa/builtin-sprintf-warn-14.c  (test for warnings, line 101)
FAIL: gcc.dg/tree-ssa/builtin-sprintf-warn-14.c  (test for warnings, line 103)
FAIL: gcc.dg/tree-ssa/builtin-sprintf-warn-14.c  (test for warnings, line 104)
FAIL: gcc.dg/tree-ssa/builtin-sprintf-warn-14.c  (test for warnings, line 105)
FAIL: gcc.dg/tree-ssa/builtin-sprintf-warn-14.c  (test for warnings, line 107)
FAIL: gcc.dg/tree-ssa/builtin-sprintf-warn-14.c  (test for warnings, line 108)
FAIL: gcc.dg/tree-ssa/builtin-sprintf-warn-14.c  (test for warnings, line 109)
FAIL: gcc.dg/tree-ssa/builtin-sprintf-warn-14.c  (test for warnings, line 111)
FAIL: gcc.dg/tree-ssa/builtin-sprintf-warn-14.c  (test for warnings, line 112)
FAIL: gcc.dg/tree-ssa/builtin-sprintf-warn-14.c  (test for warnings, line 113)
FAIL: gcc.dg/tree-ssa/builtin-sprintf-warn-14.c  (test for warnings, line 115)
FAIL: gcc.dg/tree-ssa/builtin-sprintf-warn-14.c  (test for warnings, line 116)
FAIL: gcc.dg/tree-ssa/builtin-sprintf-warn-14.c  (test for warnings, line 117)
FAIL: gcc.dg/tree-ssa/builtin-sprintf-warn-14.c  (test for warnings, line 119)
FAIL: gcc.dg/tree-ssa/builtin-sprintf-warn-14.c  (test for warnings, line 120)
FAIL: gcc.dg/tree-ssa/builtin-sprintf-warn-14.c  (test for warnings, line 121)
FAIL: gcc.dg/tree-ssa/builtin-sprintf-warn-14.c  (test for warnings, line 123)
FAIL: gcc.dg/tree-ssa/builtin-sprintf-warn-14.c  (test for warnings, line 124)
FAIL: gcc.dg/tree-ssa/builtin-sprintf-warn-14.c  (test for warnings, line 125)
FAIL: gcc.dg/tree-ssa/builtin-sprintf-warn-14.c  (test for warnings, line 127)
FAIL: gcc.dg/tree-ssa/builtin-sprintf-warn-14.c  (test for warnings, line 128)
FAIL: gcc.dg/tree-ssa/builtin-sprintf-warn-14.c  (test for warnings, line 129)
FAIL: gcc.dg/tree-ssa/builtin-sprintf-warn-14.c  (test for warnings, line 131)
FAIL: gcc.dg/tree-ssa/builtin-sprintf-warn-14.c  (test for warnings, line 132)
FAIL: gcc.dg/tree-ssa/builtin-sprintf-warn-14.c  (test for warnings, line 137)
FAIL: gcc.dg/tree-ssa/builtin-sprintf-warn-14.c  (test for warnings, line 141)
FAIL: gcc.dg/tree-ssa/builtin-sprintf-warn-14.c  (test for warnings, line 145)
FAIL: gcc.dg/tree-ssa/builtin-sprintf-warn-14.c  (test for warnings, line 149)
FAIL: gcc.dg/tree-ssa/builtin-sprintf-warn-14.c  (test for warnings, line 153)
FAIL: gcc.dg/tree-ssa/builtin-sprintf-warn-14.c  (test for warnings, line 157)
FAIL: gcc.dg/tree-ssa/builtin-sprintf-warn-14.c  (test for warnings, line 161)
FAIL: gcc.dg/tree-ssa/builtin-sprintf-warn-14.c  (test for warnings, line 165)
FAIL: gcc.dg/tree-ssa/builtin-sprintf-warn-14.c  (test for warnings, line 172)
FAIL: gcc.dg/tree-ssa/builtin-sprintf-warn-14.c  (test for warnings, line 179)
FAIL: gcc.dg/tree-ssa/builtin-sprintf-warn-14.c  (test for warnings, line 184)
FAIL: gcc.dg/tree-ssa/builtin-sprintf-warn-14.c  (test for warnings, line 189)
FAIL: gcc.dg/tree-ssa/builtin-sprintf-warn-14.c  (test for warnings, line 201)
FAIL: gcc.dg/tree-ssa/builtin-sprintf-warn-14.c  (test for warnings, line 206)
FAIL: gcc.dg/tree-ssa/builtin-sprintf-warn-14.c  (test for warnings, line 87)
FAIL: gcc.dg/tree-ssa/builtin-sprintf-warn-14.c  (test for warnings, line 88)
FAIL: gcc.dg/tree-ssa/builtin-sprintf-warn-14.c  (test for warnings, line 89)
FAIL: gcc.dg/tree-ssa/builtin-sprintf-warn-14.c  (test for warnings, line 91)
FAIL: gcc.dg/tree-ssa/builtin-sprintf-warn-14.c  (test for warnings, line 92)
FAIL: gcc.dg/tree-ssa/builtin-sprintf-warn-14.c  (test for warnings, line 93)
FAIL: gcc.dg/tree-ssa/builtin-sprintf-warn-14.c  (test for warnings, line 95)
FAIL: gcc.dg/tree-ssa/builtin-sprintf-warn-14.c  (test for warnings, line 96)
FAIL: gcc.dg/tree-ssa/builtin-sprintf-warn-14.c  (test for warnings, line 97)
FAIL: gcc.dg/tree-ssa/builtin-sprintf-warn-14.c  (test for warnings, line 99)
FAIL: gcc.dg/tree-ssa/builtin-sprintf-warn-14.c (test for excess errors)
FAIL: gcc.dg/tree-ssa/builtin-sprintf-warn-15.c  (test for warnings, line 116)
FAIL: gcc.dg/tree-ssa/builtin-sprintf-warn-15.c  (test for warnings, line 122)
FAIL: gcc.dg/tree-ssa/builtin-sprintf-warn-15.c  (test for warnings, line 123)
FAIL: gcc.dg/tree-ssa/builtin-sprintf-warn-15.c  (test for warnings, line 135)
FAIL: gcc.dg/tree-ssa/builtin-sprintf-warn-15.c  (test for warnings, line 136)
FAIL: gcc.dg/tree-ssa/builtin-sprintf-warn-15.c  (test for warnings, line 152)
FAIL: gcc.dg/tree-ssa/builtin-sprintf-warn-15.c  (test for warnings, line 162)
FAIL: gcc.dg/tree-ssa/builtin-sprintf-warn-15.c  (test for warnings, line 164)
FAIL: gcc.dg/tree-ssa/builtin-sprintf-warn-15.c (test for excess errors)
FAIL: gcc.dg/tree-ssa/builtin-sprintf-warn-19.c  (test for warnings, line 34)
FAIL: gcc.dg/tree-ssa/builtin-sprintf-warn-19.c  (test for warnings, line 35)
FAIL: gcc.dg/tree-ssa/builtin-sprintf-warn-19.c  (test for warnings, line 37)
FAIL: gcc.dg/tree-ssa/builtin-sprintf-warn-19.c  (test for warnings, line 38)
FAIL: gcc.dg/tree-ssa/builtin-sprintf-warn-19.c  (test for warnings, line 39)
FAIL: gcc.dg/tree-ssa/builtin-sprintf-warn-19.c  (test for warnings, line 40)
FAIL: gcc.dg/tree-ssa/builtin-sprintf-warn-19.c  (test for warnings, line 42)
FAIL: gcc.dg/tree-ssa/builtin-sprintf-warn-19.c  (test for warnings, line 43)
FAIL: gcc.dg/tree-ssa/builtin-sprintf-warn-19.c  (test for warnings, line 44)
FAIL: gcc.dg/tree-ssa/builtin-sprintf-warn-19.c  (test for warnings, line 45)
FAIL: gcc.dg/tree-ssa/builtin-sprintf-warn-19.c  (test for warnings, line 46)
FAIL: gcc.dg/tree-ssa/builtin-sprintf-warn-19.c  (test for warnings, line 54)
FAIL: gcc.dg/tree-ssa/builtin-sprintf-warn-19.c  (test for warnings, line 55)
FAIL: gcc.dg/tree-ssa/builtin-sprintf-warn-19.c  (test for warnings, line 56)
FAIL: gcc.dg/tree-ssa/builtin-sprintf-warn-19.c  (test for warnings, line 57)
FAIL: gcc.dg/tree-ssa/builtin-sprintf-warn-19.c  (test for warnings, line 58)
FAIL: gcc.dg/tree-ssa/builtin-sprintf-warn-19.c  (test for warnings, line 60)
FAIL: gcc.dg/tree-ssa/builtin-sprintf-warn-19.c  (test for warnings, line 61)
FAIL: gcc.dg/tree-ssa/builtin-sprintf-warn-19.c (test for excess errors)
FAIL: gcc.dg/tree-ssa/builtin-sprintf-warn-3.c  (test for warnings, line 105)
FAIL: gcc.dg/tree-ssa/builtin-sprintf-warn-3.c  (test for warnings, line 106)
FAIL: gcc.dg/tree-ssa/builtin-sprintf-warn-3.c  (test for warnings, line 112)
FAIL: gcc.dg/tree-ssa/builtin-sprintf-warn-3.c  (test for warnings, line 113)
FAIL: gcc.dg/tree-ssa/builtin-sprintf-warn-3.c  (test for warnings, line 118)
FAIL: gcc.dg/tree-ssa/builtin-sprintf-warn-3.c  (test for warnings, line 119)
FAIL: gcc.dg/tree-ssa/builtin-sprintf-warn-3.c  (test for warnings, line 120)
FAIL: gcc.dg/tree-ssa/builtin-sprintf-warn-3.c  (test for warnings, line 128)
FAIL: gcc.dg/tree-ssa/builtin-sprintf-warn-3.c  (test for warnings, line 130)
FAIL: gcc.dg/tree-ssa/builtin-sprintf-warn-3.c  (test for warnings, line 189)
FAIL: gcc.dg/tree-ssa/builtin-sprintf-warn-3.c  (test for warnings, line 192)
FAIL: gcc.dg/tree-ssa/builtin-sprintf-warn-3.c  (test for warnings, line 195)
FAIL: gcc.dg/tree-ssa/builtin-sprintf-warn-3.c  (test for warnings, line 198)
FAIL: gcc.dg/tree-ssa/builtin-sprintf-warn-3.c  (test for warnings, line 211)
FAIL: gcc.dg/tree-ssa/builtin-sprintf-warn-3.c  (test for warnings, line 212)
FAIL: gcc.dg/tree-ssa/builtin-sprintf-warn-3.c  (test for warnings, line 214)
FAIL: gcc.dg/tree-ssa/builtin-sprintf-warn-3.c  (test for warnings, line 215)
FAIL: gcc.dg/tree-ssa/builtin-sprintf-warn-3.c  (test for warnings, line 218)
FAIL: gcc.dg/tree-ssa/builtin-sprintf-warn-3.c  (test for warnings, line 220)
FAIL: gcc.dg/tree-ssa/builtin-sprintf-warn-3.c  (test for warnings, line 225)
FAIL: gcc.dg/tree-ssa/builtin-sprintf-warn-3.c  (test for warnings, line 227)
FAIL: gcc.dg/tree-ssa/builtin-sprintf-warn-3.c  (test for warnings, line 232)
FAIL: gcc.dg/tree-ssa/builtin-sprintf-warn-3.c  (test for warnings, line 233)
FAIL: gcc.dg/tree-ssa/builtin-sprintf-warn-3.c  (test for warnings, line 234)
FAIL: gcc.dg/tree-ssa/builtin-sprintf-warn-3.c  (test for warnings, line 235)
FAIL: gcc.dg/tree-ssa/builtin-sprintf-warn-3.c  (test for warnings, line 236)
FAIL: gcc.dg/tree-ssa/builtin-sprintf-warn-3.c  (test for warnings, line 237)
FAIL: gcc.dg/tree-ssa/builtin-sprintf-warn-3.c  (test for warnings, line 238)
FAIL: gcc.dg/tree-ssa/builtin-sprintf-warn-3.c  (test for warnings, line 239)
FAIL: gcc.dg/tree-ssa/builtin-sprintf-warn-3.c  (test for warnings, line 247)
FAIL: gcc.dg/tree-ssa/builtin-sprintf-warn-3.c  (test for warnings, line 248)
FAIL: gcc.dg/tree-ssa/builtin-sprintf-warn-3.c  (test for warnings, line 250)
FAIL: gcc.dg/tree-ssa/builtin-sprintf-warn-3.c  (test for warnings, line 261)
FAIL: gcc.dg/tree-ssa/builtin-sprintf-warn-3.c  (test for warnings, line 262)
FAIL: gcc.dg/tree-ssa/builtin-sprintf-warn-3.c  (test for warnings, line 263)
FAIL: gcc.dg/tree-ssa/builtin-sprintf-warn-3.c  (test for warnings, line 267)
FAIL: gcc.dg/tree-ssa/builtin-sprintf-warn-3.c  (test for warnings, line 268)
FAIL: gcc.dg/tree-ssa/builtin-sprintf-warn-3.c  (test for warnings, line 271)
FAIL: gcc.dg/tree-ssa/builtin-sprintf-warn-3.c  (test for warnings, line 276)
FAIL: gcc.dg/tree-ssa/builtin-sprintf-warn-3.c  (test for warnings, line 284)
FAIL: gcc.dg/tree-ssa/builtin-sprintf-warn-3.c  (test for warnings, line 285)
FAIL: gcc.dg/tree-ssa/builtin-sprintf-warn-3.c  (test for warnings, line 286)
FAIL: gcc.dg/tree-ssa/builtin-sprintf-warn-3.c  (test for warnings, line 290)
FAIL: gcc.dg/tree-ssa/builtin-sprintf-warn-3.c  (test for warnings, line 293)
FAIL: gcc.dg/tree-ssa/builtin-sprintf-warn-3.c  (test for warnings, line 298)
FAIL: gcc.dg/tree-ssa/builtin-sprintf-warn-3.c  (test for warnings, line 306)
FAIL: gcc.dg/tree-ssa/builtin-sprintf-warn-3.c  (test for warnings, line 312)
FAIL: gcc.dg/tree-ssa/builtin-sprintf-warn-3.c  (test for warnings, line 313)
FAIL: gcc.dg/tree-ssa/builtin-sprintf-warn-3.c  (test for warnings, line 316)
FAIL: gcc.dg/tree-ssa/builtin-sprintf-warn-3.c  (test for warnings, line 321)
FAIL: gcc.dg/tree-ssa/builtin-sprintf-warn-3.c  (test for warnings, line 329)
FAIL: gcc.dg/tree-ssa/builtin-sprintf-warn-3.c  (test for warnings, line 335)
FAIL: gcc.dg/tree-ssa/builtin-sprintf-warn-3.c  (test for warnings, line 338)
FAIL: gcc.dg/tree-ssa/builtin-sprintf-warn-3.c  (test for warnings, line 343)
FAIL: gcc.dg/tree-ssa/builtin-sprintf-warn-3.c  (test for warnings, line 456)
FAIL: gcc.dg/tree-ssa/builtin-sprintf-warn-3.c  (test for warnings, line 457)
FAIL: gcc.dg/tree-ssa/builtin-sprintf-warn-3.c  (test for warnings, line 458)
FAIL: gcc.dg/tree-ssa/builtin-sprintf-warn-3.c  (test for warnings, line 459)
FAIL: gcc.dg/tree-ssa/builtin-sprintf-warn-3.c  (test for warnings, line 467)
FAIL: gcc.dg/tree-ssa/builtin-sprintf-warn-3.c  (test for warnings, line 468)
FAIL: gcc.dg/tree-ssa/builtin-sprintf-warn-3.c  (test for warnings, line 470)
FAIL: gcc.dg/tree-ssa/builtin-sprintf-warn-3.c  (test for warnings, line 471)
FAIL: gcc.dg/tree-ssa/builtin-sprintf-warn-3.c  (test for warnings, line 91)
FAIL: gcc.dg/tree-ssa/builtin-sprintf-warn-3.c  (test for warnings, line 98)
FAIL: gcc.dg/tree-ssa/builtin-sprintf-warn-3.c (test for excess errors)
FAIL: gcc.dg/tree-ssa/builtin-sprintf-warn-3.c note (test for warnings, line 189)
FAIL: gcc.dg/tree-ssa/builtin-sprintf-warn-3.c note (test for warnings, line 192)
FAIL: gcc.dg/tree-ssa/builtin-sprintf-warn-3.c note (test for warnings, line 195)
FAIL: gcc.dg/tree-ssa/builtin-sprintf-warn-3.c note (test for warnings, line 198)
FAIL: gcc.dg/tree-ssa/builtin-sprintf-warn-9.c  (test for warnings, line 100)
FAIL: gcc.dg/tree-ssa/builtin-sprintf-warn-9.c  (test for warnings, line 102)
FAIL: gcc.dg/tree-ssa/builtin-sprintf-warn-9.c  (test for warnings, line 103)
FAIL: gcc.dg/tree-ssa/builtin-sprintf-warn-9.c  (test for warnings, line 104)
FAIL: gcc.dg/tree-ssa/builtin-sprintf-warn-9.c  (test for warnings, line 105)
FAIL: gcc.dg/tree-ssa/builtin-sprintf-warn-9.c  (test for warnings, line 107)
FAIL: gcc.dg/tree-ssa/builtin-sprintf-warn-9.c  (test for warnings, line 108)
FAIL: gcc.dg/tree-ssa/builtin-sprintf-warn-9.c  (test for warnings, line 109)
FAIL: gcc.dg/tree-ssa/builtin-sprintf-warn-9.c  (test for warnings, line 110)
FAIL: gcc.dg/tree-ssa/builtin-sprintf-warn-9.c  (test for warnings, line 112)
FAIL: gcc.dg/tree-ssa/builtin-sprintf-warn-9.c  (test for warnings, line 113)
FAIL: gcc.dg/tree-ssa/builtin-sprintf-warn-9.c  (test for warnings, line 114)
FAIL: gcc.dg/tree-ssa/builtin-sprintf-warn-9.c  (test for warnings, line 115)
FAIL: gcc.dg/tree-ssa/builtin-sprintf-warn-9.c  (test for warnings, line 117)
FAIL: gcc.dg/tree-ssa/builtin-sprintf-warn-9.c  (test for warnings, line 118)
FAIL: gcc.dg/tree-ssa/builtin-sprintf-warn-9.c  (test for warnings, line 119)
FAIL: gcc.dg/tree-ssa/builtin-sprintf-warn-9.c  (test for warnings, line 120)
FAIL: gcc.dg/tree-ssa/builtin-sprintf-warn-9.c  (test for warnings, line 122)
FAIL: gcc.dg/tree-ssa/builtin-sprintf-warn-9.c  (test for warnings, line 123)
FAIL: gcc.dg/tree-ssa/builtin-sprintf-warn-9.c  (test for warnings, line 124)
FAIL: gcc.dg/tree-ssa/builtin-sprintf-warn-9.c  (test for warnings, line 125)
FAIL: gcc.dg/tree-ssa/builtin-sprintf-warn-9.c  (test for warnings, line 133)
FAIL: gcc.dg/tree-ssa/builtin-sprintf-warn-9.c  (test for warnings, line 134)
FAIL: gcc.dg/tree-ssa/builtin-sprintf-warn-9.c  (test for warnings, line 135)
FAIL: gcc.dg/tree-ssa/builtin-sprintf-warn-9.c  (test for warnings, line 136)
FAIL: gcc.dg/tree-ssa/builtin-sprintf-warn-9.c  (test for warnings, line 137)
FAIL: gcc.dg/tree-ssa/builtin-sprintf-warn-9.c  (test for warnings, line 138)
FAIL: gcc.dg/tree-ssa/builtin-sprintf-warn-9.c  (test for warnings, line 139)
FAIL: gcc.dg/tree-ssa/builtin-sprintf-warn-9.c  (test for warnings, line 140)
FAIL: gcc.dg/tree-ssa/builtin-sprintf-warn-9.c  (test for warnings, line 141)
FAIL: gcc.dg/tree-ssa/builtin-sprintf-warn-9.c  (test for warnings, line 142)
FAIL: gcc.dg/tree-ssa/builtin-sprintf-warn-9.c  (test for warnings, line 143)
FAIL: gcc.dg/tree-ssa/builtin-sprintf-warn-9.c  (test for warnings, line 144)
FAIL: gcc.dg/tree-ssa/builtin-sprintf-warn-9.c  (test for warnings, line 148)
FAIL: gcc.dg/tree-ssa/builtin-sprintf-warn-9.c  (test for warnings, line 149)
FAIL: gcc.dg/tree-ssa/builtin-sprintf-warn-9.c  (test for warnings, line 150)
FAIL: gcc.dg/tree-ssa/builtin-sprintf-warn-9.c  (test for warnings, line 151)
FAIL: gcc.dg/tree-ssa/builtin-sprintf-warn-9.c  (test for warnings, line 152)
FAIL: gcc.dg/tree-ssa/builtin-sprintf-warn-9.c  (test for warnings, line 153)
FAIL: gcc.dg/tree-ssa/builtin-sprintf-warn-9.c  (test for warnings, line 155)
FAIL: gcc.dg/tree-ssa/builtin-sprintf-warn-9.c  (test for warnings, line 65)
FAIL: gcc.dg/tree-ssa/builtin-sprintf-warn-9.c  (test for warnings, line 66)
FAIL: gcc.dg/tree-ssa/builtin-sprintf-warn-9.c  (test for warnings, line 67)
FAIL: gcc.dg/tree-ssa/builtin-sprintf-warn-9.c  (test for warnings, line 68)
FAIL: gcc.dg/tree-ssa/builtin-sprintf-warn-9.c  (test for warnings, line 70)
FAIL: gcc.dg/tree-ssa/builtin-sprintf-warn-9.c  (test for warnings, line 71)
FAIL: gcc.dg/tree-ssa/builtin-sprintf-warn-9.c  (test for warnings, line 74)
FAIL: gcc.dg/tree-ssa/builtin-sprintf-warn-9.c  (test for warnings, line 76)
FAIL: gcc.dg/tree-ssa/builtin-sprintf-warn-9.c  (test for warnings, line 82)
FAIL: gcc.dg/tree-ssa/builtin-sprintf-warn-9.c  (test for warnings, line 83)
FAIL: gcc.dg/tree-ssa/builtin-sprintf-warn-9.c  (test for warnings, line 85)
FAIL: gcc.dg/tree-ssa/builtin-sprintf-warn-9.c  (test for warnings, line 86)
FAIL: gcc.dg/tree-ssa/builtin-sprintf-warn-9.c  (test for warnings, line 87)
FAIL: gcc.dg/tree-ssa/builtin-sprintf-warn-9.c  (test for warnings, line 89)
FAIL: gcc.dg/tree-ssa/builtin-sprintf-warn-9.c  (test for warnings, line 90)
FAIL: gcc.dg/tree-ssa/builtin-sprintf-warn-9.c  (test for warnings, line 91)
FAIL: gcc.dg/tree-ssa/builtin-sprintf-warn-9.c  (test for warnings, line 93)
FAIL: gcc.dg/tree-ssa/builtin-sprintf-warn-9.c  (test for warnings, line 94)
FAIL: gcc.dg/tree-ssa/builtin-sprintf-warn-9.c  (test for warnings, line 95)
FAIL: gcc.dg/tree-ssa/builtin-sprintf-warn-9.c  (test for warnings, line 97)
FAIL: gcc.dg/tree-ssa/builtin-sprintf-warn-9.c  (test for warnings, line 98)
FAIL: gcc.dg/tree-ssa/builtin-sprintf-warn-9.c  (test for warnings, line 99)
FAIL: gcc.dg/tree-ssa/builtin-sprintf-warn-9.c (test for excess errors)
FAIL: gcc.dg/tree-ssa/counts-1.c scan-tree-dump optimized "i_am_also_unlikely2[^\\r\\n]*(unlikely executed)"
FAIL: gcc.dg/tree-ssa/ifc-10.c scan-tree-dump-times ifcvt "Applying if-conversion" 1 (found 0 times)
FAIL: gcc.dg/tree-ssa/ifc-10.c scan-tree-dump-times ifcvt "Invalid sum of incoming counts" 1 (found 0 times)
FAIL: gcc.dg/tree-ssa/ifc-10.c scan-tree-dump-times ifcvt "Invalid sum of outgoing probabilities 200.0" 1 (found 0 times)
FAIL: gcc.dg/tree-ssa/ifc-12.c scan-tree-dump-times ifcvt "Applying if-conversion" 1 (found 0 times)
FAIL: gcc.dg/tree-ssa/ifc-12.c scan-tree-dump-times ifcvt "Invalid sum of incoming counts" 1 (found 0 times)
FAIL: gcc.dg/tree-ssa/ifc-12.c scan-tree-dump-times ifcvt "Invalid sum of outgoing probabilities 200.0" 1 (found 0 times)
FAIL: gcc.dg/tree-ssa/inline-10.c scan-tree-dump-not optimized "do_something \\\\(70\\\\)"
FAIL: gcc.dg/tree-ssa/inline-10.c scan-tree-dump-times optimized "do_something2" 1 (found 0 times)
FAIL: gcc.dg/tree-ssa/inline-10.c scan-tree-dump-times optimized "do_something3" 1 (found 0 times)
FAIL: gcc.dg/tree-ssa/inline-8.c scan-tree-dump-times einline "Inlining" 5 (found 0 times)
FAIL: gcc.dg/tree-ssa/inline-9.c scan-tree-dump-times optimized "q \\\\(15\\\\)" 1 (found 0 times)
FAIL: gcc.dg/tree-ssa/ipa-split-6.c scan-tree-dump optimized "part"
FAIL: gcc.dg/tree-ssa/pr77445.c scan-tree-dump-not thread3 "Invalid sum"
FAIL: gcc.dg/tree-ssa/pr77445.c scan-tree-dump-times thread3 "Registering FSM jump thread" 2 (found 1 times)
FAIL: gcc.dg/tree-ssa/ssa-fre-56.c scan-tree-dump-times fre1 " \\\\+ " 0 (found 1 times)
FAIL: gcc.dg/tree-ssa/ssa-fre-56.c scan-tree-dump-times fre1 "= x;" 1 (found 2 times)
FAIL: gcc.dg/vect/pr65947-1.c -flto -ffat-lto-objects  scan-tree-dump-times vect "LOOP VECTORIZED" 2 (found 1 times)
FAIL: gcc.dg/vect/pr65947-1.c -flto -ffat-lto-objects  scan-tree-dump-times vect "condition expression based on integer induction." 4 (found 2 times)
FAIL: gcc.dg/vect/pr65947-1.c scan-tree-dump-times vect "LOOP VECTORIZED" 2 (found 1 times)
FAIL: gcc.dg/vect/pr65947-1.c scan-tree-dump-times vect "condition expression based on integer induction." 4 (found 2 times)
FAIL: gcc.dg/vect/pr65947-10.c -flto -ffat-lto-objects  scan-tree-dump-times vect "LOOP VECTORIZED" 2 (found 1 times)
FAIL: gcc.dg/vect/pr65947-10.c scan-tree-dump-times vect "LOOP VECTORIZED" 2 (found 1 times)
FAIL: gcc.dg/vect/pr65947-12.c -flto -ffat-lto-objects  scan-tree-dump-times vect "LOOP VECTORIZED" 2 (found 1 times)
FAIL: gcc.dg/vect/pr65947-12.c scan-tree-dump-times vect "LOOP VECTORIZED" 2 (found 1 times)
FAIL: gcc.dg/vect/pr65947-13.c -flto -ffat-lto-objects  scan-tree-dump-times vect "LOOP VECTORIZED" 2 (found 1 times)
FAIL: gcc.dg/vect/pr65947-13.c -flto -ffat-lto-objects  scan-tree-dump-times vect "condition expression based on integer induction." 4 (found 2 times)
FAIL: gcc.dg/vect/pr65947-13.c scan-tree-dump-times vect "LOOP VECTORIZED" 2 (found 1 times)
FAIL: gcc.dg/vect/pr65947-13.c scan-tree-dump-times vect "condition expression based on integer induction." 4 (found 2 times)
FAIL: gcc.dg/vect/pr65947-14.c -flto -ffat-lto-objects  scan-tree-dump-times vect "LOOP VECTORIZED" 2 (found 1 times)
FAIL: gcc.dg/vect/pr65947-14.c -flto -ffat-lto-objects  scan-tree-dump-times vect "condition expression based on integer induction." 4 (found 2 times)
FAIL: gcc.dg/vect/pr65947-14.c scan-tree-dump-times vect "LOOP VECTORIZED" 2 (found 1 times)
FAIL: gcc.dg/vect/pr65947-14.c scan-tree-dump-times vect "condition expression based on integer induction." 4 (found 2 times)
FAIL: gcc.dg/vect/pr65947-2.c -flto -ffat-lto-objects  scan-tree-dump-times vect "LOOP VECTORIZED" 2 (found 1 times)
FAIL: gcc.dg/vect/pr65947-2.c scan-tree-dump-times vect "LOOP VECTORIZED" 2 (found 1 times)
FAIL: gcc.dg/vect/pr65947-3.c -flto -ffat-lto-objects  scan-tree-dump-times vect "LOOP VECTORIZED" 2 (found 1 times)
FAIL: gcc.dg/vect/pr65947-3.c scan-tree-dump-times vect "LOOP VECTORIZED" 2 (found 1 times)
FAIL: gcc.dg/vect/pr65947-4.c -flto -ffat-lto-objects  scan-tree-dump-times vect "LOOP VECTORIZED" 2 (found 1 times)
FAIL: gcc.dg/vect/pr65947-4.c -flto -ffat-lto-objects  scan-tree-dump-times vect "condition expression based on integer induction." 4 (found 2 times)
FAIL: gcc.dg/vect/pr65947-4.c scan-tree-dump-times vect "LOOP VECTORIZED" 2 (found 1 times)
FAIL: gcc.dg/vect/pr65947-4.c scan-tree-dump-times vect "condition expression based on integer induction." 4 (found 2 times)
FAIL: gcc.dg/vect/pr65947-5.c -flto -ffat-lto-objects  scan-tree-dump-times vect "LOOP VECTORIZED" 1 (found 0 times)
FAIL: gcc.dg/vect/pr65947-5.c scan-tree-dump-times vect "LOOP VECTORIZED" 1 (found 0 times)
FAIL: gcc.dg/vect/pr65947-6.c -flto -ffat-lto-objects  scan-tree-dump-times vect "LOOP VECTORIZED" 2 (found 1 times)
FAIL: gcc.dg/vect/pr65947-6.c scan-tree-dump-times vect "LOOP VECTORIZED" 2 (found 1 times)
XPASS: gcc.dg/vect/vect-95.c -flto -ffat-lto-objects  scan-tree-dump-times vect "Alignment of access forced using peeling" 0
XPASS: gcc.dg/vect/vect-95.c scan-tree-dump-times vect "Alignment of access forced using peeling" 0
FAIL: gcc.target/i386/avx512bitalg-vpopcntb-1.c (test for excess errors)
UNRESOLVED: gcc.target/i386/avx512bitalg-vpopcntb-1.c compilation failed to produce executable
FAIL: gcc.target/i386/avx512bitalg-vpopcntw-1.c (test for excess errors)
UNRESOLVED: gcc.target/i386/avx512bitalg-vpopcntw-1.c compilation failed to produce executable
FAIL: gcc.target/i386/avx512bitalgvl-vpopcntb-1.c (test for excess errors)
UNRESOLVED: gcc.target/i386/avx512bitalgvl-vpopcntb-1.c compilation failed to produce executable
FAIL: gcc.target/i386/avx512bw-vpmovswb-1.c scan-assembler-times vpmovswb[ \\\\t]+[^{\\n]*%xmm[0-9]+[^\\n]*res1[^\\n]*{%k[1-7]}(?:\\n|[ \\\\t]+#) 1 (found 0 times)
FAIL: gcc.target/i386/avx512bw-vpmovswb-1.c scan-assembler-times vpmovswb[ \\\\t]+[^{\\n]*%ymm[0-9]+[^\\n]*res2[^\\n]*{%k[1-7]}(?:\\n|[ \\\\t]+#) 1 (found 0 times)
FAIL: gcc.target/i386/avx512bw-vpmovswb-1.c scan-assembler-times vpmovswb[ \\\\t]+[^{\\n]*%zmm[0-9]+[^\\n]*res3[^\\n]*{%k[1-7]}(?:\\n|[ \\\\t]+#) 1 (found 0 times)
FAIL: gcc.target/i386/avx512bw-vpmovuswb-1.c scan-assembler-times vpmovuswb[ \\\\t]+[^{\\n]*%xmm[0-9]+[^\\n]*res1[^\\n]*{%k[1-7]}(?:\\n|[ \\\\t]+#) 1 (found 0 times)
FAIL: gcc.target/i386/avx512bw-vpmovuswb-1.c scan-assembler-times vpmovuswb[ \\\\t]+[^{\\n]*%ymm[0-9]+[^\\n]*res2[^\\n]*{%k[1-7]}(?:\\n|[ \\\\t]+#) 1 (found 0 times)
FAIL: gcc.target/i386/avx512bw-vpmovuswb-1.c scan-assembler-times vpmovuswb[ \\\\t]+[^{\\n]*%zmm[0-9]+[^\\n]*res3[^\\n]*{%k[1-7]}(?:\\n|[ \\\\t]+#) 1 (found 0 times)
FAIL: gcc.target/i386/avx512bw-vpmovwb-1.c scan-assembler-times vpmovwb[ \\\\t]+[^{\\n]*%xmm[0-9]+[^\\n]*res1[^\\n]*{%k[1-7]}(?:\\n|[ \\\\t]+#) 1 (found 0 times)
FAIL: gcc.target/i386/avx512bw-vpmovwb-1.c scan-assembler-times vpmovwb[ \\\\t]+[^{\\n]*%ymm[0-9]+[^\\n]*res2[^\\n]*{%k[1-7]}(?:\\n|[ \\\\t]+#) 1 (found 0 times)
FAIL: gcc.target/i386/avx512bw-vpmovwb-1.c scan-assembler-times vpmovwb[ \\\\t]+[^{\\n]*%zmm[0-9]+[^\\n]*res3[^\\n]*{%k[1-7]}(?:\\n|[ \\\\t]+#) 1 (found 0 times)
FAIL: gcc.target/i386/pr52146.c (test for excess errors)
UNRESOLVED: gcc.target/i386/pr52146.c scan-assembler-not [,\\\\t ]+-18874240
FAIL: gcc.target/i386/pr52698.c (test for excess errors)
FAIL: gcc.target/i386/pr52857-1.c (test for excess errors)
FAIL: gcc.target/i386/pr52857-2.c (test for excess errors)
FAIL: gcc.target/i386/pr53698.c (test for excess errors)
FAIL: gcc.target/i386/pr54157.c (test for excess errors)
FAIL: gcc.target/i386/pr55049-1.c (test for excess errors)
FAIL: gcc.target/i386/pr55093.c (test for excess errors)
FAIL: gcc.target/i386/pr55116-1.c (test for excess errors)
FAIL: gcc.target/i386/pr55116-2.c (test for excess errors)
FAIL: gcc.target/i386/pr55597.c (test for excess errors)
FAIL: gcc.target/i386/pr66470.c (test for excess errors)
FAIL: gcc.target/i386/pr71321.c scan-assembler-times lea.\\t\\\\(%[0-9a-z]+,%[0-9a-z]+,4 3 (found 0 times)
FAIL: gcc.target/i386/pr71321.c scan-assembler-times lea.\\t\\\\(%[0-9a-z]+,%[0-9a-z]+,8 1 (found 0 times)
FAIL: gcc.target/i386/pr78035.c scan-assembler-times cmp 2 (found 3 times)
FAIL: gcc.target/i386/pr78691-i386.c (test for excess errors)
FAIL: gcc.target/i386/pr79793-1.c scan-assembler-times add[lq][\\t ]*\\\\\$400,[\\t ]*%[re]sp 1 (found 0 times)
FAIL: gcc.target/i386/pr79793-1.c scan-assembler-times sub[lq][\\t ]*\\\\\$400,[\\t ]*%[re]sp 1 (found 0 times)
FAIL: gcc.target/i386/pr79793-2.c scan-assembler-times sub[lq][\\t ]*\\\\\$392,[\\t ]*%[re]sp 1 (found 0 times)
FAIL: gcc.target/i386/pr80569.c (test for excess errors)
FAIL: gcc.target/i386/pr82281.c (test for excess errors)
UNRESOLVED: gcc.target/i386/pr82281.c scan-assembler-not xmm
FAIL: gcc.target/i386/stack-prot-sym.c scan-assembler gs:my_guard
FAIL: gcc.target/i386/thunk-retbnd.c scan-tree-dump-times optimized "return &glob," 2 (found 1 times)
FAIL: gcc.target/i386/vect-sizes-1.c scan-assembler vmovapd[ \\\\t]+[^\\n]*%ymm

		=== gcc Summary for unix/-fpic -mcmodel=medium ===

# of expected passes		136667
# of unexpected failures	776
# of unexpected successes	22
# of expected failures		435
# of unresolved testcases	5
# of unsupported tests		2314

Running target unix/-mcmodel=medium
FAIL: gcc.dg/20050503-1.c scan-assembler-not call
FAIL: gcc.dg/graphite/interchange-3.c scan-tree-dump graphite "tiled"
FAIL: gcc.dg/graphite/interchange-7.c scan-tree-dump graphite "tiled"
FAIL: gcc.dg/graphite/interchange-9.c scan-tree-dump graphite "tiled"
FAIL: gcc.dg/graphite/uns-interchange-9.c scan-tree-dump graphite "tiled"
XPASS: gcc.dg/guality/example.c   -O0  execution test
XPASS: gcc.dg/guality/example.c   -O1  execution test
XPASS: gcc.dg/guality/guality.c   -O0  execution test
XPASS: gcc.dg/guality/guality.c   -O1  execution test
XPASS: gcc.dg/guality/guality.c   -O2  execution test
XPASS: gcc.dg/guality/guality.c   -O2 -flto -fno-use-linker-plugin -flto-partition=none  execution test
XPASS: gcc.dg/guality/guality.c   -O2 -flto -fuse-linker-plugin -fno-fat-lto-objects  execution test
XPASS: gcc.dg/guality/guality.c   -O3 -g  execution test
XPASS: gcc.dg/guality/guality.c   -Os  execution test
XPASS: gcc.dg/guality/inline-params.c   -O2  execution test
XPASS: gcc.dg/guality/inline-params.c   -O2 -flto -fno-use-linker-plugin -flto-partition=none  execution test
XPASS: gcc.dg/guality/inline-params.c   -O2 -flto -fuse-linker-plugin -fno-fat-lto-objects  execution test
XPASS: gcc.dg/guality/inline-params.c   -O3 -g  execution test
XPASS: gcc.dg/guality/inline-params.c   -Os  execution test
XPASS: gcc.dg/guality/pr41353-1.c   -O0  line 28 j == 28 + 37
FAIL: gcc.dg/guality/pr41616-1.c   -O2 -flto -fuse-linker-plugin -fno-fat-lto-objects  execution test
FAIL: gcc.dg/guality/pr41616-1.c   -O3 -g  execution test
FAIL: gcc.dg/guality/pr45882.c   -O2 -flto -fuse-linker-plugin -fno-fat-lto-objects  line 16 d == 112
FAIL: gcc.dg/guality/pr45882.c   -O2 -flto -fuse-linker-plugin -fno-fat-lto-objects  line 16 e == 142
FAIL: gcc.dg/guality/pr54519-1.c   -O2 -flto -fno-use-linker-plugin -flto-partition=none  line 20 y == 25
FAIL: gcc.dg/guality/pr54519-1.c   -O2 -flto -fno-use-linker-plugin -flto-partition=none  line 20 z == 6
FAIL: gcc.dg/guality/pr54519-1.c   -O2 -flto -fno-use-linker-plugin -flto-partition=none  line 23 y == 117
FAIL: gcc.dg/guality/pr54519-1.c   -O2 -flto -fno-use-linker-plugin -flto-partition=none  line 23 z == 8
FAIL: gcc.dg/guality/pr54519-2.c   -O2 -flto -fno-use-linker-plugin -flto-partition=none  line 17 y == 25
FAIL: gcc.dg/guality/pr54519-2.c   -O2 -flto -fuse-linker-plugin -fno-fat-lto-objects  line 17 y == 25
FAIL: gcc.dg/guality/pr54519-3.c   -O2 -flto -fno-use-linker-plugin -flto-partition=none  line 20 y == 25
FAIL: gcc.dg/guality/pr54519-3.c   -O2 -flto -fno-use-linker-plugin -flto-partition=none  line 20 z == 6
FAIL: gcc.dg/guality/pr54519-3.c   -O2 -flto -fno-use-linker-plugin -flto-partition=none  line 23 y == 117
FAIL: gcc.dg/guality/pr54519-3.c   -O2 -flto -fno-use-linker-plugin -flto-partition=none  line 23 z == 8
FAIL: gcc.dg/guality/pr54519-3.c   -O2 -flto -fuse-linker-plugin -fno-fat-lto-objects  line 20 y == 25
FAIL: gcc.dg/guality/pr54519-3.c   -O2 -flto -fuse-linker-plugin -fno-fat-lto-objects  line 20 z == 6
FAIL: gcc.dg/guality/pr54519-3.c   -O2 -flto -fuse-linker-plugin -fno-fat-lto-objects  line 23 y == 117
FAIL: gcc.dg/guality/pr54519-3.c   -O2 -flto -fuse-linker-plugin -fno-fat-lto-objects  line 23 z == 8
FAIL: gcc.dg/guality/pr54519-4.c   -O2 -flto -fno-use-linker-plugin -flto-partition=none  line 17 y == 25
FAIL: gcc.dg/guality/pr54519-4.c   -O2 -flto -fuse-linker-plugin -fno-fat-lto-objects  line 17 y == 25
FAIL: gcc.dg/guality/pr54519-5.c   -O2 -flto -fno-use-linker-plugin -flto-partition=none  line 17 y == 25
FAIL: gcc.dg/guality/pr54519-5.c   -O2 -flto -fuse-linker-plugin -fno-fat-lto-objects  line 17 y == 25
XPASS: gcc.dg/guality/pr54970.c   -O0  line 31 a[0] == 4
XPASS: gcc.dg/guality/pr54970.c   -O0  line 36 a[0] == 4
XPASS: gcc.dg/guality/pr54970.c   -O0  line 45 a[0] == 4
XPASS: gcc.dg/guality/pr54970.c   -O0  line 45 p[-2] == 4
XPASS: gcc.dg/guality/pr54970.c   -O0  line 45 q[-1] == 4
FAIL: gcc.dg/guality/pr68860-1.c   -O2 -flto -fno-use-linker-plugin -flto-partition=none  line 14 arg1 == 1
FAIL: gcc.dg/guality/pr68860-1.c   -O2 -flto -fno-use-linker-plugin -flto-partition=none  line 14 arg2 == 2
FAIL: gcc.dg/guality/pr68860-1.c   -O2 -flto -fno-use-linker-plugin -flto-partition=none  line 14 arg3 == 3
FAIL: gcc.dg/guality/pr68860-1.c   -O2 -flto -fno-use-linker-plugin -flto-partition=none  line 14 arg4 == 4
FAIL: gcc.dg/guality/pr68860-1.c   -O2 -flto -fno-use-linker-plugin -flto-partition=none  line 14 arg5 == 5
FAIL: gcc.dg/guality/pr68860-1.c   -O2 -flto -fno-use-linker-plugin -flto-partition=none  line 14 arg6 == 6
FAIL: gcc.dg/guality/pr68860-1.c   -O2 -flto -fno-use-linker-plugin -flto-partition=none  line 16 arg1 == 1
FAIL: gcc.dg/guality/pr68860-1.c   -O2 -flto -fno-use-linker-plugin -flto-partition=none  line 16 arg2 == 2
FAIL: gcc.dg/guality/pr68860-1.c   -O2 -flto -fno-use-linker-plugin -flto-partition=none  line 16 arg3 == 3
FAIL: gcc.dg/guality/pr68860-1.c   -O2 -flto -fno-use-linker-plugin -flto-partition=none  line 16 arg4 == 4
FAIL: gcc.dg/guality/pr68860-1.c   -O2 -flto -fno-use-linker-plugin -flto-partition=none  line 16 arg5 == 5
FAIL: gcc.dg/guality/pr68860-1.c   -O2 -flto -fno-use-linker-plugin -flto-partition=none  line 16 arg6 == 6
FAIL: gcc.dg/guality/pr68860-1.c   -O2 -flto -fuse-linker-plugin -fno-fat-lto-objects  line 14 arg1 == 1
FAIL: gcc.dg/guality/pr68860-1.c   -O2 -flto -fuse-linker-plugin -fno-fat-lto-objects  line 14 arg2 == 2
FAIL: gcc.dg/guality/pr68860-1.c   -O2 -flto -fuse-linker-plugin -fno-fat-lto-objects  line 14 arg3 == 3
FAIL: gcc.dg/guality/pr68860-1.c   -O2 -flto -fuse-linker-plugin -fno-fat-lto-objects  line 14 arg4 == 4
FAIL: gcc.dg/guality/pr68860-1.c   -O2 -flto -fuse-linker-plugin -fno-fat-lto-objects  line 14 arg5 == 5
FAIL: gcc.dg/guality/pr68860-1.c   -O2 -flto -fuse-linker-plugin -fno-fat-lto-objects  line 14 arg6 == 6
FAIL: gcc.dg/guality/pr68860-1.c   -O2 -flto -fuse-linker-plugin -fno-fat-lto-objects  line 16 arg1 == 1
FAIL: gcc.dg/guality/pr68860-1.c   -O2 -flto -fuse-linker-plugin -fno-fat-lto-objects  line 16 arg2 == 2
FAIL: gcc.dg/guality/pr68860-1.c   -O2 -flto -fuse-linker-plugin -fno-fat-lto-objects  line 16 arg3 == 3
FAIL: gcc.dg/guality/pr68860-1.c   -O2 -flto -fuse-linker-plugin -fno-fat-lto-objects  line 16 arg4 == 4
FAIL: gcc.dg/guality/pr68860-1.c   -O2 -flto -fuse-linker-plugin -fno-fat-lto-objects  line 16 arg5 == 5
FAIL: gcc.dg/guality/pr68860-1.c   -O2 -flto -fuse-linker-plugin -fno-fat-lto-objects  line 16 arg6 == 6
FAIL: gcc.dg/guality/vla-1.c   -O1  line 17 sizeof (a) == 6
FAIL: gcc.dg/guality/vla-1.c   -O2  line 17 sizeof (a) == 6
FAIL: gcc.dg/guality/vla-1.c   -O2 -flto -fno-use-linker-plugin -flto-partition=none  line 17 sizeof (a) == 6
FAIL: gcc.dg/guality/vla-1.c   -O2 -flto -fno-use-linker-plugin -flto-partition=none  line 24 sizeof (a) == 17 * sizeof (short)
FAIL: gcc.dg/guality/vla-1.c   -O2 -flto -fuse-linker-plugin -fno-fat-lto-objects  line 17 sizeof (a) == 6
FAIL: gcc.dg/guality/vla-1.c   -O2 -flto -fuse-linker-plugin -fno-fat-lto-objects  line 24 sizeof (a) == 17 * sizeof (short)
FAIL: gcc.dg/guality/vla-1.c   -O3 -g  line 17 sizeof (a) == 6
FAIL: gcc.dg/guality/vla-1.c   -Os  line 17 sizeof (a) == 6
FAIL: gcc.dg/ipa/inline-2.c scan-ipa-dump inline "op2 change 10.000000. of time"
FAIL: gcc.dg/ipa/inline-3.c scan-ipa-dump inline "Scaling time by probability:0.100000"
FAIL: gcc.dg/lto/chkp-ctor-merge c_lto_chkp-ctor-merge_0.o-c_lto_chkp-ctor-merge_0.o link,  -O2 -flto -fcheck-pointer-bounds -mmpx -nodefaultlibs -lc  (internal compiler error)
XPASS: gcc.dg/vect/vect-95.c -flto -ffat-lto-objects  scan-tree-dump-times vect "Alignment of access forced using peeling" 0
XPASS: gcc.dg/vect/vect-95.c scan-tree-dump-times vect "Alignment of access forced using peeling" 0
FAIL: gcc.target/i386/avx512bitalg-vpopcntb-1.c (test for excess errors)
UNRESOLVED: gcc.target/i386/avx512bitalg-vpopcntb-1.c compilation failed to produce executable
FAIL: gcc.target/i386/avx512bitalg-vpopcntw-1.c (test for excess errors)
UNRESOLVED: gcc.target/i386/avx512bitalg-vpopcntw-1.c compilation failed to produce executable
FAIL: gcc.target/i386/avx512bitalgvl-vpopcntb-1.c (test for excess errors)
UNRESOLVED: gcc.target/i386/avx512bitalgvl-vpopcntb-1.c compilation failed to produce executable
FAIL: gcc.target/i386/pr52146.c (test for excess errors)
UNRESOLVED: gcc.target/i386/pr52146.c scan-assembler-not [,\\\\t ]+-18874240
FAIL: gcc.target/i386/pr52698.c (test for excess errors)
FAIL: gcc.target/i386/pr52857-1.c (test for excess errors)
FAIL: gcc.target/i386/pr52857-2.c (test for excess errors)
FAIL: gcc.target/i386/pr53698.c (test for excess errors)
FAIL: gcc.target/i386/pr54157.c (test for excess errors)
FAIL: gcc.target/i386/pr55049-1.c (test for excess errors)
FAIL: gcc.target/i386/pr55093.c (test for excess errors)
FAIL: gcc.target/i386/pr55116-1.c (test for excess errors)
FAIL: gcc.target/i386/pr55116-2.c (test for excess errors)
FAIL: gcc.target/i386/pr55597.c (test for excess errors)
FAIL: gcc.target/i386/pr66470.c (test for excess errors)
FAIL: gcc.target/i386/pr78691-i386.c (test for excess errors)
FAIL: gcc.target/i386/pr80569.c (test for excess errors)
FAIL: gcc.target/i386/pr82281.c (test for excess errors)
UNRESOLVED: gcc.target/i386/pr82281.c scan-assembler-not xmm

		=== gcc Summary for unix/-mcmodel=medium ===

# of expected passes		137600
# of unexpected failures	80
# of unexpected successes	22
# of expected failures		435
# of unresolved testcases	5
# of unsupported tests		2235

		=== gcc Summary ===

# of expected passes		410981
# of unexpected failures	1614
# of unexpected successes	66
# of expected failures		1305
# of unresolved testcases	13
# of unsupported tests		6846
/export/gnu/import/git/gcc-test-intel64/bld/gcc/xgcc  version 8.0.1 20180130 (experimental) [trunk revision 257172] (GCC) 

		=== gfortran tests ===


Running target unix/-fpic
FAIL: gfortran.dg/pr48636-2.f90   -O   scan-ipa-dump cp "Creating a specialized node of [^\\n\\r]*bar/[0-9]*\\\\."
FAIL: gfortran.dg/pr48636-2.f90   -O   scan-ipa-dump-times cp "Aggregate replacements[^=]*=[^=]*=[^=]*=[^=]*=[^=]*=[^=]*=[^=]*=[^=]*=[^=]*=" 2 (found 0 times)
FAIL: gfortran.dg/pr48636.f90   -O   scan-ipa-dump inline "IPA hints: loop_iterations"
FAIL: gfortran.dg/pr48636.f90   -O   scan-ipa-dump inline "bar[^\\\\n]*inline copy in MAIN"

		=== gfortran Summary for unix/-fpic ===

# of expected passes		46801
# of unexpected failures	4
# of expected failures		92
# of unsupported tests		78

Running target unix/-fpic -mcmodel=medium
FAIL: gfortran.dg/pr48636-2.f90   -O   scan-ipa-dump cp "Creating a specialized node of [^\\n\\r]*bar/[0-9]*\\\\."
FAIL: gfortran.dg/pr48636-2.f90   -O   scan-ipa-dump-times cp "Aggregate replacements[^=]*=[^=]*=[^=]*=[^=]*=[^=]*=[^=]*=[^=]*=[^=]*=[^=]*=" 2 (found 0 times)
FAIL: gfortran.dg/pr48636.f90   -O   scan-ipa-dump inline "IPA hints: loop_iterations"
FAIL: gfortran.dg/pr48636.f90   -O   scan-ipa-dump inline "bar[^\\\\n]*inline copy in MAIN"

		=== gfortran Summary for unix/-fpic -mcmodel=medium ===

# of expected passes		46801
# of unexpected failures	4
# of expected failures		92
# of unsupported tests		78

Running target unix/-mcmodel=medium

		=== gfortran Summary for unix/-mcmodel=medium ===

# of expected passes		46805
# of expected failures		92
# of unsupported tests		78

		=== gfortran Summary ===

# of expected passes		140407
# of unexpected failures	8
# of expected failures		276
# of unsupported tests		234
/export/gnu/import/git/gcc-test-intel64/bld/gcc/gfortran  version 8.0.1 20180130 (experimental) [trunk revision 257172] (GCC) 

		=== objc tests ===


Running target unix/-fpic

		=== objc Summary for unix/-fpic ===

# of expected passes		2797
# of expected failures		6
# of unsupported tests		68

Running target unix/-fpic -mcmodel=medium

		=== objc Summary for unix/-fpic -mcmodel=medium ===

# of expected passes		2797
# of expected failures		6
# of unsupported tests		68

Running target unix/-mcmodel=medium

		=== objc Summary for unix/-mcmodel=medium ===

# of expected passes		2797
# of expected failures		6
# of unsupported tests		68

		=== objc Summary ===

# of expected passes		8391
# of expected failures		18
# of unsupported tests		204
/export/gnu/import/git/gcc-test-intel64/bld/gcc/xgcc  version 8.0.1 20180130 (experimental) [trunk revision 257172] (GCC) 

		=== libatomic tests ===


Running target unix/-fpic

		=== libatomic Summary for unix/-fpic ===

# of expected passes		54

Running target unix/-mcmodel=medium

		=== libatomic Summary for unix/-mcmodel=medium ===

# of expected passes		54

Running target unix/-fpic -mcmodel=medium

		=== libatomic Summary for unix/-fpic -mcmodel=medium ===

# of expected passes		54

		=== libatomic Summary ===

# of expected passes		162
		=== libgomp tests ===


Running target unix/-fpic

		=== libgomp Summary for unix/-fpic ===

# of expected passes		5401
# of unsupported tests		302

Running target unix/-mcmodel=medium

		=== libgomp Summary for unix/-mcmodel=medium ===

# of expected passes		5401
# of unsupported tests		302

Running target unix/-fpic -mcmodel=medium

		=== libgomp Summary for unix/-fpic -mcmodel=medium ===

# of expected passes		5401
# of unsupported tests		302

		=== libgomp Summary ===

# of expected passes		16203
# of unsupported tests		906
		=== libitm tests ===


Running target unix/-fpic

		=== libitm Summary for unix/-fpic ===

# of expected passes		42
# of expected failures		3
# of unsupported tests		1

Running target unix/-mcmodel=medium

		=== libitm Summary for unix/-mcmodel=medium ===

# of expected passes		42
# of expected failures		3
# of unsupported tests		1

Running target unix/-fpic -mcmodel=medium

		=== libitm Summary for unix/-fpic -mcmodel=medium ===

# of expected passes		42
# of expected failures		3
# of unsupported tests		1

		=== libitm Summary ===

# of expected passes		126
# of expected failures		9
# of unsupported tests		3
		=== libstdc++ tests ===


Running target unix/-fpic

		=== libstdc++ Summary for unix/-fpic ===

# of expected passes		12927
# of expected failures		71
# of unsupported tests		255

Running target unix/-fpic -mcmodel=medium

		=== libstdc++ Summary for unix/-fpic -mcmodel=medium ===

# of expected passes		12927
# of expected failures		71
# of unsupported tests		255

Running target unix/-mcmodel=medium

		=== libstdc++ Summary for unix/-mcmodel=medium ===

# of expected passes		12927
# of expected failures		71
# of unsupported tests		255

		=== libstdc++ Summary ===

# of expected passes		38781
# of expected failures		213
# of unsupported tests		765

Compiler version: 8.0.1 20180130 (experimental) [trunk revision 257172] (GCC) 
Platform: x86_64-pc-linux-gnu
configure flags: --prefix=/usr/8.0.1 --enable-clocale=gnu --with-system-zlib --enable-shared --with-demangler-in-ld --enable-libmpx --with-fpmath=sse


Index Nav: [Date Index] [Subject Index] [Author Index] [Thread Index]
Message Nav: [Date Prev] [Date Next] [Thread Prev] [Thread Next]