This is the mail archive of the gcc-testresults@gcc.gnu.org mailing list for the GCC project.


Index Nav: [Date Index] [Subject Index] [Author Index] [Thread Index]
Message Nav: [Date Prev] [Date Next] [Thread Prev] [Thread Next]
Other format: [Raw text]

Results for 8.0.1 20180130 (experimental) [trunk revision 257173] (GCC) testsuite on powerpc64-unknown-linux-gnu


Linux 2.6.32-696.13.2.el6.ppc64 ppc64
GNU C Library stable release version 2.12
GNU ld (GNU Binutils) 2.26.20160125
GNU assembler (GNU Binutils) 2.26.20160125
GNU Make 3.81

DejaGnu:
	Expect version is	5.44.1.15
	Tcl version is		8.5
	Framework version is	1.4.4

64-bit

LAST_UPDATED: Tue Jan 30 08:39:14 UTC 2018 (revision 257173)

Native configuration is powerpc64-unknown-linux-gnu

		=== gcc tests ===


Running target unix/-m32
FAIL: c-c++-common/asan/heap-overflow-1.c   -O1  output pattern test, is =================================================================
FAIL: c-c++-common/asan/heap-overflow-1.c   -O2  output pattern test, is =================================================================
FAIL: c-c++-common/asan/heap-overflow-1.c   -O2 -flto -fno-use-linker-plugin -flto-partition=none  output pattern test, is =================================================================
FAIL: c-c++-common/asan/heap-overflow-1.c   -O2 -flto -fuse-linker-plugin -fno-fat-lto-objects  output pattern test, is =================================================================
FAIL: c-c++-common/asan/heap-overflow-1.c   -O3 -g  output pattern test, is =================================================================
FAIL: c-c++-common/asan/heap-overflow-1.c   -Os  output pattern test, is =================================================================
FAIL: c-c++-common/asan/pointer-compare-1.c   -O1  output pattern test, is =================================================================
FAIL: c-c++-common/asan/pointer-compare-1.c   -O2  output pattern test, is =================================================================
FAIL: c-c++-common/asan/pointer-compare-1.c   -O3 -g  output pattern test, is =================================================================
FAIL: c-c++-common/asan/pointer-compare-1.c   -Os  output pattern test, is =================================================================
FAIL: c-c++-common/asan/sanity-check-pure-c-1.c   -O1  output pattern test, is =================================================================
FAIL: c-c++-common/asan/sanity-check-pure-c-1.c   -O2  output pattern test, is =================================================================
FAIL: c-c++-common/asan/sanity-check-pure-c-1.c   -O2 -flto -fno-use-linker-plugin -flto-partition=none  output pattern test, is =================================================================
FAIL: c-c++-common/asan/sanity-check-pure-c-1.c   -O2 -flto -fuse-linker-plugin -fno-fat-lto-objects  output pattern test, is =================================================================
FAIL: c-c++-common/asan/sanity-check-pure-c-1.c   -O3 -g  output pattern test, is =================================================================
FAIL: c-c++-common/asan/sanity-check-pure-c-1.c   -Os  output pattern test, is =================================================================
FAIL: c-c++-common/asan/strncpy-overflow-1.c   -O1  output pattern test, is =================================================================
FAIL: c-c++-common/asan/strncpy-overflow-1.c   -O2  output pattern test, is =================================================================
FAIL: c-c++-common/asan/strncpy-overflow-1.c   -O2 -flto -fno-use-linker-plugin -flto-partition=none  output pattern test, is =================================================================
FAIL: c-c++-common/asan/strncpy-overflow-1.c   -O2 -flto -fuse-linker-plugin -fno-fat-lto-objects  output pattern test, is =================================================================
FAIL: c-c++-common/asan/strncpy-overflow-1.c   -O3 -g  output pattern test, is =================================================================
FAIL: c-c++-common/asan/strncpy-overflow-1.c   -Os  output pattern test, is =================================================================
FAIL: c-c++-common/asan/use-after-free-1.c   -O1  output pattern test, is =================================================================
FAIL: c-c++-common/asan/use-after-free-1.c   -O2  output pattern test, is =================================================================
FAIL: c-c++-common/asan/use-after-free-1.c   -O2 -flto -fno-use-linker-plugin -flto-partition=none  output pattern test, is =================================================================
FAIL: c-c++-common/asan/use-after-free-1.c   -O2 -flto -fuse-linker-plugin -fno-fat-lto-objects  output pattern test, is =================================================================
FAIL: c-c++-common/asan/use-after-free-1.c   -O3 -g  output pattern test, is =================================================================
FAIL: c-c++-common/asan/use-after-free-1.c   -Os  output pattern test, is =================================================================
FAIL: c-c++-common/Warray-bounds-4.c  -Wc++-compat  strcpy (test for warnings, line 67)
FAIL: gcc.dg/pr56727-2.c scan-assembler @(PLT|plt)
FAIL: gcc.dg/gomp/pr82374.c scan-tree-dump-times vect "vectorized 1 loops" 2 (found 0 times)
FAIL: gcc.dg/ipa/iinline-attr.c scan-ipa-dump inline "hooray[^\\\\n]*inline copy in test"
FAIL: gcc.dg/ipa/inline-2.c scan-ipa-dump inline "op2 change 10.000000. of time"
FAIL: gcc.dg/ipa/inline-3.c scan-ipa-dump inline "Scaling time by probability:0.100000"
FAIL: gcc.dg/lto/pr83719 c_lto_pr83719_0.o assemble,  -flto -g -gsplit-dwarf 
FAIL: gcc.dg/torture/float32-basic.c   -O0  execution test
FAIL: gcc.dg/torture/float32-basic.c   -O1  execution test
FAIL: gcc.dg/torture/float32-basic.c   -O2  execution test
FAIL: gcc.dg/torture/float32-basic.c   -O2 -flto -fno-use-linker-plugin -flto-partition=none  execution test
FAIL: gcc.dg/torture/float32-basic.c   -O2 -flto -fuse-linker-plugin -fno-fat-lto-objects  execution test
FAIL: gcc.dg/torture/float32-basic.c   -O3 -g  execution test
FAIL: gcc.dg/torture/float32-basic.c   -Os  execution test
FAIL: gcc.dg/torture/inf-compare-1.c   -O0  execution test
FAIL: gcc.dg/torture/inf-compare-1.c   -O1  execution test
FAIL: gcc.dg/torture/inf-compare-1.c   -O2  execution test
FAIL: gcc.dg/torture/inf-compare-1.c   -O2 -flto -fno-use-linker-plugin -flto-partition=none  execution test
FAIL: gcc.dg/torture/inf-compare-1.c   -O2 -flto -fuse-linker-plugin -fno-fat-lto-objects  execution test
FAIL: gcc.dg/torture/inf-compare-1.c   -O3 -g  execution test
FAIL: gcc.dg/torture/inf-compare-1.c   -Os  execution test
FAIL: gcc.dg/torture/inf-compare-2.c   -O0  execution test
FAIL: gcc.dg/torture/inf-compare-2.c   -O1  execution test
FAIL: gcc.dg/torture/inf-compare-2.c   -O2  execution test
FAIL: gcc.dg/torture/inf-compare-2.c   -O2 -flto -fno-use-linker-plugin -flto-partition=none  execution test
FAIL: gcc.dg/torture/inf-compare-2.c   -O2 -flto -fuse-linker-plugin -fno-fat-lto-objects  execution test
FAIL: gcc.dg/torture/inf-compare-2.c   -O3 -g  execution test
FAIL: gcc.dg/torture/inf-compare-2.c   -Os  execution test
FAIL: gcc.dg/torture/inf-compare-3.c   -O0  execution test
FAIL: gcc.dg/torture/inf-compare-3.c   -O1  execution test
FAIL: gcc.dg/torture/inf-compare-3.c   -O2  execution test
FAIL: gcc.dg/torture/inf-compare-3.c   -O2 -flto -fno-use-linker-plugin -flto-partition=none  execution test
FAIL: gcc.dg/torture/inf-compare-3.c   -O2 -flto -fuse-linker-plugin -fno-fat-lto-objects  execution test
FAIL: gcc.dg/torture/inf-compare-3.c   -O3 -g  execution test
FAIL: gcc.dg/torture/inf-compare-3.c   -Os  execution test
FAIL: gcc.dg/torture/inf-compare-4.c   -O0  execution test
FAIL: gcc.dg/torture/inf-compare-4.c   -O1  execution test
FAIL: gcc.dg/torture/inf-compare-4.c   -O2  execution test
FAIL: gcc.dg/torture/inf-compare-4.c   -O2 -flto -fno-use-linker-plugin -flto-partition=none  execution test
FAIL: gcc.dg/torture/inf-compare-4.c   -O2 -flto -fuse-linker-plugin -fno-fat-lto-objects  execution test
FAIL: gcc.dg/torture/inf-compare-4.c   -O3 -g  execution test
FAIL: gcc.dg/torture/inf-compare-4.c   -Os  execution test
FAIL: gcc.dg/torture/pr52451.c   -O0  execution test
FAIL: gcc.dg/torture/pr52451.c   -O1  execution test
FAIL: gcc.dg/torture/pr52451.c   -O2  execution test
FAIL: gcc.dg/torture/pr52451.c   -O2 -flto -fno-use-linker-plugin -flto-partition=none  execution test
FAIL: gcc.dg/torture/pr52451.c   -O2 -flto -fuse-linker-plugin -fno-fat-lto-objects  execution test
FAIL: gcc.dg/torture/pr52451.c   -O3 -g  execution test
FAIL: gcc.dg/torture/pr52451.c   -Os  execution test
FAIL: gcc.dg/tree-ssa/builtin-sprintf-warn-18.c  (test for warnings, line 78)
FAIL: gcc.dg/tree-ssa/builtin-sprintf-warn-18.c (test for excess errors)
FAIL: c-c++-common/ubsan/ptr-overflow-sanitization-1.c   -O0   scan-tree-dump-times optimized "__ubsan_handle_pointer_overflow" 17 (found 14 times)
FAIL: c-c++-common/ubsan/ptr-overflow-sanitization-1.c   -O1   scan-tree-dump-times optimized "__ubsan_handle_pointer_overflow" 17 (found 14 times)
FAIL: c-c++-common/ubsan/ptr-overflow-sanitization-1.c   -O2   scan-tree-dump-times optimized "__ubsan_handle_pointer_overflow" 17 (found 14 times)
FAIL: c-c++-common/ubsan/ptr-overflow-sanitization-1.c   -O3 -g   scan-tree-dump-times optimized "__ubsan_handle_pointer_overflow" 17 (found 14 times)
FAIL: c-c++-common/ubsan/ptr-overflow-sanitization-1.c   -Os   scan-tree-dump-times optimized "__ubsan_handle_pointer_overflow" 17 (found 14 times)
FAIL: gcc.dg/vect/bb-slp-1.c -flto -ffat-lto-objects  scan-tree-dump-times slp1 "basic block vectorized" 1 (found 0 times)
FAIL: gcc.dg/vect/bb-slp-1.c scan-tree-dump-times slp1 "basic block vectorized" 1 (found 0 times)
FAIL: gcc.dg/vect/bb-slp-16.c -flto -ffat-lto-objects  scan-tree-dump-times slp1 "basic block vectorized" 1 (found 0 times)
FAIL: gcc.dg/vect/bb-slp-16.c scan-tree-dump-times slp1 "basic block vectorized" 1 (found 0 times)
FAIL: gcc.dg/vect/bb-slp-2.c -flto -ffat-lto-objects  scan-tree-dump-times slp1 "basic block vectorized" 1 (found 0 times)
FAIL: gcc.dg/vect/bb-slp-2.c scan-tree-dump-times slp1 "basic block vectorized" 1 (found 0 times)
FAIL: gcc.dg/vect/bb-slp-pr65935.c -flto -ffat-lto-objects  scan-tree-dump-times slp1 "basic block vectorized" 2 (found 0 times)
FAIL: gcc.dg/vect/bb-slp-pr65935.c scan-tree-dump-times slp1 "basic block vectorized" 2 (found 0 times)
FAIL: gcc.dg/vect/no-section-anchors-vect-69.c scan-tree-dump-times vect "vectorized 4 loops" 1 (found 0 times)
FAIL: gcc.dg/vect/no-tree-sra-bb-slp-pr50730.c scan-tree-dump-times slp2 "basic block vectorized" 1 (found 0 times)
FAIL: gcc.dg/vect/no-vfa-vect-depend-2.c scan-tree-dump-times vect "vectorized 1 loops" 1 (found 0 times)
FAIL: gcc.dg/vect/no-vfa-vect-depend-3.c scan-tree-dump-times vect "vectorized 1 loops" 4 (found 0 times)
FAIL: gcc.dg/vect/pr25413.c -flto -ffat-lto-objects  scan-tree-dump-times vect "not vectorized: unsupported unaligned store" 1 (found 0 times)
FAIL: gcc.dg/vect/pr25413.c -flto -ffat-lto-objects  scan-tree-dump-times vect "vector alignment may not be reachable" 1 (found 0 times)
FAIL: gcc.dg/vect/pr25413.c -flto -ffat-lto-objects  scan-tree-dump-times vect "vectorized 1 loops" 0 (found 1 times)
FAIL: gcc.dg/vect/pr25413.c scan-tree-dump-times vect "not vectorized: unsupported unaligned store" 1 (found 0 times)
FAIL: gcc.dg/vect/pr25413.c scan-tree-dump-times vect "vector alignment may not be reachable" 1 (found 0 times)
FAIL: gcc.dg/vect/pr25413.c scan-tree-dump-times vect "vectorized 1 loops" 0 (found 1 times)
FAIL: gcc.dg/vect/pr46032.c -flto -ffat-lto-objects  scan-tree-dump-times vect "note: vectorized 1 loop" 1 (found 0 times)
FAIL: gcc.dg/vect/pr46032.c scan-tree-dump-times vect "note: vectorized 1 loop" 1 (found 0 times)
FAIL: gcc.dg/vect/pr62171.c -flto -ffat-lto-objects  scan-tree-dump-not vect "versioned"
FAIL: gcc.dg/vect/pr62171.c scan-tree-dump-not vect "versioned"
FAIL: gcc.dg/vect/pr79347.c -flto -ffat-lto-objects  scan-tree-dump-not vect "Invalid sum of "
FAIL: gcc.dg/vect/pr79347.c scan-tree-dump-not vect "Invalid sum of "
FAIL: gcc.dg/vect/pr81196.c -flto -ffat-lto-objects  scan-tree-dump-times vect "vectorized 1 loops" 2 (found 0 times)
FAIL: gcc.dg/vect/pr81196.c scan-tree-dump-times vect "vectorized 1 loops" 2 (found 0 times)
FAIL: gcc.dg/vect/section-anchors-vect-69.c scan-tree-dump-times vect "vectorized 4 loops" 1 (found 0 times)
FAIL: gcc.dg/vect/slp-43.c -flto -ffat-lto-objects  scan-tree-dump-times vect "vectorized 1 loops" 2 (found 13 times)
FAIL: gcc.dg/vect/slp-43.c scan-tree-dump-times vect "vectorized 1 loops" 2 (found 13 times)
XPASS: gcc.dg/vect/vect-24.c -flto -ffat-lto-objects  scan-tree-dump-times vect "vectorized 3 loops" 1
XPASS: gcc.dg/vect/vect-24.c scan-tree-dump-times vect "vectorized 3 loops" 1
FAIL: gcc.dg/vect/vect-31.c -flto -ffat-lto-objects  scan-tree-dump-times vect "vectorized 4 loops" 1 (found 0 times)
FAIL: gcc.dg/vect/vect-31.c scan-tree-dump-times vect "vectorized 4 loops" 1 (found 0 times)
FAIL: gcc.dg/vect/vect-44.c -flto -ffat-lto-objects  scan-tree-dump-times vect "Vectorizing an unaligned access" 3 (found 2 times)
FAIL: gcc.dg/vect/vect-44.c scan-tree-dump-times vect "Vectorizing an unaligned access" 3 (found 2 times)
FAIL: gcc.dg/vect/vect-50.c -flto -ffat-lto-objects  scan-tree-dump-times vect "Vectorizing an unaligned access" 3 (found 2 times)
FAIL: gcc.dg/vect/vect-50.c scan-tree-dump-times vect "Vectorizing an unaligned access" 3 (found 2 times)
FAIL: gcc.dg/vect/vect-93.c -flto -ffat-lto-objects  scan-tree-dump-times vect "vectorized 2 loops" 2 (found 1 times)
FAIL: gcc.dg/vect/vect-93.c scan-tree-dump-times vect "vectorized 2 loops" 2 (found 1 times)
FAIL: gcc.dg/vect/vect-reduc-in-order-2.c -flto -ffat-lto-objects  scan-tree-dump vect "in-order double reduction not supported"
FAIL: gcc.dg/vect/vect-reduc-in-order-2.c scan-tree-dump vect "in-order double reduction not supported"
FAIL: gcc.dg/vect/vect-strided-a-u8-i2-gap.c -flto -ffat-lto-objects  scan-tree-dump-times vect "vectorized 1 loops" 1 (found 0 times)
FAIL: gcc.dg/vect/vect-strided-a-u8-i2-gap.c scan-tree-dump-times vect "vectorized 1 loops" 1 (found 0 times)
FAIL: gcc.target/powerpc/bfp/scalar-extract-exp-5.c  (test for errors, line 18)
FAIL: gcc.target/powerpc/bfp/scalar-extract-exp-5.c (test for excess errors)
FAIL: gcc.target/powerpc/bfp/scalar-extract-sig-5.c  (test for errors, line 16)
FAIL: gcc.target/powerpc/bfp/scalar-insert-exp-11.c  (test for errors, line 20)
FAIL: gcc.target/powerpc/bfp/scalar-insert-exp-11.c (test for excess errors)
FAIL: gcc.target/powerpc/bfp/scalar-test-data-class-10.c  (test for errors, line 14)
FAIL: gcc.target/powerpc/bfp/scalar-test-data-class-10.c (test for excess errors)
FAIL: gcc.target/powerpc/bfp/scalar-test-data-class-8.c (test for excess errors)
UNRESOLVED: gcc.target/powerpc/bfp/scalar-test-data-class-8.c scan-assembler xststdcqp
FAIL: gcc.target/powerpc/bfp/scalar-test-data-class-9.c  (test for errors, line 14)
FAIL: gcc.target/powerpc/bfp/scalar-test-data-class-9.c (test for excess errors)
FAIL: gcc.target/powerpc/bfp/scalar-test-neg-4.c (test for excess errors)
UNRESOLVED: gcc.target/powerpc/bfp/scalar-test-neg-4.c scan-assembler xststdcqp
FAIL: gcc.target/powerpc/builtins-1-be.c (internal compiler error)
FAIL: gcc.target/powerpc/builtins-1-be.c (test for excess errors)
UNRESOLVED: gcc.target/powerpc/builtins-1-be.c scan-assembler-times divd 4
UNRESOLVED: gcc.target/powerpc/builtins-1-be.c scan-assembler-times divdu 2
UNRESOLVED: gcc.target/powerpc/builtins-1-be.c scan-assembler-times mulld 4
UNRESOLVED: gcc.target/powerpc/builtins-1-be.c scan-assembler-times vclzb 2
UNRESOLVED: gcc.target/powerpc/builtins-1-be.c scan-assembler-times vclzb 2
UNRESOLVED: gcc.target/powerpc/builtins-1-be.c scan-assembler-times vclzh 2
UNRESOLVED: gcc.target/powerpc/builtins-1-be.c scan-assembler-times vclzw 2
UNRESOLVED: gcc.target/powerpc/builtins-1-be.c scan-assembler-times vcmpequd. 4
UNRESOLVED: gcc.target/powerpc/builtins-1-be.c scan-assembler-times vcmpgtud. 8
UNRESOLVED: gcc.target/powerpc/builtins-1-be.c scan-assembler-times vctsxs 1
UNRESOLVED: gcc.target/powerpc/builtins-1-be.c scan-assembler-times vctuxs 1
UNRESOLVED: gcc.target/powerpc/builtins-1-be.c scan-assembler-times vmrghb 0
UNRESOLVED: gcc.target/powerpc/builtins-1-be.c scan-assembler-times vmrghh 3
UNRESOLVED: gcc.target/powerpc/builtins-1-be.c scan-assembler-times vmrglh 4
UNRESOLVED: gcc.target/powerpc/builtins-1-be.c scan-assembler-times vperm 2
UNRESOLVED: gcc.target/powerpc/builtins-1-be.c scan-assembler-times vpksdus 1
UNRESOLVED: gcc.target/powerpc/builtins-1-be.c scan-assembler-times xvcpsgnsp 1
UNRESOLVED: gcc.target/powerpc/builtins-1-be.c scan-assembler-times xvcvdpsxds 1
UNRESOLVED: gcc.target/powerpc/builtins-1-be.c scan-assembler-times xvcvdpuxds 1
UNRESOLVED: gcc.target/powerpc/builtins-1-be.c scan-assembler-times xvmuldp 6
UNRESOLVED: gcc.target/powerpc/builtins-1-be.c scan-assembler-times xvrdpi 1
UNRESOLVED: gcc.target/powerpc/builtins-1-be.c scan-assembler-times xxland 29
UNRESOLVED: gcc.target/powerpc/builtins-1-be.c scan-assembler-times xxlnor 19
UNRESOLVED: gcc.target/powerpc/builtins-1-be.c scan-assembler-times xxlor 14
UNRESOLVED: gcc.target/powerpc/builtins-1-be.c scan-assembler-times xxlxor 6
UNRESOLVED: gcc.target/powerpc/builtins-1-be.c scan-assembler-times xxmrghw 1
UNRESOLVED: gcc.target/powerpc/builtins-1-be.c scan-assembler-times xxmrglw 4
UNRESOLVED: gcc.target/powerpc/builtins-1-be.c scan-assembler-times xxsel 6
FAIL: gcc.target/powerpc/builtins-4-runnable.c  -O0  (test for excess errors)
WARNING: gcc.target/powerpc/builtins-4-runnable.c  -O0  compilation failed to produce executable
FAIL: gcc.target/powerpc/builtins-4-runnable.c  -O1  (test for excess errors)
WARNING: gcc.target/powerpc/builtins-4-runnable.c  -O1  compilation failed to produce executable
FAIL: gcc.target/powerpc/builtins-4-runnable.c  -O2  (test for excess errors)
WARNING: gcc.target/powerpc/builtins-4-runnable.c  -O2  compilation failed to produce executable
FAIL: gcc.target/powerpc/builtins-4-runnable.c  -O3  (test for excess errors)
WARNING: gcc.target/powerpc/builtins-4-runnable.c  -O3  compilation failed to produce executable
FAIL: gcc.target/powerpc/builtins-4-runnable.c  -Os  (test for excess errors)
WARNING: gcc.target/powerpc/builtins-4-runnable.c  -Os  compilation failed to produce executable
FAIL: gcc.target/powerpc/builtins-4-runnable.c (test for excess errors)
WARNING: gcc.target/powerpc/builtins-4-runnable.c compilation failed to produce executable
FAIL: gcc.target/powerpc/builtins-mergew-mergow.c (test for excess errors)
WARNING: gcc.target/powerpc/builtins-mergew-mergow.c compilation failed to produce executable
FAIL: gcc.target/powerpc/gnuattr1.c scan-assembler gnu_attribute 4, 9
FAIL: gcc.target/powerpc/gnuattr3.c scan-assembler gnu_attribute 4, 5
FAIL: gcc.target/powerpc/vec-cmpne-long.c execution test

		=== gcc Summary for unix/-m32 ===


Running target unix/-m64
FAIL: c-c++-common/asan/swapcontext-test-1.c   -O0  execution test
FAIL: c-c++-common/asan/swapcontext-test-1.c   -O1  execution test
FAIL: c-c++-common/asan/swapcontext-test-1.c   -O2  execution test
FAIL: c-c++-common/asan/swapcontext-test-1.c   -O2 -flto -fno-use-linker-plugin -flto-partition=none  execution test
FAIL: c-c++-common/asan/swapcontext-test-1.c   -O2 -flto -fuse-linker-plugin -fno-fat-lto-objects  execution test
FAIL: c-c++-common/asan/swapcontext-test-1.c   -O3 -fomit-frame-pointer -funroll-loops -fpeel-loops -ftracer -finline-functions  execution test
FAIL: c-c++-common/asan/swapcontext-test-1.c   -O3 -g  execution test
FAIL: c-c++-common/asan/swapcontext-test-1.c   -Os  execution test
FAIL: c-c++-common/Warray-bounds-4.c  -Wc++-compat  strcpy (test for warnings, line 67)
FAIL: gcc.dg/pr56727-2.c scan-assembler @(PLT|plt)
FAIL: gcc.dg/pr63594-2.c execution test
FAIL: gcc.dg/sms-1.c scan-rtl-dump-times sms "SMS succeeded" 1 (found 0 times)
FAIL: gcc.dg/gomp/pr82374.c scan-tree-dump-times vect "vectorized 1 loops" 2 (found 0 times)
FAIL: gcc.dg/ipa/iinline-attr.c scan-ipa-dump inline "hooray[^\\\\n]*inline copy in test"
FAIL: gcc.dg/ipa/inline-2.c scan-ipa-dump inline "op2 change 10.000000. of time"
FAIL: gcc.dg/ipa/inline-3.c scan-ipa-dump inline "Scaling time by probability:0.100000"
FAIL: gcc.dg/lto/pr83719 c_lto_pr83719_0.o assemble,  -flto -g -gsplit-dwarf 
FAIL: gcc.dg/torture/inf-compare-1.c   -O0  execution test
FAIL: gcc.dg/torture/inf-compare-1.c   -O1  execution test
FAIL: gcc.dg/torture/inf-compare-1.c   -O2  execution test
FAIL: gcc.dg/torture/inf-compare-1.c   -O2 -flto -fno-use-linker-plugin -flto-partition=none  execution test
FAIL: gcc.dg/torture/inf-compare-1.c   -O2 -flto -fuse-linker-plugin -fno-fat-lto-objects  execution test
FAIL: gcc.dg/torture/inf-compare-1.c   -O3 -g  execution test
FAIL: gcc.dg/torture/inf-compare-1.c   -Os  execution test
FAIL: gcc.dg/torture/inf-compare-2.c   -O0  execution test
FAIL: gcc.dg/torture/inf-compare-2.c   -O1  execution test
FAIL: gcc.dg/torture/inf-compare-2.c   -O2  execution test
FAIL: gcc.dg/torture/inf-compare-2.c   -O2 -flto -fno-use-linker-plugin -flto-partition=none  execution test
FAIL: gcc.dg/torture/inf-compare-2.c   -O2 -flto -fuse-linker-plugin -fno-fat-lto-objects  execution test
FAIL: gcc.dg/torture/inf-compare-2.c   -O3 -g  execution test
FAIL: gcc.dg/torture/inf-compare-2.c   -Os  execution test
FAIL: gcc.dg/torture/inf-compare-3.c   -O0  execution test
FAIL: gcc.dg/torture/inf-compare-3.c   -O1  execution test
FAIL: gcc.dg/torture/inf-compare-3.c   -O2  execution test
FAIL: gcc.dg/torture/inf-compare-3.c   -O2 -flto -fno-use-linker-plugin -flto-partition=none  execution test
FAIL: gcc.dg/torture/inf-compare-3.c   -O2 -flto -fuse-linker-plugin -fno-fat-lto-objects  execution test
FAIL: gcc.dg/torture/inf-compare-3.c   -O3 -g  execution test
FAIL: gcc.dg/torture/inf-compare-3.c   -Os  execution test
FAIL: gcc.dg/torture/inf-compare-4.c   -O0  execution test
FAIL: gcc.dg/torture/inf-compare-4.c   -O1  execution test
FAIL: gcc.dg/torture/inf-compare-4.c   -O2  execution test
FAIL: gcc.dg/torture/inf-compare-4.c   -O2 -flto -fno-use-linker-plugin -flto-partition=none  execution test
FAIL: gcc.dg/torture/inf-compare-4.c   -O2 -flto -fuse-linker-plugin -fno-fat-lto-objects  execution test
FAIL: gcc.dg/torture/inf-compare-4.c   -O3 -g  execution test
FAIL: gcc.dg/torture/inf-compare-4.c   -Os  execution test
FAIL: gcc.dg/torture/pr52451.c   -O0  execution test
FAIL: gcc.dg/torture/pr52451.c   -O1  execution test
FAIL: gcc.dg/torture/pr52451.c   -O2  execution test
FAIL: gcc.dg/torture/pr52451.c   -O2 -flto -fno-use-linker-plugin -flto-partition=none  execution test
FAIL: gcc.dg/torture/pr52451.c   -O2 -flto -fuse-linker-plugin -fno-fat-lto-objects  execution test
FAIL: gcc.dg/torture/pr52451.c   -O3 -g  execution test
FAIL: gcc.dg/torture/pr52451.c   -Os  execution test
FAIL: gcc.dg/tree-ssa/builtin-sprintf-warn-18.c  (test for warnings, line 78)
FAIL: gcc.dg/tree-ssa/builtin-sprintf-warn-18.c (test for excess errors)
XPASS: gcc.dg/tree-ssa/ssa-dom-cse-2.c scan-tree-dump optimized "return 28;"
FAIL: gcc.dg/vect/bb-slp-1.c -flto -ffat-lto-objects  scan-tree-dump-times slp1 "basic block vectorized" 1 (found 0 times)
FAIL: gcc.dg/vect/bb-slp-1.c scan-tree-dump-times slp1 "basic block vectorized" 1 (found 0 times)
FAIL: gcc.dg/vect/bb-slp-16.c -flto -ffat-lto-objects  scan-tree-dump-times slp1 "basic block vectorized" 1 (found 0 times)
FAIL: gcc.dg/vect/bb-slp-16.c scan-tree-dump-times slp1 "basic block vectorized" 1 (found 0 times)
FAIL: gcc.dg/vect/bb-slp-2.c -flto -ffat-lto-objects  scan-tree-dump-times slp1 "basic block vectorized" 1 (found 0 times)
FAIL: gcc.dg/vect/bb-slp-2.c scan-tree-dump-times slp1 "basic block vectorized" 1 (found 0 times)
FAIL: gcc.dg/vect/bb-slp-pr65935.c -flto -ffat-lto-objects  scan-tree-dump-times slp1 "basic block vectorized" 2 (found 0 times)
FAIL: gcc.dg/vect/bb-slp-pr65935.c scan-tree-dump-times slp1 "basic block vectorized" 2 (found 0 times)
FAIL: gcc.dg/vect/no-section-anchors-vect-69.c scan-tree-dump-times vect "vectorized 4 loops" 1 (found 0 times)
FAIL: gcc.dg/vect/no-tree-sra-bb-slp-pr50730.c scan-tree-dump-times slp2 "basic block vectorized" 1 (found 0 times)
FAIL: gcc.dg/vect/no-vfa-vect-depend-2.c scan-tree-dump-times vect "vectorized 1 loops" 1 (found 0 times)
FAIL: gcc.dg/vect/no-vfa-vect-depend-3.c scan-tree-dump-times vect "vectorized 1 loops" 4 (found 0 times)
FAIL: gcc.dg/vect/pr46032.c -flto -ffat-lto-objects  scan-tree-dump-times vect "note: vectorized 1 loop" 1 (found 0 times)
FAIL: gcc.dg/vect/pr46032.c scan-tree-dump-times vect "note: vectorized 1 loop" 1 (found 0 times)
FAIL: gcc.dg/vect/pr62171.c -flto -ffat-lto-objects  scan-tree-dump-not vect "versioned"
FAIL: gcc.dg/vect/pr62171.c scan-tree-dump-not vect "versioned"
FAIL: gcc.dg/vect/pr79347.c -flto -ffat-lto-objects  scan-tree-dump-not vect "Invalid sum of "
FAIL: gcc.dg/vect/pr79347.c scan-tree-dump-not vect "Invalid sum of "
FAIL: gcc.dg/vect/pr81196.c -flto -ffat-lto-objects  scan-tree-dump-times vect "vectorized 1 loops" 2 (found 0 times)
FAIL: gcc.dg/vect/pr81196.c scan-tree-dump-times vect "vectorized 1 loops" 2 (found 0 times)
FAIL: gcc.dg/vect/section-anchors-vect-69.c scan-tree-dump-times vect "vectorized 4 loops" 1 (found 0 times)
FAIL: gcc.dg/vect/slp-43.c -flto -ffat-lto-objects  scan-tree-dump-times vect "vectorized 1 loops" 2 (found 13 times)
FAIL: gcc.dg/vect/slp-43.c scan-tree-dump-times vect "vectorized 1 loops" 2 (found 13 times)
XPASS: gcc.dg/vect/vect-24.c -flto -ffat-lto-objects  scan-tree-dump-times vect "vectorized 3 loops" 1
XPASS: gcc.dg/vect/vect-24.c scan-tree-dump-times vect "vectorized 3 loops" 1
FAIL: gcc.dg/vect/vect-31.c -flto -ffat-lto-objects  scan-tree-dump-times vect "vectorized 4 loops" 1 (found 0 times)
FAIL: gcc.dg/vect/vect-31.c scan-tree-dump-times vect "vectorized 4 loops" 1 (found 0 times)
FAIL: gcc.dg/vect/vect-44.c -flto -ffat-lto-objects  scan-tree-dump-times vect "Vectorizing an unaligned access" 3 (found 2 times)
FAIL: gcc.dg/vect/vect-44.c scan-tree-dump-times vect "Vectorizing an unaligned access" 3 (found 2 times)
FAIL: gcc.dg/vect/vect-50.c -flto -ffat-lto-objects  scan-tree-dump-times vect "Vectorizing an unaligned access" 3 (found 2 times)
FAIL: gcc.dg/vect/vect-50.c scan-tree-dump-times vect "Vectorizing an unaligned access" 3 (found 2 times)
FAIL: gcc.dg/vect/vect-93.c -flto -ffat-lto-objects  scan-tree-dump-times vect "vectorized 2 loops" 2 (found 1 times)
FAIL: gcc.dg/vect/vect-93.c scan-tree-dump-times vect "vectorized 2 loops" 2 (found 1 times)
FAIL: gcc.dg/vect/vect-reduc-in-order-2.c -flto -ffat-lto-objects  scan-tree-dump vect "in-order double reduction not supported"
FAIL: gcc.dg/vect/vect-reduc-in-order-2.c scan-tree-dump vect "in-order double reduction not supported"
FAIL: gcc.dg/vect/vect-strided-a-u8-i2-gap.c -flto -ffat-lto-objects  scan-tree-dump-times vect "vectorized 1 loops" 1 (found 0 times)
FAIL: gcc.dg/vect/vect-strided-a-u8-i2-gap.c scan-tree-dump-times vect "vectorized 1 loops" 1 (found 0 times)
FAIL: gcc.target/powerpc/bool3-p7.c scan-assembler-not [ \\t]xxlnor 
FAIL: gcc.target/powerpc/bool3-p8.c scan-assembler-not [ \\t]xxlnor 
FAIL: gcc.target/powerpc/builtins-1-be.c (test for excess errors)
FAIL: gcc.target/powerpc/builtins-1-be.c scan-assembler-times xxlnor 19 (found 6 times)
FAIL: gcc.target/powerpc/builtins-1-be.c scan-assembler-times xxlor 14 (found 8 times)
FAIL: gcc.target/powerpc/builtins-4-runnable.c  -O0  (test for excess errors)
WARNING: gcc.target/powerpc/builtins-4-runnable.c  -O0  compilation failed to produce executable
FAIL: gcc.target/powerpc/builtins-4-runnable.c  -O1  (test for excess errors)
WARNING: gcc.target/powerpc/builtins-4-runnable.c  -O1  compilation failed to produce executable
FAIL: gcc.target/powerpc/builtins-4-runnable.c  -O2  (test for excess errors)
WARNING: gcc.target/powerpc/builtins-4-runnable.c  -O2  compilation failed to produce executable
FAIL: gcc.target/powerpc/builtins-4-runnable.c  -O3  (test for excess errors)
WARNING: gcc.target/powerpc/builtins-4-runnable.c  -O3  compilation failed to produce executable
FAIL: gcc.target/powerpc/builtins-4-runnable.c  -Os  (test for excess errors)
WARNING: gcc.target/powerpc/builtins-4-runnable.c  -Os  compilation failed to produce executable
FAIL: gcc.target/powerpc/builtins-4-runnable.c (test for excess errors)
WARNING: gcc.target/powerpc/builtins-4-runnable.c compilation failed to produce executable
FAIL: gcc.target/powerpc/builtins-mergew-mergow.c (test for excess errors)
WARNING: gcc.target/powerpc/builtins-mergew-mergow.c compilation failed to produce executable
FAIL: gcc.target/powerpc/pr69946.c scan-assembler-times (?n)rlwinm.*,12,20,23 1 (found 0 times)
FAIL: gcc.target/powerpc/pr79439.c scan-assembler-times \\\\mbl g\\\\M 1 (found 2 times)
FAIL: gcc.target/powerpc/pr79799-2.c scan-assembler-not \\\\mxxextractuw\\\\M
FAIL: gcc.target/powerpc/pr82015.c  (test for errors, line 13)
FAIL: gcc.target/powerpc/pr82015.c  (test for errors, line 8)
FAIL: gcc.target/powerpc/pr82015.c (test for excess errors)
FAIL: gcc.target/powerpc/vec-cmpne-long.c execution test

		=== gcc Summary for unix/-m64 ===


		=== gcc Summary ===

/home/gccbuild/build/nightly/build-gcc-trunk/gcc/xgcc  version 8.0.1 20180130 (experimental) [trunk revision 257173] (GCC) 

		=== gfortran tests ===


Running target unix/-m32
FAIL: gfortran.dg/elemental_subroutine_3.f90   -O1  (test for excess errors)
FAIL: gfortran.dg/elemental_subroutine_3.f90   -O2  (test for excess errors)
FAIL: gfortran.dg/elemental_subroutine_3.f90   -O3 -fomit-frame-pointer -funroll-loops -fpeel-loops -ftracer -finline-functions  (test for excess errors)
FAIL: gfortran.dg/elemental_subroutine_3.f90   -O3 -g  (test for excess errors)
FAIL: gfortran.dg/elemental_subroutine_3.f90   -Os  (test for excess errors)
FAIL: gfortran.dg/guality/pr41558.f90   -O2  line 7 s == 'foo'
FAIL: gfortran.dg/guality/pr41558.f90   -O3 -fomit-frame-pointer -funroll-loops -fpeel-loops -ftracer -finline-functions  line 7 s == 'foo'
FAIL: gfortran.dg/guality/pr41558.f90   -O3 -g  line 7 s == 'foo'
FAIL: gfortran.dg/guality/pr41558.f90   -Os  line 7 s == 'foo'
FAIL: gfortran.dg/ieee/large_2.f90   -O0  execution test
FAIL: gfortran.dg/ieee/large_2.f90   -O1  execution test
FAIL: gfortran.dg/ieee/large_2.f90   -O2  execution test
FAIL: gfortran.dg/ieee/large_2.f90   -O3 -fomit-frame-pointer -funroll-loops -fpeel-loops -ftracer -finline-functions  execution test
FAIL: gfortran.dg/ieee/large_2.f90   -O3 -g  execution test
FAIL: gfortran.dg/ieee/large_2.f90   -Os  execution test
FAIL: gfortran.dg/vect/fast-math-pr37021.f90   -O   scan-tree-dump vect "vectorized 2 loops"
FAIL: gfortran.dg/vect/pr52580.f   -O   scan-tree-dump-times vect "LOOP VECTORIZED" 1 (found 0 times)
FAIL: gfortran.dg/vect/pr62283-2.f   -O   scan-tree-dump slp2 "basic block vectorized"
FAIL: gfortran.dg/vect/pr81303.f   -O   scan-tree-dump vect "vectorized 1 loops in function"
FAIL: gfortran.dg/vect/vect-8.f90   -O   scan-tree-dump-times vect "vectorized 22 loops" 1 (found 0 times)
FAIL: gfortran.dg/vect/vect-gems.f90   -O   scan-tree-dump-times vect "vectorized 1 loops" 1 (found 0 times)

		=== gfortran Summary for unix/-m32 ===

# of expected passes		4050

Running target unix/-m64
FAIL: gfortran.dg/elemental_subroutine_3.f90   -O1  (test for excess errors)
FAIL: gfortran.dg/elemental_subroutine_3.f90   -O2  (test for excess errors)
FAIL: gfortran.dg/elemental_subroutine_3.f90   -O3 -fomit-frame-pointer -funroll-loops -fpeel-loops -ftracer -finline-functions  (test for excess errors)
FAIL: gfortran.dg/elemental_subroutine_3.f90   -O3 -g  (test for excess errors)
FAIL: gfortran.dg/elemental_subroutine_3.f90   -Os  (test for excess errors)
FAIL: gfortran.dg/guality/pr41558.f90   -O2  line 7 s == 'foo'
FAIL: gfortran.dg/guality/pr41558.f90   -O3 -fomit-frame-pointer -funroll-loops -fpeel-loops -ftracer -finline-functions  line 7 s == 'foo'
FAIL: gfortran.dg/guality/pr41558.f90   -O3 -g  line 7 s == 'foo'
FAIL: gfortran.dg/guality/pr41558.f90   -Os  line 7 s == 'foo'
FAIL: gfortran.dg/ieee/large_2.f90   -O0  execution test
FAIL: gfortran.dg/ieee/large_2.f90   -O1  execution test
FAIL: gfortran.dg/ieee/large_2.f90   -O2  execution test
FAIL: gfortran.dg/ieee/large_2.f90   -O3 -fomit-frame-pointer -funroll-loops -fpeel-loops -ftracer -finline-functions  execution test
FAIL: gfortran.dg/ieee/large_2.f90   -O3 -g  execution test
FAIL: gfortran.dg/ieee/large_2.f90   -Os  execution test
FAIL: gfortran.dg/vect/fast-math-pr37021.f90   -O   scan-tree-dump vect "vectorized 2 loops"
FAIL: gfortran.dg/vect/pr52580.f   -O   scan-tree-dump-times vect "LOOP VECTORIZED" 1 (found 0 times)
FAIL: gfortran.dg/vect/pr62283-2.f   -O   scan-tree-dump slp2 "basic block vectorized"
FAIL: gfortran.dg/vect/pr81303.f   -O   scan-tree-dump vect "vectorized 1 loops in function"
FAIL: gfortran.dg/vect/vect-8.f90   -O   scan-tree-dump-times vect "vectorized 22 loops" 1 (found 0 times)
FAIL: gfortran.dg/vect/vect-gems.f90   -O   scan-tree-dump-times vect "vectorized 1 loops" 1 (found 0 times)

		=== gfortran Summary for unix/-m64 ===

# of expected passes		4050

		=== gfortran Summary ===

# of expected passes		8100
/home/gccbuild/build/nightly/build-gcc-trunk/gcc/testsuite/gfortran/../../gfortran  version 8.0.1 20180130 (experimental) [trunk revision 257173] (GCC) 

		=== g++ tests ===


Running target unix/-m32
FAIL: c-c++-common/asan/heap-overflow-1.c   -O1  output pattern test, is =================================================================
FAIL: c-c++-common/asan/heap-overflow-1.c   -O2  output pattern test, is =================================================================
FAIL: c-c++-common/asan/heap-overflow-1.c   -O2 -flto -fno-use-linker-plugin -flto-partition=none  output pattern test, is =================================================================
FAIL: c-c++-common/asan/heap-overflow-1.c   -O2 -flto -fuse-linker-plugin -fno-fat-lto-objects  output pattern test, is =================================================================
FAIL: c-c++-common/asan/heap-overflow-1.c   -O3 -g  output pattern test, is =================================================================
FAIL: c-c++-common/asan/heap-overflow-1.c   -Os  output pattern test, is =================================================================
FAIL: c-c++-common/asan/pointer-compare-1.c   -O1  output pattern test, is =================================================================
FAIL: c-c++-common/asan/pointer-compare-1.c   -O2  output pattern test, is =================================================================
FAIL: c-c++-common/asan/pointer-compare-1.c   -O3 -g  output pattern test, is =================================================================
FAIL: c-c++-common/asan/pointer-compare-1.c   -Os  output pattern test, is =================================================================
FAIL: c-c++-common/asan/sanity-check-pure-c-1.c   -O1  output pattern test, is =================================================================
FAIL: c-c++-common/asan/sanity-check-pure-c-1.c   -O2  output pattern test, is =================================================================
FAIL: c-c++-common/asan/sanity-check-pure-c-1.c   -O2 -flto -fno-use-linker-plugin -flto-partition=none  output pattern test, is =================================================================
FAIL: c-c++-common/asan/sanity-check-pure-c-1.c   -O2 -flto -fuse-linker-plugin -fno-fat-lto-objects  output pattern test, is =================================================================
FAIL: c-c++-common/asan/sanity-check-pure-c-1.c   -O3 -g  output pattern test, is =================================================================
FAIL: c-c++-common/asan/sanity-check-pure-c-1.c   -Os  output pattern test, is =================================================================
FAIL: c-c++-common/asan/strncpy-overflow-1.c   -O1  output pattern test, is =================================================================
FAIL: c-c++-common/asan/strncpy-overflow-1.c   -O2  output pattern test, is =================================================================
FAIL: c-c++-common/asan/strncpy-overflow-1.c   -O2 -flto -fno-use-linker-plugin -flto-partition=none  output pattern test, is =================================================================
FAIL: c-c++-common/asan/strncpy-overflow-1.c   -O2 -flto -fuse-linker-plugin -fno-fat-lto-objects  output pattern test, is =================================================================
FAIL: c-c++-common/asan/strncpy-overflow-1.c   -O3 -g  output pattern test, is =================================================================
FAIL: c-c++-common/asan/strncpy-overflow-1.c   -Os  output pattern test, is =================================================================
FAIL: c-c++-common/asan/use-after-free-1.c   -O1  output pattern test, is =================================================================
FAIL: c-c++-common/asan/use-after-free-1.c   -O2  output pattern test, is =================================================================
FAIL: c-c++-common/asan/use-after-free-1.c   -O2 -flto -fno-use-linker-plugin -flto-partition=none  output pattern test, is =================================================================
FAIL: c-c++-common/asan/use-after-free-1.c   -O2 -flto -fuse-linker-plugin -fno-fat-lto-objects  output pattern test, is =================================================================
FAIL: c-c++-common/asan/use-after-free-1.c   -O3 -g  output pattern test, is =================================================================
FAIL: c-c++-common/asan/use-after-free-1.c   -Os  output pattern test, is =================================================================
FAIL: g++.dg/asan/deep-stack-uaf-1.C   -O0  output pattern test, is =================================================================
FAIL: g++.dg/asan/deep-stack-uaf-1.C   -O1  output pattern test, is =================================================================
FAIL: g++.dg/asan/deep-stack-uaf-1.C   -O2  output pattern test, is =================================================================
FAIL: g++.dg/asan/deep-stack-uaf-1.C   -O3 -g  output pattern test, is =================================================================
FAIL: g++.dg/asan/deep-stack-uaf-1.C   -Os  output pattern test, is =================================================================
FAIL: c-c++-common/Warray-bounds-4.c  -std=gnu++11 strcpy (test for warnings, line 67)
FAIL: c-c++-common/Warray-bounds-4.c  -std=gnu++14 strcpy (test for warnings, line 67)
FAIL: c-c++-common/Warray-bounds-4.c  -std=gnu++98 strcpy (test for warnings, line 67)
FAIL: g++.dg/lto/pr83121  (test for LTO warnings, pr83121_0.C line 8)
FAIL: g++.dg/lto/pr83121  (test for LTO warnings, pr83121_1.C line 2)
FAIL: g++.dg/lto/pr83121  (test for LTO warnings, pr83121_1.C line 3)
FAIL: g++.dg/tls/thread_local-order2.C  -std=c++11 execution test
FAIL: g++.dg/tls/thread_local-order2.C  -std=c++14 execution test
FAIL: c-c++-common/ubsan/ptr-overflow-sanitization-1.c   -O0   scan-tree-dump-times optimized "__ubsan_handle_pointer_overflow" 17 (found 14 times)
FAIL: c-c++-common/ubsan/ptr-overflow-sanitization-1.c   -O1   scan-tree-dump-times optimized "__ubsan_handle_pointer_overflow" 17 (found 14 times)
FAIL: c-c++-common/ubsan/ptr-overflow-sanitization-1.c   -O2   scan-tree-dump-times optimized "__ubsan_handle_pointer_overflow" 17 (found 14 times)
FAIL: c-c++-common/ubsan/ptr-overflow-sanitization-1.c   -O3 -g   scan-tree-dump-times optimized "__ubsan_handle_pointer_overflow" 17 (found 14 times)
FAIL: c-c++-common/ubsan/ptr-overflow-sanitization-1.c   -Os   scan-tree-dump-times optimized "__ubsan_handle_pointer_overflow" 17 (found 14 times)

		=== g++ Summary for unix/-m32 ===


Running target unix/-m64
FAIL: c-c++-common/asan/swapcontext-test-1.c   -O0  execution test
FAIL: c-c++-common/asan/swapcontext-test-1.c   -O1  execution test
FAIL: c-c++-common/asan/swapcontext-test-1.c   -O2  execution test
FAIL: c-c++-common/asan/swapcontext-test-1.c   -O2 -flto -fno-use-linker-plugin -flto-partition=none  execution test
FAIL: c-c++-common/asan/swapcontext-test-1.c   -O2 -flto -fuse-linker-plugin -fno-fat-lto-objects  execution test
FAIL: c-c++-common/asan/swapcontext-test-1.c   -O3 -fomit-frame-pointer -funroll-loops -fpeel-loops -ftracer -finline-functions  execution test
FAIL: c-c++-common/asan/swapcontext-test-1.c   -O3 -g  execution test
FAIL: c-c++-common/asan/swapcontext-test-1.c   -Os  execution test
FAIL: g++.dg/asan/asan_test.C   -O2  AddressSanitizer_PthreadExitTest execution test
FAIL: g++.dg/asan/asan_test.C   -O2  AddressSanitizer_ThreadStackReuseTest execution test
FAIL: c-c++-common/Warray-bounds-4.c  -std=gnu++11 strcpy (test for warnings, line 67)
FAIL: c-c++-common/Warray-bounds-4.c  -std=gnu++14 strcpy (test for warnings, line 67)
FAIL: c-c++-common/Warray-bounds-4.c  -std=gnu++98 strcpy (test for warnings, line 67)
FAIL: g++.dg/lto/pr83121  (test for LTO warnings, pr83121_0.C line 8)
FAIL: g++.dg/lto/pr83121  (test for LTO warnings, pr83121_1.C line 2)
FAIL: g++.dg/lto/pr83121  (test for LTO warnings, pr83121_1.C line 3)
FAIL: g++.dg/tls/thread_local-order2.C  -std=c++11 execution test
FAIL: g++.dg/tls/thread_local-order2.C  -std=c++14 execution test

		=== g++ Summary for unix/-m64 ===


		=== g++ Summary ===

/home/gccbuild/build/nightly/build-gcc-trunk/gcc/testsuite/g++/../../xg++  version 8.0.1 20180130 (experimental) [trunk revision 257173] (GCC) 

		=== go tests ===


Running target unix/-m32
FAIL: ./index0-out.go execution,  -O0 -g -fno-var-tracking-assignments 
FAIL: go.test/test/ken/cplx2.go execution,  -O2 -g 

		=== go Summary for unix/-m32 ===

# of expected passes		6874
# of unexpected failures	2
# of expected failures		1
# of untested testcases		11
# of unsupported tests		3

Running target unix/-m64
FAIL: ./index0-out.go execution,  -O0 -g -fno-var-tracking-assignments 
FAIL: go.test/test/ken/cplx2.go execution,  -O2 -g 

		=== go Summary for unix/-m64 ===

# of expected passes		6754
# of unexpected failures	2
# of expected failures		1
# of untested testcases		11
# of unsupported tests		3

		=== go Summary ===

# of expected passes		13628
# of unexpected failures	4
# of expected failures		2
# of untested testcases		22
# of unsupported tests		6
/home/gccbuild/build/nightly/build-gcc-trunk/gcc/testsuite/go/../../gccgo  version 8.0.1 20180130 (experimental) [trunk revision 257173] (GCC) 

		=== obj-c++ tests ===


Running target unix/-m32

		=== obj-c++ Summary for unix/-m32 ===

# of expected passes		56

Running target unix/-m64

		=== obj-c++ Summary for unix/-m64 ===

# of expected passes		56

		=== obj-c++ Summary ===

# of expected passes		2920
# of expected failures		12
# of unsupported tests		154
/home/gccbuild/build/nightly/build-gcc-trunk/gcc/testsuite/obj-c++/../../xg++  version 8.0.1 20180130 (experimental) [trunk revision 257173] (GCC) 

		=== objc tests ===


Running target unix/-m32

		=== objc Summary for unix/-m32 ===

# of expected passes		56

Running target unix/-m64

		=== objc Summary for unix/-m64 ===

# of expected passes		56

		=== objc Summary ===

# of expected passes		112
/home/gccbuild/build/nightly/build-gcc-trunk/gcc/xgcc  version 8.0.1 20180130 (experimental) [trunk revision 257173] (GCC) 

		=== gotools tests ===

FAIL: go test cmd/go
FAIL: go test runtime

		=== gotools Summary ===
# of expected passes		212
# of unexpected failures	2
# of untested testcases		97
/home/gccbuild/build/nightly/build-gcc-trunk/./gcc/gccgo version 8.0.1 20180130 (experimental) [trunk revision 257173] (GCC)

		=== libatomic tests ===


Running target unix/-m32

		=== libatomic Summary for unix/-m32 ===

# of expected passes		44
# of unsupported tests		5

Running target unix/-m64

		=== libatomic Summary for unix/-m64 ===

# of expected passes		54

		=== libatomic Summary ===

# of expected passes		98
# of unsupported tests		5
		=== libffi tests ===


Running target unix/-m32

		=== libffi Summary for unix/-m32 ===

# of expected passes		24

Running target unix/-m64

		=== libffi Summary for unix/-m64 ===

# of expected passes		24

		=== libffi Summary ===

# of expected passes		3868
# of unsupported tests		56
		=== libgo tests ===


Running target unix
FAIL: net
FAIL: os
FAIL: runtime
FAIL: internal/trace
FAIL: os/exec
FAIL: os/signal
FAIL: runtime/pprof

		=== libgo Summary for unix ===

# of expected passes		155
# of unexpected failures	7

Running target unix/-m32
FAIL: os
FAIL: runtime
FAIL: internal/trace
FAIL: net/http
FAIL: os/exec
FAIL: runtime/pprof
FAIL: sync/atomic

		=== libgo Summary for unix/-m32 ===

# of expected passes		155
# of unexpected failures	7

		=== libgo Summary ===

# of expected passes		310
# of unexpected failures	14
/home/gccbuild/build/nightly/build-gcc-trunk/./gcc/gccgo version 8.0.1 20180130 (experimental) [trunk revision 257173] (GCC)

		=== libgomp tests ===


Running target unix/-m32
FAIL: libgomp.oacc-c/../libgomp.oacc-c-c++-common/atomic_update-1.c -DACC_DEVICE_TYPE_host=1 -DACC_MEM_SHARED=1  -O2  execution test
FAIL: libgomp.oacc-c++/../libgomp.oacc-c-c++-common/atomic_update-1.c -DACC_DEVICE_TYPE_host=1 -DACC_MEM_SHARED=1  -O2  execution test

		=== libgomp Summary for unix/-m32 ===

# of expected passes		931
# of unsupported tests		32

Running target unix/-m64

		=== libgomp Summary for unix/-m64 ===

# of expected passes		931
# of unsupported tests		32

		=== libgomp Summary ===

# of expected passes		10516
# of unexpected failures	2
# of unsupported tests		700
		=== libitm tests ===


Running target unix/-m32

		=== libitm Summary for unix/-m32 ===

# of expected passes		16
# of expected failures		1
# of unsupported tests		1

Running target unix/-m64

		=== libitm Summary for unix/-m64 ===

# of expected passes		16
# of expected failures		1
# of unsupported tests		1

		=== libitm Summary ===

# of expected passes		84
# of expected failures		6
# of unsupported tests		2
		=== libstdc++ tests ===


Running target unix/-m32

		=== libstdc++ Summary for unix/-m32 ===

# of unsupported tests		1

Running target unix/-m64

		=== libstdc++ Summary for unix/-m64 ===

# of unsupported tests		1

		=== libstdc++ Summary ===

# of unsupported tests		2

Compiler version: 8.0.1 20180130 (experimental) [trunk revision 257173] (GCC) 
Platform: powerpc64-unknown-linux-gnu
configure flags: --prefix=/opt/gcc-nightly/trunk --with-as=/home/gccbuild/binutils/install/binutils-2.26/bin/as --with-ld=/home/gccbuild/binutils/install/binutils-2.26/bin/ld --enable-languages=c,c++,fortran,objc,obj-c++,go --with-cpu=power7
fail   WARNING: Could not generate test framework tests
fail   WARNING: Could not generate test framework tests
fail   WARNING: Could not generate test framework tests
fail   WARNING: Could not generate test framework tests
fail   WARNING: Could not generate test framework tests
fail   WARNING: Could not generate test framework tests
fail   WARNING: Could not generate test framework tests
fail   WARNING: Could not generate test framework tests
fail   WARNING: Could not generate test framework tests
fail   WARNING: Could not generate test framework tests
fail   WARNING: Could not generate test framework tests
fail   WARNING: Could not generate test framework tests
fail   WARNING: Could not generate test framework tests
fail   WARNING: Could not generate test framework tests
fail   WARNING: Could not generate test framework tests
fail   WARNING: Could not generate test framework tests
fail   WARNING: Could not generate test framework tests
fail   WARNING: Could not generate test framework tests
fail   WARNING: Could not generate test framework tests
fail   WARNING: Could not generate test framework tests
fail   WARNING: Could not generate test framework tests
fail   WARNING: Could not generate test framework tests
fail   WARNING: Could not generate test framework tests
fail   WARNING: Could not generate test framework tests
fail   WARNING: Could not generate test framework tests
fail   WARNING: Could not generate test framework tests
fail   XPASS: gcc.test-framework/dg-bogus-exp-XF.c (test for excess errors)
fail   FAIL: gcc.test-framework/dg-do-assemble-exp-P.c (test for excess errors) (PRMS 42)
fail   FAIL: gcc.test-framework/dg-do-compile-exp-P.c (test for excess errors) (PRMS 42)
fail   FAIL: gcc.test-framework/dg-do-link-exp-P.c (test for excess errors) (PRMS 42)
fail   FAIL: gcc.test-framework/dg-do-run-exp-P.c (test for excess errors) (PRMS 42)
fail   FAIL: gcc.test-framework/dg-dot-run-exp-P.c (test for excess errors) (PRMS 42)
fail   FAIL: gcc.test-framework/dg-dox-run-exp-XF.c (test for excess errors) (PRMS 42)
fail   FAIL: gcc.test-framework/dg-output-exp-P.c (test for excess errors) (PRMS 42)
fail   FAIL: gcc.test-framework/dg-output-exp-XF.c (test for excess errors) (PRMS 42)
fail   FAIL: gcc.test-framework/dg-warning-exp-P.c warning test (test for warnings, line 9) (PRMS 42)

		=== Test Framework Summary ===

# of expected passes		68
# of unexpected failures	36


Index Nav: [Date Index] [Subject Index] [Author Index] [Thread Index]
Message Nav: [Date Prev] [Date Next] [Thread Prev] [Thread Next]